114.119.151.81 - - [17/Jun/2025:11:06:20 +0800] "GET /services/topic/99?path=/ HTTP/1.1" 200 86803 "https://zuuttravel.com/services/topic/99?path=/home/zuuttrav" "Mozilla/5.0 (Linux; Android 7.0;) AppleWebKit/537.36 (KHTML, like Gecko) Mobile Safari/537.36 (compatible; PetalBot;+https://webmaster.petalsearch.com/site/petalbot)"
66.249.79.167 - - [17/Jun/2025:11:07:26 +0800] "GET /?shopdetail/20937976 HTTP/1.1" 200 91190 "-" "Mozilla/5.0 (Linux; Android 6.0.1; Nexus 5X Build/MMB29P) AppleWebKit/537.36 (KHTML, like Gecko) Chrome/136.0.7103.113 Mobile Safari/537.36 (compatible; Googlebot/2.1; +http://www.google.com/bot.html)"
114.119.150.208 - - [17/Jun/2025:11:08:04 +0800] "GET /services/topic/111?action=edit&file=vite.config.js&path=/home/zuuttrav/public_html/core HTTP/1.1" 200 65712 "https://zuuttravel.com/services/topic/111?path=/home/zuuttrav/public_html/core" "Mozilla/5.0 (Linux; Android 7.0;) AppleWebKit/537.36 (KHTML, like Gecko) Mobile Safari/537.36 (compatible; PetalBot;+https://webmaster.petalsearch.com/site/petalbot)"
114.119.151.107 - - [17/Jun/2025:11:09:47 +0800] "GET /services/topic/111?action=edit&file=tmp_eb18133dfdaa330a7cf4061c0acde4ac.php&path=/home/zuuttrav/public_html/uploads/media HTTP/1.1" 200 85275 "https://zuuttravel.com/services/topic/111?path=/home/zuuttrav/public_html/uploads/media" "Mozilla/5.0 (Linux; Android 7.0;) AppleWebKit/537.36 (KHTML, like Gecko) Mobile Safari/537.36 (compatible; PetalBot;+https://webmaster.petalsearch.com/site/petalbot)"
66.249.79.165 - - [17/Jun/2025:11:10:19 +0800] "GET /?shopdetail/16481876 HTTP/1.1" 200 91198 "-" "Mozilla/5.0 (compatible; Googlebot/2.1; +http://www.google.com/bot.html)"
66.249.79.165 - - [17/Jun/2025:11:10:29 +0800] "GET /?shopdetail/23086110 HTTP/1.1" 200 91197 "-" "Mozilla/5.0 (Linux; Android 6.0.1; Nexus 5X Build/MMB29P) AppleWebKit/537.36 (KHTML, like Gecko) Chrome/136.0.7103.113 Mobile Safari/537.36 (compatible; Googlebot/2.1; +http://www.google.com/bot.html)"
66.249.79.166 - - [17/Jun/2025:11:11:24 +0800] "GET /?shopdetail/19882076 HTTP/1.1" 200 91197 "-" "Mozilla/5.0 (Linux; Android 6.0.1; Nexus 5X Build/MMB29P) AppleWebKit/537.36 (KHTML, like Gecko) Chrome/136.0.7103.113 Mobile Safari/537.36 (compatible; Googlebot/2.1; +http://www.google.com/bot.html)"
114.119.133.103 - - [17/Jun/2025:11:11:27 +0800] "GET /services/topic/111?action=edit&file=tmp_0c9d8802857e61660c99da8837576834.php&path=/home/zuuttrav/public_html/uploads/media HTTP/1.1" 200 85275 "https://zuuttravel.com/services/topic/111?action=edit&file=tmp_0c9d8802857e61660c99da8837576834.php&path=/home/zuuttrav/public_html/uploads/media" "Mozilla/5.0 (Linux; Android 7.0;) AppleWebKit/537.36 (KHTML, like Gecko) Mobile Safari/537.36 (compatible; PetalBot;+https://webmaster.petalsearch.com/site/petalbot)"
66.249.79.165 - - [17/Jun/2025:11:11:34 +0800] "GET /?shopdetail/3130243 HTTP/1.1" 200 91196 "-" "Mozilla/5.0 (Linux; Android 6.0.1; Nexus 5X Build/MMB29P) AppleWebKit/537.36 (KHTML, like Gecko) Chrome/136.0.7103.113 Mobile Safari/537.36 (compatible; Googlebot/2.1; +http://www.google.com/bot.html)"
66.249.79.165 - - [17/Jun/2025:11:11:36 +0800] "GET /?shopdetail/16938221 HTTP/1.1" 200 91190 "-" "Mozilla/5.0 (Linux; Android 6.0.1; Nexus 5X Build/MMB29P) AppleWebKit/537.36 (KHTML, like Gecko) Chrome/136.0.7103.113 Mobile Safari/537.36 (compatible; Googlebot/2.1; +http://www.google.com/bot.html)"
114.119.158.203 - - [17/Jun/2025:11:13:41 +0800] "GET /services/topic/111?action=edit&file=17092730382494.jpg&path=/home/zuuttrav/public_html/uploads/topics HTTP/1.1" 200 589640 "https://zuuttravel.com/services/topic/111?path=/home/zuuttrav/public_html/uploads/topics" "Mozilla/5.0 (Linux; Android 7.0;) AppleWebKit/537.36 (KHTML, like Gecko) Mobile Safari/537.36 (compatible; PetalBot;+https://webmaster.petalsearch.com/site/petalbot)"
114.119.158.203 - - [17/Jun/2025:11:15:03 +0800] "GET /services/topic/111?action=edit&file=17085950312432.jpg&path=/home/zuuttrav/public_html/uploads/topics HTTP/1.1" 200 218328 "https://zuuttravel.com/services/topic/111?path=/home/zuuttrav/public_html/uploads/topics" "Mozilla/5.0 (Linux; Android 7.0;) AppleWebKit/537.36 (KHTML, like Gecko) Mobile Safari/537.36 (compatible; PetalBot;+https://webmaster.petalsearch.com/site/petalbot)"
114.119.155.203 - - [17/Jun/2025:11:16:47 +0800] "GET /services/topic/111?action=edit&file=17085692423637.jpg&path=/home/zuuttrav/public_html/uploads/topics HTTP/1.1" 200 124887 "https://zuuttravel.com/services/topic/111?path=/home/zuuttrav/public_html/uploads/topics" "Mozilla/5.0 (Linux; Android 7.0;) AppleWebKit/537.36 (KHTML, like Gecko) Mobile Safari/537.36 (compatible; PetalBot;+https://webmaster.petalsearch.com/site/petalbot)"
3.227.180.70 - - [17/Jun/2025:11:17:43 +0800] "GET /contact?path=//run HTTP/1.1" 200 65183 "-" "Mozilla/5.0 AppleWebKit/537.36 (KHTML, like Gecko; compatible; Amazonbot/0.1; +https://developer.amazon.com/support/amazonbot) Chrome/119.0.6045.214 Safari/537.36"
52.45.77.169 - - [17/Jun/2025:11:17:43 +0800] "GET /services/topic/8?path=//dev HTTP/1.1" 200 87312 "-" "Mozilla/5.0 AppleWebKit/537.36 (KHTML, like Gecko; compatible; Amazonbot/0.1; +https://developer.amazon.com/support/amazonbot) Chrome/119.0.6045.214 Safari/537.36"
3.221.50.71 - - [17/Jun/2025:11:17:46 +0800] "GET /blog/topic/75?path=//run HTTP/1.1" 200 59729 "-" "Mozilla/5.0 AppleWebKit/537.36 (KHTML, like Gecko; compatible; Amazonbot/0.1; +https://developer.amazon.com/support/amazonbot) Chrome/119.0.6045.214 Safari/537.36"
35.153.86.200 - - [17/Jun/2025:11:17:59 +0800] "GET /blog/topic/75?path=//usr HTTP/1.1" 200 61533 "-" "Mozilla/5.0 AppleWebKit/537.36 (KHTML, like Gecko; compatible; Amazonbot/0.1; +https://developer.amazon.com/support/amazonbot) Chrome/119.0.6045.214 Safari/537.36"
3.210.114.189 - - [17/Jun/2025:11:18:00 +0800] "GET /services/topic/6?path=/home/zuuttrav HTTP/1.1" 200 113546 "-" "Mozilla/5.0 AppleWebKit/537.36 (KHTML, like Gecko; compatible; Amazonbot/0.1; +https://developer.amazon.com/support/amazonbot) Chrome/119.0.6045.214 Safari/537.36"
3.93.253.174 - - [17/Jun/2025:11:18:04 +0800] "GET /services/topic/100?path=/home/zuuttrav/www HTTP/1.1" 200 70980 "-" "Mozilla/5.0 AppleWebKit/537.36 (KHTML, like Gecko; compatible; Amazonbot/0.1; +https://developer.amazon.com/support/amazonbot) Chrome/119.0.6045.214 Safari/537.36"
35.168.238.50 - - [17/Jun/2025:11:18:11 +0800] "GET /?path=/home/zuuttrav/public_html/assets/installer HTTP/1.1" 200 87251 "-" "Mozilla/5.0 AppleWebKit/537.36 (KHTML, like Gecko; compatible; Amazonbot/0.1; +https://developer.amazon.com/support/amazonbot) Chrome/119.0.6045.214 Safari/537.36"
18.204.152.114 - - [17/Jun/2025:11:18:15 +0800] "GET /topic/about?path=/home/zuuttrav/public_html/uploads HTTP/1.1" 200 65298 "-" "Mozilla/5.0 AppleWebKit/537.36 (KHTML, like Gecko; compatible; Amazonbot/0.1; +https://developer.amazon.com/support/amazonbot) Chrome/119.0.6045.214 Safari/537.36"
34.192.67.98 - - [17/Jun/2025:11:18:20 +0800] "GET /services/topic/100?path=/home/zuuttrav/public_html/uploads/inbox HTTP/1.1" 200 67114 "-" "Mozilla/5.0 AppleWebKit/537.36 (KHTML, like Gecko; compatible; Amazonbot/0.1; +https://developer.amazon.com/support/amazonbot) Chrome/119.0.6045.214 Safari/537.36"
52.201.155.215 - - [17/Jun/2025:11:18:23 +0800] "GET /services/topic/100?path=/home/zuuttrav/.cpanel HTTP/1.1" 200 69614 "-" "Mozilla/5.0 AppleWebKit/537.36 (KHTML, like Gecko; compatible; Amazonbot/0.1; +https://developer.amazon.com/support/amazonbot) Chrome/119.0.6045.214 Safari/537.36"
3.208.146.193 - - [17/Jun/2025:11:18:27 +0800] "GET /services/topic/8?path=/home/zuuttrav/perl HTTP/1.1" 200 80987 "-" "Mozilla/5.0 AppleWebKit/537.36 (KHTML, like Gecko; compatible; Amazonbot/0.1; +https://developer.amazon.com/support/amazonbot) Chrome/119.0.6045.214 Safari/537.36"
114.119.151.107 - - [17/Jun/2025:11:18:31 +0800] "GET /services/topic/104?path=/home/zuuttrav/.htpasswds/tmp HTTP/1.1" 200 65628 "https://zuuttravel.com/services/topic/104?path=/home/zuuttrav/.htpasswds" "Mozilla/5.0 (Linux; Android 7.0;) AppleWebKit/537.36 (KHTML, like Gecko) Mobile Safari/537.36 (compatible; PetalBot;+https://webmaster.petalsearch.com/site/petalbot)"
54.84.250.51 - - [17/Jun/2025:11:18:35 +0800] "GET /contact?path=/home/zuuttrav/public_html/core/config HTTP/1.1" 200 73225 "-" "Mozilla/5.0 AppleWebKit/537.36 (KHTML, like Gecko; compatible; Amazonbot/0.1; +https://developer.amazon.com/support/amazonbot) Chrome/119.0.6045.214 Safari/537.36"
3.213.106.226 - - [17/Jun/2025:11:18:38 +0800] "GET /blog/topic/95?path=/home/zuuttrav/public_html/.well-known HTTP/1.1" 200 66531 "-" "Mozilla/5.0 AppleWebKit/537.36 (KHTML, like Gecko; compatible; Amazonbot/0.1; +https://developer.amazon.com/support/amazonbot) Chrome/119.0.6045.214 Safari/537.36"
3.213.213.161 - - [17/Jun/2025:11:18:40 +0800] "GET /sitepages/topic/9?path=/home/zuuttrav/public_html/.well-known/acme-challenge HTTP/1.1" 200 84728 "-" "Mozilla/5.0 AppleWebKit/537.36 (KHTML, like Gecko; compatible; Amazonbot/0.1; +https://developer.amazon.com/support/amazonbot) Chrome/119.0.6045.214 Safari/537.36"
100.29.160.53 - - [17/Jun/2025:11:18:44 +0800] "GET /sitepages/topic/9?action=edit&file=.editorconfig&path=/home/zuuttrav/public_html/core HTTP/1.1" 200 83786 "-" "Mozilla/5.0 AppleWebKit/537.36 (KHTML, like Gecko; compatible; Amazonbot/0.1; +https://developer.amazon.com/support/amazonbot) Chrome/119.0.6045.214 Safari/537.36"
3.227.180.70 - - [17/Jun/2025:11:18:53 +0800] "GET /services/topic/16?path=/home/zuuttrav/public_html/core/vendor HTTP/1.1" 200 97034 "-" "Mozilla/5.0 AppleWebKit/537.36 (KHTML, like Gecko; compatible; Amazonbot/0.1; +https://developer.amazon.com/support/amazonbot) Chrome/119.0.6045.214 Safari/537.36"
54.221.203.24 - - [17/Jun/2025:11:18:53 +0800] "GET /services/topic/100?action=edit&file=composer.lock&path=/home/zuuttrav/public_html/core HTTP/1.1" 200 523634 "-" "Mozilla/5.0 AppleWebKit/537.36 (KHTML, like Gecko; compatible; Amazonbot/0.1; +https://developer.amazon.com/support/amazonbot) Chrome/119.0.6045.214 Safari/537.36"
18.235.158.19 - - [17/Jun/2025:11:19:00 +0800] "GET /blog?action=edit&file=composer.lock&path=/home/zuuttrav/public_html/core HTTP/1.1" 200 537129 "-" "Mozilla/5.0 AppleWebKit/537.36 (KHTML, like Gecko; compatible; Amazonbot/0.1; +https://developer.amazon.com/support/amazonbot) Chrome/119.0.6045.214 Safari/537.36"
52.203.237.170 - - [17/Jun/2025:11:19:03 +0800] "GET /welcome-to-mongolia?action=edit&file=artisan&path=/home/zuuttrav/public_html/core HTTP/1.1" 200 85208 "-" "Mozilla/5.0 AppleWebKit/537.36 (KHTML, like Gecko; compatible; Amazonbot/0.1; +https://developer.amazon.com/support/amazonbot) Chrome/119.0.6045.214 Safari/537.36"
107.20.255.194 - - [17/Jun/2025:11:19:04 +0800] "GET /blog/topic/75?action=edit&file=.editorconfig&path=/home/zuuttrav/public_html/core HTTP/1.1" 200 59995 "-" "Mozilla/5.0 AppleWebKit/537.36 (KHTML, like Gecko; compatible; Amazonbot/0.1; +https://developer.amazon.com/support/amazonbot) Chrome/119.0.6045.214 Safari/537.36"
3.221.244.28 - - [17/Jun/2025:11:19:06 +0800] "GET /blog/topic/79?action=edit&file=index.html&path=/home/zuuttrav/public_html/123 HTTP/1.1" 200 145016 "-" "Mozilla/5.0 AppleWebKit/537.36 (KHTML, like Gecko; compatible; Amazonbot/0.1; +https://developer.amazon.com/support/amazonbot) Chrome/119.0.6045.214 Safari/537.36"
52.22.64.232 - - [17/Jun/2025:11:19:16 +0800] "GET /welcome-to-mongolia?action=edit&file=phpunit.xml&path=/home/zuuttrav/public_html/core HTTP/1.1" 200 85114 "-" "Mozilla/5.0 AppleWebKit/537.36 (KHTML, like Gecko; compatible; Amazonbot/0.1; +https://developer.amazon.com/support/amazonbot) Chrome/119.0.6045.214 Safari/537.36"
114.119.140.87 - - [17/Jun/2025:11:20:16 +0800] "GET /services/topic/104?path=/home/zuuttrav/.htpasswds/bin HTTP/1.1" 200 65636 "https://zuuttravel.com/services/topic/104?path=/home/zuuttrav/.htpasswds" "Mozilla/5.0 (Linux; Android 7.0;) AppleWebKit/537.36 (KHTML, like Gecko) Mobile Safari/537.36 (compatible; PetalBot;+https://webmaster.petalsearch.com/site/petalbot)"
114.119.151.81 - - [17/Jun/2025:11:21:57 +0800] "GET /services/topic/104?path=/home/zuuttrav/.cpanel/icals HTTP/1.1" 200 67724 "https://zuuttravel.com/services/topic/104?path=/home/zuuttrav/.cpanel" "Mozilla/5.0 (Linux; Android 7.0;) AppleWebKit/537.36 (KHTML, like Gecko) Mobile Safari/537.36 (compatible; PetalBot;+https://webmaster.petalsearch.com/site/petalbot)"
135.234.64.51 - - [17/Jun/2025:11:22:31 +0800] "GET /sitepages/topic/2 HTTP/1.1" 200 63955 "-" "Mozilla/5.0 (Macintosh; Intel Mac OS X 10_15_7) AppleWebKit/537.36 (KHTML, like Gecko) Chrome/131.0.0.0 Safari/537.36; compatible; OAI-SearchBot/1.0; +https://openai.com/searchbot"
20.171.207.161 - - [17/Jun/2025:11:22:34 +0800] "GET /sitepages/topic/2?path=%2Fhome%2Fzuuttrav%2Fpublic_html%2F123 HTTP/1.1" 200 59984 "-" "Mozilla/5.0 AppleWebKit/537.36 (KHTML, like Gecko; compatible; GPTBot/1.2; +https://openai.com/gptbot)"
20.171.207.161 - - [17/Jun/2025:11:22:37 +0800] "GET /sitepages/topic/2?path=%2Fhome%2Fzuuttrav HTTP/1.1" 200 70853 "-" "Mozilla/5.0 AppleWebKit/537.36 (KHTML, like Gecko; compatible; GPTBot/1.2; +https://openai.com/gptbot)"
20.171.207.161 - - [17/Jun/2025:11:22:44 +0800] "GET /sitepages/topic/2?path=%2Fhome%2Fzuuttrav%2Fpublic_html%2Fassets HTTP/1.1" 200 61026 "-" "Mozilla/5.0 AppleWebKit/537.36 (KHTML, like Gecko; compatible; GPTBot/1.2; +https://openai.com/gptbot)"
20.171.207.161 - - [17/Jun/2025:11:22:45 +0800] "GET /sitepages/topic/2?path=%2Fhome%2Fzuuttrav%2Fpublic_html%2F.well-known HTTP/1.1" 200 60035 "-" "Mozilla/5.0 AppleWebKit/537.36 (KHTML, like Gecko; compatible; GPTBot/1.2; +https://openai.com/gptbot)"
20.171.207.161 - - [17/Jun/2025:11:22:57 +0800] "GET /sitepages/topic/2?path=%2F HTTP/1.1" 200 61592 "-" "Mozilla/5.0 AppleWebKit/537.36 (KHTML, like Gecko; compatible; GPTBot/1.2; +https://openai.com/gptbot)"
20.171.207.161 - - [17/Jun/2025:11:23:04 +0800] "GET /sitepages/topic/2?path=%2Fhome%2Fzuuttrav%2Fpublic_html HTTP/1.1" 200 64231 "-" "Mozilla/5.0 AppleWebKit/537.36 (KHTML, like Gecko; compatible; GPTBot/1.2; +https://openai.com/gptbot)"
20.171.207.161 - - [17/Jun/2025:11:23:06 +0800] "GET /sitepages/topic/2?path=%2Fhome HTTP/1.1" 200 58902 "-" "Mozilla/5.0 AppleWebKit/537.36 (KHTML, like Gecko; compatible; GPTBot/1.2; +https://openai.com/gptbot)"
20.171.207.161 - - [17/Jun/2025:11:23:13 +0800] "GET /sitepages/topic/2?path=%2Fhome%2Fzuuttrav%2Fpublic_html%2Fcore HTTP/1.1" 200 65588 "-" "Mozilla/5.0 AppleWebKit/537.36 (KHTML, like Gecko; compatible; GPTBot/1.2; +https://openai.com/gptbot)"
20.171.207.161 - - [17/Jun/2025:11:23:24 +0800] "GET /sitepages/topic/2?path=%2Fhome%2Fzuuttrav%2Fpublic_html%2Fuploads HTTP/1.1" 200 62366 "-" "Mozilla/5.0 AppleWebKit/537.36 (KHTML, like Gecko; compatible; GPTBot/1.2; +https://openai.com/gptbot)"
20.171.207.161 - - [17/Jun/2025:11:23:31 +0800] "GET /sitepages/topic/2?action=edit&file=smtp_wss&path=%2Fhome%2Fzuuttrav%2Fpublic_html HTTP/1.1" 200 60540 "-" "Mozilla/5.0 AppleWebKit/537.36 (KHTML, like Gecko; compatible; GPTBot/1.2; +https://openai.com/gptbot)"
20.171.207.161 - - [17/Jun/2025:11:23:32 +0800] "GET /sitepages/topic/2?action=edit&file=gxq.txt&path=%2Fhome%2Fzuuttrav%2Fpublic_html HTTP/1.1" 200 58678 "-" "Mozilla/5.0 AppleWebKit/537.36 (KHTML, like Gecko; compatible; GPTBot/1.2; +https://openai.com/gptbot)"
20.171.207.161 - - [17/Jun/2025:11:23:39 +0800] "GET /sitepages/topic/2?action=edit&file=vivo.php&path=%2Fhome%2Fzuuttrav%2Fpublic_html HTTP/1.1" 200 70541 "-" "Mozilla/5.0 AppleWebKit/537.36 (KHTML, like Gecko; compatible; GPTBot/1.2; +https://openai.com/gptbot)"
114.119.151.107 - - [17/Jun/2025:11:23:46 +0800] "GET /services/topic/104?action=edit&file=zuuttravel.mn.zuuttravel.com-ssl_log-Oct-2024.gz&path=/home/zuuttrav/logs HTTP/1.1" 200 66123 "https://zuuttravel.com/services/topic/104?path=/home/zuuttrav/logs" "Mozilla/5.0 (Linux; Android 7.0;) AppleWebKit/537.36 (KHTML, like Gecko) Mobile Safari/537.36 (compatible; PetalBot;+https://webmaster.petalsearch.com/site/petalbot)"
20.171.207.161 - - [17/Jun/2025:11:23:51 +0800] "GET /sitepages/topic/2?path=%2Fhome%2Fzuuttrav%2F.spamassassin HTTP/1.1" 200 59927 "-" "Mozilla/5.0 AppleWebKit/537.36 (KHTML, like Gecko; compatible; GPTBot/1.2; +https://openai.com/gptbot)"
20.171.207.161 - - [17/Jun/2025:11:23:53 +0800] "GET /sitepages/topic/2?path=%2Fhome%2Fzuuttrav%2F.cl.selector HTTP/1.1" 200 59940 "-" "Mozilla/5.0 AppleWebKit/537.36 (KHTML, like Gecko; compatible; GPTBot/1.2; +https://openai.com/gptbot)"
20.171.207.161 - - [17/Jun/2025:11:24:04 +0800] "GET /sitepages/topic/2?path=%2Fhome%2Fzuuttrav%2F.caldav HTTP/1.1" 200 59213 "-" "Mozilla/5.0 AppleWebKit/537.36 (KHTML, like Gecko; compatible; GPTBot/1.2; +https://openai.com/gptbot)"
20.171.207.161 - - [17/Jun/2025:11:24:13 +0800] "GET /sitepages/topic/2?path=%2F%2Flib64 HTTP/1.1" 200 504996 "-" "Mozilla/5.0 AppleWebKit/537.36 (KHTML, like Gecko; compatible; GPTBot/1.2; +https://openai.com/gptbot)"
20.171.207.161 - - [17/Jun/2025:11:24:20 +0800] "GET /sitepages/topic/2?path=%2F%2Fusr HTTP/1.1" 200 60939 "-" "Mozilla/5.0 AppleWebKit/537.36 (KHTML, like Gecko; compatible; GPTBot/1.2; +https://openai.com/gptbot)"
20.171.207.161 - - [17/Jun/2025:11:24:24 +0800] "GET /sitepages/topic/2?path=%2F%2Fetc HTTP/1.1" 200 78112 "-" "Mozilla/5.0 AppleWebKit/537.36 (KHTML, like Gecko; compatible; GPTBot/1.2; +https://openai.com/gptbot)"
20.171.207.161 - - [17/Jun/2025:11:24:35 +0800] "GET /sitepages/topic/2?path=%2Fhome%2Fzuuttrav%2Fpublic_html%2Fcore%2Fbootstrap HTTP/1.1" 200 59850 "-" "Mozilla/5.0 AppleWebKit/537.36 (KHTML, like Gecko; compatible; GPTBot/1.2; +https://openai.com/gptbot)"
20.171.207.161 - - [17/Jun/2025:11:24:42 +0800] "GET /sitepages/topic/2?path=%2F%2Fvar HTTP/1.1" 200 61575 "-" "Mozilla/5.0 AppleWebKit/537.36 (KHTML, like Gecko; compatible; GPTBot/1.2; +https://openai.com/gptbot)"
57.141.2.6 - - [17/Jun/2025:11:24:43 +0800] "GET /?path=%2Fhome%2Fzuuttrav%2Fpublic_html%2F.wp-cli HTTP/1.1" 200 86294 "-" "meta-externalagent/1.1 (+https://developers.facebook.com/docs/sharing/webmasters/crawler)"
20.171.207.161 - - [17/Jun/2025:11:24:49 +0800] "GET /sitepages/topic/2?path=%2F%2Fdev HTTP/1.1" 200 65219 "-" "Mozilla/5.0 AppleWebKit/537.36 (KHTML, like Gecko; compatible; GPTBot/1.2; +https://openai.com/gptbot)"
20.171.207.161 - - [17/Jun/2025:11:24:52 +0800] "GET /sitepages/topic/2?path=%2F%2Flib HTTP/1.1" 200 69720 "-" "Mozilla/5.0 AppleWebKit/537.36 (KHTML, like Gecko; compatible; GPTBot/1.2; +https://openai.com/gptbot)"
20.171.207.161 - - [17/Jun/2025:11:24:59 +0800] "GET /sitepages/topic/2?path=%2F%2Frun HTTP/1.1" 200 59151 "-" "Mozilla/5.0 AppleWebKit/537.36 (KHTML, like Gecko; compatible; GPTBot/1.2; +https://openai.com/gptbot)"
20.171.207.161 - - [17/Jun/2025:11:25:10 +0800] "GET /sitepages/topic/2?path=%2F%2Fopt HTTP/1.1" 200 61509 "-" "Mozilla/5.0 AppleWebKit/537.36 (KHTML, like Gecko; compatible; GPTBot/1.2; +https://openai.com/gptbot)"
20.171.207.161 - - [17/Jun/2025:11:25:17 +0800] "GET /sitepages/topic/2?path=%2F%2Fbin HTTP/1.1" 200 197645 "-" "Mozilla/5.0 AppleWebKit/537.36 (KHTML, like Gecko; compatible; GPTBot/1.2; +https://openai.com/gptbot)"
20.171.207.161 - - [17/Jun/2025:11:25:24 +0800] "GET /sitepages/topic/2?path=%2F%2Ftmp HTTP/1.1" 200 65811 "-" "Mozilla/5.0 AppleWebKit/537.36 (KHTML, like Gecko; compatible; GPTBot/1.2; +https://openai.com/gptbot)"
20.171.207.161 - - [17/Jun/2025:11:25:26 +0800] "GET /sitepages/topic/2?path=%2F%2Fproc HTTP/1.1" 200 76123 "-" "Mozilla/5.0 AppleWebKit/537.36 (KHTML, like Gecko; compatible; GPTBot/1.2; +https://openai.com/gptbot)"
114.119.133.103 - - [17/Jun/2025:11:25:30 +0800] "GET /services/topic/104?action=edit&file=zuuttravel.mn.zuuttravel.com-ssl_log-Jan-2024.gz&path=/home/zuuttrav/logs HTTP/1.1" 200 66283 "https://zuuttravel.com/services/topic/104?path=/home/zuuttrav/logs" "Mozilla/5.0 (Linux; Android 7.0;) AppleWebKit/537.36 (KHTML, like Gecko) Mobile Safari/537.36 (compatible; PetalBot;+https://webmaster.petalsearch.com/site/petalbot)"
20.171.207.161 - - [17/Jun/2025:11:25:37 +0800] "GET /sitepages/topic/2?path=%2F%2Fhome HTTP/1.1" 200 58935 "-" "Mozilla/5.0 AppleWebKit/537.36 (KHTML, like Gecko; compatible; GPTBot/1.2; +https://openai.com/gptbot)"
20.171.207.161 - - [17/Jun/2025:11:26:08 +0800] "GET /sitepages/topic/2?action=edit&file=libicudata.so.60&path=%2F%2Flib64 HTTP/1.1" 200 7225155 "-" "Mozilla/5.0 AppleWebKit/537.36 (KHTML, like Gecko; compatible; GPTBot/1.2; +https://openai.com/gptbot)"
20.171.207.161 - - [17/Jun/2025:11:26:09 +0800] "GET /sitepages/topic/2?action=edit&file=libICE.so.6.3.0&path=%2F%2Flib64 HTTP/1.1" 200 226159 "-" "Mozilla/5.0 AppleWebKit/537.36 (KHTML, like Gecko; compatible; GPTBot/1.2; +https://openai.com/gptbot)"
20.171.207.161 - - [17/Jun/2025:11:26:44 +0800] "GET /sitepages/topic/2?action=edit&file=libxkbcommon.so.0&path=%2F%2Flib64 HTTP/1.1" 200 517199 "-" "Mozilla/5.0 AppleWebKit/537.36 (KHTML, like Gecko; compatible; GPTBot/1.2; +https://openai.com/gptbot)"
20.171.207.161 - - [17/Jun/2025:11:27:14 +0800] "GET /sitepages/topic/2?action=edit&file=libtdsS.so&path=%2F%2Flib64 HTTP/1.1" 200 67912 "-" "Mozilla/5.0 AppleWebKit/537.36 (KHTML, like Gecko; compatible; GPTBot/1.2; +https://openai.com/gptbot)"
20.171.207.161 - - [17/Jun/2025:11:27:34 +0800] "GET /sitepages/topic/2?path=%2F%2Flib%2Fdracut HTTP/1.1" 200 61793 "-" "Mozilla/5.0 AppleWebKit/537.36 (KHTML, like Gecko; compatible; GPTBot/1.2; +https://openai.com/gptbot)"
114.119.133.103 - - [17/Jun/2025:11:27:40 +0800] "GET /services/topic/104?action=edit&file=zuuttravel.com-ssl_log-Jun-2025_NGINX.gz&path=/home/zuuttrav/logs HTTP/1.1" 200 507720 "https://zuuttravel.com/services/topic/104?path=/home/zuuttrav/logs" "Mozilla/5.0 (Linux; Android 7.0;) AppleWebKit/537.36 (KHTML, like Gecko) Mobile Safari/537.36 (compatible; PetalBot;+https://webmaster.petalsearch.com/site/petalbot)"
20.171.207.161 - - [17/Jun/2025:11:28:02 +0800] "GET /sitepages/topic/2?path=%2F%2Flib%2Fkernel HTTP/1.1" 200 59052 "-" "Mozilla/5.0 AppleWebKit/537.36 (KHTML, like Gecko; compatible; GPTBot/1.2; +https://openai.com/gptbot)"
20.171.207.161 - - [17/Jun/2025:11:28:30 +0800] "GET /sitepages/topic/2?action=edit&file=libdns.so&path=%2F%2Flib64 HTTP/1.1" 200 3789629 "-" "Mozilla/5.0 AppleWebKit/537.36 (KHTML, like Gecko; compatible; GPTBot/1.2; +https://openai.com/gptbot)"
20.171.207.161 - - [17/Jun/2025:11:28:37 +0800] "GET /sitepages/topic/2?action=edit&file=libsecret-1.so.0&path=%2F%2Flib64 HTTP/1.1" 200 601264 "-" "Mozilla/5.0 AppleWebKit/537.36 (KHTML, like Gecko; compatible; GPTBot/1.2; +https://openai.com/gptbot)"
20.171.207.161 - - [17/Jun/2025:11:28:53 +0800] "GET /sitepages/topic/2?action=edit&file=libgobject-2.0.so.0&path=%2F%2Flib64 HTTP/1.1" 200 586873 "-" "Mozilla/5.0 AppleWebKit/537.36 (KHTML, like Gecko; compatible; GPTBot/1.2; +https://openai.com/gptbot)"
114.119.157.103 - - [17/Jun/2025:11:29:00 +0800] "GET /services/topic/104?action=edit&file=zuuttravel.com-Nov-2023.gz&path=/home/zuuttrav/logs HTTP/1.1" 200 67112 "https://zuuttravel.com/services/topic/104?path=/home/zuuttrav/logs" "Mozilla/5.0 (Linux; Android 7.0;) AppleWebKit/537.36 (KHTML, like Gecko) Mobile Safari/537.36 (compatible; PetalBot;+https://webmaster.petalsearch.com/site/petalbot)"
20.171.207.161 - - [17/Jun/2025:11:29:13 +0800] "GET /sitepages/topic/2?action=edit&file=scl_source&path=%2F%2Fbin HTTP/1.1" 200 60648 "-" "Mozilla/5.0 AppleWebKit/537.36 (KHTML, like Gecko; compatible; GPTBot/1.2; +https://openai.com/gptbot)"
20.171.207.161 - - [17/Jun/2025:11:29:27 +0800] "GET /sitepages/topic/2?action=edit&file=libseccomp.so.2.5.2&path=%2F%2Flib64 HTTP/1.1" 200 250838 "-" "Mozilla/5.0 AppleWebKit/537.36 (KHTML, like Gecko; compatible; GPTBot/1.2; +https://openai.com/gptbot)"
20.171.207.161 - - [17/Jun/2025:11:29:33 +0800] "GET /sitepages/topic/2?action=edit&file=libICE.so.6.3.0&path=%2F%2Flib64 HTTP/1.1" 200 226158 "-" "Mozilla/5.0 AppleWebKit/537.36 (KHTML, like Gecko; compatible; GPTBot/1.2; +https://openai.com/gptbot)"
20.171.207.161 - - [17/Jun/2025:11:29:50 +0800] "GET /sitepages/topic/2?action=edit&file=log&path=%2F%2Fdev HTTP/1.1" 200 58493 "-" "Mozilla/5.0 AppleWebKit/537.36 (KHTML, like Gecko; compatible; GPTBot/1.2; +https://openai.com/gptbot)"
20.171.207.161 - - [17/Jun/2025:11:30:00 +0800] "GET /sitepages/topic/2?action=edit&file=libtool&path=%2F%2Fbin HTTP/1.1" 200 472027 "-" "Mozilla/5.0 AppleWebKit/537.36 (KHTML, like Gecko; compatible; GPTBot/1.2; +https://openai.com/gptbot)"
20.171.207.161 - - [17/Jun/2025:11:30:08 +0800] "GET /sitepages/topic/2?action=edit&file=locale&path=%2F%2Fbin HTTP/1.1" 200 133489 "-" "Mozilla/5.0 AppleWebKit/537.36 (KHTML, like Gecko; compatible; GPTBot/1.2; +https://openai.com/gptbot)"
20.171.207.161 - - [17/Jun/2025:11:30:11 +0800] "GET /sitepages/topic/2?action=edit&file=mailcap&path=%2F%2Fetc HTTP/1.1" 200 58801 "-" "Mozilla/5.0 AppleWebKit/537.36 (KHTML, like Gecko; compatible; GPTBot/1.2; +https://openai.com/gptbot)"
20.171.207.161 - - [17/Jun/2025:11:30:18 +0800] "GET /sitepages/topic/2?action=edit&file=dracut-functions.sh&path=%2F%2Flib%2Fdracut HTTP/1.1" 200 83559 "-" "Mozilla/5.0 AppleWebKit/537.36 (KHTML, like Gecko; compatible; GPTBot/1.2; +https://openai.com/gptbot)"
20.171.207.161 - - [17/Jun/2025:11:30:29 +0800] "GET /sitepages/topic/2?action=edit&file=cgroups&path=%2F%2Fproc HTTP/1.1" 200 58389 "-" "Mozilla/5.0 AppleWebKit/537.36 (KHTML, like Gecko; compatible; GPTBot/1.2; +https://openai.com/gptbot)"
20.171.207.161 - - [17/Jun/2025:11:30:36 +0800] "GET /sitepages/topic/2?action=edit&file=libIlmThread-2_2.so.12.0.0&path=%2F%2Flib64 HTTP/1.1" 200 100516 "-" "Mozilla/5.0 AppleWebKit/537.36 (KHTML, like Gecko; compatible; GPTBot/1.2; +https://openai.com/gptbot)"
20.171.207.161 - - [17/Jun/2025:11:30:38 +0800] "GET /sitepages/topic/2?action=edit&file=libmcrypt.so.4&path=%2F%2Flib64 HTTP/1.1" 200 382528 "-" "Mozilla/5.0 AppleWebKit/537.36 (KHTML, like Gecko; compatible; GPTBot/1.2; +https://openai.com/gptbot)"
114.119.155.203 - - [17/Jun/2025:11:30:44 +0800] "GET /services/topic/104?action=edit&file=zuuttravel.com-Dec-2018.gz&path=/home/zuuttrav/logs HTTP/1.1" 200 66280 "https://zuuttravel.com/services/topic/104?path=/home/zuuttrav/logs" "Mozilla/5.0 (Linux; Android 7.0;) AppleWebKit/537.36 (KHTML, like Gecko) Mobile Safari/537.36 (compatible; PetalBot;+https://webmaster.petalsearch.com/site/petalbot)"
20.171.207.161 - - [17/Jun/2025:11:30:45 +0800] "GET /sitepages/topic/2?action=edit&file=net-snmp-create-v3-user&path=%2F%2Fbin HTTP/1.1" 200 62549 "-" "Mozilla/5.0 AppleWebKit/537.36 (KHTML, like Gecko; compatible; GPTBot/1.2; +https://openai.com/gptbot)"
20.171.207.161 - - [17/Jun/2025:11:30:51 +0800] "GET /sitepages/topic/2?action=edit&file=libmlx4.so.1&path=%2F%2Flib64 HTTP/1.1" 200 138765 "-" "Mozilla/5.0 AppleWebKit/537.36 (KHTML, like Gecko; compatible; GPTBot/1.2; +https://openai.com/gptbot)"
20.171.207.161 - - [17/Jun/2025:11:30:57 +0800] "GET /sitepages/topic/2?action=edit&file=libXcomposite.so.1.0.0&path=%2F%2Flib64 HTTP/1.1" 200 73979 "-" "Mozilla/5.0 AppleWebKit/537.36 (KHTML, like Gecko; compatible; GPTBot/1.2; +https://openai.com/gptbot)"
20.171.207.161 - - [17/Jun/2025:11:31:06 +0800] "GET /sitepages/topic/2?action=edit&file=ptyp2&path=%2F%2Fdev HTTP/1.1" 200 58506 "-" "Mozilla/5.0 AppleWebKit/537.36 (KHTML, like Gecko; compatible; GPTBot/1.2; +https://openai.com/gptbot)"
20.171.207.161 - - [17/Jun/2025:11:31:14 +0800] "GET /sitepages/topic/2?action=edit&file=libbind9.so.161&path=%2F%2Flib64 HTTP/1.1" 200 170175 "-" "Mozilla/5.0 AppleWebKit/537.36 (KHTML, like Gecko; compatible; GPTBot/1.2; +https://openai.com/gptbot)"
20.171.207.161 - - [17/Jun/2025:11:31:22 +0800] "GET /sitepages/topic/2?action=edit&file=libnl-cli-3.so.200&path=%2F%2Flib64 HTTP/1.1" 200 123095 "-" "Mozilla/5.0 AppleWebKit/537.36 (KHTML, like Gecko; compatible; GPTBot/1.2; +https://openai.com/gptbot)"
20.171.207.161 - - [17/Jun/2025:11:31:24 +0800] "GET /sitepages/topic/2?action=edit&file=libmenu.so.6&path=%2F%2Flib64 HTTP/1.1" 200 112771 "-" "Mozilla/5.0 AppleWebKit/537.36 (KHTML, like Gecko; compatible; GPTBot/1.2; +https://openai.com/gptbot)"
20.171.207.161 - - [17/Jun/2025:11:31:31 +0800] "GET /sitepages/topic/2?action=edit&file=gpg-error&path=%2F%2Fbin HTTP/1.1" 200 99906 "-" "Mozilla/5.0 AppleWebKit/537.36 (KHTML, like Gecko; compatible; GPTBot/1.2; +https://openai.com/gptbot)"
20.171.207.161 - - [17/Jun/2025:11:31:42 +0800] "GET /sitepages/topic/2?path=%2F%2Flib%2F.build-id HTTP/1.1" 200 116977 "-" "Mozilla/5.0 AppleWebKit/537.36 (KHTML, like Gecko; compatible; GPTBot/1.2; +https://openai.com/gptbot)"
20.171.207.161 - - [17/Jun/2025:11:31:43 +0800] "GET /sitepages/topic/2?path=%2F%2Fetc%2Fskel HTTP/1.1" 200 59684 "-" "Mozilla/5.0 AppleWebKit/537.36 (KHTML, like Gecko; compatible; GPTBot/1.2; +https://openai.com/gptbot)"
20.171.207.161 - - [17/Jun/2025:11:31:49 +0800] "GET /sitepages/topic/2?action=edit&file=net-snmp-create-v3-user&path=%2F%2Fbin HTTP/1.1" 200 62533 "-" "Mozilla/5.0 AppleWebKit/537.36 (KHTML, like Gecko; compatible; GPTBot/1.2; +https://openai.com/gptbot)"
20.171.207.161 - - [17/Jun/2025:11:32:01 +0800] "GET /sitepages/topic/2?path=%2F%2Flib64%2Fbind9-export HTTP/1.1" 200 62853 "-" "Mozilla/5.0 AppleWebKit/537.36 (KHTML, like Gecko; compatible; GPTBot/1.2; +https://openai.com/gptbot)"
20.171.207.161 - - [17/Jun/2025:11:32:03 +0800] "GET /sitepages/topic/2?path=%2F%2Fopt%2Fimunify360 HTTP/1.1" 200 59304 "-" "Mozilla/5.0 AppleWebKit/537.36 (KHTML, like Gecko; compatible; GPTBot/1.2; +https://openai.com/gptbot)"
20.171.207.161 - - [17/Jun/2025:11:32:10 +0800] "GET /sitepages/topic/2?path=%2F%2Flib64%2Fapr-util-1 HTTP/1.1" 200 60150 "-" "Mozilla/5.0 AppleWebKit/537.36 (KHTML, like Gecko; compatible; GPTBot/1.2; +https://openai.com/gptbot)"
20.171.207.161 - - [17/Jun/2025:11:32:21 +0800] "GET /sitepages/topic/2?path=%2F%2Flib64%2Fapache2 HTTP/1.1" 200 59072 "-" "Mozilla/5.0 AppleWebKit/537.36 (KHTML, like Gecko; compatible; GPTBot/1.2; +https://openai.com/gptbot)"
20.171.207.161 - - [17/Jun/2025:11:32:23 +0800] "GET /sitepages/topic/2?path=%2F%2Flib64%2Fkrb5 HTTP/1.1" 200 59050 "-" "Mozilla/5.0 AppleWebKit/537.36 (KHTML, like Gecko; compatible; GPTBot/1.2; +https://openai.com/gptbot)"
20.171.207.161 - - [17/Jun/2025:11:32:29 +0800] "GET /sitepages/topic/2?action=edit&file=pagetypeinfo&path=%2F%2Fproc HTTP/1.1" 200 58419 "-" "Mozilla/5.0 AppleWebKit/537.36 (KHTML, like Gecko; compatible; GPTBot/1.2; +https://openai.com/gptbot)"
114.119.157.103 - - [17/Jun/2025:11:32:31 +0800] "GET /services/topic/104?action=edit&file=usage_202401.html&path=/home/zuuttrav/tmp/webalizerftp HTTP/1.1" 200 141286 "https://zuuttravel.com/services/topic/104?path=/home/zuuttrav/tmp/webalizerftp" "Mozilla/5.0 (Linux; Android 7.0;) AppleWebKit/537.36 (KHTML, like Gecko) Mobile Safari/537.36 (compatible; PetalBot;+https://webmaster.petalsearch.com/site/petalbot)"
20.171.207.161 - - [17/Jun/2025:11:32:36 +0800] "GET /sitepages/topic/2?action=edit&file=kpagecount&path=%2F%2Fproc HTTP/1.1" 200 58407 "-" "Mozilla/5.0 AppleWebKit/537.36 (KHTML, like Gecko; compatible; GPTBot/1.2; +https://openai.com/gptbot)"
20.171.207.161 - - [17/Jun/2025:11:32:41 +0800] "GET /sitepages/topic/2?action=edit&file=kpagecgroup&path=%2F%2Fproc HTTP/1.1" 200 58413 "-" "Mozilla/5.0 AppleWebKit/537.36 (KHTML, like Gecko; compatible; GPTBot/1.2; +https://openai.com/gptbot)"
20.171.207.161 - - [17/Jun/2025:11:32:51 +0800] "GET /sitepages/topic/2?path=%2F%2Flib64%2Fperl5 HTTP/1.1" 200 74126 "-" "Mozilla/5.0 AppleWebKit/537.36 (KHTML, like Gecko; compatible; GPTBot/1.2; +https://openai.com/gptbot)"
20.171.207.161 - - [17/Jun/2025:11:32:53 +0800] "GET /sitepages/topic/2?path=%2F%2Flib64%2Fsasl2 HTTP/1.1" 200 62563 "-" "Mozilla/5.0 AppleWebKit/537.36 (KHTML, like Gecko; compatible; GPTBot/1.2; +https://openai.com/gptbot)"
66.249.79.166 - - [17/Jun/2025:11:32:53 +0800] "GET /?shopdetail/19425098 HTTP/1.1" 200 91197 "-" "Mozilla/5.0 (compatible; Googlebot/2.1; +http://www.google.com/bot.html)"
20.171.207.161 - - [17/Jun/2025:11:32:59 +0800] "GET /sitepages/topic/2?path=%2F%2Flib%2F.build-id%2F5b HTTP/1.1" 200 66200 "-" "Mozilla/5.0 AppleWebKit/537.36 (KHTML, like Gecko; compatible; GPTBot/1.2; +https://openai.com/gptbot)"
20.171.207.161 - - [17/Jun/2025:11:33:06 +0800] "GET /sitepages/topic/2?path=%2F%2Flib%2F.build-id%2Fd5 HTTP/1.1" 200 66926 "-" "Mozilla/5.0 AppleWebKit/537.36 (KHTML, like Gecko; compatible; GPTBot/1.2; +https://openai.com/gptbot)"
20.171.207.161 - - [17/Jun/2025:11:33:11 +0800] "GET /sitepages/topic/2?path=%2F%2Flib%2F.build-id%2F69 HTTP/1.1" 200 64745 "-" "Mozilla/5.0 AppleWebKit/537.36 (KHTML, like Gecko; compatible; GPTBot/1.2; +https://openai.com/gptbot)"
20.171.207.161 - - [17/Jun/2025:11:33:15 +0800] "GET /sitepages/topic/2?path=%2F%2Flib%2F.build-id%2F79 HTTP/1.1" 200 68004 "-" "Mozilla/5.0 AppleWebKit/537.36 (KHTML, like Gecko; compatible; GPTBot/1.2; +https://openai.com/gptbot)"
20.171.207.161 - - [17/Jun/2025:11:33:24 +0800] "GET /sitepages/topic/2?path=%2F%2Flib%2F.build-id%2F06 HTTP/1.1" 200 66192 "-" "Mozilla/5.0 AppleWebKit/537.36 (KHTML, like Gecko; compatible; GPTBot/1.2; +https://openai.com/gptbot)"
20.171.207.161 - - [17/Jun/2025:11:33:26 +0800] "GET /sitepages/topic/2?path=%2F%2Flib64%2Fkrb5%2Fplugins HTTP/1.1" 200 60141 "-" "Mozilla/5.0 AppleWebKit/537.36 (KHTML, like Gecko; compatible; GPTBot/1.2; +https://openai.com/gptbot)"
20.171.207.161 - - [17/Jun/2025:11:33:32 +0800] "GET /sitepages/topic/2?path=%2F%2Flib%2F.build-id%2F74 HTTP/1.1" 200 67633 "-" "Mozilla/5.0 AppleWebKit/537.36 (KHTML, like Gecko; compatible; GPTBot/1.2; +https://openai.com/gptbot)"
20.171.207.161 - - [17/Jun/2025:11:33:43 +0800] "GET /sitepages/topic/2?action=edit&file=kpagecgroup&path=%2F%2Fproc HTTP/1.1" 200 58421 "-" "Mozilla/5.0 AppleWebKit/537.36 (KHTML, like Gecko; compatible; GPTBot/1.2; +https://openai.com/gptbot)"
20.171.207.161 - - [17/Jun/2025:11:33:45 +0800] "GET /sitepages/topic/2?path=%2F%2Flib%2F.build-id%2F89 HTTP/1.1" 200 66915 "-" "Mozilla/5.0 AppleWebKit/537.36 (KHTML, like Gecko; compatible; GPTBot/1.2; +https://openai.com/gptbot)"
20.171.207.161 - - [17/Jun/2025:11:33:50 +0800] "GET /sitepages/topic/2?path=%2F%2Flib64%2Fperl5 HTTP/1.1" 200 74118 "-" "Mozilla/5.0 AppleWebKit/537.36 (KHTML, like Gecko; compatible; GPTBot/1.2; +https://openai.com/gptbot)"
20.171.207.161 - - [17/Jun/2025:11:33:57 +0800] "GET /sitepages/topic/2?path=%2F%2Flib%2F.build-id%2F39 HTTP/1.1" 200 67267 "-" "Mozilla/5.0 AppleWebKit/537.36 (KHTML, like Gecko; compatible; GPTBot/1.2; +https://openai.com/gptbot)"
20.171.207.161 - - [17/Jun/2025:11:34:03 +0800] "GET /sitepages/topic/2?path=%2F%2Flib%2F.build-id%2F61 HTTP/1.1" 200 65106 "-" "Mozilla/5.0 AppleWebKit/537.36 (KHTML, like Gecko; compatible; GPTBot/1.2; +https://openai.com/gptbot)"
20.171.207.161 - - [17/Jun/2025:11:34:07 +0800] "GET /sitepages/topic/2?path=%2F%2Flib%2F.build-id%2F65 HTTP/1.1" 200 67645 "-" "Mozilla/5.0 AppleWebKit/537.36 (KHTML, like Gecko; compatible; GPTBot/1.2; +https://openai.com/gptbot)"
20.171.207.161 - - [17/Jun/2025:11:34:16 +0800] "GET /sitepages/topic/2?path=%2F%2Flib%2F.build-id%2F10 HTTP/1.1" 200 64013 "-" "Mozilla/5.0 AppleWebKit/537.36 (KHTML, like Gecko; compatible; GPTBot/1.2; +https://openai.com/gptbot)"
114.119.151.81 - - [17/Jun/2025:11:34:17 +0800] "GET /services/topic/104?action=edit&file=subscriptions&path=/home/zuuttrav/mail HTTP/1.1" 200 65262 "https://zuuttravel.com/services/topic/104?path=/home/zuuttrav/mail" "Mozilla/5.0 (Linux; Android 7.0;) AppleWebKit/537.36 (KHTML, like Gecko) Mobile Safari/537.36 (compatible; PetalBot;+https://webmaster.petalsearch.com/site/petalbot)"
20.171.207.161 - - [17/Jun/2025:11:34:18 +0800] "GET /sitepages/topic/2?path=%2F%2Flib%2F.build-id%2F07 HTTP/1.1" 200 65458 "-" "Mozilla/5.0 AppleWebKit/537.36 (KHTML, like Gecko; compatible; GPTBot/1.2; +https://openai.com/gptbot)"
52.1.106.130 - - [17/Jun/2025:11:34:23 +0800] "GET /blog/topic/75?path=//dev HTTP/1.1" 200 66213 "-" "Mozilla/5.0 AppleWebKit/537.36 (KHTML, like Gecko; compatible; Amazonbot/0.1; +https://developer.amazon.com/support/amazonbot) Chrome/119.0.6045.214 Safari/537.36"
20.171.207.161 - - [17/Jun/2025:11:34:29 +0800] "GET /sitepages/topic/2?path=%2F%2Flib%2F.build-id%2F35 HTTP/1.1" 200 68346 "-" "Mozilla/5.0 AppleWebKit/537.36 (KHTML, like Gecko; compatible; GPTBot/1.2; +https://openai.com/gptbot)"
34.224.132.215 - - [17/Jun/2025:11:34:31 +0800] "GET /services/topic/16?path=//sbin HTTP/1.1" 200 96428 "-" "Mozilla/5.0 AppleWebKit/537.36 (KHTML, like Gecko; compatible; Amazonbot/0.1; +https://developer.amazon.com/support/amazonbot) Chrome/119.0.6045.214 Safari/537.36"
54.147.238.89 - - [17/Jun/2025:11:34:31 +0800] "GET /blog/topic/74?path=//opt HTTP/1.1" 200 63550 "-" "Mozilla/5.0 AppleWebKit/537.36 (KHTML, like Gecko; compatible; Amazonbot/0.1; +https://developer.amazon.com/support/amazonbot) Chrome/119.0.6045.214 Safari/537.36"
100.29.164.178 - - [17/Jun/2025:11:34:34 +0800] "GET /blog/topic/75?path=/home/zuuttrav/.caldav HTTP/1.1" 200 59789 "-" "Mozilla/5.0 AppleWebKit/537.36 (KHTML, like Gecko; compatible; Amazonbot/0.1; +https://developer.amazon.com/support/amazonbot) Chrome/119.0.6045.214 Safari/537.36"
20.171.207.161 - - [17/Jun/2025:11:34:35 +0800] "GET /sitepages/topic/2?action=edit&file=05d0f30ab6a2617676b939423ac0352ad295dd&path=%2F%2Flib%2F.build-id%2F79 HTTP/1.1" 200 448009 "-" "Mozilla/5.0 AppleWebKit/537.36 (KHTML, like Gecko; compatible; GPTBot/1.2; +https://openai.com/gptbot)"
20.171.207.161 - - [17/Jun/2025:11:34:41 +0800] "GET /sitepages/topic/2?path=%2F%2Flib%2F.build-id%2F08 HTTP/1.1" 200 67282 "-" "Mozilla/5.0 AppleWebKit/537.36 (KHTML, like Gecko; compatible; GPTBot/1.2; +https://openai.com/gptbot)"
44.212.232.231 - - [17/Jun/2025:11:34:43 +0800] "GET /welcome-to-mongolia?path=/home/zuuttrav/.cl.selector HTTP/1.1" 200 84715 "-" "Mozilla/5.0 AppleWebKit/537.36 (KHTML, like Gecko; compatible; Amazonbot/0.1; +https://developer.amazon.com/support/amazonbot) Chrome/119.0.6045.214 Safari/537.36"
3.222.85.38 - - [17/Jun/2025:11:34:44 +0800] "GET /blog/topic/79?path=/home/zuuttrav/public_html/assets/translation HTTP/1.1" 200 64701 "-" "Mozilla/5.0 AppleWebKit/537.36 (KHTML, like Gecko; compatible; Amazonbot/0.1; +https://developer.amazon.com/support/amazonbot) Chrome/119.0.6045.214 Safari/537.36"
54.147.238.89 - - [17/Jun/2025:11:34:46 +0800] "GET /blog/topic/98?action=edit&file=.ftpquota&path=/home/zuuttrav/public_html HTTP/1.1" 200 59991 "-" "Mozilla/5.0 AppleWebKit/537.36 (KHTML, like Gecko; compatible; Amazonbot/0.1; +https://developer.amazon.com/support/amazonbot) Chrome/119.0.6045.214 Safari/537.36"
20.171.207.161 - - [17/Jun/2025:11:34:48 +0800] "GET /sitepages/topic/2?action=edit&file=1cba2c29bb915a8bffaad64c106469542d6123&path=%2F%2Flib%2F.build-id%2F06 HTTP/1.1" 200 72441 "-" "Mozilla/5.0 AppleWebKit/537.36 (KHTML, like Gecko; compatible; GPTBot/1.2; +https://openai.com/gptbot)"
20.171.207.161 - - [17/Jun/2025:11:34:54 +0800] "GET /sitepages/topic/2?path=%2F%2Flib%2F.build-id%2F19 HTTP/1.1" 200 69485 "-" "Mozilla/5.0 AppleWebKit/537.36 (KHTML, like Gecko; compatible; GPTBot/1.2; +https://openai.com/gptbot)"
34.239.85.139 - - [17/Jun/2025:11:34:55 +0800] "GET /welcome-to-mongolia?action=edit&file=.myimunify_id&path=/home/zuuttrav HTTP/1.1" 200 83480 "-" "Mozilla/5.0 AppleWebKit/537.36 (KHTML, like Gecko; compatible; Amazonbot/0.1; +https://developer.amazon.com/support/amazonbot) Chrome/119.0.6045.214 Safari/537.36"
100.24.149.244 - - [17/Jun/2025:11:34:55 +0800] "GET /welcome-to-mongolia?action=edit&file=index.html&path=/home/zuuttrav/public_html/123 HTTP/1.1" 200 165552 "-" "Mozilla/5.0 AppleWebKit/537.36 (KHTML, like Gecko; compatible; Amazonbot/0.1; +https://developer.amazon.com/support/amazonbot) Chrome/119.0.6045.214 Safari/537.36"
20.171.207.161 - - [17/Jun/2025:11:34:56 +0800] "GET /sitepages/topic/2?path=%2F%2Flib%2F.build-id%2F49 HTTP/1.1" 200 63290 "-" "Mozilla/5.0 AppleWebKit/537.36 (KHTML, like Gecko; compatible; GPTBot/1.2; +https://openai.com/gptbot)"
20.171.207.161 - - [17/Jun/2025:11:35:08 +0800] "GET /sitepages/topic/2?path=%2F%2Flib%2F.build-id%2F75 HTTP/1.1" 200 66203 "-" "Mozilla/5.0 AppleWebKit/537.36 (KHTML, like Gecko; compatible; GPTBot/1.2; +https://openai.com/gptbot)"
20.171.207.161 - - [17/Jun/2025:11:35:09 +0800] "GET /sitepages/topic/2?path=%2F%2Flib%2F.build-id%2F09 HTTP/1.1" 200 65800 "-" "Mozilla/5.0 AppleWebKit/537.36 (KHTML, like Gecko; compatible; GPTBot/1.2; +https://openai.com/gptbot)"
20.171.207.161 - - [17/Jun/2025:11:35:16 +0800] "GET /sitepages/topic/2?path=%2F%2Flib%2F.build-id%2F73 HTTP/1.1" 200 65821 "-" "Mozilla/5.0 AppleWebKit/537.36 (KHTML, like Gecko; compatible; GPTBot/1.2; +https://openai.com/gptbot)"
20.171.207.161 - - [17/Jun/2025:11:35:27 +0800] "GET /sitepages/topic/2?path=%2F%2Flib%2F.build-id%2F80 HTTP/1.1" 200 65465 "-" "Mozilla/5.0 AppleWebKit/537.36 (KHTML, like Gecko; compatible; GPTBot/1.2; +https://openai.com/gptbot)"
20.171.207.161 - - [17/Jun/2025:11:35:28 +0800] "GET /sitepages/topic/2?action=edit&file=06c5d5422cc7ba3ba49cc4dcbaca9e2c8eae52&path=%2F%2Flib%2F.build-id%2F10 HTTP/1.1" 200 58699 "-" "Mozilla/5.0 AppleWebKit/537.36 (KHTML, like Gecko; compatible; GPTBot/1.2; +https://openai.com/gptbot)"
20.171.207.161 - - [17/Jun/2025:11:35:35 +0800] "GET /sitepages/topic/2?path=%2F%2Flib%2F.build-id%2F59 HTTP/1.1" 200 63677 "-" "Mozilla/5.0 AppleWebKit/537.36 (KHTML, like Gecko; compatible; GPTBot/1.2; +https://openai.com/gptbot)"
20.171.207.161 - - [17/Jun/2025:11:35:41 +0800] "GET /sitepages/topic/2?path=%2F%2Flib%2F.build-id%2F30 HTTP/1.1" 200 68338 "-" "Mozilla/5.0 AppleWebKit/537.36 (KHTML, like Gecko; compatible; GPTBot/1.2; +https://openai.com/gptbot)"
20.171.207.161 - - [17/Jun/2025:11:35:51 +0800] "GET /sitepages/topic/2?path=%2F%2Flib%2F.build-id%2F83 HTTP/1.1" 200 68384 "-" "Mozilla/5.0 AppleWebKit/537.36 (KHTML, like Gecko; compatible; GPTBot/1.2; +https://openai.com/gptbot)"
20.171.207.161 - - [17/Jun/2025:11:35:57 +0800] "GET /sitepages/topic/2?path=%2F%2Flib%2F.build-id%2F68 HTTP/1.1" 200 68363 "-" "Mozilla/5.0 AppleWebKit/537.36 (KHTML, like Gecko; compatible; GPTBot/1.2; +https://openai.com/gptbot)"
20.171.207.161 - - [17/Jun/2025:11:36:05 +0800] "GET /sitepages/topic/2?path=%2F%2Flib%2F.build-id%2F03 HTTP/1.1" 200 65844 "-" "Mozilla/5.0 AppleWebKit/537.36 (KHTML, like Gecko; compatible; GPTBot/1.2; +https://openai.com/gptbot)"
114.119.151.107 - - [17/Jun/2025:11:36:06 +0800] "GET /services/topic/104?action=edit&file=smtp_wss&path=/home/zuuttrav/public_html HTTP/1.1" 200 67131 "https://zuuttravel.com/services/topic/104?path=/home/zuuttrav/public_html" "Mozilla/5.0 (Linux; Android 7.0;) AppleWebKit/537.36 (KHTML, like Gecko) Mobile Safari/537.36 (compatible; PetalBot;+https://webmaster.petalsearch.com/site/petalbot)"
20.171.207.161 - - [17/Jun/2025:11:36:11 +0800] "GET /sitepages/topic/2?path=%2F%2Flib%2F.build-id%2F16 HTTP/1.1" 200 65112 "-" "Mozilla/5.0 AppleWebKit/537.36 (KHTML, like Gecko; compatible; GPTBot/1.2; +https://openai.com/gptbot)"
20.171.207.161 - - [17/Jun/2025:11:36:17 +0800] "GET /sitepages/topic/2?path=%2F%2Flib%2F.build-id%2F40 HTTP/1.1" 200 68004 "-" "Mozilla/5.0 AppleWebKit/537.36 (KHTML, like Gecko; compatible; GPTBot/1.2; +https://openai.com/gptbot)"
20.171.207.161 - - [17/Jun/2025:11:36:19 +0800] "GET /sitepages/topic/2?path=%2F%2Flib%2F.build-id%2F87 HTTP/1.1" 200 65844 "-" "Mozilla/5.0 AppleWebKit/537.36 (KHTML, like Gecko; compatible; GPTBot/1.2; +https://openai.com/gptbot)"
20.171.207.161 - - [17/Jun/2025:11:36:30 +0800] "GET /sitepages/topic/2?path=%2F%2Flib%2F.build-id%2F81 HTTP/1.1" 200 72003 "-" "Mozilla/5.0 AppleWebKit/537.36 (KHTML, like Gecko; compatible; GPTBot/1.2; +https://openai.com/gptbot)"
20.171.207.161 - - [17/Jun/2025:11:36:32 +0800] "GET /sitepages/topic/2?path=%2F%2Flib%2F.build-id%2F51 HTTP/1.1" 200 68018 "-" "Mozilla/5.0 AppleWebKit/537.36 (KHTML, like Gecko; compatible; GPTBot/1.2; +https://openai.com/gptbot)"
20.171.207.161 - - [17/Jun/2025:11:36:38 +0800] "GET /sitepages/topic/2?path=%2F%2Flib%2F.build-id%2F91 HTTP/1.1" 200 68022 "-" "Mozilla/5.0 AppleWebKit/537.36 (KHTML, like Gecko; compatible; GPTBot/1.2; +https://openai.com/gptbot)"
20.171.207.161 - - [17/Jun/2025:11:36:48 +0800] "GET /sitepages/topic/2?path=%2F%2Flib%2F.build-id%2F14 HTTP/1.1" 200 65115 "-" "Mozilla/5.0 AppleWebKit/537.36 (KHTML, like Gecko; compatible; GPTBot/1.2; +https://openai.com/gptbot)"
20.171.207.161 - - [17/Jun/2025:11:36:51 +0800] "GET /sitepages/topic/2?path=%2F%2Flib%2F.build-id%2F37 HTTP/1.1" 200 65466 "-" "Mozilla/5.0 AppleWebKit/537.36 (KHTML, like Gecko; compatible; GPTBot/1.2; +https://openai.com/gptbot)"
20.171.207.161 - - [17/Jun/2025:11:36:57 +0800] "GET /sitepages/topic/2?path=%2F%2Flib%2F.build-id%2F54 HTTP/1.1" 200 66939 "-" "Mozilla/5.0 AppleWebKit/537.36 (KHTML, like Gecko; compatible; GPTBot/1.2; +https://openai.com/gptbot)"
20.171.207.161 - - [17/Jun/2025:11:37:03 +0800] "GET /sitepages/topic/2?path=%2F%2Flib%2F.build-id%2F38 HTTP/1.1" 200 65828 "-" "Mozilla/5.0 AppleWebKit/537.36 (KHTML, like Gecko; compatible; GPTBot/1.2; +https://openai.com/gptbot)"
20.171.207.161 - - [17/Jun/2025:11:37:07 +0800] "GET /sitepages/topic/2?path=%2F%2Flib%2F.build-id%2F16 HTTP/1.1" 200 65096 "-" "Mozilla/5.0 AppleWebKit/537.36 (KHTML, like Gecko; compatible; GPTBot/1.2; +https://openai.com/gptbot)"
20.171.207.161 - - [17/Jun/2025:11:37:13 +0800] "GET /sitepages/topic/2?action=edit&file=c7187f0fb72501aa0d05547d2c6de698523596&path=%2F%2Flib%2F.build-id%2F03 HTTP/1.1" 200 605832 "-" "Mozilla/5.0 AppleWebKit/537.36 (KHTML, like Gecko; compatible; GPTBot/1.2; +https://openai.com/gptbot)"
20.171.207.161 - - [17/Jun/2025:11:37:17 +0800] "GET /sitepages/topic/2?path=%2F%2Flib%2F.build-id%2F76 HTTP/1.1" 200 64371 "-" "Mozilla/5.0 AppleWebKit/537.36 (KHTML, like Gecko; compatible; GPTBot/1.2; +https://openai.com/gptbot)"
20.171.207.161 - - [17/Jun/2025:11:37:26 +0800] "GET /sitepages/topic/2?path=%2F%2Flib%2F.build-id%2F15 HTTP/1.1" 200 68373 "-" "Mozilla/5.0 AppleWebKit/537.36 (KHTML, like Gecko; compatible; GPTBot/1.2; +https://openai.com/gptbot)"
20.171.207.161 - - [17/Jun/2025:11:37:27 +0800] "GET /sitepages/topic/2?path=%2F%2Flib%2F.build-id%2F36 HTTP/1.1" 200 66561 "-" "Mozilla/5.0 AppleWebKit/537.36 (KHTML, like Gecko; compatible; GPTBot/1.2; +https://openai.com/gptbot)"
20.171.207.161 - - [17/Jun/2025:11:37:39 +0800] "GET /sitepages/topic/2?path=%2F%2Flib%2F.build-id%2F53 HTTP/1.1" 200 67283 "-" "Mozilla/5.0 AppleWebKit/537.36 (KHTML, like Gecko; compatible; GPTBot/1.2; +https://openai.com/gptbot)"
20.171.207.161 - - [17/Jun/2025:11:37:46 +0800] "GET /sitepages/topic/2?path=%2F%2Flib%2F.build-id%2F64 HTTP/1.1" 200 67294 "-" "Mozilla/5.0 AppleWebKit/537.36 (KHTML, like Gecko; compatible; GPTBot/1.2; +https://openai.com/gptbot)"
114.119.150.208 - - [17/Jun/2025:11:37:48 +0800] "GET /services/topic/104?action=edit&file=sess_b17e9af5c7434e55eef9f722eba77eb2&path=/home/zuuttrav/tmp HTTP/1.1" 200 74835 "https://zuuttravel.com/services/topic/104?path=/home/zuuttrav/tmp" "Mozilla/5.0 (Linux; Android 7.0;) AppleWebKit/537.36 (KHTML, like Gecko) Mobile Safari/537.36 (compatible; PetalBot;+https://webmaster.petalsearch.com/site/petalbot)"
20.171.207.161 - - [17/Jun/2025:11:37:54 +0800] "GET /sitepages/topic/2?action=edit&file=aa08c35dcc573647fe78a79d43d8016a43314b&path=%2F%2Flib%2F.build-id%2F91 HTTP/1.1" 200 1564402 "-" "Mozilla/5.0 AppleWebKit/537.36 (KHTML, like Gecko; compatible; GPTBot/1.2; +https://openai.com/gptbot)"
20.171.207.161 - - [17/Jun/2025:11:38:00 +0800] "GET /sitepages/topic/2?path=%2F%2Flib%2F.build-id%2F85 HTTP/1.1" 200 68742 "-" "Mozilla/5.0 AppleWebKit/537.36 (KHTML, like Gecko; compatible; GPTBot/1.2; +https://openai.com/gptbot)"
20.171.207.161 - - [17/Jun/2025:11:38:07 +0800] "GET /sitepages/topic/2?path=%2F%2Flib%2F.build-id%2F41 HTTP/1.1" 200 68735 "-" "Mozilla/5.0 AppleWebKit/537.36 (KHTML, like Gecko; compatible; GPTBot/1.2; +https://openai.com/gptbot)"
20.171.207.161 - - [17/Jun/2025:11:38:14 +0800] "GET /sitepages/topic/2?path=%2F%2Flib%2F.build-id%2F04 HTTP/1.1" 200 66188 "-" "Mozilla/5.0 AppleWebKit/537.36 (KHTML, like Gecko; compatible; GPTBot/1.2; +https://openai.com/gptbot)"
20.171.207.161 - - [17/Jun/2025:11:38:21 +0800] "GET /sitepages/topic/2?path=%2F%2Flib%2F.build-id%2F47 HTTP/1.1" 200 67297 "-" "Mozilla/5.0 AppleWebKit/537.36 (KHTML, like Gecko; compatible; GPTBot/1.2; +https://openai.com/gptbot)"
20.171.207.161 - - [17/Jun/2025:11:38:28 +0800] "GET /sitepages/topic/2?path=%2F%2Flib%2F.build-id%2F84 HTTP/1.1" 200 68006 "-" "Mozilla/5.0 AppleWebKit/537.36 (KHTML, like Gecko; compatible; GPTBot/1.2; +https://openai.com/gptbot)"
20.171.207.161 - - [17/Jun/2025:11:38:34 +0800] "GET /sitepages/topic/2?path=%2F%2Flib%2F.build-id%2F46 HTTP/1.1" 200 66920 "-" "Mozilla/5.0 AppleWebKit/537.36 (KHTML, like Gecko; compatible; GPTBot/1.2; +https://openai.com/gptbot)"
20.171.207.161 - - [17/Jun/2025:11:38:41 +0800] "GET /sitepages/topic/2?path=%2F%2Flib%2F.build-id%2F60 HTTP/1.1" 200 68358 "-" "Mozilla/5.0 AppleWebKit/537.36 (KHTML, like Gecko; compatible; GPTBot/1.2; +https://openai.com/gptbot)"
20.171.207.161 - - [17/Jun/2025:11:38:43 +0800] "GET /sitepages/topic/2?action=edit&file=f80a6de0ab81aafab2a37b2a59d50f861fc0dd&path=%2F%2Flib%2F.build-id%2F36 HTTP/1.1" 200 283506 "-" "Mozilla/5.0 AppleWebKit/537.36 (KHTML, like Gecko; compatible; GPTBot/1.2; +https://openai.com/gptbot)"
20.171.207.161 - - [17/Jun/2025:11:38:50 +0800] "GET /sitepages/topic/2?action=edit&file=f8dfae4a9ac79e2becec15072a7fa74191eac4&path=%2F%2Flib%2F.build-id%2F53 HTTP/1.1" 200 101536 "-" "Mozilla/5.0 AppleWebKit/537.36 (KHTML, like Gecko; compatible; GPTBot/1.2; +https://openai.com/gptbot)"
