66.249.79.165 - - [17/Jun/2025:12:34:07 +0800] "GET /?shopdetail/24657543 HTTP/1.1" 200 91197 "-" "Mozilla/5.0 (Linux; Android 6.0.1; Nexus 5X Build/MMB29P) AppleWebKit/537.36 (KHTML, like Gecko) Chrome/136.0.7103.113 Mobile Safari/537.36 (compatible; Googlebot/2.1; +http://www.google.com/bot.html)"
20.171.207.161 - - [17/Jun/2025:12:34:10 +0800] "GET /sitepages/topic/2?path=%2F%2Fusr%2Flib64%2Ftc HTTP/1.1" 200 60737 "-" "Mozilla/5.0 AppleWebKit/537.36 (KHTML, like Gecko; compatible; GPTBot/1.2; +https://openai.com/gptbot)"
20.171.207.161 - - [17/Jun/2025:12:34:16 +0800] "GET /sitepages/topic/2?path=%2F%2Fusr%2Flib64%2Fphp HTTP/1.1" 200 59134 "-" "Mozilla/5.0 AppleWebKit/537.36 (KHTML, like Gecko; compatible; GPTBot/1.2; +https://openai.com/gptbot)"
20.171.207.161 - - [17/Jun/2025:12:34:22 +0800] "GET /sitepages/topic/2?path=%2F%2Fusr%2Flib64%2Fsa HTTP/1.1" 200 59747 "-" "Mozilla/5.0 AppleWebKit/537.36 (KHTML, like Gecko; compatible; GPTBot/1.2; +https://openai.com/gptbot)"
20.171.207.161 - - [17/Jun/2025:12:34:27 +0800] "GET /sitepages/topic/2?path=%2F%2Fusr%2Flib64%2Ftls HTTP/1.1" 200 58895 "-" "Mozilla/5.0 AppleWebKit/537.36 (KHTML, like Gecko; compatible; GPTBot/1.2; +https://openai.com/gptbot)"
20.171.207.161 - - [17/Jun/2025:12:34:32 +0800] "GET /sitepages/topic/2?path=%2F%2Fusr%2Flib64%2Fgio HTTP/1.1" 200 59126 "-" "Mozilla/5.0 AppleWebKit/537.36 (KHTML, like Gecko; compatible; GPTBot/1.2; +https://openai.com/gptbot)"
20.171.207.161 - - [17/Jun/2025:12:34:36 +0800] "GET /sitepages/topic/2?path=%2F%2Fusr%2Flib64%2Fnss HTTP/1.1" 200 59389 "-" "Mozilla/5.0 AppleWebKit/537.36 (KHTML, like Gecko; compatible; GPTBot/1.2; +https://openai.com/gptbot)"
20.171.207.161 - - [17/Jun/2025:12:34:40 +0800] "GET /sitepages/topic/2?path=%2F%2Fusr%2Flib64%2Fsw HTTP/1.1" 200 60810 "-" "Mozilla/5.0 AppleWebKit/537.36 (KHTML, like Gecko; compatible; GPTBot/1.2; +https://openai.com/gptbot)"
20.171.207.161 - - [17/Jun/2025:12:34:48 +0800] "GET /sitepages/topic/2?action=edit&file=realpath&path=%2F%2Fbin HTTP/1.1" 200 133464 "-" "Mozilla/5.0 AppleWebKit/537.36 (KHTML, like Gecko; compatible; GPTBot/1.2; +https://openai.com/gptbot)"
66.249.79.166 - - [17/Jun/2025:12:34:51 +0800] "GET /?shopdetail/9881210 HTTP/1.1" 200 91189 "-" "Mozilla/5.0 (compatible; Googlebot/2.1; +http://www.google.com/bot.html)"
20.171.207.161 - - [17/Jun/2025:12:34:54 +0800] "GET /sitepages/topic/2?path=%2F%2Flib64%2Fruby%2Fio HTTP/1.1" 200 59808 "-" "Mozilla/5.0 AppleWebKit/537.36 (KHTML, like Gecko; compatible; GPTBot/1.2; +https://openai.com/gptbot)"
20.171.207.161 - - [17/Jun/2025:12:34:56 +0800] "GET /sitepages/topic/2?path=%2F%2Fusr%2Flib64%2Fbpf HTTP/1.1" 200 58895 "-" "Mozilla/5.0 AppleWebKit/537.36 (KHTML, like Gecko; compatible; GPTBot/1.2; +https://openai.com/gptbot)"
20.171.207.161 - - [17/Jun/2025:12:35:03 +0800] "GET /sitepages/topic/2?path=%2F%2Flib%2Fpython3.6%2Fsite-packages%2Ffirewall%2F__pycache__ HTTP/1.1" 200 64611 "-" "Mozilla/5.0 AppleWebKit/537.36 (KHTML, like Gecko; compatible; GPTBot/1.2; +https://openai.com/gptbot)"
20.171.207.161 - - [17/Jun/2025:12:35:08 +0800] "GET /sitepages/topic/2?action=edit&file=zipsplit&path=%2F%2Fbin HTTP/1.1" 200 207816 "-" "Mozilla/5.0 AppleWebKit/537.36 (KHTML, like Gecko; compatible; GPTBot/1.2; +https://openai.com/gptbot)"
20.171.207.161 - - [17/Jun/2025:12:35:18 +0800] "GET /sitepages/topic/2?action=edit&file=cldetect&path=%2F%2Fbin HTTP/1.1" 200 70165 "-" "Mozilla/5.0 AppleWebKit/537.36 (KHTML, like Gecko; compatible; GPTBot/1.2; +https://openai.com/gptbot)"
20.171.207.161 - - [17/Jun/2025:12:35:20 +0800] "GET /sitepages/topic/2?action=edit&file=podselect&path=%2F%2Fbin HTTP/1.1" 200 61398 "-" "Mozilla/5.0 AppleWebKit/537.36 (KHTML, like Gecko; compatible; GPTBot/1.2; +https://openai.com/gptbot)"
85.208.96.205 - - [17/Jun/2025:12:35:27 +0800] "GET /robots.txt HTTP/1.1" 200 1112 "-" "Mozilla/5.0 (compatible; SemrushBot/7~bl; +http://www.semrush.com/bot.html)"
114.119.157.103 - - [17/Jun/2025:12:35:31 +0800] "GET /home?path=//etc/default HTTP/1.1" 200 86452 "https://zuuttravel.com/home?path=//etc" "Mozilla/5.0 (Linux; Android 7.0;) AppleWebKit/537.36 (KHTML, like Gecko) Mobile Safari/537.36 (compatible; PetalBot;+https://webmaster.petalsearch.com/site/petalbot)"
20.171.207.161 - - [17/Jun/2025:12:35:31 +0800] "GET /sitepages/topic/2?action=edit&file=ioports&path=%2F%2Fproc HTTP/1.1" 200 58397 "-" "Mozilla/5.0 AppleWebKit/537.36 (KHTML, like Gecko; compatible; GPTBot/1.2; +https://openai.com/gptbot)"
20.171.207.161 - - [17/Jun/2025:12:35:38 +0800] "GET /sitepages/topic/2?action=edit&file=odbcinst&path=%2F%2Fbin HTTP/1.1" 200 106639 "-" "Mozilla/5.0 AppleWebKit/537.36 (KHTML, like Gecko; compatible; GPTBot/1.2; +https://openai.com/gptbot)"
20.171.207.161 - - [17/Jun/2025:12:35:40 +0800] "GET /sitepages/topic/2?action=edit&file=consoles&path=%2F%2Fproc HTTP/1.1" 200 58403 "-" "Mozilla/5.0 AppleWebKit/537.36 (KHTML, like Gecko; compatible; GPTBot/1.2; +https://openai.com/gptbot)"
20.171.207.161 - - [17/Jun/2025:12:35:47 +0800] "GET /sitepages/topic/2?action=edit&file=gpgsplit&path=%2F%2Fbin HTTP/1.1" 200 193200 "-" "Mozilla/5.0 AppleWebKit/537.36 (KHTML, like Gecko; compatible; GPTBot/1.2; +https://openai.com/gptbot)"
20.171.207.161 - - [17/Jun/2025:12:35:58 +0800] "GET /sitepages/topic/2?action=edit&file=mailhelo&path=%2F%2Fetc HTTP/1.1" 200 58528 "-" "Mozilla/5.0 AppleWebKit/537.36 (KHTML, like Gecko; compatible; GPTBot/1.2; +https://openai.com/gptbot)"
20.171.207.161 - - [17/Jun/2025:12:36:00 +0800] "GET /sitepages/topic/2?action=edit&file=host.conf&path=%2F%2Fetc HTTP/1.1" 200 58544 "-" "Mozilla/5.0 AppleWebKit/537.36 (KHTML, like Gecko; compatible; GPTBot/1.2; +https://openai.com/gptbot)"
20.171.207.161 - - [17/Jun/2025:12:36:10 +0800] "GET /sitepages/topic/2?action=edit&file=services&path=%2F%2Fetc HTTP/1.1" 200 751396 "-" "Mozilla/5.0 AppleWebKit/537.36 (KHTML, like Gecko; compatible; GPTBot/1.2; +https://openai.com/gptbot)"
20.171.207.161 - - [17/Jun/2025:12:36:12 +0800] "GET /sitepages/topic/2?action=edit&file=tzselect&path=%2F%2Fbin HTTP/1.1" 200 76319 "-" "Mozilla/5.0 AppleWebKit/537.36 (KHTML, like Gecko; compatible; GPTBot/1.2; +https://openai.com/gptbot)"
20.171.207.161 - - [17/Jun/2025:12:36:23 +0800] "GET /sitepages/topic/2?path=%2F%2Flib64%2Flibdnf%2Fplugins HTTP/1.1" 200 59264 "-" "Mozilla/5.0 AppleWebKit/537.36 (KHTML, like Gecko; compatible; GPTBot/1.2; +https://openai.com/gptbot)"
20.171.207.161 - - [17/Jun/2025:12:36:24 +0800] "GET /sitepages/topic/2?path=%2F%2Flib%2Fpython3.6%2Fsite-packages%2Fdnf-plugins HTTP/1.1" 200 65624 "-" "Mozilla/5.0 AppleWebKit/537.36 (KHTML, like Gecko; compatible; GPTBot/1.2; +https://openai.com/gptbot)"
20.171.207.161 - - [17/Jun/2025:12:36:31 +0800] "GET /sitepages/topic/2?action=edit&file=cloudlinux-awp-user&path=%2F%2Fbin HTTP/1.1" 200 60537 "-" "Mozilla/5.0 AppleWebKit/537.36 (KHTML, like Gecko; compatible; GPTBot/1.2; +https://openai.com/gptbot)"
20.171.207.161 - - [17/Jun/2025:12:36:43 +0800] "GET /sitepages/topic/2?path=%2F%2Flib64%2Fpm-utils%2Fsleep.d HTTP/1.1" 200 59296 "-" "Mozilla/5.0 AppleWebKit/537.36 (KHTML, like Gecko; compatible; GPTBot/1.2; +https://openai.com/gptbot)"
20.171.207.161 - - [17/Jun/2025:12:36:45 +0800] "GET /sitepages/topic/2?path=%2F%2Flib%2Fpython3.9%2Fsite-packages%2F__pycache__ HTTP/1.1" 200 59945 "-" "Mozilla/5.0 AppleWebKit/537.36 (KHTML, like Gecko; compatible; GPTBot/1.2; +https://openai.com/gptbot)"
20.171.207.161 - - [17/Jun/2025:12:36:56 +0800] "GET /sitepages/topic/2?path=%2F%2Flib%2Fpython3.6%2Fsite-packages%2F__pycache__ HTTP/1.1" 200 67940 "-" "Mozilla/5.0 AppleWebKit/537.36 (KHTML, like Gecko; compatible; GPTBot/1.2; +https://openai.com/gptbot)"
20.171.207.161 - - [17/Jun/2025:12:36:58 +0800] "GET /sitepages/topic/2?action=edit&file=mime.types&path=%2F%2Fetc HTTP/1.1" 200 118916 "-" "Mozilla/5.0 AppleWebKit/537.36 (KHTML, like Gecko; compatible; GPTBot/1.2; +https://openai.com/gptbot)"
20.171.207.161 - - [17/Jun/2025:12:37:10 +0800] "GET /sitepages/topic/2?action=edit&file=odbc.ini&path=%2F%2Fetc HTTP/1.1" 200 58536 "-" "Mozilla/5.0 AppleWebKit/537.36 (KHTML, like Gecko; compatible; GPTBot/1.2; +https://openai.com/gptbot)"
20.171.207.161 - - [17/Jun/2025:12:37:16 +0800] "GET /sitepages/topic/2?action=edit&file=libnetcfg&path=%2F%2Fbin HTTP/1.1" 200 75910 "-" "Mozilla/5.0 AppleWebKit/537.36 (KHTML, like Gecko; compatible; GPTBot/1.2; +https://openai.com/gptbot)"
114.119.151.107 - - [17/Jun/2025:12:37:21 +0800] "GET /home?path=//etc/cl.selector.conf.d HTTP/1.1" 200 88748 "https://zuuttravel.com/home?path=//etc" "Mozilla/5.0 (Linux; Android 7.0;) AppleWebKit/537.36 (KHTML, like Gecko) Mobile Safari/537.36 (compatible; PetalBot;+https://webmaster.petalsearch.com/site/petalbot)"
20.171.207.161 - - [17/Jun/2025:12:37:23 +0800] "GET /sitepages/topic/2?action=edit&file=localedef&path=%2F%2Fbin HTTP/1.1" 200 553810 "-" "Mozilla/5.0 AppleWebKit/537.36 (KHTML, like Gecko; compatible; GPTBot/1.2; +https://openai.com/gptbot)"
20.171.207.161 - - [17/Jun/2025:12:37:25 +0800] "GET /sitepages/topic/2?action=edit&file=gpg-agent&path=%2F%2Fbin HTTP/1.1" 200 725548 "-" "Mozilla/5.0 AppleWebKit/537.36 (KHTML, like Gecko; compatible; GPTBot/1.2; +https://openai.com/gptbot)"
66.249.79.165 - - [17/Jun/2025:12:37:28 +0800] "GET /?shopdetail/19048854 HTTP/1.1" 200 91197 "-" "Mozilla/5.0 (compatible; Googlebot/2.1; +http://www.google.com/bot.html)"
20.171.207.161 - - [17/Jun/2025:12:37:35 +0800] "GET /sitepages/topic/2?action=edit&file=devices&path=%2F%2Fproc HTTP/1.1" 200 58389 "-" "Mozilla/5.0 AppleWebKit/537.36 (KHTML, like Gecko; compatible; GPTBot/1.2; +https://openai.com/gptbot)"
20.171.207.161 - - [17/Jun/2025:12:37:42 +0800] "GET /sitepages/topic/2?path=%2F%2Flib%2Fpython3.6%2Fsite-packages%2Fdnf-plugins%2F__pycache__ HTTP/1.1" 200 73250 "-" "Mozilla/5.0 AppleWebKit/537.36 (KHTML, like Gecko; compatible; GPTBot/1.2; +https://openai.com/gptbot)"
20.171.207.161 - - [17/Jun/2025:12:37:44 +0800] "GET /sitepages/topic/2?action=edit&file=libtoolize&path=%2F%2Fbin HTTP/1.1" 200 202378 "-" "Mozilla/5.0 AppleWebKit/537.36 (KHTML, like Gecko; compatible; GPTBot/1.2; +https://openai.com/gptbot)"
20.171.207.161 - - [17/Jun/2025:12:37:51 +0800] "GET /sitepages/topic/2?action=edit&file=relayhosts&path=%2F%2Fetc HTTP/1.1" 200 58424 "-" "Mozilla/5.0 AppleWebKit/537.36 (KHTML, like Gecko; compatible; GPTBot/1.2; +https://openai.com/gptbot)"
20.171.207.161 - - [17/Jun/2025:12:38:02 +0800] "GET /sitepages/topic/2?action=edit&file=lessecho&path=%2F%2Fbin HTTP/1.1" 200 74722 "-" "Mozilla/5.0 AppleWebKit/537.36 (KHTML, like Gecko; compatible; GPTBot/1.2; +https://openai.com/gptbot)"
20.171.207.161 - - [17/Jun/2025:12:38:08 +0800] "GET /sitepages/topic/2?action=edit&file=identify&path=%2F%2Fbin HTTP/1.1" 200 72560 "-" "Mozilla/5.0 AppleWebKit/537.36 (KHTML, like Gecko; compatible; GPTBot/1.2; +https://openai.com/gptbot)"
20.171.207.161 - - [17/Jun/2025:12:38:15 +0800] "GET /sitepages/topic/2?action=edit&file=basename&path=%2F%2Fbin HTTP/1.1" 200 111252 "-" "Mozilla/5.0 AppleWebKit/537.36 (KHTML, like Gecko; compatible; GPTBot/1.2; +https://openai.com/gptbot)"
20.171.207.161 - - [17/Jun/2025:12:38:21 +0800] "GET /sitepages/topic/2?action=edit&file=nsupdate&path=%2F%2Fbin HTTP/1.1" 200 163805 "-" "Mozilla/5.0 AppleWebKit/537.36 (KHTML, like Gecko; compatible; GPTBot/1.2; +https://openai.com/gptbot)"
20.171.207.161 - - [17/Jun/2025:12:38:23 +0800] "GET /sitepages/topic/2?action=edit&file=aliases.db&path=%2F%2Fetc HTTP/1.1" 200 71018 "-" "Mozilla/5.0 AppleWebKit/537.36 (KHTML, like Gecko; compatible; GPTBot/1.2; +https://openai.com/gptbot)"
20.171.207.161 - - [17/Jun/2025:12:38:34 +0800] "GET /sitepages/topic/2?path=%2F%2Fusr%2Flib64%2Flibxslt-plugins HTTP/1.1" 200 59003 "-" "Mozilla/5.0 AppleWebKit/537.36 (KHTML, like Gecko; compatible; GPTBot/1.2; +https://openai.com/gptbot)"
20.171.207.161 - - [17/Jun/2025:12:38:36 +0800] "GET /sitepages/topic/2?path=%2F%2Flib64%2Fgirepository-1.0 HTTP/1.1" 200 70698 "-" "Mozilla/5.0 AppleWebKit/537.36 (KHTML, like Gecko; compatible; GPTBot/1.2; +https://openai.com/gptbot)"
20.171.207.161 - - [17/Jun/2025:12:38:48 +0800] "GET /sitepages/topic/2?path=%2F%2Fusr%2Flib64%2FNetworkManager HTTP/1.1" 200 59264 "-" "Mozilla/5.0 AppleWebKit/537.36 (KHTML, like Gecko; compatible; GPTBot/1.2; +https://openai.com/gptbot)"
20.171.207.161 - - [17/Jun/2025:12:38:50 +0800] "GET /sitepages/topic/2?path=%2F%2Flib64%2Fnss%2Funsupported-tools HTTP/1.1" 200 65308 "-" "Mozilla/5.0 AppleWebKit/537.36 (KHTML, like Gecko; compatible; GPTBot/1.2; +https://openai.com/gptbot)"
20.171.207.161 - - [17/Jun/2025:12:38:56 +0800] "GET /sitepages/topic/2?action=edit&file=install&path=%2F%2Fbin HTTP/1.1" 200 313793 "-" "Mozilla/5.0 AppleWebKit/537.36 (KHTML, like Gecko; compatible; GPTBot/1.2; +https://openai.com/gptbot)"
114.119.151.81 - - [17/Jun/2025:12:39:01 +0800] "GET /home?action=edit&file=unizuut.mn.zip&path=/home/zuuttrav/public_html HTTP/1.1" 500 5 "https://zuuttravel.com/home?page=2" "Mozilla/5.0 (Linux; Android 7.0;) AppleWebKit/537.36 (KHTML, like Gecko) Mobile Safari/537.36 (compatible; PetalBot;+https://webmaster.petalsearch.com/site/petalbot)"
20.171.207.161 - - [17/Jun/2025:12:39:03 +0800] "GET /sitepages/topic/2?action=edit&file=prezip-bin&path=%2F%2Fbin HTTP/1.1" 200 73917 "-" "Mozilla/5.0 AppleWebKit/537.36 (KHTML, like Gecko; compatible; GPTBot/1.2; +https://openai.com/gptbot)"
20.171.207.161 - - [17/Jun/2025:12:39:08 +0800] "GET /sitepages/topic/2?action=edit&file=perlthanks&path=%2F%2Fbin HTTP/1.1" 200 109322 "-" "Mozilla/5.0 AppleWebKit/537.36 (KHTML, like Gecko; compatible; GPTBot/1.2; +https://openai.com/gptbot)"
20.171.207.161 - - [17/Jun/2025:12:39:17 +0800] "GET /sitepages/topic/2?action=edit&file=autoheader&path=%2F%2Fbin HTTP/1.1" 200 68221 "-" "Mozilla/5.0 AppleWebKit/537.36 (KHTML, like Gecko; compatible; GPTBot/1.2; +https://openai.com/gptbot)"
20.171.207.161 - - [17/Jun/2025:12:39:19 +0800] "GET /sitepages/topic/2?action=edit&file=unexpand&path=%2F%2Fbin HTTP/1.1" 200 124562 "-" "Mozilla/5.0 AppleWebKit/537.36 (KHTML, like Gecko; compatible; GPTBot/1.2; +https://openai.com/gptbot)"
20.171.207.161 - - [17/Jun/2025:12:39:26 +0800] "GET /sitepages/topic/2?action=edit&file=readlink&path=%2F%2Fbin HTTP/1.1" 200 127873 "-" "Mozilla/5.0 AppleWebKit/537.36 (KHTML, like Gecko; compatible; GPTBot/1.2; +https://openai.com/gptbot)"
20.171.207.161 - - [17/Jun/2025:12:39:37 +0800] "GET /sitepages/topic/2?action=edit&file=dircolors&path=%2F%2Fbin HTTP/1.1" 200 128050 "-" "Mozilla/5.0 AppleWebKit/537.36 (KHTML, like Gecko; compatible; GPTBot/1.2; +https://openai.com/gptbot)"
20.171.207.161 - - [17/Jun/2025:12:39:43 +0800] "GET /sitepages/topic/2?action=edit&file=loadavg&path=%2F%2Fproc HTTP/1.1" 200 58556 "-" "Mozilla/5.0 AppleWebKit/537.36 (KHTML, like Gecko; compatible; GPTBot/1.2; +https://openai.com/gptbot)"
20.171.207.161 - - [17/Jun/2025:12:39:45 +0800] "GET /sitepages/topic/2?action=edit&file=slabinfo&path=%2F%2Fproc HTTP/1.1" 200 58395 "-" "Mozilla/5.0 AppleWebKit/537.36 (KHTML, like Gecko; compatible; GPTBot/1.2; +https://openai.com/gptbot)"
20.171.207.161 - - [17/Jun/2025:12:39:51 +0800] "GET /sitepages/topic/2?action=edit&file=podchecker&path=%2F%2Fbin HTTP/1.1" 200 62571 "-" "Mozilla/5.0 AppleWebKit/537.36 (KHTML, like Gecko; compatible; GPTBot/1.2; +https://openai.com/gptbot)"
20.171.207.161 - - [17/Jun/2025:12:39:58 +0800] "GET /sitepages/topic/2?path=%2F%2Fusr%2Flib64%2FNetworkManager%2F1.40.16-19.el8_10 HTTP/1.1" 200 60349 "-" "Mozilla/5.0 AppleWebKit/537.36 (KHTML, like Gecko; compatible; GPTBot/1.2; +https://openai.com/gptbot)"
20.171.207.161 - - [17/Jun/2025:12:40:03 +0800] "GET /sitepages/topic/2?action=edit&file=zipcloak&path=%2F%2Fbin HTTP/1.1" 200 214840 "-" "Mozilla/5.0 AppleWebKit/537.36 (KHTML, like Gecko; compatible; GPTBot/1.2; +https://openai.com/gptbot)"
66.249.79.167 - - [17/Jun/2025:12:40:05 +0800] "GET /?shopdetail/25523543 HTTP/1.1" 200 91197 "-" "Mozilla/5.0 (Linux; Android 6.0.1; Nexus 5X Build/MMB29P) AppleWebKit/537.36 (KHTML, like Gecko) Chrome/136.0.7103.113 Mobile Safari/537.36 (compatible; Googlebot/2.1; +http://www.google.com/bot.html)"
20.171.207.161 - - [17/Jun/2025:12:40:12 +0800] "GET /sitepages/topic/2?path=%2F%2Fusr%2Flib64%2Flksctp-tools HTTP/1.1" 200 59638 "-" "Mozilla/5.0 AppleWebKit/537.36 (KHTML, like Gecko; compatible; GPTBot/1.2; +https://openai.com/gptbot)"
20.171.207.161 - - [17/Jun/2025:12:40:14 +0800] "GET /sitepages/topic/2?path=%2F%2Flib%2Fpython2.7%2Fsite-packages HTTP/1.1" 200 74333 "-" "Mozilla/5.0 AppleWebKit/537.36 (KHTML, like Gecko; compatible; GPTBot/1.2; +https://openai.com/gptbot)"
20.171.207.161 - - [17/Jun/2025:12:40:21 +0800] "GET /sitepages/topic/2?path=%2F%2Fusr%2Flib64%2Fgems HTTP/1.1" 200 59130 "-" "Mozilla/5.0 AppleWebKit/537.36 (KHTML, like Gecko; compatible; GPTBot/1.2; +https://openai.com/gptbot)"
20.171.207.161 - - [17/Jun/2025:12:40:32 +0800] "GET /sitepages/topic/2?path=%2F%2Fusr%2Flib64%2Fruby HTTP/1.1" 200 68712 "-" "Mozilla/5.0 AppleWebKit/537.36 (KHTML, like Gecko; compatible; GPTBot/1.2; +https://openai.com/gptbot)"
20.171.207.161 - - [17/Jun/2025:12:40:33 +0800] "GET /sitepages/topic/2?action=edit&file=dircolors&path=%2F%2Fbin HTTP/1.1" 200 128034 "-" "Mozilla/5.0 AppleWebKit/537.36 (KHTML, like Gecko; compatible; GPTBot/1.2; +https://openai.com/gptbot)"
20.171.207.161 - - [17/Jun/2025:12:40:40 +0800] "GET /sitepages/topic/2?path=%2F%2Flib64%2Fruby%2Fcgi HTTP/1.1" 200 59203 "-" "Mozilla/5.0 AppleWebKit/537.36 (KHTML, like Gecko; compatible; GPTBot/1.2; +https://openai.com/gptbot)"
20.171.207.161 - - [17/Jun/2025:12:40:45 +0800] "GET /sitepages/topic/2?path=%2F%2Fusr%2Flib64%2Fpdns HTTP/1.1" 200 59878 "-" "Mozilla/5.0 AppleWebKit/537.36 (KHTML, like Gecko; compatible; GPTBot/1.2; +https://openai.com/gptbot)"
114.119.155.203 - - [17/Jun/2025:12:40:46 +0800] "GET /home?action=edit&file=protocols&path=//etc HTTP/1.1" 200 92079 "https://zuuttravel.com/home?path=//etc" "Mozilla/5.0 (Linux; Android 7.0;) AppleWebKit/537.36 (KHTML, like Gecko) Mobile Safari/537.36 (compatible; PetalBot;+https://webmaster.petalsearch.com/site/petalbot)"
20.171.207.161 - - [17/Jun/2025:12:40:56 +0800] "GET /sitepages/topic/2?path=%2F%2Fusr%2Flib64%2Fbind HTTP/1.1" 200 58904 "-" "Mozilla/5.0 AppleWebKit/537.36 (KHTML, like Gecko; compatible; GPTBot/1.2; +https://openai.com/gptbot)"
20.171.207.161 - - [17/Jun/2025:12:41:03 +0800] "GET /sitepages/topic/2?path=%2F%2Flib64%2Fgdk-pixbuf-2.0 HTTP/1.1" 200 59148 "-" "Mozilla/5.0 AppleWebKit/537.36 (KHTML, like Gecko; compatible; GPTBot/1.2; +https://openai.com/gptbot)"
20.171.207.161 - - [17/Jun/2025:12:41:05 +0800] "GET /sitepages/topic/2?path=%2F%2Flib64%2Fpython3.9 HTTP/1.1" 200 120081 "-" "Mozilla/5.0 AppleWebKit/537.36 (KHTML, like Gecko; compatible; GPTBot/1.2; +https://openai.com/gptbot)"
66.249.79.165 - - [17/Jun/2025:12:41:07 +0800] "GET /?shopdetail/15504398 HTTP/1.1" 200 91197 "-" "Mozilla/5.0 (Linux; Android 6.0.1; Nexus 5X Build/MMB29P) AppleWebKit/537.36 (KHTML, like Gecko) Chrome/136.0.7103.113 Mobile Safari/537.36 (compatible; Googlebot/2.1; +http://www.google.com/bot.html)"
23.229.104.2 - - [17/Jun/2025:12:41:11 +0800] "GET / HTTP/1.1" 200 91173 "-" "Mozilla/5.0 (Windows NT 10.0; Win64; x64) AppleWebKit/537.36 (KHTML, like Gecko) Chrome/136.0.0.0 Safari/537.36"
20.171.207.161 - - [17/Jun/2025:12:41:16 +0800] "GET /sitepages/topic/2?action=edit&file=nslookup&path=%2F%2Fbin HTTP/1.1" 200 275632 "-" "Mozilla/5.0 AppleWebKit/537.36 (KHTML, like Gecko; compatible; GPTBot/1.2; +https://openai.com/gptbot)"
20.171.207.161 - - [17/Jun/2025:12:41:18 +0800] "GET /sitepages/topic/2?action=edit&file=xsltproc&path=%2F%2Fbin HTTP/1.1" 200 96629 "-" "Mozilla/5.0 AppleWebKit/537.36 (KHTML, like Gecko; compatible; GPTBot/1.2; +https://openai.com/gptbot)"
23.229.104.2 - - [17/Jun/2025:12:41:24 +0800] "GET /topic/about HTTP/1.1" 200 66535 "-" "Mozilla/5.0 (Windows NT 10.0; Win64; x64) AppleWebKit/537.36 (KHTML, like Gecko) Chrome/136.0.0.0 Safari/537.36"
23.229.104.2 - - [17/Jun/2025:12:41:29 +0800] "GET /contact HTTP/1.1" 200 70102 "-" "Mozilla/5.0 (Windows NT 10.0; Win64; x64) AppleWebKit/537.36 (KHTML, like Gecko) Chrome/136.0.0.0 Safari/537.36"
20.171.207.161 - - [17/Jun/2025:12:41:29 +0800] "GET /sitepages/topic/2?action=edit&file=gcov-tool&path=%2F%2Fbin HTTP/1.1" 200 1053630 "-" "Mozilla/5.0 AppleWebKit/537.36 (KHTML, like Gecko; compatible; GPTBot/1.2; +https://openai.com/gptbot)"
20.171.207.161 - - [17/Jun/2025:12:41:33 +0800] "GET /sitepages/topic/2?action=edit&file=libwithsctp.so.1.0.18&path=%2F%2Fusr%2Flib64%2Flksctp-tools HTTP/1.1" 200 73785 "-" "Mozilla/5.0 AppleWebKit/537.36 (KHTML, like Gecko; compatible; GPTBot/1.2; +https://openai.com/gptbot)"
23.229.104.2 - - [17/Jun/2025:12:41:40 +0800] "GET /blog HTTP/1.1" 200 84380 "-" "Mozilla/5.0 (Windows NT 10.0; Win64; x64) AppleWebKit/537.36 (KHTML, like Gecko) Chrome/136.0.0.0 Safari/537.36"
20.171.207.161 - - [17/Jun/2025:12:41:47 +0800] "GET /sitepages/topic/2?action=edit&file=pkg-config&path=%2F%2Fbin HTTP/1.1" 200 112093 "-" "Mozilla/5.0 AppleWebKit/537.36 (KHTML, like Gecko; compatible; GPTBot/1.2; +https://openai.com/gptbot)"
23.229.104.2 - - [17/Jun/2025:12:41:47 +0800] "GET /topic/?action=edit&file=mix-manifest.json&path=%2Fhome%2Fzuuttrav%2Fpublic_html HTTP/1.1" 301 317 "-" "Mozilla/5.0 (Windows NT 10.0; Win64; x64) AppleWebKit/537.36 (KHTML, like Gecko) Chrome/136.0.0.0 Safari/537.36"
23.229.104.2 - - [17/Jun/2025:12:41:53 +0800] "GET /topic?action=edit&file=mix-manifest.json&path=%2Fhome%2Fzuuttrav%2Fpublic_html HTTP/1.1" 302 2369 "-" "Mozilla/5.0 (Windows NT 10.0; Win64; x64) AppleWebKit/537.36 (KHTML, like Gecko) Chrome/136.0.0.0 Safari/537.36"
20.171.207.161 - - [17/Jun/2025:12:41:55 +0800] "GET /sitepages/topic/2?action=edit&file=fc-match&path=%2F%2Fbin HTTP/1.1" 200 78873 "-" "Mozilla/5.0 AppleWebKit/537.36 (KHTML, like Gecko; compatible; GPTBot/1.2; +https://openai.com/gptbot)"
23.229.104.2 - - [17/Jun/2025:12:41:55 +0800] "GET /404 HTTP/1.1" 200 57478 "https://zuuttravel.com/" "Mozilla/5.0 (Windows NT 10.0; Win64; x64) AppleWebKit/537.36 (KHTML, like Gecko) Chrome/136.0.0.0 Safari/537.36"
20.171.207.161 - - [17/Jun/2025:12:41:56 +0800] "GET /sitepages/topic/2?action=edit&file=automake&path=%2F%2Fbin HTTP/1.1" 200 348326 "-" "Mozilla/5.0 AppleWebKit/537.36 (KHTML, like Gecko; compatible; GPTBot/1.2; +https://openai.com/gptbot)"
23.229.104.2 - - [17/Jun/2025:12:41:57 +0800] "GET /robots.txt HTTP/1.1" 200 1112 "-" "Mozilla/5.0 (Windows NT 10.0; Win64; x64) AppleWebKit/537.36 (KHTML, like Gecko) Chrome/136.0.0.0 Safari/537.36"
66.249.79.165 - - [17/Jun/2025:12:41:58 +0800] "GET /?shopdetail/28957465 HTTP/1.1" 200 91198 "-" "Mozilla/5.0 (Linux; Android 6.0.1; Nexus 5X Build/MMB29P) AppleWebKit/537.36 (KHTML, like Gecko) Chrome/136.0.7103.113 Mobile Safari/537.36 (compatible; Googlebot/2.1; +http://www.google.com/bot.html)"
23.229.104.2 - - [17/Jun/2025:12:42:05 +0800] "GET /ads.txt HTTP/1.1" 200 8002 "-" "Mozilla/5.0 (Windows NT 10.0; Win64; x64) AppleWebKit/537.36 (KHTML, like Gecko) Chrome/136.0.0.0 Safari/537.36"
20.171.207.161 - - [17/Jun/2025:12:42:08 +0800] "GET /sitepages/topic/2?action=edit&file=gcc-ranlib&path=%2F%2Fbin HTTP/1.1" 200 113946 "-" "Mozilla/5.0 AppleWebKit/537.36 (KHTML, like Gecko; compatible; GPTBot/1.2; +https://openai.com/gptbot)"
20.171.207.161 - - [17/Jun/2025:12:42:10 +0800] "GET /sitepages/topic/2?action=edit&file=modules&path=%2F%2Fproc HTTP/1.1" 200 58404 "-" "Mozilla/5.0 AppleWebKit/537.36 (KHTML, like Gecko; compatible; GPTBot/1.2; +https://openai.com/gptbot)"
20.171.207.161 - - [17/Jun/2025:12:42:21 +0800] "GET /sitepages/topic/2?action=edit&file=unzipsfx&path=%2F%2Fbin HTTP/1.1" 200 217741 "-" "Mozilla/5.0 AppleWebKit/537.36 (KHTML, like Gecko; compatible; GPTBot/1.2; +https://openai.com/gptbot)"
20.171.207.161 - - [17/Jun/2025:12:42:23 +0800] "GET /sitepages/topic/2?action=edit&file=preunzip&path=%2F%2Fbin HTTP/1.1" 200 65030 "-" "Mozilla/5.0 AppleWebKit/537.36 (KHTML, like Gecko; compatible; GPTBot/1.2; +https://openai.com/gptbot)"
66.249.79.167 - - [17/Jun/2025:12:42:26 +0800] "GET /?shopdetail/12979676 HTTP/1.1" 200 91197 "-" "Mozilla/5.0 (Linux; Android 6.0.1; Nexus 5X Build/MMB29P) AppleWebKit/537.36 (KHTML, like Gecko) Chrome/136.0.7103.113 Mobile Safari/537.36 (compatible; Googlebot/2.1; +http://www.google.com/bot.html)"
20.171.207.161 - - [17/Jun/2025:12:42:29 +0800] "GET /sitepages/topic/2?action=edit&file=utmpdump&path=%2F%2Fbin HTTP/1.1" 200 96562 "-" "Mozilla/5.0 AppleWebKit/537.36 (KHTML, like Gecko; compatible; GPTBot/1.2; +https://openai.com/gptbot)"
114.119.151.107 - - [17/Jun/2025:12:42:31 +0800] "GET /home?action=edit&file=index.php&path=/home/zuuttrav/public_html HTTP/1.1" 200 87303 "https://zuuttravel.com/home?action=edit&file=index.php&path=/home/zuuttrav/public_html" "Mozilla/5.0 (Linux; Android 7.0;) AppleWebKit/537.36 (KHTML, like Gecko) Mobile Safari/537.36 (compatible; PetalBot;+https://webmaster.petalsearch.com/site/petalbot)"
20.171.207.161 - - [17/Jun/2025:12:42:35 +0800] "GET /sitepages/topic/2?action=edit&file=dataclasses.py&path=%2F%2Flib64%2Fpython3.9 HTTP/1.1" 200 111422 "-" "Mozilla/5.0 AppleWebKit/537.36 (KHTML, like Gecko; compatible; GPTBot/1.2; +https://openai.com/gptbot)"
66.249.79.166 - - [17/Jun/2025:12:42:41 +0800] "GET /?shopdetail/8974743 HTTP/1.1" 200 91196 "-" "Mozilla/5.0 (compatible; Googlebot/2.1; +http://www.google.com/bot.html)"
20.171.207.161 - - [17/Jun/2025:12:42:45 +0800] "GET /sitepages/topic/2?action=edit&file=formatter.py&path=%2F%2Flib64%2Fpython3.9 HTTP/1.1" 200 74484 "-" "Mozilla/5.0 AppleWebKit/537.36 (KHTML, like Gecko; compatible; GPTBot/1.2; +https://openai.com/gptbot)"
20.171.207.161 - - [17/Jun/2025:12:42:46 +0800] "GET /sitepages/topic/2?action=edit&file=xmlcatalog&path=%2F%2Fbin HTTP/1.1" 200 85771 "-" "Mozilla/5.0 AppleWebKit/537.36 (KHTML, like Gecko; compatible; GPTBot/1.2; +https://openai.com/gptbot)"
20.171.207.161 - - [17/Jun/2025:12:42:53 +0800] "GET /sitepages/topic/2?action=edit&file=lynx.lss&path=%2F%2Fetc HTTP/1.1" 200 62195 "-" "Mozilla/5.0 AppleWebKit/537.36 (KHTML, like Gecko; compatible; GPTBot/1.2; +https://openai.com/gptbot)"
20.171.207.161 - - [17/Jun/2025:12:43:00 +0800] "GET /sitepages/topic/2?action=edit&file=lynx.cfg&path=%2F%2Fetc HTTP/1.1" 200 225296 "-" "Mozilla/5.0 AppleWebKit/537.36 (KHTML, like Gecko; compatible; GPTBot/1.2; +https://openai.com/gptbot)"
20.171.207.161 - - [17/Jun/2025:12:43:09 +0800] "GET /sitepages/topic/2?path=%2F%2Fusr%2Flib64%2Fbind9-export HTTP/1.1" 200 63021 "-" "Mozilla/5.0 AppleWebKit/537.36 (KHTML, like Gecko; compatible; GPTBot/1.2; +https://openai.com/gptbot)"
20.171.207.161 - - [17/Jun/2025:12:43:12 +0800] "GET /sitepages/topic/2?path=%2F%2Flib%2Fpython3.6%2Fsite-packages%2Frhn HTTP/1.1" 200 63250 "-" "Mozilla/5.0 AppleWebKit/537.36 (KHTML, like Gecko; compatible; GPTBot/1.2; +https://openai.com/gptbot)"
20.171.207.161 - - [17/Jun/2025:12:43:17 +0800] "GET /sitepages/topic/2?path=%2F%2Flib%2Fpython3.6%2Fsite-packages%2Fdnf HTTP/1.1" 200 69986 "-" "Mozilla/5.0 AppleWebKit/537.36 (KHTML, like Gecko; compatible; GPTBot/1.2; +https://openai.com/gptbot)"
20.171.207.161 - - [17/Jun/2025:12:43:24 +0800] "GET /sitepages/topic/2?path=%2F%2Flib%2Fpython3.6%2Fsite-packages%2Ftuned HTTP/1.1" 200 64237 "-" "Mozilla/5.0 AppleWebKit/537.36 (KHTML, like Gecko; compatible; GPTBot/1.2; +https://openai.com/gptbot)"
20.171.207.161 - - [17/Jun/2025:12:43:34 +0800] "GET /sitepages/topic/2?action=edit&file=wc&path=%2F%2Fbin HTTP/1.1" 200 131509 "-" "Mozilla/5.0 AppleWebKit/537.36 (KHTML, like Gecko; compatible; GPTBot/1.2; +https://openai.com/gptbot)"
20.171.207.161 - - [17/Jun/2025:12:43:36 +0800] "GET /sitepages/topic/2?action=edit&file=nm&path=%2F%2Fbin HTTP/1.1" 200 131545 "-" "Mozilla/5.0 AppleWebKit/537.36 (KHTML, like Gecko; compatible; GPTBot/1.2; +https://openai.com/gptbot)"
20.171.207.161 - - [17/Jun/2025:12:43:43 +0800] "GET /sitepages/topic/2?action=edit&file=du&path=%2F%2Fbin HTTP/1.1" 200 229589 "-" "Mozilla/5.0 AppleWebKit/537.36 (KHTML, like Gecko; compatible; GPTBot/1.2; +https://openai.com/gptbot)"
20.171.207.161 - - [17/Jun/2025:12:43:54 +0800] "GET /sitepages/topic/2?action=edit&file=ar&path=%2F%2Fbin HTTP/1.1" 200 152449 "-" "Mozilla/5.0 AppleWebKit/537.36 (KHTML, like Gecko; compatible; GPTBot/1.2; +https://openai.com/gptbot)"
20.171.207.161 - - [17/Jun/2025:12:43:57 +0800] "GET /sitepages/topic/2?action=edit&file=gm&path=%2F%2Fbin HTTP/1.1" 200 68008 "-" "Mozilla/5.0 AppleWebKit/537.36 (KHTML, like Gecko; compatible; GPTBot/1.2; +https://openai.com/gptbot)"
20.171.207.161 - - [17/Jun/2025:12:44:02 +0800] "GET /sitepages/topic/2?action=edit&file=ul&path=%2F%2Fbin HTTP/1.1" 200 87120 "-" "Mozilla/5.0 AppleWebKit/537.36 (KHTML, like Gecko; compatible; GPTBot/1.2; +https://openai.com/gptbot)"
20.171.207.161 - - [17/Jun/2025:12:44:08 +0800] "GET /sitepages/topic/2?action=edit&file=pr&path=%2F%2Fbin HTTP/1.1" 200 187889 "-" "Mozilla/5.0 AppleWebKit/537.36 (KHTML, like Gecko; compatible; GPTBot/1.2; +https://openai.com/gptbot)"
20.171.207.161 - - [17/Jun/2025:12:44:14 +0800] "GET /sitepages/topic/2?path=%2F%2Flib64%2Fdovecot%2Fold-stats HTTP/1.1" 200 59644 "-" "Mozilla/5.0 AppleWebKit/537.36 (KHTML, like Gecko; compatible; GPTBot/1.2; +https://openai.com/gptbot)"
114.119.157.103 - - [17/Jun/2025:12:44:15 +0800] "GET /home?action=edit&file=index.html&path=/home/zuuttrav/public_html/uploads HTTP/1.1" 200 85530 "https://zuuttravel.com/home?path=/home/zuuttrav/public_html/uploads" "Mozilla/5.0 (Linux; Android 7.0;) AppleWebKit/537.36 (KHTML, like Gecko) Mobile Safari/537.36 (compatible; PetalBot;+https://webmaster.petalsearch.com/site/petalbot)"
20.171.207.161 - - [17/Jun/2025:12:44:23 +0800] "GET /sitepages/topic/2?path=%2F%2Flib%2Fpython3.6%2Fsite-packages%2Furllib3 HTTP/1.1" 200 63569 "-" "Mozilla/5.0 AppleWebKit/537.36 (KHTML, like Gecko; compatible; GPTBot/1.2; +https://openai.com/gptbot)"
66.249.79.167 - - [17/Jun/2025:12:44:29 +0800] "GET /?shopdetail/2002454 HTTP/1.1" 200 91196 "-" "Mozilla/5.0 (compatible; Googlebot/2.1; +http://www.google.com/bot.html)"
20.171.207.161 - - [17/Jun/2025:12:44:30 +0800] "GET /sitepages/topic/2?action=edit&file=persistor.py&path=%2F%2Flib%2Fpython3.6%2Fsite-packages%2Fdnf HTTP/1.1" 200 63675 "-" "Mozilla/5.0 AppleWebKit/537.36 (KHTML, like Gecko; compatible; GPTBot/1.2; +https://openai.com/gptbot)"
20.171.207.161 - - [17/Jun/2025:12:44:33 +0800] "GET /sitepages/topic/2?path=%2F%2Flib%2Fpython3.6%2Fsite-packages%2Fdnf%2F__pycache__ HTTP/1.1" 200 79876 "-" "Mozilla/5.0 AppleWebKit/537.36 (KHTML, like Gecko; compatible; GPTBot/1.2; +https://openai.com/gptbot)"
20.171.207.161 - - [17/Jun/2025:12:44:40 +0800] "GET /sitepages/topic/2?path=%2F%2Flib64%2Fpython3.6 HTTP/1.1" 200 118063 "-" "Mozilla/5.0 AppleWebKit/537.36 (KHTML, like Gecko; compatible; GPTBot/1.2; +https://openai.com/gptbot)"
20.171.207.161 - - [17/Jun/2025:12:44:51 +0800] "GET /sitepages/topic/2?path=%2F%2Fusr%2Flib64%2Fgirepository-1.0 HTTP/1.1" 200 71002 "-" "Mozilla/5.0 AppleWebKit/537.36 (KHTML, like Gecko; compatible; GPTBot/1.2; +https://openai.com/gptbot)"
20.171.207.161 - - [17/Jun/2025:12:44:58 +0800] "GET /sitepages/topic/2?path=%2F%2Flib64%2Fengines-1.1 HTTP/1.1" 200 60397 "-" "Mozilla/5.0 AppleWebKit/537.36 (KHTML, like Gecko; compatible; GPTBot/1.2; +https://openai.com/gptbot)"
20.171.207.161 - - [17/Jun/2025:12:44:59 +0800] "GET /sitepages/topic/2?path=%2F%2Flib64%2Fpython3.9%2Fencodings HTTP/1.1" 200 98090 "-" "Mozilla/5.0 AppleWebKit/537.36 (KHTML, like Gecko; compatible; GPTBot/1.2; +https://openai.com/gptbot)"
20.171.207.161 - - [17/Jun/2025:12:45:11 +0800] "GET /sitepages/topic/2?path=%2F%2Fusr%2Flib64%2Fruby%2Fvendor_ruby HTTP/1.1" 200 59071 "-" "Mozilla/5.0 AppleWebKit/537.36 (KHTML, like Gecko; compatible; GPTBot/1.2; +https://openai.com/gptbot)"
20.171.207.161 - - [17/Jun/2025:12:45:18 +0800] "GET /sitepages/topic/2?path=%2F%2Fusr%2Flib64%2Flibibverbs HTTP/1.1" 200 63253 "-" "Mozilla/5.0 AppleWebKit/537.36 (KHTML, like Gecko; compatible; GPTBot/1.2; +https://openai.com/gptbot)"
20.171.207.161 - - [17/Jun/2025:12:45:24 +0800] "GET /sitepages/topic/2?path=%2F%2Flib%2Fpython3.6%2Fsite-packages%2Fidna HTTP/1.1" 200 61695 "-" "Mozilla/5.0 AppleWebKit/537.36 (KHTML, like Gecko; compatible; GPTBot/1.2; +https://openai.com/gptbot)"
20.171.207.161 - - [17/Jun/2025:12:45:26 +0800] "GET /sitepages/topic/2?path=%2F%2Flib%2Fpython3.6%2Fsite-packages%2Fdns HTTP/1.1" 200 71608 "-" "Mozilla/5.0 AppleWebKit/537.36 (KHTML, like Gecko; compatible; GPTBot/1.2; +https://openai.com/gptbot)"
20.171.207.161 - - [17/Jun/2025:12:45:34 +0800] "GET /sitepages/topic/2?path=%2F%2Flib%2Fpython3.6%2Fsite-packages%2Furllib3%2F__pycache__ HTTP/1.1" 200 66905 "-" "Mozilla/5.0 AppleWebKit/537.36 (KHTML, like Gecko; compatible; GPTBot/1.2; +https://openai.com/gptbot)"
20.171.207.161 - - [17/Jun/2025:12:45:41 +0800] "GET /sitepages/topic/2?action=edit&file=libodbc.so.2.0.0&path=%2F%2Fusr%2Flib64 HTTP/1.1" 200 864363 "-" "Mozilla/5.0 AppleWebKit/537.36 (KHTML, like Gecko; compatible; GPTBot/1.2; +https://openai.com/gptbot)"
20.171.207.161 - - [17/Jun/2025:12:45:50 +0800] "GET /sitepages/topic/2?path=%2F%2Flib64%2Fpython3.9%2Fpydoc_data HTTP/1.1" 200 60224 "-" "Mozilla/5.0 AppleWebKit/537.36 (KHTML, like Gecko; compatible; GPTBot/1.2; +https://openai.com/gptbot)"
20.171.207.161 - - [17/Jun/2025:12:45:58 +0800] "GET /sitepages/topic/2?path=%2F%2Flib%2Fpython2.7%2Fsite-packages%2Fpkg_resources HTTP/1.1" 200 61799 "-" "Mozilla/5.0 AppleWebKit/537.36 (KHTML, like Gecko; compatible; GPTBot/1.2; +https://openai.com/gptbot)"
114.119.151.81 - - [17/Jun/2025:12:46:02 +0800] "GET /home?action=edit&file=index.html&path=/home/zuuttrav/public_html/assets/translation HTTP/1.1" 200 85543 "https://zuuttravel.com/home?path=/home/zuuttrav/public_html/assets/translation" "Mozilla/5.0 (Linux; Android 7.0;) AppleWebKit/537.36 (KHTML, like Gecko) Mobile Safari/537.36 (compatible; PetalBot;+https://webmaster.petalsearch.com/site/petalbot)"
20.171.207.161 - - [17/Jun/2025:12:46:04 +0800] "GET /sitepages/topic/2?path=%2F%2Flib64%2Fpython3.6%2Fconcurrent HTTP/1.1" 200 59844 "-" "Mozilla/5.0 AppleWebKit/537.36 (KHTML, like Gecko; compatible; GPTBot/1.2; +https://openai.com/gptbot)"
20.171.207.161 - - [17/Jun/2025:12:46:11 +0800] "GET /sitepages/topic/2?path=%2F%2Flib64%2Flibxslt-plugins HTTP/1.1" 200 58915 "-" "Mozilla/5.0 AppleWebKit/537.36 (KHTML, like Gecko; compatible; GPTBot/1.2; +https://openai.com/gptbot)"
20.171.207.161 - - [17/Jun/2025:12:46:13 +0800] "GET /sitepages/topic/2?action=edit&file=mac_croatian.pyc&path=%2F%2Flib64%2Fpython3.9%2Fencodings HTTP/1.1" 200 61418 "-" "Mozilla/5.0 AppleWebKit/537.36 (KHTML, like Gecko; compatible; GPTBot/1.2; +https://openai.com/gptbot)"
20.171.207.161 - - [17/Jun/2025:12:46:19 +0800] "GET /sitepages/topic/2?action=edit&file=cp874.pyc&path=%2F%2Flib64%2Fpython3.9%2Fencodings HTTP/1.1" 200 61464 "-" "Mozilla/5.0 AppleWebKit/537.36 (KHTML, like Gecko; compatible; GPTBot/1.2; +https://openai.com/gptbot)"
20.171.207.161 - - [17/Jun/2025:12:46:25 +0800] "GET /sitepages/topic/2?path=%2F%2Flib64%2Fsw HTTP/1.1" 200 60678 "-" "Mozilla/5.0 AppleWebKit/537.36 (KHTML, like Gecko; compatible; GPTBot/1.2; +https://openai.com/gptbot)"
66.249.79.166 - - [17/Jun/2025:12:46:29 +0800] "GET /?shopdetail/13073232 HTTP/1.1" 200 91197 "-" "Mozilla/5.0 (compatible; Googlebot/2.1; +http://www.google.com/bot.html)"
20.171.207.161 - - [17/Jun/2025:12:46:31 +0800] "GET /sitepages/topic/2?path=%2F%2Flib64%2Fsa HTTP/1.1" 200 59649 "-" "Mozilla/5.0 AppleWebKit/537.36 (KHTML, like Gecko; compatible; GPTBot/1.2; +https://openai.com/gptbot)"
20.171.207.161 - - [17/Jun/2025:12:46:40 +0800] "GET /sitepages/topic/2?path=%2F%2Flib64%2Ftc HTTP/1.1" 200 60605 "-" "Mozilla/5.0 AppleWebKit/537.36 (KHTML, like Gecko; compatible; GPTBot/1.2; +https://openai.com/gptbot)"
20.171.207.161 - - [17/Jun/2025:12:46:41 +0800] "GET /sitepages/topic/2?path=%2F%2Flib64%2Fpython3.9%2Fconcurrent HTTP/1.1" 200 59852 "-" "Mozilla/5.0 AppleWebKit/537.36 (KHTML, like Gecko; compatible; GPTBot/1.2; +https://openai.com/gptbot)"
20.171.207.161 - - [17/Jun/2025:12:46:47 +0800] "GET /sitepages/topic/2?path=%2F%2Flib64%2Fpython3.9%2Fturtledemo HTTP/1.1" 200 66317 "-" "Mozilla/5.0 AppleWebKit/537.36 (KHTML, like Gecko; compatible; GPTBot/1.2; +https://openai.com/gptbot)"
20.171.207.161 - - [17/Jun/2025:12:46:53 +0800] "GET /sitepages/topic/2?path=%2F%2Flib%2Fpython3.6%2Fsite-packages%2Fchardet HTTP/1.1" 200 72881 "-" "Mozilla/5.0 AppleWebKit/537.36 (KHTML, like Gecko; compatible; GPTBot/1.2; +https://openai.com/gptbot)"
20.171.207.161 - - [17/Jun/2025:12:47:05 +0800] "GET /sitepages/topic/2?path=%2F%2Flib%2Fpython3.6%2Fsite-packages%2Fprocfs HTTP/1.1" 200 60404 "-" "Mozilla/5.0 AppleWebKit/537.36 (KHTML, like Gecko; compatible; GPTBot/1.2; +https://openai.com/gptbot)"
20.171.207.161 - - [17/Jun/2025:12:47:06 +0800] "GET /sitepages/topic/2?path=%2F%2Flib64%2Fpython3.6%2Fconcurrent%2F__pycache__ HTTP/1.1" 200 60288 "-" "Mozilla/5.0 AppleWebKit/537.36 (KHTML, like Gecko; compatible; GPTBot/1.2; +https://openai.com/gptbot)"
20.171.207.161 - - [17/Jun/2025:12:47:13 +0800] "GET /sitepages/topic/2?path=%2F%2Flib%2Fpython3.6%2Fsite-packages%2Frequests HTTP/1.1" 200 65393 "-" "Mozilla/5.0 AppleWebKit/537.36 (KHTML, like Gecko; compatible; GPTBot/1.2; +https://openai.com/gptbot)"
66.249.79.166 - - [17/Jun/2025:12:47:18 +0800] "GET /?shopdetail/21128298 HTTP/1.1" 200 91197 "-" "Mozilla/5.0 (compatible; Googlebot/2.1; +http://www.google.com/bot.html)"
20.171.207.161 - - [17/Jun/2025:12:47:23 +0800] "GET /sitepages/topic/2?path=%2F%2Fusr%2Flib64%2Flibpoco-plesk-1.12.4 HTTP/1.1" 200 62790 "-" "Mozilla/5.0 AppleWebKit/537.36 (KHTML, like Gecko; compatible; GPTBot/1.2; +https://openai.com/gptbot)"
20.171.207.161 - - [17/Jun/2025:12:47:30 +0800] "GET /sitepages/topic/2?action=edit&file=softirqs&path=%2F%2Fproc HTTP/1.1" 200 58395 "-" "Mozilla/5.0 AppleWebKit/537.36 (KHTML, like Gecko; compatible; GPTBot/1.2; +https://openai.com/gptbot)"
20.171.207.161 - - [17/Jun/2025:12:47:37 +0800] "GET /sitepages/topic/2?path=%2F%2Flib64%2Fsa HTTP/1.1" 200 59648 "-" "Mozilla/5.0 AppleWebKit/537.36 (KHTML, like Gecko; compatible; GPTBot/1.2; +https://openai.com/gptbot)"
20.171.207.161 - - [17/Jun/2025:12:47:39 +0800] "GET /sitepages/topic/2?action=edit&file=truncate&path=%2F%2Fbin HTTP/1.1" 200 119371 "-" "Mozilla/5.0 AppleWebKit/537.36 (KHTML, like Gecko; compatible; GPTBot/1.2; +https://openai.com/gptbot)"
66.249.79.166 - - [17/Jun/2025:12:47:50 +0800] "GET /?shopdetail/16597798 HTTP/1.1" 200 91190 "-" "Mozilla/5.0 (Linux; Android 6.0.1; Nexus 5X Build/MMB29P) AppleWebKit/537.36 (KHTML, like Gecko) Chrome/136.0.7103.113 Mobile Safari/537.36 (compatible; Googlebot/2.1; +http://www.google.com/bot.html)"
20.171.207.161 - - [17/Jun/2025:12:47:50 +0800] "GET /sitepages/topic/2?action=edit&file=sendmail&path=%2F%2Flib HTTP/1.1" 200 59764 "-" "Mozilla/5.0 AppleWebKit/537.36 (KHTML, like Gecko; compatible; GPTBot/1.2; +https://openai.com/gptbot)"
114.119.150.208 - - [17/Jun/2025:12:47:51 +0800] "GET /home?action=edit&file=index.blade.php&path=/home/zuuttrav/public_html/123 HTTP/1.1" 200 167594 "https://zuuttravel.com/home?path=/home/zuuttrav/public_html/123" "Mozilla/5.0 (Linux; Android 7.0;) AppleWebKit/537.36 (KHTML, like Gecko) Mobile Safari/537.36 (compatible; PetalBot;+https://webmaster.petalsearch.com/site/petalbot)"
20.171.207.161 - - [17/Jun/2025:12:47:57 +0800] "GET /sitepages/topic/2?action=edit&file=tmpwatch&path=%2F%2Fbin HTTP/1.1" 200 106656 "-" "Mozilla/5.0 AppleWebKit/537.36 (KHTML, like Gecko; compatible; GPTBot/1.2; +https://openai.com/gptbot)"
20.171.207.161 - - [17/Jun/2025:12:48:04 +0800] "GET /sitepages/topic/2?path=%2F%2Flib64%2Fpython3.9%2Fconcurrent%2F__pycache__ HTTP/1.1" 200 60288 "-" "Mozilla/5.0 AppleWebKit/537.36 (KHTML, like Gecko; compatible; GPTBot/1.2; +https://openai.com/gptbot)"
20.171.207.161 - - [17/Jun/2025:12:48:11 +0800] "GET /sitepages/topic/2?action=edit&file=fc-cache&path=%2F%2Fbin HTTP/1.1" 200 58684 "-" "Mozilla/5.0 AppleWebKit/537.36 (KHTML, like Gecko; compatible; GPTBot/1.2; +https://openai.com/gptbot)"
20.171.207.161 - - [17/Jun/2025:12:48:12 +0800] "GET /sitepages/topic/2?path=%2F%2Flib%2Fpython3.6%2Fsite-packages%2Fchardet%2F__pycache__ HTTP/1.1" 200 89137 "-" "Mozilla/5.0 AppleWebKit/537.36 (KHTML, like Gecko; compatible; GPTBot/1.2; +https://openai.com/gptbot)"
20.171.207.161 - - [17/Jun/2025:12:48:19 +0800] "GET /sitepages/topic/2?action=edit&file=printenv&path=%2F%2Fbin HTTP/1.1" 200 106432 "-" "Mozilla/5.0 AppleWebKit/537.36 (KHTML, like Gecko; compatible; GPTBot/1.2; +https://openai.com/gptbot)"
20.171.207.161 - - [17/Jun/2025:12:48:24 +0800] "GET /sitepages/topic/2?path=%2F%2Flib%2Fpython3.6%2Fsite-packages%2Fprocfs%2F__pycache__ HTTP/1.1" 200 61575 "-" "Mozilla/5.0 AppleWebKit/537.36 (KHTML, like Gecko; compatible; GPTBot/1.2; +https://openai.com/gptbot)"
66.249.79.167 - - [17/Jun/2025:12:48:30 +0800] "GET /?shopdetail/20216109 HTTP/1.1" 200 91198 "-" "Mozilla/5.0 (Linux; Android 6.0.1; Nexus 5X Build/MMB29P) AppleWebKit/537.36 (KHTML, like Gecko) Chrome/136.0.7103.113 Mobile Safari/537.36 (compatible; Googlebot/2.1; +http://www.google.com/bot.html)"
20.171.207.161 - - [17/Jun/2025:12:48:35 +0800] "GET /sitepages/topic/2?path=%2F%2Flib%2Fpython3.6%2Fsite-packages%2Frequests%2F__pycache__ HTTP/1.1" 200 72829 "-" "Mozilla/5.0 AppleWebKit/537.36 (KHTML, like Gecko; compatible; GPTBot/1.2; +https://openai.com/gptbot)"
20.171.207.161 - - [17/Jun/2025:12:48:37 +0800] "GET /sitepages/topic/2?action=edit&file=softirqs&path=%2F%2Fproc HTTP/1.1" 200 58410 "-" "Mozilla/5.0 AppleWebKit/537.36 (KHTML, like Gecko; compatible; GPTBot/1.2; +https://openai.com/gptbot)"
20.171.207.161 - - [17/Jun/2025:12:48:47 +0800] "GET /sitepages/topic/2?action=edit&file=cpuinfo&path=%2F%2Fproc HTTP/1.1" 200 72999 "-" "Mozilla/5.0 AppleWebKit/537.36 (KHTML, like Gecko; compatible; GPTBot/1.2; +https://openai.com/gptbot)"
20.171.207.161 - - [17/Jun/2025:12:48:49 +0800] "GET /sitepages/topic/2?action=edit&file=slencheck&path=%2F%2Fbin HTTP/1.1" 200 74638 "-" "Mozilla/5.0 AppleWebKit/537.36 (KHTML, like Gecko; compatible; GPTBot/1.2; +https://openai.com/gptbot)"
20.171.207.161 - - [17/Jun/2025:12:49:01 +0800] "GET /sitepages/topic/2?action=edit&file=pinentry&path=%2F%2Fbin HTTP/1.1" 200 61263 "-" "Mozilla/5.0 AppleWebKit/537.36 (KHTML, like Gecko; compatible; GPTBot/1.2; +https://openai.com/gptbot)"
20.171.207.161 - - [17/Jun/2025:12:49:08 +0800] "GET /sitepages/topic/2?action=edit&file=ssh-agent&path=%2F%2Fbin HTTP/1.1" 200 540648 "-" "Mozilla/5.0 AppleWebKit/537.36 (KHTML, like Gecko; compatible; GPTBot/1.2; +https://openai.com/gptbot)"
20.171.207.161 - - [17/Jun/2025:12:49:14 +0800] "GET /sitepages/topic/2?action=edit&file=fc-pattern&path=%2F%2Fbin HTTP/1.1" 200 74044 "-" "Mozilla/5.0 AppleWebKit/537.36 (KHTML, like Gecko; compatible; GPTBot/1.2; +https://openai.com/gptbot)"
20.171.207.161 - - [17/Jun/2025:12:49:16 +0800] "GET /sitepages/topic/2?action=edit&file=cmdline&path=%2F%2Fproc HTTP/1.1" 200 58790 "-" "Mozilla/5.0 AppleWebKit/537.36 (KHTML, like Gecko; compatible; GPTBot/1.2; +https://openai.com/gptbot)"
20.171.207.161 - - [17/Jun/2025:12:49:28 +0800] "GET /sitepages/topic/2?action=edit&file=instmodsh&path=%2F%2Fbin HTTP/1.1" 200 63160 "-" "Mozilla/5.0 AppleWebKit/537.36 (KHTML, like Gecko; compatible; GPTBot/1.2; +https://openai.com/gptbot)"
66.249.79.167 - - [17/Jun/2025:12:49:31 +0800] "GET /?shopdetail/15155743 HTTP/1.1" 200 91190 "-" "Mozilla/5.0 (compatible; Googlebot/2.1; +http://www.google.com/bot.html)"
20.171.207.161 - - [17/Jun/2025:12:49:34 +0800] "GET /sitepages/topic/2?action=edit&file=autoconf&path=%2F%2Fbin HTTP/1.1" 200 75570 "-" "Mozilla/5.0 AppleWebKit/537.36 (KHTML, like Gecko; compatible; GPTBot/1.2; +https://openai.com/gptbot)"
114.119.158.203 - - [17/Jun/2025:12:49:40 +0800] "GET /home?action=edit&file=group&path=//etc HTTP/1.1" 200 86000 "https://zuuttravel.com/home?path=//etc" "Mozilla/5.0 (Linux; Android 7.0;) AppleWebKit/537.36 (KHTML, like Gecko) Mobile Safari/537.36 (compatible; PetalBot;+https://webmaster.petalsearch.com/site/petalbot)"
20.171.207.161 - - [17/Jun/2025:12:49:47 +0800] "GET /sitepages/topic/2?action=edit&file=git-shell&path=%2F%2Fbin HTTP/1.1" 200 3581374 "-" "Mozilla/5.0 AppleWebKit/537.36 (KHTML, like Gecko; compatible; GPTBot/1.2; +https://openai.com/gptbot)"
20.171.207.161 - - [17/Jun/2025:12:49:52 +0800] "GET /sitepages/topic/2?action=edit&file=hunspell&path=%2F%2Fbin HTTP/1.1" 200 270695 "-" "Mozilla/5.0 AppleWebKit/537.36 (KHTML, like Gecko; compatible; GPTBot/1.2; +https://openai.com/gptbot)"
66.249.79.165 - - [17/Jun/2025:12:49:53 +0800] "GET /?shopdetail/2529898 HTTP/1.1" 200 91196 "-" "Mozilla/5.0 (compatible; Googlebot/2.1; +http://www.google.com/bot.html)"
20.171.207.161 - - [17/Jun/2025:12:50:05 +0800] "GET /sitepages/topic/2?action=edit&file=models.cpython-36.opt-1.pyc&path=%2F%2Flib%2Fpython3.6%2Fsite-packages%2Frequests%2F__pycache__ HTTP/1.1" 200 85151 "-" "Mozilla/5.0 AppleWebKit/537.36 (KHTML, like Gecko; compatible; GPTBot/1.2; +https://openai.com/gptbot)"
20.171.207.161 - - [17/Jun/2025:12:50:24 +0800] "GET /sitepages/topic/2?action=edit&file=catchsegv&path=%2F%2Fbin HTTP/1.1" 200 62204 "-" "Mozilla/5.0 AppleWebKit/537.36 (KHTML, like Gecko; compatible; GPTBot/1.2; +https://openai.com/gptbot)"
20.171.207.161 - - [17/Jun/2025:12:50:32 +0800] "GET /sitepages/topic/2?action=edit&file=meminfo&path=%2F%2Fproc HTTP/1.1" 200 59918 "-" "Mozilla/5.0 AppleWebKit/537.36 (KHTML, like Gecko; compatible; GPTBot/1.2; +https://openai.com/gptbot)"
20.171.207.161 - - [17/Jun/2025:12:50:48 +0800] "GET /sitepages/topic/2?action=edit&file=version&path=%2F%2Fproc HTTP/1.1" 200 58701 "-" "Mozilla/5.0 AppleWebKit/537.36 (KHTML, like Gecko; compatible; GPTBot/1.2; +https://openai.com/gptbot)"
20.171.207.161 - - [17/Jun/2025:12:50:58 +0800] "GET /sitepages/topic/2?action=edit&file=snmpconf&path=%2F%2Fbin HTTP/1.1" 200 88989 "-" "Mozilla/5.0 AppleWebKit/537.36 (KHTML, like Gecko; compatible; GPTBot/1.2; +https://openai.com/gptbot)"
20.171.207.161 - - [17/Jun/2025:12:51:06 +0800] "GET /sitepages/topic/2?action=edit&file=zoneinfo&path=%2F%2Fproc HTTP/1.1" 200 58410 "-" "Mozilla/5.0 AppleWebKit/537.36 (KHTML, like Gecko; compatible; GPTBot/1.2; +https://openai.com/gptbot)"
20.171.207.161 - - [17/Jun/2025:12:51:14 +0800] "GET /sitepages/topic/2?action=edit&file=hostname&path=%2F%2Fbin HTTP/1.1" 200 85398 "-" "Mozilla/5.0 AppleWebKit/537.36 (KHTML, like Gecko; compatible; GPTBot/1.2; +https://openai.com/gptbot)"
114.119.151.107 - - [17/Jun/2025:12:51:16 +0800] "GET /home?action=edit&file=at.deny&path=//etc HTTP/1.1" 200 85476 "https://zuuttravel.com/home?path=//etc" "Mozilla/5.0 (Linux; Android 7.0;) AppleWebKit/537.36 (KHTML, like Gecko) Mobile Safari/537.36 (compatible; PetalBot;+https://webmaster.petalsearch.com/site/petalbot)"
20.171.207.161 - - [17/Jun/2025:12:51:16 +0800] "GET /sitepages/topic/2?action=edit&file=agentxtrap&path=%2F%2Fbin HTTP/1.1" 200 89640 "-" "Mozilla/5.0 AppleWebKit/537.36 (KHTML, like Gecko; compatible; GPTBot/1.2; +https://openai.com/gptbot)"
20.171.207.161 - - [17/Jun/2025:12:51:23 +0800] "GET /sitepages/topic/2?action=edit&file=arpaname&path=%2F%2Fbin HTTP/1.1" 200 72535 "-" "Mozilla/5.0 AppleWebKit/537.36 (KHTML, like Gecko; compatible; GPTBot/1.2; +https://openai.com/gptbot)"
20.171.207.161 - - [17/Jun/2025:12:51:33 +0800] "GET /sitepages/topic/2?path=%2F%2Flib%2Fpython3.6%2Fsite-packages%2Fpyudev%2F__pycache__ HTTP/1.1" 200 65281 "-" "Mozilla/5.0 AppleWebKit/537.36 (KHTML, like Gecko; compatible; GPTBot/1.2; +https://openai.com/gptbot)"
20.171.207.161 - - [17/Jun/2025:12:51:40 +0800] "GET /sitepages/topic/2?path=%2F%2Flib%2Fpython3.9%2Fsite-packages%2Fpkg_resources%2F__pycache__ HTTP/1.1" 200 60171 "-" "Mozilla/5.0 AppleWebKit/537.36 (KHTML, like Gecko; compatible; GPTBot/1.2; +https://openai.com/gptbot)"
20.171.207.161 - - [17/Jun/2025:12:51:46 +0800] "GET /sitepages/topic/2?path=%2F%2Flib%2Fpython3.6%2Fsite-packages%2Fpkg_resources%2F__pycache__ HTTP/1.1" 200 60951 "-" "Mozilla/5.0 AppleWebKit/537.36 (KHTML, like Gecko; compatible; GPTBot/1.2; +https://openai.com/gptbot)"
20.171.207.161 - - [17/Jun/2025:12:51:53 +0800] "GET /sitepages/topic/2?action=edit&file=post-grohtml&path=%2F%2Fbin HTTP/1.1" 200 422986 "-" "Mozilla/5.0 AppleWebKit/537.36 (KHTML, like Gecko; compatible; GPTBot/1.2; +https://openai.com/gptbot)"
20.171.207.161 - - [17/Jun/2025:12:51:55 +0800] "GET /sitepages/topic/2?action=edit&file=ps2ascii&path=%2F%2Fbin HTTP/1.1" 200 59217 "-" "Mozilla/5.0 AppleWebKit/537.36 (KHTML, like Gecko; compatible; GPTBot/1.2; +https://openai.com/gptbot)"
66.249.79.166 - - [17/Jun/2025:12:52:02 +0800] "GET /?shopdetail/15522876 HTTP/1.1" 200 91197 "-" "Mozilla/5.0 (Linux; Android 6.0.1; Nexus 5X Build/MMB29P) AppleWebKit/537.36 (KHTML, like Gecko) Chrome/136.0.7103.113 Mobile Safari/537.36 (compatible; Googlebot/2.1; +http://www.google.com/bot.html)"
20.171.207.161 - - [17/Jun/2025:12:52:02 +0800] "GET /sitepages/topic/2?path=%2F%2Fusr%2Flib64%2Fsecurity%2Fpam_filter HTTP/1.1" 200 59417 "-" "Mozilla/5.0 AppleWebKit/537.36 (KHTML, like Gecko; compatible; GPTBot/1.2; +https://openai.com/gptbot)"
20.171.207.161 - - [17/Jun/2025:12:52:07 +0800] "GET /sitepages/topic/2?path=%2F%2Flib%2Fpython3.6%2Fsite-packages%2Frhn%2F__pycache__ HTTP/1.1" 200 67444 "-" "Mozilla/5.0 AppleWebKit/537.36 (KHTML, like Gecko; compatible; GPTBot/1.2; +https://openai.com/gptbot)"
20.171.207.161 - - [17/Jun/2025:12:52:18 +0800] "GET /sitepages/topic/2?path=%2F%2Flib%2Fpython3.6%2Fsite-packages%2Fdns%2F__pycache__ HTTP/1.1" 200 86418 "-" "Mozilla/5.0 AppleWebKit/537.36 (KHTML, like Gecko; compatible; GPTBot/1.2; +https://openai.com/gptbot)"
