??
You're inside public_html, but wp-admin or wp-content was not found.
Savvy
W
olf -
MANAGER
Edit File: zuuttravel.com-ssl_log
114.119.155.203 - - [16/Jun/2025:20:16:01 +0800] "GET /services/topic/111?action=edit&file=17090045071935.jpg&path=/home/zuuttrav/public_html/uploads/topics HTTP/1.1" 200 338509 "https://zuuttravel.com/services/topic/111?path=/home/zuuttrav/public_html/uploads/topics" "Mozilla/5.0 (Linux; Android 7.0;) AppleWebKit/537.36 (KHTML, like Gecko) Mobile Safari/537.36 (compatible; PetalBot;+https://webmaster.petalsearch.com/site/petalbot)"
69.171.249.6 - - [16/Jun/2025:20:17:26 +0800] "GET /robots.txt HTTP/1.1" 206 1112 "-" "facebookexternalhit/1.1 (+http://www.facebook.com/externalhit_uatext.php)"
173.252.83.15 - - [16/Jun/2025:20:17:28 +0800] "GET /robots.txt HTTP/1.1" 206 1112 "-" "facebookexternalhit/1.1 (+http://www.facebook.com/externalhit_uatext.php)"
114.119.150.208 - - [16/Jun/2025:20:17:56 +0800] "GET /services/topic/111?action=edit&file=17085811463187.jpg&path=/home/zuuttrav/public_html/uploads/topics HTTP/1.1" 200 507720 "https://zuuttravel.com/services/topic/111?path=/home/zuuttrav/public_html/uploads/topics" "Mozilla/5.0 (Linux; Android 7.0;) AppleWebKit/537.36 (KHTML, like Gecko) Mobile Safari/537.36 (compatible; PetalBot;+https://webmaster.petalsearch.com/site/petalbot)"
114.119.150.208 - - [16/Jun/2025:20:19:25 +0800] "GET /services/topic/111?action=edit&file=17085085381302.jpg&path=/home/zuuttrav/public_html/uploads/topics HTTP/1.1" 200 160561 "https://zuuttravel.com/services/topic/111?path=/home/zuuttrav/public_html/uploads/topics" "Mozilla/5.0 (Linux; Android 7.0;) AppleWebKit/537.36 (KHTML, like Gecko) Mobile Safari/537.36 (compatible; PetalBot;+https://webmaster.petalsearch.com/site/petalbot)"
114.119.157.103 - - [16/Jun/2025:20:21:27 +0800] "GET /services/topic/111?action=edit&file=17084955268759.jpg&path=/home/zuuttrav/public_html/uploads/topics HTTP/1.1" 200 507720 "https://zuuttravel.com/services/topic/111?path=/home/zuuttrav/public_html/uploads/topics" "Mozilla/5.0 (Linux; Android 7.0;) AppleWebKit/537.36 (KHTML, like Gecko) Mobile Safari/537.36 (compatible; PetalBot;+https://webmaster.petalsearch.com/site/petalbot)"
114.119.157.103 - - [16/Jun/2025:20:23:18 +0800] "GET /services/topic/111?action=edit&file=17084939245861.jpg&path=/home/zuuttrav/public_html/uploads/topics HTTP/1.1" 200 239965 "https://zuuttravel.com/services/topic/111?path=/home/zuuttrav/public_html/uploads/topics" "Mozilla/5.0 (Linux; Android 7.0;) AppleWebKit/537.36 (KHTML, like Gecko) Mobile Safari/537.36 (compatible; PetalBot;+https://webmaster.petalsearch.com/site/petalbot)"
114.119.157.103 - - [16/Jun/2025:20:25:05 +0800] "GET /services/topic/111?action=edit&file=17084868704676.jpg&path=/home/zuuttrav/public_html/uploads/topics HTTP/1.1" 200 425800 "https://zuuttravel.com/services/topic/111?path=/home/zuuttrav/public_html/uploads/topics" "Mozilla/5.0 (Linux; Android 7.0;) AppleWebKit/537.36 (KHTML, like Gecko) Mobile Safari/537.36 (compatible; PetalBot;+https://webmaster.petalsearch.com/site/petalbot)"
114.119.133.103 - - [16/Jun/2025:20:26:21 +0800] "GET /services/topic/111?action=edit&file=17080651285734.jpg&path=/home/zuuttrav/public_html/uploads/topics HTTP/1.1" 200 157769 "https://zuuttravel.com/services/topic/111?path=/home/zuuttrav/public_html/uploads/topics" "Mozilla/5.0 (Linux; Android 7.0;) AppleWebKit/537.36 (KHTML, like Gecko) Mobile Safari/537.36 (compatible; PetalBot;+https://webmaster.petalsearch.com/site/petalbot)"
54.37.252.36 - - [16/Jun/2025:20:26:39 +0800] "GET /robots.txt HTTP/1.1" 200 1112 "-" "Mozilla/5.0 (compatible; MJ12bot/v1.4.8; http://mj12bot.com/)"
54.37.252.36 - - [16/Jun/2025:20:26:42 +0800] "GET /search-tour-sidebar?path=//lib64/gems HTTP/1.1" 302 2897 "-" "Mozilla/5.0 (compatible; MJ12bot/v1.4.8; http://mj12bot.com/)"
54.37.252.36 - - [16/Jun/2025:20:26:45 +0800] "GET /404 HTTP/1.1" 200 57477 "-" "Mozilla/5.0 (compatible; MJ12bot/v1.4.8; http://mj12bot.com/)"
54.37.252.36 - - [16/Jun/2025:20:26:54 +0800] "GET /search-tour-sidebar?path=//lib64/gettext HTTP/1.1" 302 4185 "-" "Mozilla/5.0 (compatible; MJ12bot/v1.4.8; http://mj12bot.com/)"
54.37.252.36 - - [16/Jun/2025:20:26:57 +0800] "GET /404 HTTP/1.1" 200 57462 "-" "Mozilla/5.0 (compatible; MJ12bot/v1.4.8; http://mj12bot.com/)"
52.205.141.124 - - [16/Jun/2025:20:27:00 +0800] "GET /sitepages/topic/9?action=edit&file=web.config&path=/home/zuuttrav/public_html HTTP/1.1" 403 89140 "-" "Mozilla/5.0 AppleWebKit/537.36 (KHTML, like Gecko; compatible; Amazonbot/0.1; +https://developer.amazon.com/support/amazonbot) Chrome/119.0.6045.214 Safari/537.36"
54.84.161.62 - - [16/Jun/2025:20:27:04 +0800] "GET /services/topic/8?path=/home/zuuttrav/public_html/.wp-cli HTTP/1.1" 200 81438 "-" "Mozilla/5.0 AppleWebKit/537.36 (KHTML, like Gecko; compatible; Amazonbot/0.1; +https://developer.amazon.com/support/amazonbot) Chrome/119.0.6045.214 Safari/537.36"
54.37.252.36 - - [16/Jun/2025:20:27:05 +0800] "GET /search-tour-sidebar?path=//lib64/gio HTTP/1.1" 302 2899 "-" "Mozilla/5.0 (compatible; MJ12bot/v1.4.8; http://mj12bot.com/)"
18.204.89.56 - - [16/Jun/2025:20:27:07 +0800] "GET /sitepages/topic/9?action=edit&file=gxq.txt&path=/home/zuuttrav/public_html HTTP/1.1" 200 83453 "-" "Mozilla/5.0 AppleWebKit/537.36 (KHTML, like Gecko; compatible; Amazonbot/0.1; +https://developer.amazon.com/support/amazonbot) Chrome/119.0.6045.214 Safari/537.36"
54.37.252.36 - - [16/Jun/2025:20:27:08 +0800] "GET /404 HTTP/1.1" 200 57462 "-" "Mozilla/5.0 (compatible; MJ12bot/v1.4.8; http://mj12bot.com/)"
3.225.9.97 - - [16/Jun/2025:20:27:14 +0800] "GET /blog?action=edit&file=favicon.ico&path=/home/zuuttrav/public_html HTTP/1.1" 200 79193 "-" "Mozilla/5.0 AppleWebKit/537.36 (KHTML, like Gecko; compatible; Amazonbot/0.1; +https://developer.amazon.com/support/amazonbot) Chrome/119.0.6045.214 Safari/537.36"
54.37.252.36 - - [16/Jun/2025:20:27:17 +0800] "GET /search-tour-sidebar?path=//lib64/girepository-1.0 HTTP/1.1" 200 14479 "-" "Mozilla/5.0 (compatible; MJ12bot/v1.4.8; http://mj12bot.com/)"
52.204.37.237 - - [16/Jun/2025:20:27:21 +0800] "GET /blog/topic/79?action=edit&file=robots.txt&path=/home/zuuttrav/public_html HTTP/1.1" 200 64018 "-" "Mozilla/5.0 AppleWebKit/537.36 (KHTML, like Gecko; compatible; Amazonbot/0.1; +https://developer.amazon.com/support/amazonbot) Chrome/119.0.6045.214 Safari/537.36"
54.37.252.36 - - [16/Jun/2025:20:27:25 +0800] "GET /search-tour-sidebar?path=//lib64/golang HTTP/1.1" 302 2903 "-" "Mozilla/5.0 (compatible; MJ12bot/v1.4.8; http://mj12bot.com/)"
3.90.73.206 - - [16/Jun/2025:20:27:25 +0800] "GET /services/topic/16?action=edit&file=robots.txt&path=/home/zuuttrav/public_html HTTP/1.1" 200 83865 "-" "Mozilla/5.0 AppleWebKit/537.36 (KHTML, like Gecko; compatible; Amazonbot/0.1; +https://developer.amazon.com/support/amazonbot) Chrome/119.0.6045.214 Safari/537.36"
54.37.252.36 - - [16/Jun/2025:20:27:27 +0800] "GET /404 HTTP/1.1" 200 57462 "-" "Mozilla/5.0 (compatible; MJ12bot/v1.4.8; http://mj12bot.com/)"
54.37.252.36 - - [16/Jun/2025:20:27:30 +0800] "GET /search-tour-sidebar?path=//lib64/graphviz HTTP/1.1" 200 9638 "-" "Mozilla/5.0 (compatible; MJ12bot/v1.4.8; http://mj12bot.com/)"
54.37.252.36 - - [16/Jun/2025:20:27:32 +0800] "GET /search-tour-sidebar?path=//lib64/groff HTTP/1.1" 302 2672 "-" "Mozilla/5.0 (compatible; MJ12bot/v1.4.8; http://mj12bot.com/)"
18.204.152.114 - - [16/Jun/2025:20:27:35 +0800] "GET /services/topic/8?action=edit&file=.htaccess&path=/home/zuuttrav/public_html HTTP/1.1" 200 81909 "-" "Mozilla/5.0 AppleWebKit/537.36 (KHTML, like Gecko; compatible; Amazonbot/0.1; +https://developer.amazon.com/support/amazonbot) Chrome/119.0.6045.214 Safari/537.36"
54.37.252.36 - - [16/Jun/2025:20:27:35 +0800] "GET /404 HTTP/1.1" 200 57462 "-" "Mozilla/5.0 (compatible; MJ12bot/v1.4.8; http://mj12bot.com/)"
54.37.252.36 - - [16/Jun/2025:20:27:42 +0800] "GET /search-tour-sidebar?path=//lib64/gssproxy HTTP/1.1" 302 2989 "-" "Mozilla/5.0 (compatible; MJ12bot/v1.4.8; http://mj12bot.com/)"
54.37.252.36 - - [16/Jun/2025:20:27:45 +0800] "GET /404 HTTP/1.1" 200 57462 "-" "Mozilla/5.0 (compatible; MJ12bot/v1.4.8; http://mj12bot.com/)"
54.37.252.36 - - [16/Jun/2025:20:27:52 +0800] "GET /search-tour-sidebar?path=//lib64/gtk-2.0 HTTP/1.1" 302 3391 "-" "Mozilla/5.0 (compatible; MJ12bot/v1.4.8; http://mj12bot.com/)"
54.37.252.36 - - [16/Jun/2025:20:27:54 +0800] "GET /404 HTTP/1.1" 200 57462 "-" "Mozilla/5.0 (compatible; MJ12bot/v1.4.8; http://mj12bot.com/)"
54.37.252.36 - - [16/Jun/2025:20:27:57 +0800] "GET /search-tour-sidebar?path=//lib64/guile HTTP/1.1" 302 2899 "-" "Mozilla/5.0 (compatible; MJ12bot/v1.4.8; http://mj12bot.com/)"
54.37.252.36 - - [16/Jun/2025:20:27:59 +0800] "GET /404 HTTP/1.1" 200 57462 "-" "Mozilla/5.0 (compatible; MJ12bot/v1.4.8; http://mj12bot.com/)"
54.37.252.36 - - [16/Jun/2025:20:28:02 +0800] "GET /search-tour-sidebar?path=//lib64/hmaccalc HTTP/1.1" 200 4545 "-" "Mozilla/5.0 (compatible; MJ12bot/v1.4.8; http://mj12bot.com/)"
54.37.252.36 - - [16/Jun/2025:20:28:09 +0800] "GET /search-tour-sidebar?path=//lib64/krb5 HTTP/1.1" 302 2903 "-" "Mozilla/5.0 (compatible; MJ12bot/v1.4.8; http://mj12bot.com/)"
54.37.252.36 - - [16/Jun/2025:20:28:11 +0800] "GET /404 HTTP/1.1" 200 57462 "-" "Mozilla/5.0 (compatible; MJ12bot/v1.4.8; http://mj12bot.com/)"
54.37.252.36 - - [16/Jun/2025:20:28:14 +0800] "GET /search-tour-sidebar?path=//lib64/libboost-plesk-1.82 HTTP/1.1" 200 5268 "-" "Mozilla/5.0 (compatible; MJ12bot/v1.4.8; http://mj12bot.com/)"
54.37.252.36 - - [16/Jun/2025:20:28:16 +0800] "GET /search-tour-sidebar?path=//lib64/libdnf HTTP/1.1" 302 2911 "-" "Mozilla/5.0 (compatible; MJ12bot/v1.4.8; http://mj12bot.com/)"
54.37.252.36 - - [16/Jun/2025:20:28:18 +0800] "GET /404 HTTP/1.1" 200 57462 "-" "Mozilla/5.0 (compatible; MJ12bot/v1.4.8; http://mj12bot.com/)"
114.119.158.203 - - [16/Jun/2025:20:28:20 +0800] "GET /services/topic/111?action=edit&file=16983231803895.jpg&path=/home/zuuttrav/public_html/uploads/topics HTTP/1.1" 200 153914 "https://zuuttravel.com/services/topic/111?path=/home/zuuttrav/public_html/uploads/topics" "Mozilla/5.0 (Linux; Android 7.0;) AppleWebKit/537.36 (KHTML, like Gecko) Mobile Safari/537.36 (compatible; PetalBot;+https://webmaster.petalsearch.com/site/petalbot)"
54.37.252.36 - - [16/Jun/2025:20:28:21 +0800] "GET /search-tour-sidebar?path=//lib64/libibverbs HTTP/1.1" 200 6904 "-" "Mozilla/5.0 (compatible; MJ12bot/v1.4.8; http://mj12bot.com/)"
54.37.252.36 - - [16/Jun/2025:20:28:23 +0800] "GET /search-tour-sidebar?path=//lib64/libnfsidmap HTTP/1.1" 302 3617 "-" "Mozilla/5.0 (compatible; MJ12bot/v1.4.8; http://mj12bot.com/)"
54.37.252.36 - - [16/Jun/2025:20:28:25 +0800] "GET /404 HTTP/1.1" 200 57462 "-" "Mozilla/5.0 (compatible; MJ12bot/v1.4.8; http://mj12bot.com/)"
54.37.252.36 - - [16/Jun/2025:20:28:33 +0800] "GET /search-tour-sidebar?path=//lib64/libnl HTTP/1.1" 302 2899 "-" "Mozilla/5.0 (compatible; MJ12bot/v1.4.8; http://mj12bot.com/)"
54.37.252.36 - - [16/Jun/2025:20:28:35 +0800] "GET /404 HTTP/1.1" 200 57462 "-" "Mozilla/5.0 (compatible; MJ12bot/v1.4.8; http://mj12bot.com/)"
54.37.252.36 - - [16/Jun/2025:20:28:42 +0800] "GET /search-tour-sidebar?path=//lib64/libpoco-plesk-1.12.4 HTTP/1.1" 200 6393 "-" "Mozilla/5.0 (compatible; MJ12bot/v1.4.8; http://mj12bot.com/)"
54.37.252.36 - - [16/Jun/2025:20:28:49 +0800] "GET /search-tour-sidebar?path=//lib64/libuser HTTP/1.1" 302 3623 "-" "Mozilla/5.0 (compatible; MJ12bot/v1.4.8; http://mj12bot.com/)"
54.37.252.36 - - [16/Jun/2025:20:28:51 +0800] "GET /404 HTTP/1.1" 200 57462 "-" "Mozilla/5.0 (compatible; MJ12bot/v1.4.8; http://mj12bot.com/)"
54.37.252.36 - - [16/Jun/2025:20:28:53 +0800] "GET /search-tour-sidebar?path=//lib64/libxslt-plugins HTTP/1.1" 302 2702 "-" "Mozilla/5.0 (compatible; MJ12bot/v1.4.8; http://mj12bot.com/)"
54.37.252.36 - - [16/Jun/2025:20:28:55 +0800] "GET /404 HTTP/1.1" 200 57462 "-" "Mozilla/5.0 (compatible; MJ12bot/v1.4.8; http://mj12bot.com/)"
54.37.252.36 - - [16/Jun/2025:20:29:02 +0800] "GET /search-tour-sidebar?path=//lib64/lksctp-tools HTTP/1.1" 302 3343 "-" "Mozilla/5.0 (compatible; MJ12bot/v1.4.8; http://mj12bot.com/)"
66.249.79.167 - - [16/Jun/2025:20:29:03 +0800] "GET /?shopdetail/11252687 HTTP/1.1" 200 91196 "-" "Mozilla/5.0 (Linux; Android 6.0.1; Nexus 5X Build/MMB29P) AppleWebKit/537.36 (KHTML, like Gecko) Chrome/136.0.7103.113 Mobile Safari/537.36 (compatible; Googlebot/2.1; +http://www.google.com/bot.html)"
54.37.252.36 - - [16/Jun/2025:20:29:04 +0800] "GET /404 HTTP/1.1" 200 57462 "-" "Mozilla/5.0 (compatible; MJ12bot/v1.4.8; http://mj12bot.com/)"
54.37.252.36 - - [16/Jun/2025:20:29:07 +0800] "GET /search-tour-sidebar?path=//lib64/lua HTTP/1.1" 302 3116 "-" "Mozilla/5.0 (compatible; MJ12bot/v1.4.8; http://mj12bot.com/)"
54.37.252.36 - - [16/Jun/2025:20:29:09 +0800] "GET /404 HTTP/1.1" 200 57462 "-" "Mozilla/5.0 (compatible; MJ12bot/v1.4.8; http://mj12bot.com/)"
114.119.140.87 - - [16/Jun/2025:20:29:50 +0800] "GET /services/topic/111?action=edit&file=16968745984618.png&path=/home/zuuttrav/public_html/uploads/topics HTTP/1.1" 200 82935 "https://zuuttravel.com/services/topic/111?path=/home/zuuttrav/public_html/uploads/topics" "Mozilla/5.0 (Linux; Android 7.0;) AppleWebKit/537.36 (KHTML, like Gecko) Mobile Safari/537.36 (compatible; PetalBot;+https://webmaster.petalsearch.com/site/petalbot)"
114.119.158.203 - - [16/Jun/2025:20:32:14 +0800] "GET /services/topic/111?action=edit&file=16968593532058.jpg&path=/home/zuuttrav/public_html/uploads/topics HTTP/1.1" 200 184175 "https://zuuttravel.com/services/topic/111?path=/home/zuuttrav/public_html/uploads/topics" "Mozilla/5.0 (Linux; Android 7.0;) AppleWebKit/537.36 (KHTML, like Gecko) Mobile Safari/537.36 (compatible; PetalBot;+https://webmaster.petalsearch.com/site/petalbot)"
114.119.157.103 - - [16/Jun/2025:20:33:33 +0800] "GET /services/topic/111?action=edit&file=16967880491547.jpg&path=/home/zuuttrav/public_html/uploads/topics HTTP/1.1" 200 148302 "https://zuuttravel.com/services/topic/111?path=/home/zuuttrav/public_html/uploads/topics" "Mozilla/5.0 (Linux; Android 7.0;) AppleWebKit/537.36 (KHTML, like Gecko) Mobile Safari/537.36 (compatible; PetalBot;+https://webmaster.petalsearch.com/site/petalbot)"
114.119.140.87 - - [16/Jun/2025:20:35:23 +0800] "GET /services/topic/111?action=edit&file=16957559988862.jpg&path=/home/zuuttrav/public_html/uploads/topics HTTP/1.1" 200 360264 "https://zuuttravel.com/services/topic/111?path=/home/zuuttrav/public_html/uploads/topics" "Mozilla/5.0 (Linux; Android 7.0;) AppleWebKit/537.36 (KHTML, like Gecko) Mobile Safari/537.36 (compatible; PetalBot;+https://webmaster.petalsearch.com/site/petalbot)"
114.119.157.103 - - [16/Jun/2025:20:37:11 +0800] "GET /services/topic/104?path=/home/zuuttrav/.htpasswds/perl HTTP/1.1" 200 65637 "https://zuuttravel.com/services/topic/104?path=/home/zuuttrav/.htpasswds" "Mozilla/5.0 (Linux; Android 7.0;) AppleWebKit/537.36 (KHTML, like Gecko) Mobile Safari/537.36 (compatible; PetalBot;+https://webmaster.petalsearch.com/site/petalbot)"
66.249.79.167 - - [16/Jun/2025:20:38:10 +0800] "GET /?shopdetail/12082198 HTTP/1.1" 200 91189 "-" "Mozilla/5.0 (Linux; Android 6.0.1; Nexus 5X Build/MMB29P) AppleWebKit/537.36 (KHTML, like Gecko) Chrome/136.0.7103.113 Mobile Safari/537.36 (compatible; Googlebot/2.1; +http://www.google.com/bot.html)"
114.119.151.107 - - [16/Jun/2025:20:38:39 +0800] "GET /services/topic/104?action=edit&file=zuuttravel.com-Jun-2023.gz&path=/home/zuuttrav/logs HTTP/1.1" 200 276003 "https://zuuttravel.com/services/topic/104?path=/home/zuuttrav/logs" "Mozilla/5.0 (Linux; Android 7.0;) AppleWebKit/537.36 (KHTML, like Gecko) Mobile Safari/537.36 (compatible; PetalBot;+https://webmaster.petalsearch.com/site/petalbot)"
114.119.151.107 - - [16/Jun/2025:20:40:45 +0800] "GET /services/topic/104?action=edit&file=sess_951cf10c7db904921a523fe1dea42480&path=/home/zuuttrav/tmp HTTP/1.1" 200 74114 "https://zuuttravel.com/services/topic/104?path=/home/zuuttrav/tmp" "Mozilla/5.0 (Linux; Android 7.0;) AppleWebKit/537.36 (KHTML, like Gecko) Mobile Safari/537.36 (compatible; PetalBot;+https://webmaster.petalsearch.com/site/petalbot)"
114.119.157.103 - - [16/Jun/2025:20:42:05 +0800] "GET /services/topic/104?action=edit&file=sess_2fb74d396c4b30bdeb7bc54f7779d763&path=/home/zuuttrav/tmp HTTP/1.1" 200 70663 "https://zuuttravel.com/services/topic/104?path=/home/zuuttrav/tmp" "Mozilla/5.0 (Linux; Android 7.0;) AppleWebKit/537.36 (KHTML, like Gecko) Mobile Safari/537.36 (compatible; PetalBot;+https://webmaster.petalsearch.com/site/petalbot)"
114.119.158.203 - - [16/Jun/2025:20:43:52 +0800] "GET /services/topic/104?action=edit&file=dovecot.mailbox.log&path=/home/zuuttrav/mail HTTP/1.1" 200 65335 "https://zuuttravel.com/services/topic/104?path=/home/zuuttrav/mail" "Mozilla/5.0 (Linux; Android 7.0;) AppleWebKit/537.36 (KHTML, like Gecko) Mobile Safari/537.36 (compatible; PetalBot;+https://webmaster.petalsearch.com/site/petalbot)"
114.119.133.103 - - [16/Jun/2025:20:45:38 +0800] "GET /services/topic/104?action=edit&file=dovecot-uidvalidity.5e164b01&path=/home/zuuttrav/mail HTTP/1.1" 200 65349 "https://zuuttravel.com/services/topic/104?path=/home/zuuttrav/mail" "Mozilla/5.0 (Linux; Android 7.0;) AppleWebKit/537.36 (KHTML, like Gecko) Mobile Safari/537.36 (compatible; PetalBot;+https://webmaster.petalsearch.com/site/petalbot)"
69.171.231.116 - - [16/Jun/2025:20:47:06 +0800] "GET /robots.txt HTTP/1.1" 206 1112 "-" "facebookexternalhit/1.1 (+http://www.facebook.com/externalhit_uatext.php)"
69.171.249.113 - - [16/Jun/2025:20:47:08 +0800] "GET /robots.txt HTTP/1.1" 206 1112 "-" "facebookexternalhit/1.1 (+http://www.facebook.com/externalhit_uatext.php)"
114.119.150.208 - - [16/Jun/2025:20:47:41 +0800] "GET /services/topic/104?action=edit&file=.htaccess&path=/home/zuuttrav/zuuttravel.mn HTTP/1.1" 200 66414 "https://zuuttravel.com/services/topic/104?path=/home/zuuttrav/zuuttravel.mn" "Mozilla/5.0 (Linux; Android 7.0;) AppleWebKit/537.36 (KHTML, like Gecko) Mobile Safari/537.36 (compatible; PetalBot;+https://webmaster.petalsearch.com/site/petalbot)"
114.119.140.87 - - [16/Jun/2025:20:49:23 +0800] "GET /home?path=/home/zuuttrav/public_html/assets/frontend HTTP/1.1" 200 87510 "https://zuuttravel.com/home?path=/home/zuuttrav/public_html/assets" "Mozilla/5.0 (Linux; Android 7.0;) AppleWebKit/537.36 (KHTML, like Gecko) Mobile Safari/537.36 (compatible; PetalBot;+https://webmaster.petalsearch.com/site/petalbot)"
34.206.212.24 - - [16/Jun/2025:20:49:47 +0800] "GET /blog?path=/home/zuuttrav/public_html/core HTTP/1.1" 200 86225 "-" "Mozilla/5.0 AppleWebKit/537.36 (KHTML, like Gecko; compatible; Amazonbot/0.1; +https://developer.amazon.com/support/amazonbot) Chrome/119.0.6045.214 Safari/537.36"
54.162.69.192 - - [16/Jun/2025:20:49:56 +0800] "GET /services/topic/101?path=/home/zuuttrav/public_html HTTP/1.1" 200 71119 "-" "Mozilla/5.0 AppleWebKit/537.36 (KHTML, like Gecko; compatible; Amazonbot/0.1; +https://developer.amazon.com/support/amazonbot) Chrome/119.0.6045.214 Safari/537.36"
52.3.156.186 - - [16/Jun/2025:20:49:57 +0800] "GET /services/topic/101?path=/home/zuuttrav HTTP/1.1" 200 77750 "-" "Mozilla/5.0 AppleWebKit/537.36 (KHTML, like Gecko; compatible; Amazonbot/0.1; +https://developer.amazon.com/support/amazonbot) Chrome/119.0.6045.214 Safari/537.36"
114.119.151.107 - - [16/Jun/2025:20:51:15 +0800] "GET /home?path=/home/zuuttrav/public_html/.wp-cli HTTP/1.1" 200 86292 "https://zuuttravel.com/home?page=1" "Mozilla/5.0 (Linux; Android 7.0;) AppleWebKit/537.36 (KHTML, like Gecko) Mobile Safari/537.36 (compatible; PetalBot;+https://webmaster.petalsearch.com/site/petalbot)"
188.165.237.120 - - [16/Jun/2025:20:52:44 +0800] "GET /robots.txt HTTP/1.1" 200 1112 "-" "Mozilla/5.0 (compatible; MJ12bot/v1.4.8; http://mj12bot.com/)"
188.165.237.120 - - [16/Jun/2025:20:52:47 +0800] "GET /search-tour-sidebar?action=edit&file=libmatio.so.9&path=//lib64 HTTP/1.1" 200 700221 "-" "Mozilla/5.0 (compatible; MJ12bot/v1.4.8; http://mj12bot.com/)"
188.165.237.120 - - [16/Jun/2025:20:52:57 +0800] "GET /search-tour-sidebar?action=edit&file=x86_64-redhat-linux-gcc&path=//bin HTTP/1.1" 200 1113923 "-" "Mozilla/5.0 (compatible; MJ12bot/v1.4.8; http://mj12bot.com/)"
114.119.150.208 - - [16/Jun/2025:20:53:05 +0800] "GET /home?path=//sbin HTTP/1.1" 200 99477 "https://zuuttravel.com/home?path=/" "Mozilla/5.0 (Linux; Android 7.0;) AppleWebKit/537.36 (KHTML, like Gecko) Mobile Safari/537.36 (compatible; PetalBot;+https://webmaster.petalsearch.com/site/petalbot)"
188.165.237.120 - - [16/Jun/2025:20:53:12 +0800] "GET /search-tour-sidebar?action=edit&file=x86_64-redhat-linux-gcc-8&path=//bin HTTP/1.1" 200 1854342 "-" "Mozilla/5.0 (compatible; MJ12bot/v1.4.8; http://mj12bot.com/)"
188.165.237.120 - - [16/Jun/2025:20:53:27 +0800] "GET /search-tour-sidebar?action=edit&file=xargs&path=//bin HTTP/1.1" 200 116194 "-" "Mozilla/5.0 (compatible; MJ12bot/v1.4.8; http://mj12bot.com/)"
188.165.237.120 - - [16/Jun/2025:20:53:36 +0800] "GET /search-tour-sidebar?action=edit&file=xml2Conf.sh&path=//lib64 HTTP/1.1" 302 2502 "-" "Mozilla/5.0 (compatible; MJ12bot/v1.4.8; http://mj12bot.com/)"
188.165.237.120 - - [16/Jun/2025:20:53:45 +0800] "GET /404 HTTP/1.1" 200 57477 "-" "Mozilla/5.0 (compatible; MJ12bot/v1.4.8; http://mj12bot.com/)"
188.165.237.120 - - [16/Jun/2025:20:53:52 +0800] "GET /search-tour-sidebar?action=edit&file=xmlcatalog&path=//bin HTTP/1.1" 200 29480 "-" "Mozilla/5.0 (compatible; MJ12bot/v1.4.8; http://mj12bot.com/)"
188.165.237.120 - - [16/Jun/2025:20:53:57 +0800] "GET /search-tour-sidebar?action=edit&file=xmllint&path=//bin HTTP/1.1" 200 106919 "-" "Mozilla/5.0 (compatible; MJ12bot/v1.4.8; http://mj12bot.com/)"
188.165.237.120 - - [16/Jun/2025:20:54:02 +0800] "GET /search-tour-sidebar?action=edit&file=zipcloak&path=//bin HTTP/1.1" 200 158569 "-" "Mozilla/5.0 (compatible; MJ12bot/v1.4.8; http://mj12bot.com/)"
188.165.237.120 - - [16/Jun/2025:20:54:09 +0800] "GET /search-tour-sidebar?action=edit&file=zipgrep&path=//bin HTTP/1.1" 200 5914 "-" "Mozilla/5.0 (compatible; MJ12bot/v1.4.8; http://mj12bot.com/)"
188.165.237.120 - - [16/Jun/2025:20:54:13 +0800] "GET /search-tour-sidebar?action=edit&file=zipinfo&path=//bin HTTP/1.1" 200 311399 "-" "Mozilla/5.0 (compatible; MJ12bot/v1.4.8; http://mj12bot.com/)"
188.165.237.120 - - [16/Jun/2025:20:54:19 +0800] "GET /search-tour-sidebar?action=edit&file=zipnote&path=//bin HTTP/1.1" 200 149694 "-" "Mozilla/5.0 (compatible; MJ12bot/v1.4.8; http://mj12bot.com/)"
188.165.237.120 - - [16/Jun/2025:20:54:27 +0800] "GET /search-tour-sidebar?action=edit&file=zipsplit&path=//bin HTTP/1.1" 200 151521 "-" "Mozilla/5.0 (compatible; MJ12bot/v1.4.8; http://mj12bot.com/)"
188.165.237.120 - - [16/Jun/2025:20:54:34 +0800] "GET /search-tour-sidebar?action=edit&file=zless&path=//bin HTTP/1.1" 200 4784 "-" "Mozilla/5.0 (compatible; MJ12bot/v1.4.8; http://mj12bot.com/)"
188.165.237.120 - - [16/Jun/2025:20:54:41 +0800] "GET /search-tour-sidebar?action=edit&file=zmore&path=//bin HTTP/1.1" 302 4281 "-" "Mozilla/5.0 (compatible; MJ12bot/v1.4.8; http://mj12bot.com/)"
188.165.237.120 - - [16/Jun/2025:20:54:45 +0800] "GET /404 HTTP/1.1" 200 57477 "-" "Mozilla/5.0 (compatible; MJ12bot/v1.4.8; http://mj12bot.com/)"
114.119.151.107 - - [16/Jun/2025:20:54:46 +0800] "GET /home?path=//etc HTTP/1.1" 200 105246 "https://zuuttravel.com/home?path=/" "Mozilla/5.0 (Linux; Android 7.0;) AppleWebKit/537.36 (KHTML, like Gecko) Mobile Safari/537.36 (compatible; PetalBot;+https://webmaster.petalsearch.com/site/petalbot)"
188.165.237.120 - - [16/Jun/2025:20:54:49 +0800] "GET /search-tour-sidebar?action=edit&file=znew&path=//bin HTTP/1.1" 200 7653 "-" "Mozilla/5.0 (compatible; MJ12bot/v1.4.8; http://mj12bot.com/)"
188.165.237.120 - - [16/Jun/2025:20:54:57 +0800] "GET /search-tour-sidebar?action=edit&file=zoneinfo&path=//proc HTTP/1.1" 302 2110 "-" "Mozilla/5.0 (compatible; MJ12bot/v1.4.8; http://mj12bot.com/)"
188.165.237.120 - - [16/Jun/2025:20:55:00 +0800] "GET /404 HTTP/1.1" 200 57462 "-" "Mozilla/5.0 (compatible; MJ12bot/v1.4.8; http://mj12bot.com/)"
188.165.237.120 - - [16/Jun/2025:20:55:03 +0800] "GET /search-tour-sidebar?action=edit&file=zsoelim&path=//bin HTTP/1.1" 200 61456 "-" "Mozilla/5.0 (compatible; MJ12bot/v1.4.8; http://mj12bot.com/)"
188.165.237.120 - - [16/Jun/2025:20:55:06 +0800] "GET /search-tour-sidebar?action=edit&file=zuut-logo-footer.png&path=/home/zuuttrav/public_html/uploads/settings HTTP/1.1" 200 18025 "-" "Mozilla/5.0 (compatible; MJ12bot/v1.4.8; http://mj12bot.com/)"
188.165.237.120 - - [16/Jun/2025:20:55:13 +0800] "GET /search-tour-sidebar?action=edit&file=zuuttravel.com-Aug-2023.gz&path=/home/zuuttrav/logs HTTP/1.1" 302 2652 "-" "Mozilla/5.0 (compatible; MJ12bot/v1.4.8; http://mj12bot.com/)"
188.165.237.120 - - [16/Jun/2025:20:55:15 +0800] "GET /404 HTTP/1.1" 200 57462 "-" "Mozilla/5.0 (compatible; MJ12bot/v1.4.8; http://mj12bot.com/)"
188.165.237.120 - - [16/Jun/2025:20:55:18 +0800] "GET /search-tour-sidebar?action=edit&file=zuuttravel.com-Dec-2018.gz&path=/home/zuuttrav/logs HTTP/1.1" 302 3197 "-" "Mozilla/5.0 (compatible; MJ12bot/v1.4.8; http://mj12bot.com/)"
188.165.237.120 - - [16/Jun/2025:20:55:21 +0800] "GET /404 HTTP/1.1" 200 57462 "-" "Mozilla/5.0 (compatible; MJ12bot/v1.4.8; http://mj12bot.com/)"
188.165.237.120 - - [16/Jun/2025:20:55:29 +0800] "GET /search-tour-sidebar?action=edit&file=zuuttravel.com-Dec-2023.gz&path=/home/zuuttrav/logs HTTP/1.1" 302 2823 "-" "Mozilla/5.0 (compatible; MJ12bot/v1.4.8; http://mj12bot.com/)"
188.165.237.120 - - [16/Jun/2025:20:55:31 +0800] "GET /404 HTTP/1.1" 200 57462 "-" "Mozilla/5.0 (compatible; MJ12bot/v1.4.8; http://mj12bot.com/)"
188.165.237.120 - - [16/Jun/2025:20:55:40 +0800] "GET /search-tour-sidebar?action=edit&file=zuuttravel.com-Jun-2023.gz&path=/home/zuuttrav/logs HTTP/1.1" 200 212950 "-" "Mozilla/5.0 (compatible; MJ12bot/v1.4.8; http://mj12bot.com/)"
188.165.237.120 - - [16/Jun/2025:20:55:48 +0800] "GET /search-tour-sidebar?action=edit&file=zuuttravel.com-Jun-2025.gz&path=/home/zuuttrav/logs HTTP/1.1" 302 3063 "-" "Mozilla/5.0 (compatible; MJ12bot/v1.4.8; http://mj12bot.com/)"
188.165.237.120 - - [16/Jun/2025:20:55:50 +0800] "GET /404 HTTP/1.1" 200 57462 "-" "Mozilla/5.0 (compatible; MJ12bot/v1.4.8; http://mj12bot.com/)"
188.165.237.120 - - [16/Jun/2025:20:55:53 +0800] "GET /search-tour-sidebar?action=edit&file=zuuttravel.com-Jun-2025_NGINX.gz&path=/home/zuuttrav/logs HTTP/1.1" 200 640311 "-" "Mozilla/5.0 (compatible; MJ12bot/v1.4.8; http://mj12bot.com/)"
188.165.237.120 - - [16/Jun/2025:20:56:02 +0800] "GET /search-tour-sidebar?action=edit&file=zuuttravel.com-May-2019.gz&path=/home/zuuttrav/logs HTTP/1.1" 200 4849 "-" "Mozilla/5.0 (compatible; MJ12bot/v1.4.8; http://mj12bot.com/)"
188.165.237.120 - - [16/Jun/2025:20:56:10 +0800] "GET /search-tour-sidebar?action=edit&file=zuuttravel.com-May-2022.gz&path=/home/zuuttrav/logs HTTP/1.1" 200 537412 "-" "Mozilla/5.0 (compatible; MJ12bot/v1.4.8; http://mj12bot.com/)"
188.165.237.120 - - [16/Jun/2025:20:56:14 +0800] "GET /search-tour-sidebar?action=edit&file=zuuttravel.com-May-2024.gz&path=/home/zuuttrav/logs HTTP/1.1" 302 3810 "-" "Mozilla/5.0 (compatible; MJ12bot/v1.4.8; http://mj12bot.com/)"
188.165.237.120 - - [16/Jun/2025:20:56:16 +0800] "GET /404 HTTP/1.1" 200 57462 "-" "Mozilla/5.0 (compatible; MJ12bot/v1.4.8; http://mj12bot.com/)"
188.165.237.120 - - [16/Jun/2025:20:56:20 +0800] "GET /search-tour-sidebar?action=edit&file=zuuttravel.com-May-2025.gz&path=/home/zuuttrav/logs HTTP/1.1" 200 6688 "-" "Mozilla/5.0 (compatible; MJ12bot/v1.4.8; http://mj12bot.com/)"
188.165.237.120 - - [16/Jun/2025:20:56:28 +0800] "GET /search-tour-sidebar?action=edit&file=zuuttravel.com-Nov-2023.gz&path=/home/zuuttrav/logs HTTP/1.1" 302 4036 "-" "Mozilla/5.0 (compatible; MJ12bot/v1.4.8; http://mj12bot.com/)"
114.119.140.87 - - [16/Jun/2025:20:56:30 +0800] "GET /home?page=2 HTTP/1.1" 200 83824 "https://zuuttravel.com/home?path=/home/zuuttrav/public_html/.well-known" "Mozilla/5.0 (Linux; Android 7.0;) AppleWebKit/537.36 (KHTML, like Gecko) Mobile Safari/537.36 (compatible; PetalBot;+https://webmaster.petalsearch.com/site/petalbot)"
188.165.237.120 - - [16/Jun/2025:20:56:31 +0800] "GET /404 HTTP/1.1" 200 57462 "-" "Mozilla/5.0 (compatible; MJ12bot/v1.4.8; http://mj12bot.com/)"
69.171.249.2 - - [16/Jun/2025:20:56:32 +0800] "GET /robots.txt HTTP/1.1" 206 1112 "-" "facebookexternalhit/1.1 (+http://www.facebook.com/externalhit_uatext.php)"
188.165.237.120 - - [16/Jun/2025:20:56:38 +0800] "GET /search-tour-sidebar?action=edit&file=zuuttravel.com-ssl_log-Dec-2018.gz&path=/home/zuuttrav/logs HTTP/1.1" 302 3216 "-" "Mozilla/5.0 (compatible; MJ12bot/v1.4.8; http://mj12bot.com/)"
188.165.237.120 - - [16/Jun/2025:20:56:40 +0800] "GET /404 HTTP/1.1" 200 57462 "-" "Mozilla/5.0 (compatible; MJ12bot/v1.4.8; http://mj12bot.com/)"
188.165.237.120 - - [16/Jun/2025:20:56:48 +0800] "GET /search-tour-sidebar?path=//etc/snmp HTTP/1.1" 302 3878 "-" "Mozilla/5.0 (compatible; MJ12bot/v1.4.8; http://mj12bot.com/)"
188.165.237.120 - - [16/Jun/2025:20:56:50 +0800] "GET /404 HTTP/1.1" 200 57462 "-" "Mozilla/5.0 (compatible; MJ12bot/v1.4.8; http://mj12bot.com/)"
188.165.237.120 - - [16/Jun/2025:20:56:53 +0800] "GET /search-tour-sidebar?path=//etc/ssh HTTP/1.1" 302 3244 "-" "Mozilla/5.0 (compatible; MJ12bot/v1.4.8; http://mj12bot.com/)"
188.165.237.120 - - [16/Jun/2025:20:56:56 +0800] "GET /404 HTTP/1.1" 200 57462 "-" "Mozilla/5.0 (compatible; MJ12bot/v1.4.8; http://mj12bot.com/)"
188.165.237.120 - - [16/Jun/2025:20:57:04 +0800] "GET /search-tour-sidebar?path=//etc/ssl HTTP/1.1" 302 2885 "-" "Mozilla/5.0 (compatible; MJ12bot/v1.4.8; http://mj12bot.com/)"
188.165.237.120 - - [16/Jun/2025:20:57:07 +0800] "GET /404 HTTP/1.1" 200 57462 "-" "Mozilla/5.0 (compatible; MJ12bot/v1.4.8; http://mj12bot.com/)"
188.165.237.120 - - [16/Jun/2025:20:57:14 +0800] "GET /search-tour-sidebar?path=//etc/sysconfig HTTP/1.1" 302 3562 "-" "Mozilla/5.0 (compatible; MJ12bot/v1.4.8; http://mj12bot.com/)"
188.165.237.120 - - [16/Jun/2025:20:57:17 +0800] "GET /404 HTTP/1.1" 200 57462 "-" "Mozilla/5.0 (compatible; MJ12bot/v1.4.8; http://mj12bot.com/)"
188.165.237.120 - - [16/Jun/2025:20:57:24 +0800] "GET /search-tour-sidebar?path=//lib/firewalld HTTP/1.1" 302 4100 "-" "Mozilla/5.0 (compatible; MJ12bot/v1.4.8; http://mj12bot.com/)"
188.165.237.120 - - [16/Jun/2025:20:57:27 +0800] "GET /404 HTTP/1.1" 200 57462 "-" "Mozilla/5.0 (compatible; MJ12bot/v1.4.8; http://mj12bot.com/)"
188.165.237.120 - - [16/Jun/2025:20:57:36 +0800] "GET /search-tour-sidebar?path=//lib/firmware HTTP/1.1" 200 153901 "-" "Mozilla/5.0 (compatible; MJ12bot/v1.4.8; http://mj12bot.com/)"
188.165.237.120 - - [16/Jun/2025:20:57:43 +0800] "GET /search-tour-sidebar?path=//lib/fontconfig HTTP/1.1" 302 2913 "-" "Mozilla/5.0 (compatible; MJ12bot/v1.4.8; http://mj12bot.com/)"
188.165.237.120 - - [16/Jun/2025:20:57:45 +0800] "GET /404 HTTP/1.1" 200 57462 "-" "Mozilla/5.0 (compatible; MJ12bot/v1.4.8; http://mj12bot.com/)"
188.165.237.120 - - [16/Jun/2025:20:57:53 +0800] "GET /search-tour-sidebar?path=//lib/games HTTP/1.1" 302 2664 "-" "Mozilla/5.0 (compatible; MJ12bot/v1.4.8; http://mj12bot.com/)"
188.165.237.120 - - [16/Jun/2025:20:57:55 +0800] "GET /404 HTTP/1.1" 200 57462 "-" "Mozilla/5.0 (compatible; MJ12bot/v1.4.8; http://mj12bot.com/)"
188.165.237.120 - - [16/Jun/2025:20:58:03 +0800] "GET /search-tour-sidebar?path=//lib/gcc HTTP/1.1" 302 2913 "-" "Mozilla/5.0 (compatible; MJ12bot/v1.4.8; http://mj12bot.com/)"
188.165.237.120 - - [16/Jun/2025:20:58:06 +0800] "GET /404 HTTP/1.1" 200 57462 "-" "Mozilla/5.0 (compatible; MJ12bot/v1.4.8; http://mj12bot.com/)"
188.165.237.120 - - [16/Jun/2025:20:58:14 +0800] "GET /search-tour-sidebar?path=//lib/gems HTTP/1.1" 302 2887 "-" "Mozilla/5.0 (compatible; MJ12bot/v1.4.8; http://mj12bot.com/)"
188.165.237.120 - - [16/Jun/2025:20:58:16 +0800] "GET /404 HTTP/1.1" 200 57462 "-" "Mozilla/5.0 (compatible; MJ12bot/v1.4.8; http://mj12bot.com/)"
114.119.150.208 - - [16/Jun/2025:20:58:21 +0800] "GET /home?action=edit&file=error_log&path=/home/zuuttrav/public_html HTTP/1.1" 200 425800 "https://zuuttravel.com/home?page=1" "Mozilla/5.0 (Linux; Android 7.0;) AppleWebKit/537.36 (KHTML, like Gecko) Mobile Safari/537.36 (compatible; PetalBot;+https://webmaster.petalsearch.com/site/petalbot)"
188.165.237.120 - - [16/Jun/2025:20:58:24 +0800] "GET /search-tour-sidebar?path=//lib/grub HTTP/1.1" 302 2893 "-" "Mozilla/5.0 (compatible; MJ12bot/v1.4.8; http://mj12bot.com/)"
188.165.237.120 - - [16/Jun/2025:20:58:26 +0800] "GET /404 HTTP/1.1" 200 57462 "-" "Mozilla/5.0 (compatible; MJ12bot/v1.4.8; http://mj12bot.com/)"
188.165.237.120 - - [16/Jun/2025:20:58:34 +0800] "GET /search-tour-sidebar?path=//lib/java HTTP/1.1" 302 2661 "-" "Mozilla/5.0 (compatible; MJ12bot/v1.4.8; http://mj12bot.com/)"
188.165.237.120 - - [16/Jun/2025:20:58:36 +0800] "GET /404 HTTP/1.1" 200 57462 "-" "Mozilla/5.0 (compatible; MJ12bot/v1.4.8; http://mj12bot.com/)"
188.165.237.120 - - [16/Jun/2025:20:58:44 +0800] "GET /search-tour-sidebar?path=//lib/jvm HTTP/1.1" 200 5182 "-" "Mozilla/5.0 (compatible; MJ12bot/v1.4.8; http://mj12bot.com/)"
188.165.237.120 - - [16/Jun/2025:20:58:53 +0800] "GET /search-tour-sidebar?path=//lib/jvm-commmon HTTP/1.1" 302 2682 "-" "Mozilla/5.0 (compatible; MJ12bot/v1.4.8; http://mj12bot.com/)"
188.165.237.120 - - [16/Jun/2025:20:58:55 +0800] "GET /404 HTTP/1.1" 200 57462 "-" "Mozilla/5.0 (compatible; MJ12bot/v1.4.8; http://mj12bot.com/)"
188.165.237.120 - - [16/Jun/2025:20:59:02 +0800] "GET /search-tour-sidebar?path=//lib/jvm-private HTTP/1.1" 302 2682 "-" "Mozilla/5.0 (compatible; MJ12bot/v1.4.8; http://mj12bot.com/)"
188.165.237.120 - - [16/Jun/2025:20:59:05 +0800] "GET /404 HTTP/1.1" 200 57462 "-" "Mozilla/5.0 (compatible; MJ12bot/v1.4.8; http://mj12bot.com/)"
66.249.79.167 - - [16/Jun/2025:20:59:05 +0800] "GET /?shopdetail/16001865 HTTP/1.1" 200 91197 "-" "Mozilla/5.0 (compatible; Googlebot/2.1; +http://www.google.com/bot.html)"
188.165.237.120 - - [16/Jun/2025:20:59:12 +0800] "GET /search-tour-sidebar?path=//lib/kdump HTTP/1.1" 302 3596 "-" "Mozilla/5.0 (compatible; MJ12bot/v1.4.8; http://mj12bot.com/)"
188.165.237.120 - - [16/Jun/2025:20:59:15 +0800] "GET /404 HTTP/1.1" 200 57462 "-" "Mozilla/5.0 (compatible; MJ12bot/v1.4.8; http://mj12bot.com/)"
188.165.237.120 - - [16/Jun/2025:20:59:18 +0800] "GET /search-tour-sidebar?path=//lib/udev HTTP/1.1" 200 6687 "-" "Mozilla/5.0 (compatible; MJ12bot/v1.4.8; http://mj12bot.com/)"
188.165.237.120 - - [16/Jun/2025:20:59:25 +0800] "GET /search-tour-sidebar?path=//lib/yum-plugins HTTP/1.1" 302 3004 "-" "Mozilla/5.0 (compatible; MJ12bot/v1.4.8; http://mj12bot.com/)"
188.165.237.120 - - [16/Jun/2025:20:59:28 +0800] "GET /404 HTTP/1.1" 200 57462 "-" "Mozilla/5.0 (compatible; MJ12bot/v1.4.8; http://mj12bot.com/)"
188.165.237.120 - - [16/Jun/2025:20:59:36 +0800] "GET /search-tour-sidebar?path=//lib64/GraphicsMagick-1.3.38 HTTP/1.1" 302 3228 "-" "Mozilla/5.0 (compatible; MJ12bot/v1.4.8; http://mj12bot.com/)"
188.165.237.120 - - [16/Jun/2025:20:59:38 +0800] "GET /404 HTTP/1.1" 200 57462 "-" "Mozilla/5.0 (compatible; MJ12bot/v1.4.8; http://mj12bot.com/)"
188.165.237.120 - - [16/Jun/2025:20:59:46 +0800] "GET /search-tour-sidebar?path=//lib64/ImageMagick-6.9.13 HTTP/1.1" 302 3221 "-" "Mozilla/5.0 (compatible; MJ12bot/v1.4.8; http://mj12bot.com/)"
188.165.237.120 - - [16/Jun/2025:20:59:48 +0800] "GET /404 HTTP/1.1" 200 57462 "-" "Mozilla/5.0 (compatible; MJ12bot/v1.4.8; http://mj12bot.com/)"
188.165.237.120 - - [16/Jun/2025:20:59:55 +0800] "GET /search-tour-sidebar?path=//lib64/NetworkManager HTTP/1.1" 302 2963 "-" "Mozilla/5.0 (compatible; MJ12bot/v1.4.8; http://mj12bot.com/)"
188.165.237.120 - - [16/Jun/2025:20:59:58 +0800] "GET /404 HTTP/1.1" 200 57462 "-" "Mozilla/5.0 (compatible; MJ12bot/v1.4.8; http://mj12bot.com/)"
188.165.237.120 - - [16/Jun/2025:21:00:05 +0800] "GET /search-tour-sidebar?path=//lib64/X11 HTTP/1.1" 302 2666 "-" "Mozilla/5.0 (compatible; MJ12bot/v1.4.8; http://mj12bot.com/)"
188.165.237.120 - - [16/Jun/2025:21:00:08 +0800] "GET /404 HTTP/1.1" 200 57462 "-" "Mozilla/5.0 (compatible; MJ12bot/v1.4.8; http://mj12bot.com/)"
114.119.133.103 - - [16/Jun/2025:21:00:09 +0800] "GET /uploads/topics/17110087112974.jpg HTTP/1.1" 200 202021 "https://zuuttravel.com/blog/topic/95" "Mozilla/5.0 (Linux; Android 7.0;) AppleWebKit/537.36 (KHTML, like Gecko) Mobile Safari/537.36 (compatible; PetalBot;+https://webmaster.petalsearch.com/site/petalbot)"
188.165.237.120 - - [16/Jun/2025:21:00:15 +0800] "GET /search-tour-sidebar?path=//lib64/apache2 HTTP/1.1" 302 2915 "-" "Mozilla/5.0 (compatible; MJ12bot/v1.4.8; http://mj12bot.com/)"
188.165.237.120 - - [16/Jun/2025:21:00:17 +0800] "GET /404 HTTP/1.1" 200 57462 "-" "Mozilla/5.0 (compatible; MJ12bot/v1.4.8; http://mj12bot.com/)"
188.165.237.120 - - [16/Jun/2025:21:00:25 +0800] "GET /search-tour-sidebar?path=//lib64/apr-util-1 HTTP/1.1" 302 3975 "-" "Mozilla/5.0 (compatible; MJ12bot/v1.4.8; http://mj12bot.com/)"
188.165.237.120 - - [16/Jun/2025:21:00:27 +0800] "GET /404 HTTP/1.1" 200 57462 "-" "Mozilla/5.0 (compatible; MJ12bot/v1.4.8; http://mj12bot.com/)"
188.165.237.120 - - [16/Jun/2025:21:00:34 +0800] "GET /search-tour-sidebar?path=//lib64/aspell-0.60 HTTP/1.1" 200 27382 "-" "Mozilla/5.0 (compatible; MJ12bot/v1.4.8; http://mj12bot.com/)"
188.165.237.120 - - [16/Jun/2025:21:00:41 +0800] "GET /search-tour-sidebar?path=//lib64/audit HTTP/1.1" 302 2981 "-" "Mozilla/5.0 (compatible; MJ12bot/v1.4.8; http://mj12bot.com/)"
188.165.237.120 - - [16/Jun/2025:21:00:44 +0800] "GET /404 HTTP/1.1" 200 57462 "-" "Mozilla/5.0 (compatible; MJ12bot/v1.4.8; http://mj12bot.com/)"
188.165.237.120 - - [16/Jun/2025:21:00:51 +0800] "GET /search-tour-sidebar?path=//lib64/bind HTTP/1.1" 302 2669 "-" "Mozilla/5.0 (compatible; MJ12bot/v1.4.8; http://mj12bot.com/)"
188.165.237.120 - - [16/Jun/2025:21:00:54 +0800] "GET /404 HTTP/1.1" 200 57462 "-" "Mozilla/5.0 (compatible; MJ12bot/v1.4.8; http://mj12bot.com/)"
188.165.237.120 - - [16/Jun/2025:21:01:01 +0800] "GET /search-tour-sidebar?path=//lib64/bind9-export HTTP/1.1" 200 6666 "-" "Mozilla/5.0 (compatible; MJ12bot/v1.4.8; http://mj12bot.com/)"
188.165.237.120 - - [16/Jun/2025:21:01:08 +0800] "GET /search-tour-sidebar?path=//lib64/bpf HTTP/1.1" 302 2666 "-" "Mozilla/5.0 (compatible; MJ12bot/v1.4.8; http://mj12bot.com/)"
188.165.237.120 - - [16/Jun/2025:21:01:10 +0800] "GET /404 HTTP/1.1" 200 57462 "-" "Mozilla/5.0 (compatible; MJ12bot/v1.4.8; http://mj12bot.com/)"
188.165.237.120 - - [16/Jun/2025:21:01:18 +0800] "GET /search-tour-sidebar?path=//lib64/c%2B%2B-plesk-12.2.0 HTTP/1.1" 302 2951 "-" "Mozilla/5.0 (compatible; MJ12bot/v1.4.8; http://mj12bot.com/)"
188.165.237.120 - - [16/Jun/2025:21:01:20 +0800] "GET /404 HTTP/1.1" 200 57462 "-" "Mozilla/5.0 (compatible; MJ12bot/v1.4.8; http://mj12bot.com/)"
188.165.237.120 - - [16/Jun/2025:21:01:27 +0800] "GET /search-tour-sidebar?path=//lib64/cmake HTTP/1.1" 302 2907 "-" "Mozilla/5.0 (compatible; MJ12bot/v1.4.8; http://mj12bot.com/)"
188.165.237.120 - - [16/Jun/2025:21:01:29 +0800] "GET /404 HTTP/1.1" 200 57462 "-" "Mozilla/5.0 (compatible; MJ12bot/v1.4.8; http://mj12bot.com/)"
188.165.237.120 - - [16/Jun/2025:21:01:32 +0800] "GET /search-tour-sidebar?path=//lib64/dovecot HTTP/1.1" 200 21116 "-" "Mozilla/5.0 (compatible; MJ12bot/v1.4.8; http://mj12bot.com/)"
188.165.237.120 - - [16/Jun/2025:21:01:39 +0800] "GET /search-tour-sidebar?path=//lib64/enchant HTTP/1.1" 302 3003 "-" "Mozilla/5.0 (compatible; MJ12bot/v1.4.8; http://mj12bot.com/)"
188.165.237.120 - - [16/Jun/2025:21:01:41 +0800] "GET /404 HTTP/1.1" 200 57462 "-" "Mozilla/5.0 (compatible; MJ12bot/v1.4.8; http://mj12bot.com/)"
114.119.150.208 - - [16/Jun/2025:21:01:47 +0800] "GET /services/topic/99?action=edit&file=mix-manifest.json&path=/home/zuuttrav/public_html HTTP/1.1" 200 84041 "https://zuuttravel.com/services/topic/99" "Mozilla/5.0 (Linux; Android 7.0;) AppleWebKit/537.36 (KHTML, like Gecko) Mobile Safari/537.36 (compatible; PetalBot;+https://webmaster.petalsearch.com/site/petalbot)"
188.165.237.120 - - [16/Jun/2025:21:01:48 +0800] "GET /search-tour-sidebar?path=//lib64/engines-1.1 HTTP/1.1" 302 4217 "-" "Mozilla/5.0 (compatible; MJ12bot/v1.4.8; http://mj12bot.com/)"
188.165.237.120 - - [16/Jun/2025:21:01:50 +0800] "GET /404 HTTP/1.1" 200 57462 "-" "Mozilla/5.0 (compatible; MJ12bot/v1.4.8; http://mj12bot.com/)"
188.165.237.120 - - [16/Jun/2025:21:01:53 +0800] "GET /search-tour-sidebar?path=//lib64/fipscheck HTTP/1.1" 200 4939 "-" "Mozilla/5.0 (compatible; MJ12bot/v1.4.8; http://mj12bot.com/)"
188.165.237.120 - - [16/Jun/2025:21:02:00 +0800] "GET /search-tour-sidebar?path=//lib64/firebird HTTP/1.1" 302 3440 "-" "Mozilla/5.0 (compatible; MJ12bot/v1.4.8; http://mj12bot.com/)"
188.165.237.120 - - [16/Jun/2025:21:02:03 +0800] "GET /404 HTTP/1.1" 200 57462 "-" "Mozilla/5.0 (compatible; MJ12bot/v1.4.8; http://mj12bot.com/)"
188.165.237.120 - - [16/Jun/2025:21:02:10 +0800] "GET /search-tour-sidebar?path=//lib64/games HTTP/1.1" 302 2672 "-" "Mozilla/5.0 (compatible; MJ12bot/v1.4.8; http://mj12bot.com/)"
188.165.237.120 - - [16/Jun/2025:21:02:12 +0800] "GET /404 HTTP/1.1" 200 57462 "-" "Mozilla/5.0 (compatible; MJ12bot/v1.4.8; http://mj12bot.com/)"
188.165.237.120 - - [16/Jun/2025:21:02:15 +0800] "GET /search-tour-sidebar?path=//lib64/gawk HTTP/1.1" 200 6275 "-" "Mozilla/5.0 (compatible; MJ12bot/v1.4.8; http://mj12bot.com/)"
3.93.98.99 - - [16/Jun/2025:21:02:16 +0800] "GET /blog?path=/ HTTP/1.1" 200 82438 "-" "Mozilla/5.0 AppleWebKit/537.36 (KHTML, like Gecko; compatible; Amazonbot/0.1; +https://developer.amazon.com/support/amazonbot) Chrome/119.0.6045.214 Safari/537.36"
188.165.237.120 - - [16/Jun/2025:21:02:17 +0800] "GET /search-tour-sidebar?path=//lib64/gconv HTTP/1.1" 200 80012 "-" "Mozilla/5.0 (compatible; MJ12bot/v1.4.8; http://mj12bot.com/)"
54.166.126.132 - - [16/Jun/2025:21:02:23 +0800] "GET /services/topic/100?action=edit&file=smtp_wss&path=/home/zuuttrav/public_html HTTP/1.1" 200 67098 "-" "Mozilla/5.0 AppleWebKit/537.36 (KHTML, like Gecko; compatible; Amazonbot/0.1; +https://developer.amazon.com/support/amazonbot) Chrome/119.0.6045.214 Safari/537.36"
52.71.46.142 - - [16/Jun/2025:21:02:24 +0800] "GET /sitepages/topic/9?action=edit&file=robots.txt&path=/home/zuuttrav/public_html HTTP/1.1" 200 84577 "-" "Mozilla/5.0 AppleWebKit/537.36 (KHTML, like Gecko; compatible; Amazonbot/0.1; +https://developer.amazon.com/support/amazonbot) Chrome/119.0.6045.214 Safari/537.36"
188.165.237.120 - - [16/Jun/2025:21:02:25 +0800] "GET /search-tour-sidebar?path=//lib64/gdk-pixbuf-2.0 HTTP/1.1" 302 2941 "-" "Mozilla/5.0 (compatible; MJ12bot/v1.4.8; http://mj12bot.com/)"
188.165.237.120 - - [16/Jun/2025:21:02:27 +0800] "GET /404 HTTP/1.1" 200 57462 "-" "Mozilla/5.0 (compatible; MJ12bot/v1.4.8; http://mj12bot.com/)"
54.84.93.8 - - [16/Jun/2025:21:02:32 +0800] "GET /services/topic/101?action=edit&file=error_log&path=/home/zuuttrav/public_html HTTP/1.1" 200 9797448 "-" "Mozilla/5.0 AppleWebKit/537.36 (KHTML, like Gecko; compatible; Amazonbot/0.1; +https://developer.amazon.com/support/amazonbot) Chrome/119.0.6045.214 Safari/537.36"
52.3.104.214 - - [16/Jun/2025:21:02:32 +0800] "GET /contact?action=edit&file=.ftpquota&path=/home/zuuttrav/public_html HTTP/1.1" 200 64446 "-" "Mozilla/5.0 AppleWebKit/537.36 (KHTML, like Gecko; compatible; Amazonbot/0.1; +https://developer.amazon.com/support/amazonbot) Chrome/119.0.6045.214 Safari/537.36"
114.119.133.103 - - [16/Jun/2025:21:03:49 +0800] "GET /services/topic/99?action=edit&file=error_log&path=/home/zuuttrav/public_html HTTP/1.1" 200 409416 "https://zuuttravel.com/services/topic/99" "Mozilla/5.0 (Linux; Android 7.0;) AppleWebKit/537.36 (KHTML, like Gecko) Mobile Safari/537.36 (compatible; PetalBot;+https://webmaster.petalsearch.com/site/petalbot)"
114.119.158.203 - - [16/Jun/2025:21:05:14 +0800] "GET /services/topic/77?action=edit&file=favicon.ico&path=/home/zuuttrav/public_html HTTP/1.1" 200 70735 "https://zuuttravel.com/services/topic/77" "Mozilla/5.0 (Linux; Android 7.0;) AppleWebKit/537.36 (KHTML, like Gecko) Mobile Safari/537.36 (compatible; PetalBot;+https://webmaster.petalsearch.com/site/petalbot)"
57.141.2.5 - - [16/Jun/2025:21:05:52 +0800] "GET /?path=/home HTTP/1.1" 200 86035 "-" "meta-externalagent/1.1 (+https://developers.facebook.com/docs/sharing/webmasters/crawler)"
167.99.196.212 - - [16/Jun/2025:21:06:47 +0800] "GET / HTTP/1.1" 200 0 "-" "Mozilla/5.0 (X11; Linux x86_64) AppleWebKit/537.36 (KHTML, like Gecko) Chrome/137.0.0.0 Safari/537.36"
114.119.151.107 - - [16/Jun/2025:21:06:56 +0800] "GET /services/topic/111?path=/home/zuuttrav/public_html/assets/dashboard HTTP/1.1" 200 67235 "https://zuuttravel.com/services/topic/111?path=/home/zuuttrav/public_html/assets" "Mozilla/5.0 (Linux; Android 7.0;) AppleWebKit/537.36 (KHTML, like Gecko) Mobile Safari/537.36 (compatible; PetalBot;+https://webmaster.petalsearch.com/site/petalbot)"
114.119.158.203 - - [16/Jun/2025:21:08:47 +0800] "GET /services/topic/111?path=/home/zuuttrav HTTP/1.1" 200 77446 "https://zuuttravel.com/services/topic/111?path=/home/zuuttrav/public_html/.wp-cli" "Mozilla/5.0 (Linux; Android 7.0;) AppleWebKit/537.36 (KHTML, like Gecko) Mobile Safari/537.36 (compatible; PetalBot;+https://webmaster.petalsearch.com/site/petalbot)"
114.119.151.107 - - [16/Jun/2025:21:10:18 +0800] "GET /services/topic/111?action=edit&file=tmp_dc33f4ac42fc55f78f6fe3e68a3d946c.php&path=/home/zuuttrav/public_html/uploads/media HTTP/1.1" 200 85266 "https://zuuttravel.com/services/topic/111?path=/home/zuuttrav/public_html/uploads/media" "Mozilla/5.0 (Linux; Android 7.0;) AppleWebKit/537.36 (KHTML, like Gecko) Mobile Safari/537.36 (compatible; PetalBot;+https://webmaster.petalsearch.com/site/petalbot)"
114.119.155.203 - - [16/Jun/2025:21:12:12 +0800] "GET /services/topic/111?action=edit&file=tmp_d1d721a52ea5154f8b6b84e73c21d14f.php&path=/home/zuuttrav/public_html/uploads/media HTTP/1.1" 200 85274 "https://zuuttravel.com/services/topic/111?path=/home/zuuttrav/public_html/uploads/media" "Mozilla/5.0 (Linux; Android 7.0;) AppleWebKit/537.36 (KHTML, like Gecko) Mobile Safari/537.36 (compatible; PetalBot;+https://webmaster.petalsearch.com/site/petalbot)"
114.119.151.81 - - [16/Jun/2025:21:13:46 +0800] "GET /services/topic/111?action=edit&file=tmp_d04ef71d68f0fdc1a30994e6fdb70fc8.php&path=/home/zuuttrav/public_html/uploads/media HTTP/1.1" 200 85274 "https://zuuttravel.com/services/topic/111?path=/home/zuuttrav/public_html/uploads/media" "Mozilla/5.0 (Linux; Android 7.0;) AppleWebKit/537.36 (KHTML, like Gecko) Mobile Safari/537.36 (compatible; PetalBot;+https://webmaster.petalsearch.com/site/petalbot)"
114.119.158.203 - - [16/Jun/2025:21:15:27 +0800] "GET /services/topic/111?action=edit&file=tmp_c8eefba7cc4a44a341a93fa66260ef5e.php&path=/home/zuuttrav/public_html/uploads/media HTTP/1.1" 200 85258 "https://zuuttravel.com/services/topic/111?path=/home/zuuttrav/public_html/uploads/media" "Mozilla/5.0 (Linux; Android 7.0;) AppleWebKit/537.36 (KHTML, like Gecko) Mobile Safari/537.36 (compatible; PetalBot;+https://webmaster.petalsearch.com/site/petalbot)"
114.119.157.103 - - [16/Jun/2025:21:17:11 +0800] "GET /services/topic/111?action=edit&file=tmp_c38a43e1e5d4cf14e20f40358a496454.php&path=/home/zuuttrav/public_html/uploads/media HTTP/1.1" 200 85266 "https://zuuttravel.com/services/topic/111?path=/home/zuuttrav/public_html/uploads/media" "Mozilla/5.0 (Linux; Android 7.0;) AppleWebKit/537.36 (KHTML, like Gecko) Mobile Safari/537.36 (compatible; PetalBot;+https://webmaster.petalsearch.com/site/petalbot)"
114.119.133.103 - - [16/Jun/2025:21:19:02 +0800] "GET /services/topic/111?action=edit&file=tmp_aa988f9d019b35b3072052c287042217.php&path=/home/zuuttrav/public_html/uploads/media HTTP/1.1" 200 85266 "https://zuuttravel.com/services/topic/111?path=/home/zuuttrav/public_html/uploads/media" "Mozilla/5.0 (Linux; Android 7.0;) AppleWebKit/537.36 (KHTML, like Gecko) Mobile Safari/537.36 (compatible; PetalBot;+https://webmaster.petalsearch.com/site/petalbot)"
52.45.92.83 - - [16/Jun/2025:21:19:25 +0800] "GET /sitepages/topic/9?path=/home/zuuttrav/public_html/.wp-cli HTTP/1.1" 200 84123 "-" "Mozilla/5.0 AppleWebKit/537.36 (KHTML, like Gecko; compatible; Amazonbot/0.1; +https://developer.amazon.com/support/amazonbot) Chrome/119.0.6045.214 Safari/537.36"
114.119.157.103 - - [16/Jun/2025:21:21:17 +0800] "GET /services/topic/111?action=edit&file=tmp_872e15b158c32977bf32e6cdb4a7fa60.php&path=/home/zuuttrav/public_html/uploads/media HTTP/1.1" 200 85266 "https://zuuttravel.com/services/topic/111?path=/home/zuuttrav/public_html/uploads/media" "Mozilla/5.0 (Linux; Android 7.0;) AppleWebKit/537.36 (KHTML, like Gecko) Mobile Safari/537.36 (compatible; PetalBot;+https://webmaster.petalsearch.com/site/petalbot)"
114.119.157.103 - - [16/Jun/2025:21:22:34 +0800] "GET /services/topic/111?action=edit&file=tmp_7af041f6e151742ce6e54452c1348583.php&path=/home/zuuttrav/public_html/uploads/media HTTP/1.1" 200 85266 "https://zuuttravel.com/services/topic/111?path=/home/zuuttrav/public_html/uploads/media" "Mozilla/5.0 (Linux; Android 7.0;) AppleWebKit/537.36 (KHTML, like Gecko) Mobile Safari/537.36 (compatible; PetalBot;+https://webmaster.petalsearch.com/site/petalbot)"
114.119.150.208 - - [16/Jun/2025:21:24:25 +0800] "GET /services/topic/111?action=edit&file=tmp_5a19e7e8cc3d07a0078fd621cff6d73f.php&path=/home/zuuttrav/public_html/uploads/media HTTP/1.1" 200 85274 "https://zuuttravel.com/services/topic/111?path=/home/zuuttrav/public_html/uploads/media" "Mozilla/5.0 (Linux; Android 7.0;) AppleWebKit/537.36 (KHTML, like Gecko) Mobile Safari/537.36 (compatible; PetalBot;+https://webmaster.petalsearch.com/site/petalbot)"
