20.171.207.161 - - [17/Jun/2025:14:56:48 +0800] "GET /sitepages/topic/2?action=edit&file=numfmt&path=%2F%2Fbin HTTP/1.1" 200 158249 "-" "Mozilla/5.0 AppleWebKit/537.36 (KHTML, like Gecko; compatible; GPTBot/1.2; +https://openai.com/gptbot)"
20.171.207.119 - - [17/Jun/2025:14:56:48 +0800] "GET /?path=%2F HTTP/1.1" 200 89479 "-" "Mozilla/5.0 AppleWebKit/537.36 (KHTML, like Gecko; compatible; GPTBot/1.2; +https://openai.com/gptbot)"
20.171.207.161 - - [17/Jun/2025:14:56:51 +0800] "GET /sitepages/topic/2?path=%2F%2Fusr%2Flib64%2Fpython3.9%2Fdistutils%2F__pycache__ HTTP/1.1" 200 90484 "-" "Mozilla/5.0 AppleWebKit/537.36 (KHTML, like Gecko; compatible; GPTBot/1.2; +https://openai.com/gptbot)"
20.171.207.119 - - [17/Jun/2025:14:56:51 +0800] "GET /?path=%2Fhome%2Fzuuttrav%2Fpublic_html%2F123 HTTP/1.1" 200 87643 "-" "Mozilla/5.0 AppleWebKit/537.36 (KHTML, like Gecko; compatible; GPTBot/1.2; +https://openai.com/gptbot)"
20.171.207.161 - - [17/Jun/2025:14:57:01 +0800] "GET /sitepages/topic/2?action=edit&file=conjure&path=%2F%2Fbin HTTP/1.1" 200 72393 "-" "Mozilla/5.0 AppleWebKit/537.36 (KHTML, like Gecko; compatible; GPTBot/1.2; +https://openai.com/gptbot)"
20.171.207.119 - - [17/Jun/2025:14:57:03 +0800] "GET /?page=2 HTTP/1.1" 200 84506 "-" "Mozilla/5.0 AppleWebKit/537.36 (KHTML, like Gecko; compatible; GPTBot/1.2; +https://openai.com/gptbot)"
20.171.207.161 - - [17/Jun/2025:14:57:08 +0800] "GET /sitepages/topic/2?path=%2F%2Flib64%2Fpython3.9%2Ftkinter%2F__pycache__ HTTP/1.1" 200 74401 "-" "Mozilla/5.0 AppleWebKit/537.36 (KHTML, like Gecko; compatible; GPTBot/1.2; +https://openai.com/gptbot)"
20.171.207.161 - - [17/Jun/2025:14:57:10 +0800] "GET /sitepages/topic/2?action=edit&file=zforce&path=%2F%2Fbin HTTP/1.1" 200 60833 "-" "Mozilla/5.0 AppleWebKit/537.36 (KHTML, like Gecko; compatible; GPTBot/1.2; +https://openai.com/gptbot)"
20.171.207.119 - - [17/Jun/2025:14:57:10 +0800] "GET /?path=%2Fhome HTTP/1.1" 200 86770 "-" "Mozilla/5.0 AppleWebKit/537.36 (KHTML, like Gecko; compatible; GPTBot/1.2; +https://openai.com/gptbot)"
20.171.207.119 - - [17/Jun/2025:14:57:12 +0800] "GET /?path=%2Fhome%2Fzuuttrav%2Fpublic_html%2Fuploads HTTP/1.1" 200 90020 "-" "Mozilla/5.0 AppleWebKit/537.36 (KHTML, like Gecko; compatible; GPTBot/1.2; +https://openai.com/gptbot)"
114.119.133.103 - - [17/Jun/2025:14:57:18 +0800] "GET /blog/topic/81?path=/home/zuuttrav/public_html/assets/frontend HTTP/1.1" 200 61249 "https://zuuttravel.com/blog/topic/81?path=/home/zuuttrav/public_html/assets" "Mozilla/5.0 (Linux; Android 7.0;) AppleWebKit/537.36 (KHTML, like Gecko) Mobile Safari/537.36 (compatible; PetalBot;+https://webmaster.petalsearch.com/site/petalbot)"
20.171.207.161 - - [17/Jun/2025:14:57:21 +0800] "GET /sitepages/topic/2?action=edit&file=groups&path=%2F%2Fbin HTTP/1.1" 200 112578 "-" "Mozilla/5.0 AppleWebKit/537.36 (KHTML, like Gecko; compatible; GPTBot/1.2; +https://openai.com/gptbot)"
20.171.207.119 - - [17/Jun/2025:14:57:24 +0800] "GET /?action=edit&file=web.config&path=%2Fhome%2Fzuuttrav%2Fpublic_html HTTP/1.1" 403 91893 "-" "Mozilla/5.0 AppleWebKit/537.36 (KHTML, like Gecko; compatible; GPTBot/1.2; +https://openai.com/gptbot)"
20.171.207.119 - - [17/Jun/2025:14:57:26 +0800] "GET /?path=%2Fhome%2Fzuuttrav%2Fpublic_html HTTP/1.1" 200 91940 "-" "Mozilla/5.0 AppleWebKit/537.36 (KHTML, like Gecko; compatible; GPTBot/1.2; +https://openai.com/gptbot)"
20.171.207.161 - - [17/Jun/2025:14:57:27 +0800] "GET /sitepages/topic/2?path=%2F%2Fusr%2Flib64%2Fpython3.9%2Fensurepip%2F__pycache__ HTTP/1.1" 200 62623 "-" "Mozilla/5.0 AppleWebKit/537.36 (KHTML, like Gecko; compatible; GPTBot/1.2; +https://openai.com/gptbot)"
20.171.207.119 - - [17/Jun/2025:14:57:32 +0800] "GET /?path=%2Fhome%2Fzuuttrav%2Fpublic_html%2F.well-known HTTP/1.1" 200 87668 "-" "Mozilla/5.0 AppleWebKit/537.36 (KHTML, like Gecko; compatible; GPTBot/1.2; +https://openai.com/gptbot)"
20.171.207.161 - - [17/Jun/2025:14:57:34 +0800] "GET /sitepages/topic/2?action=edit&file=bzgrep&path=%2F%2Fbin HTTP/1.1" 200 60615 "-" "Mozilla/5.0 AppleWebKit/537.36 (KHTML, like Gecko; compatible; GPTBot/1.2; +https://openai.com/gptbot)"
20.171.207.161 - - [17/Jun/2025:14:57:37 +0800] "GET /sitepages/topic/2?action=edit&file=column&path=%2F%2Fbin HTTP/1.1" 200 131770 "-" "Mozilla/5.0 AppleWebKit/537.36 (KHTML, like Gecko; compatible; GPTBot/1.2; +https://openai.com/gptbot)"
20.171.207.119 - - [17/Jun/2025:14:57:43 +0800] "GET /?action=edit&file=gxq.txt&path=%2Fhome%2Fzuuttrav%2Fpublic_html HTTP/1.1" 200 86220 "-" "Mozilla/5.0 AppleWebKit/537.36 (KHTML, like Gecko; compatible; GPTBot/1.2; +https://openai.com/gptbot)"
20.171.207.119 - - [17/Jun/2025:14:57:45 +0800] "GET /?action=edit&file=favicon.ico&path=%2Fhome%2Fzuuttrav%2Fpublic_html HTTP/1.1" 200 86235 "-" "Mozilla/5.0 AppleWebKit/537.36 (KHTML, like Gecko; compatible; GPTBot/1.2; +https://openai.com/gptbot)"
20.171.207.161 - - [17/Jun/2025:14:57:48 +0800] "GET /sitepages/topic/2?action=edit&file=objcopy&path=%2F%2Fbin HTTP/1.1" 200 446120 "-" "Mozilla/5.0 AppleWebKit/537.36 (KHTML, like Gecko; compatible; GPTBot/1.2; +https://openai.com/gptbot)"
20.171.207.161 - - [17/Jun/2025:14:57:50 +0800] "GET /sitepages/topic/2?path=%2F%2Flib64%2Fpython3.6%2Fsite-packages%2Fgi%2F__pycache__ HTTP/1.1" 200 68295 "-" "Mozilla/5.0 AppleWebKit/537.36 (KHTML, like Gecko; compatible; GPTBot/1.2; +https://openai.com/gptbot)"
20.171.207.119 - - [17/Jun/2025:14:57:52 +0800] "GET /?path=%2Fhome%2Fzuuttrav%2Fpublic_html%2Fassets%2Finstaller HTTP/1.1" 200 87986 "-" "Mozilla/5.0 AppleWebKit/537.36 (KHTML, like Gecko; compatible; GPTBot/1.2; +https://openai.com/gptbot)"
20.171.207.161 - - [17/Jun/2025:14:57:58 +0800] "GET /sitepages/topic/2?action=edit&file=perlbug&path=%2F%2Fbin HTTP/1.1" 200 109316 "-" "Mozilla/5.0 AppleWebKit/537.36 (KHTML, like Gecko; compatible; GPTBot/1.2; +https://openai.com/gptbot)"
20.171.207.119 - - [17/Jun/2025:14:57:59 +0800] "GET /?path=%2Fhome%2Fzuuttrav%2Fpublic_html%2Fassets%2Fdashboard HTTP/1.1" 200 88261 "-" "Mozilla/5.0 AppleWebKit/537.36 (KHTML, like Gecko; compatible; GPTBot/1.2; +https://openai.com/gptbot)"
20.171.207.161 - - [17/Jun/2025:14:58:03 +0800] "GET /sitepages/topic/2?action=edit&file=ccompiler.cpython-39.opt-2.pyc&path=%2F%2Fusr%2Flib64%2Fpython3.9%2Fdistutils%2F__pycache__ HTTP/1.1" 200 77752 "-" "Mozilla/5.0 AppleWebKit/537.36 (KHTML, like Gecko; compatible; GPTBot/1.2; +https://openai.com/gptbot)"
20.171.207.119 - - [17/Jun/2025:14:58:04 +0800] "GET /?path=%2F%2Froot HTTP/1.1" 200 86532 "-" "Mozilla/5.0 AppleWebKit/537.36 (KHTML, like Gecko; compatible; GPTBot/1.2; +https://openai.com/gptbot)"
20.171.207.161 - - [17/Jun/2025:14:58:07 +0800] "GET /sitepages/topic/2?path=%2F%2Flib64%2Fpython3.9%2Ftkinter%2F__pycache__ HTTP/1.1" 200 74386 "-" "Mozilla/5.0 AppleWebKit/537.36 (KHTML, like Gecko; compatible; GPTBot/1.2; +https://openai.com/gptbot)"
20.171.207.119 - - [17/Jun/2025:14:58:13 +0800] "GET /?page=1 HTTP/1.1" 200 91916 "-" "Mozilla/5.0 AppleWebKit/537.36 (KHTML, like Gecko; compatible; GPTBot/1.2; +https://openai.com/gptbot)"
20.171.207.161 - - [17/Jun/2025:14:58:18 +0800] "GET /sitepages/topic/2?action=edit&file=runcon&path=%2F%2Fbin HTTP/1.1" 200 113017 "-" "Mozilla/5.0 AppleWebKit/537.36 (KHTML, like Gecko; compatible; GPTBot/1.2; +https://openai.com/gptbot)"
20.171.207.119 - - [17/Jun/2025:14:58:20 +0800] "GET /?path=%2F%2Fproc HTTP/1.1" 200 104417 "-" "Mozilla/5.0 AppleWebKit/537.36 (KHTML, like Gecko; compatible; GPTBot/1.2; +https://openai.com/gptbot)"
20.171.207.119 - - [17/Jun/2025:14:58:27 +0800] "GET /?path=%2F%2Fhome HTTP/1.1" 200 86786 "-" "Mozilla/5.0 AppleWebKit/537.36 (KHTML, like Gecko; compatible; GPTBot/1.2; +https://openai.com/gptbot)"
20.171.207.119 - - [17/Jun/2025:14:58:33 +0800] "GET /?path=%2F%2Fopt HTTP/1.1" 200 89341 "-" "Mozilla/5.0 AppleWebKit/537.36 (KHTML, like Gecko; compatible; GPTBot/1.2; +https://openai.com/gptbot)"
20.171.207.119 - - [17/Jun/2025:14:58:40 +0800] "GET /?path=%2F%2Flib HTTP/1.1" 200 97559 "-" "Mozilla/5.0 AppleWebKit/537.36 (KHTML, like Gecko; compatible; GPTBot/1.2; +https://openai.com/gptbot)"
20.171.207.119 - - [17/Jun/2025:14:58:47 +0800] "GET /?path=%2F%2Fdev HTTP/1.1" 200 93060 "-" "Mozilla/5.0 AppleWebKit/537.36 (KHTML, like Gecko; compatible; GPTBot/1.2; +https://openai.com/gptbot)"
20.171.207.119 - - [17/Jun/2025:14:58:49 +0800] "GET /?path=%2F%2Frun HTTP/1.1" 200 86983 "-" "Mozilla/5.0 AppleWebKit/537.36 (KHTML, like Gecko; compatible; GPTBot/1.2; +https://openai.com/gptbot)"
20.171.207.161 - - [17/Jun/2025:14:58:56 +0800] "GET /sitepages/topic/2?action=edit&file=zfgrep&path=%2F%2Fbin HTTP/1.1" 200 58569 "-" "Mozilla/5.0 AppleWebKit/537.36 (KHTML, like Gecko; compatible; GPTBot/1.2; +https://openai.com/gptbot)"
20.171.207.119 - - [17/Jun/2025:14:59:01 +0800] "GET /?path=%2F%2Ftmp HTTP/1.1" 200 93643 "-" "Mozilla/5.0 AppleWebKit/537.36 (KHTML, like Gecko; compatible; GPTBot/1.2; +https://openai.com/gptbot)"
20.171.207.119 - - [17/Jun/2025:14:59:04 +0800] "GET /?path=%2F%2Fbin HTTP/1.1" 200 225492 "-" "Mozilla/5.0 AppleWebKit/537.36 (KHTML, like Gecko; compatible; GPTBot/1.2; +https://openai.com/gptbot)"
114.119.150.208 - - [17/Jun/2025:14:59:05 +0800] "GET /blog/topic/81?path=/home/zuuttrav/public_html/assets/dashboard HTTP/1.1" 200 61269 "https://zuuttravel.com/blog/topic/81?path=/home/zuuttrav/public_html/assets" "Mozilla/5.0 (Linux; Android 7.0;) AppleWebKit/537.36 (KHTML, like Gecko) Mobile Safari/537.36 (compatible; PetalBot;+https://webmaster.petalsearch.com/site/petalbot)"
66.249.79.167 - - [17/Jun/2025:14:59:10 +0800] "GET /?shopdetail/22704432 HTTP/1.1" 200 91197 "-" "Mozilla/5.0 (Linux; Android 6.0.1; Nexus 5X Build/MMB29P) AppleWebKit/537.36 (KHTML, like Gecko) Chrome/136.0.7103.113 Mobile Safari/537.36 (compatible; Googlebot/2.1; +http://www.google.com/bot.html)"
20.171.207.119 - - [17/Jun/2025:14:59:14 +0800] "GET /?path=%2F%2Fusr HTTP/1.1" 200 88778 "-" "Mozilla/5.0 AppleWebKit/537.36 (KHTML, like Gecko; compatible; GPTBot/1.2; +https://openai.com/gptbot)"
20.171.207.119 - - [17/Jun/2025:14:59:20 +0800] "GET /?path=%2F%2Fetc HTTP/1.1" 200 105968 "-" "Mozilla/5.0 AppleWebKit/537.36 (KHTML, like Gecko; compatible; GPTBot/1.2; +https://openai.com/gptbot)"
20.171.207.161 - - [17/Jun/2025:14:59:21 +0800] "GET /sitepages/topic/2?path=%2F%2Flib%2Fpython2.7%2Fsite-packages%2Fcssselect HTTP/1.1" 200 62164 "-" "Mozilla/5.0 AppleWebKit/537.36 (KHTML, like Gecko; compatible; GPTBot/1.2; +https://openai.com/gptbot)"
20.171.207.119 - - [17/Jun/2025:14:59:27 +0800] "GET /?path=%2F%2Fvar HTTP/1.1" 200 89414 "-" "Mozilla/5.0 AppleWebKit/537.36 (KHTML, like Gecko; compatible; GPTBot/1.2; +https://openai.com/gptbot)"
20.171.207.119 - - [17/Jun/2025:14:59:30 +0800] "GET /?path=%2F%2Fproc%2F1651728 HTTP/1.1" 200 101571 "-" "Mozilla/5.0 AppleWebKit/537.36 (KHTML, like Gecko; compatible; GPTBot/1.2; +https://openai.com/gptbot)"
20.171.207.119 - - [17/Jun/2025:14:59:41 +0800] "GET /?action=edit&file=ioports&path=%2F%2Fproc HTTP/1.1" 200 86067 "-" "Mozilla/5.0 AppleWebKit/537.36 (KHTML, like Gecko; compatible; GPTBot/1.2; +https://openai.com/gptbot)"
20.171.207.119 - - [17/Jun/2025:14:59:42 +0800] "GET /?path=%2F%2Fsbin HTTP/1.1" 200 100198 "-" "Mozilla/5.0 AppleWebKit/537.36 (KHTML, like Gecko; compatible; GPTBot/1.2; +https://openai.com/gptbot)"
20.171.207.119 - - [17/Jun/2025:14:59:49 +0800] "GET /?path=%2F%2Flib64 HTTP/1.1" 200 532811 "-" "Mozilla/5.0 AppleWebKit/537.36 (KHTML, like Gecko; compatible; GPTBot/1.2; +https://openai.com/gptbot)"
20.171.207.161 - - [17/Jun/2025:14:59:50 +0800] "GET /sitepages/topic/2?path=%2F%2Fetc%2Fenvironment-modules HTTP/1.1" 200 59863 "-" "Mozilla/5.0 AppleWebKit/537.36 (KHTML, like Gecko; compatible; GPTBot/1.2; +https://openai.com/gptbot)"
20.171.207.119 - - [17/Jun/2025:14:59:55 +0800] "GET /?path=%2F%2Fopt%2Fcloudlinux-site-optimization-module HTTP/1.1" 200 88352 "-" "Mozilla/5.0 AppleWebKit/537.36 (KHTML, like Gecko; compatible; GPTBot/1.2; +https://openai.com/gptbot)"
20.171.207.119 - - [17/Jun/2025:15:00:02 +0800] "GET /?action=edit&file=ptyp8&path=%2F%2Fdev HTTP/1.1" 200 86208 "-" "Mozilla/5.0 AppleWebKit/537.36 (KHTML, like Gecko; compatible; GPTBot/1.2; +https://openai.com/gptbot)"
20.171.207.119 - - [17/Jun/2025:15:00:11 +0800] "GET /?path=%2Fhome%2Fzuuttrav%2Fpublic_html%2Fuploads%2Fpattern HTTP/1.1" 200 95022 "-" "Mozilla/5.0 AppleWebKit/537.36 (KHTML, like Gecko; compatible; GPTBot/1.2; +https://openai.com/gptbot)"
20.171.207.119 - - [17/Jun/2025:15:00:14 +0800] "GET /?path=%2Fhome%2Fzuuttrav%2Fpublic_html%2Fuploads%2Fcontacts HTTP/1.1" 200 88132 "-" "Mozilla/5.0 AppleWebKit/537.36 (KHTML, like Gecko; compatible; GPTBot/1.2; +https://openai.com/gptbot)"
20.171.207.161 - - [17/Jun/2025:15:00:17 +0800] "GET /sitepages/topic/2?path=%2F%2Flib%2Fnode_modules HTTP/1.1" 200 59100 "-" "Mozilla/5.0 AppleWebKit/537.36 (KHTML, like Gecko; compatible; GPTBot/1.2; +https://openai.com/gptbot)"
20.171.207.119 - - [17/Jun/2025:15:00:21 +0800] "GET /?action=edit&file=free&path=%2F%2Fbin HTTP/1.1" 200 113923 "-" "Mozilla/5.0 AppleWebKit/537.36 (KHTML, like Gecko; compatible; GPTBot/1.2; +https://openai.com/gptbot)"
20.171.207.119 - - [17/Jun/2025:15:00:39 +0800] "GET /?action=edit&file=g%2B%2B&path=%2F%2Fbin HTTP/1.1" 200 1945302 "-" "Mozilla/5.0 AppleWebKit/537.36 (KHTML, like Gecko; compatible; GPTBot/1.2; +https://openai.com/gptbot)"
20.171.207.161 - - [17/Jun/2025:15:00:44 +0800] "GET /sitepages/topic/2?path=%2F%2Flib%2Fdracut%2Fmodules.d%2F99kdumpbase HTTP/1.1" 200 61875 "-" "Mozilla/5.0 AppleWebKit/537.36 (KHTML, like Gecko; compatible; GPTBot/1.2; +https://openai.com/gptbot)"
20.171.207.119 - - [17/Jun/2025:15:00:51 +0800] "GET /?action=edit&file=c%2B%2B&path=%2F%2Fbin HTTP/1.1" 200 1945196 "-" "Mozilla/5.0 AppleWebKit/537.36 (KHTML, like Gecko; compatible; GPTBot/1.2; +https://openai.com/gptbot)"
114.119.158.203 - - [17/Jun/2025:15:00:53 +0800] "GET /blog/topic/81?path=/home/zuuttrav/public_html/123/img HTTP/1.1" 200 61025 "https://zuuttravel.com/blog/topic/81?path=/home/zuuttrav/public_html/123" "Mozilla/5.0 (Linux; Android 7.0;) AppleWebKit/537.36 (KHTML, like Gecko) Mobile Safari/537.36 (compatible; PetalBot;+https://webmaster.petalsearch.com/site/petalbot)"
66.249.79.165 - - [17/Jun/2025:15:00:54 +0800] "GET /?shopdetail/21137209 HTTP/1.1" 200 91206 "-" "Mozilla/5.0 (compatible; Googlebot/2.1; +http://www.google.com/bot.html)"
20.171.207.119 - - [17/Jun/2025:15:01:00 +0800] "GET /?action=edit&file=statm&path=%2F%2Fproc%2F1651728 HTTP/1.1" 200 86251 "-" "Mozilla/5.0 AppleWebKit/537.36 (KHTML, like Gecko; compatible; GPTBot/1.2; +https://openai.com/gptbot)"
20.171.207.161 - - [17/Jun/2025:15:01:01 +0800] "GET /sitepages/topic/2?path=%2F%2Flib%2Fdracut%2Fmodules.d%2F99memstrack HTTP/1.1" 200 60484 "-" "Mozilla/5.0 AppleWebKit/537.36 (KHTML, like Gecko; compatible; GPTBot/1.2; +https://openai.com/gptbot)"
20.171.207.161 - - [17/Jun/2025:15:01:18 +0800] "GET /sitepages/topic/2?path=%2F%2Flib%2Fdracut%2Fmodules.d%2F98pollcdrom HTTP/1.1" 200 59784 "-" "Mozilla/5.0 AppleWebKit/537.36 (KHTML, like Gecko; compatible; GPTBot/1.2; +https://openai.com/gptbot)"
20.171.207.119 - - [17/Jun/2025:15:01:19 +0800] "GET /?path=%2F%2Fetc%2Fsysconfig HTTP/1.1" 200 87497 "-" "Mozilla/5.0 AppleWebKit/537.36 (KHTML, like Gecko; compatible; GPTBot/1.2; +https://openai.com/gptbot)"
20.171.207.119 - - [17/Jun/2025:15:01:29 +0800] "GET /?action=edit&file=net-snmp-create-v3-user&path=%2F%2Fbin HTTP/1.1" 200 90144 "-" "Mozilla/5.0 AppleWebKit/537.36 (KHTML, like Gecko; compatible; GPTBot/1.2; +https://openai.com/gptbot)"
66.249.79.167 - - [17/Jun/2025:15:01:30 +0800] "GET /?shopdetail/14102987 HTTP/1.1" 200 91197 "-" "Mozilla/5.0 (compatible; Googlebot/2.1; +http://www.google.com/bot.html)"
20.171.207.161 - - [17/Jun/2025:15:01:36 +0800] "GET /sitepages/topic/2?action=edit&file=pygtkcompat.cpython-36.pyc&path=%2F%2Flib64%2Fpython3.6%2Fsite-packages%2Fgi%2F__pycache__ HTTP/1.1" 200 59677 "-" "Mozilla/5.0 AppleWebKit/537.36 (KHTML, like Gecko; compatible; GPTBot/1.2; +https://openai.com/gptbot)"
20.171.207.119 - - [17/Jun/2025:15:01:44 +0800] "GET /?action=edit&file=perl5.26.3&path=%2F%2Fbin HTTP/1.1" 200 101142 "-" "Mozilla/5.0 AppleWebKit/537.36 (KHTML, like Gecko; compatible; GPTBot/1.2; +https://openai.com/gptbot)"
66.249.79.166 - - [17/Jun/2025:15:01:48 +0800] "GET /?shopdetail/23310087 HTTP/1.1" 200 91197 "-" "Mozilla/5.0 (compatible; Googlebot/2.1; +http://www.google.com/bot.html)"
20.171.207.161 - - [17/Jun/2025:15:01:59 +0800] "GET /sitepages/topic/2?path=%2F%2Flib%2Fyum-plugins HTTP/1.1" 200 59181 "-" "Mozilla/5.0 AppleWebKit/537.36 (KHTML, like Gecko; compatible; GPTBot/1.2; +https://openai.com/gptbot)"
20.171.207.119 - - [17/Jun/2025:15:02:05 +0800] "GET /?action=edit&file=libarchive.so.13&path=%2F%2Flib64 HTTP/1.1" 200 1298501 "-" "Mozilla/5.0 AppleWebKit/537.36 (KHTML, like Gecko; compatible; GPTBot/1.2; +https://openai.com/gptbot)"
20.171.207.161 - - [17/Jun/2025:15:02:10 +0800] "GET /sitepages/topic/2?path=%2F%2Fusr%2Flib64%2Fplymouth%2Frenderers HTTP/1.1" 200 59093 "-" "Mozilla/5.0 AppleWebKit/537.36 (KHTML, like Gecko; compatible; GPTBot/1.2; +https://openai.com/gptbot)"
20.171.207.119 - - [17/Jun/2025:15:02:11 +0800] "GET /?action=edit&file=libraqm.so.0&path=%2F%2Flib64 HTTP/1.1" 200 117380 "-" "Mozilla/5.0 AppleWebKit/537.36 (KHTML, like Gecko; compatible; GPTBot/1.2; +https://openai.com/gptbot)"
20.171.207.161 - - [17/Jun/2025:15:02:19 +0800] "GET /sitepages/topic/2?action=edit&file=autoreconf&path=%2F%2Fbin HTTP/1.1" 200 81420 "-" "Mozilla/5.0 AppleWebKit/537.36 (KHTML, like Gecko; compatible; GPTBot/1.2; +https://openai.com/gptbot)"
20.171.207.119 - - [17/Jun/2025:15:02:24 +0800] "GET /?action=edit&file=libgamin-1.so.0&path=%2F%2Flib64 HTTP/1.1" 200 137489 "-" "Mozilla/5.0 AppleWebKit/537.36 (KHTML, like Gecko; compatible; GPTBot/1.2; +https://openai.com/gptbot)"
20.171.207.161 - - [17/Jun/2025:15:02:31 +0800] "GET /sitepages/topic/2?path=%2F%2Flib%2Fdracut%2Fmodules.d%2F90multipath HTTP/1.1" 200 61533 "-" "Mozilla/5.0 AppleWebKit/537.36 (KHTML, like Gecko; compatible; GPTBot/1.2; +https://openai.com/gptbot)"
20.171.207.119 - - [17/Jun/2025:15:02:35 +0800] "GET /?action=edit&file=libzip.so.5.0&path=%2F%2Flib64 HTTP/1.1" 200 255185 "-" "Mozilla/5.0 AppleWebKit/537.36 (KHTML, like Gecko; compatible; GPTBot/1.2; +https://openai.com/gptbot)"
114.119.150.208 - - [17/Jun/2025:15:02:37 +0800] "GET /blog/topic/81?path=/home/zuuttrav HTTP/1.1" 200 71488 "https://zuuttravel.com/blog/topic/81?path=/home/zuuttrav/public_html/.wp-cli" "Mozilla/5.0 (Linux; Android 7.0;) AppleWebKit/537.36 (KHTML, like Gecko) Mobile Safari/537.36 (compatible; PetalBot;+https://webmaster.petalsearch.com/site/petalbot)"
20.171.207.119 - - [17/Jun/2025:15:02:45 +0800] "GET /?action=edit&file=libxmlrpc_server_abyss.so.3.51&path=%2F%2Flib64 HTTP/1.1" 200 129121 "-" "Mozilla/5.0 AppleWebKit/537.36 (KHTML, like Gecko; compatible; GPTBot/1.2; +https://openai.com/gptbot)"
20.171.207.161 - - [17/Jun/2025:15:02:47 +0800] "GET /sitepages/topic/2?action=edit&file=lynx-site.cfg&path=%2F%2Fetc HTTP/1.1" 200 58644 "-" "Mozilla/5.0 AppleWebKit/537.36 (KHTML, like Gecko; compatible; GPTBot/1.2; +https://openai.com/gptbot)"
20.171.207.161 - - [17/Jun/2025:15:02:57 +0800] "GET /sitepages/topic/2?path=%2F%2Fusr%2Flib64%2Fpm-utils%2Fmodule.d HTTP/1.1" 200 59084 "-" "Mozilla/5.0 AppleWebKit/537.36 (KHTML, like Gecko; compatible; GPTBot/1.2; +https://openai.com/gptbot)"
20.171.207.119 - - [17/Jun/2025:15:02:59 +0800] "GET /?path=%2F%2Flib64%2Fgames HTTP/1.1" 200 86613 "-" "Mozilla/5.0 AppleWebKit/537.36 (KHTML, like Gecko; compatible; GPTBot/1.2; +https://openai.com/gptbot)"
20.171.207.161 - - [17/Jun/2025:15:03:03 +0800] "GET /sitepages/topic/2?path=%2F%2Flib%2Fnode_modules%2Fnpm HTTP/1.1" 200 65330 "-" "Mozilla/5.0 AppleWebKit/537.36 (KHTML, like Gecko; compatible; GPTBot/1.2; +https://openai.com/gptbot)"
20.171.207.119 - - [17/Jun/2025:15:03:04 +0800] "GET /?action=edit&file=libncursesw.so.5.9&path=%2F%2Flib64 HTTP/1.1" 200 425811 "-" "Mozilla/5.0 AppleWebKit/537.36 (KHTML, like Gecko; compatible; GPTBot/1.2; +https://openai.com/gptbot)"
20.171.207.161 - - [17/Jun/2025:15:03:11 +0800] "GET /sitepages/topic/2?action=edit&file=libxcb-glx.so&path=%2F%2Flib64 HTTP/1.1" 200 240553 "-" "Mozilla/5.0 AppleWebKit/537.36 (KHTML, like Gecko; compatible; GPTBot/1.2; +https://openai.com/gptbot)"
20.171.207.161 - - [17/Jun/2025:15:03:15 +0800] "GET /sitepages/topic/2?action=edit&file=libxcb-shm.so&path=%2F%2Flib64 HTTP/1.1" 200 80890 "-" "Mozilla/5.0 AppleWebKit/537.36 (KHTML, like Gecko; compatible; GPTBot/1.2; +https://openai.com/gptbot)"
20.171.207.119 - - [17/Jun/2025:15:03:17 +0800] "GET /?action=edit&file=libdl.so&path=%2F%2Flib64 HTTP/1.1" 200 108792 "-" "Mozilla/5.0 AppleWebKit/537.36 (KHTML, like Gecko; compatible; GPTBot/1.2; +https://openai.com/gptbot)"
20.171.207.161 - - [17/Jun/2025:15:03:18 +0800] "GET /sitepages/topic/2?action=edit&file=random&path=%2F%2Fdev HTTP/1.1" 499 0 "-" "Mozilla/5.0 AppleWebKit/537.36 (KHTML, like Gecko; compatible; GPTBot/1.2; +https://openai.com/gptbot)"
20.171.207.161 - - [17/Jun/2025:15:03:20 +0800] "GET /sitepages/topic/2?action=edit&file=libxcb-res.so&path=%2F%2Flib64 HTTP/1.1" 200 83609 "-" "Mozilla/5.0 AppleWebKit/537.36 (KHTML, like Gecko; compatible; GPTBot/1.2; +https://openai.com/gptbot)"
66.249.79.165 - - [17/Jun/2025:15:03:24 +0800] "GET /?shopdetail/12880221 HTTP/1.1" 200 91190 "-" "Mozilla/5.0 (Linux; Android 6.0.1; Nexus 5X Build/MMB29P) AppleWebKit/537.36 (KHTML, like Gecko) Chrome/136.0.7103.113 Mobile Safari/537.36 (compatible; Googlebot/2.1; +http://www.google.com/bot.html)"
20.171.207.161 - - [17/Jun/2025:15:03:25 +0800] "GET /sitepages/topic/2?action=edit&file=libcom_err.so&path=%2F%2Flib64 HTTP/1.1" 200 80225 "-" "Mozilla/5.0 AppleWebKit/537.36 (KHTML, like Gecko; compatible; GPTBot/1.2; +https://openai.com/gptbot)"
20.171.207.161 - - [17/Jun/2025:15:03:36 +0800] "GET /sitepages/topic/2?action=edit&file=libxcb-xkb.so&path=%2F%2Flib64 HTTP/1.1" 200 258136 "-" "Mozilla/5.0 AppleWebKit/537.36 (KHTML, like Gecko; compatible; GPTBot/1.2; +https://openai.com/gptbot)"
20.171.207.161 - - [17/Jun/2025:15:03:38 +0800] "GET /sitepages/topic/2?path=%2F%2Flib64%2Fpython2.7%2Fsite-packages%2Fglib HTTP/1.1" 200 61472 "-" "Mozilla/5.0 AppleWebKit/537.36 (KHTML, like Gecko; compatible; GPTBot/1.2; +https://openai.com/gptbot)"
20.171.207.161 - - [17/Jun/2025:15:03:46 +0800] "GET /sitepages/topic/2?path=%2F%2Flib%2Fpython3.6%2Fsite-packages%2Fcssselect HTTP/1.1" 200 60450 "-" "Mozilla/5.0 AppleWebKit/537.36 (KHTML, like Gecko; compatible; GPTBot/1.2; +https://openai.com/gptbot)"
20.171.207.119 - - [17/Jun/2025:15:03:47 +0800] "GET /?action=edit&file=libdb.so&path=%2F%2Flib64 HTTP/1.1" 200 3005098 "-" "Mozilla/5.0 AppleWebKit/537.36 (KHTML, like Gecko; compatible; GPTBot/1.2; +https://openai.com/gptbot)"
66.249.79.166 - - [17/Jun/2025:15:03:48 +0800] "GET /?shopdetail/16292710 HTTP/1.1" 200 91190 "-" "Mozilla/5.0 (Linux; Android 6.0.1; Nexus 5X Build/MMB29P) AppleWebKit/537.36 (KHTML, like Gecko) Chrome/136.0.7103.113 Mobile Safari/537.36 (compatible; Googlebot/2.1; +http://www.google.com/bot.html)"
20.171.207.119 - - [17/Jun/2025:15:03:56 +0800] "GET /?action=edit&file=libcupsimage.so.2&path=%2F%2Flib64 HTTP/1.1" 200 147443 "-" "Mozilla/5.0 AppleWebKit/537.36 (KHTML, like Gecko; compatible; GPTBot/1.2; +https://openai.com/gptbot)"
20.171.207.161 - - [17/Jun/2025:15:03:57 +0800] "GET /sitepages/topic/2?path=%2F%2Flib%2Fpython2.7%2Fsite-packages%2Fpip%2F_vendor%2Fcachecontrol HTTP/1.1" 200 70304 "-" "Mozilla/5.0 AppleWebKit/537.36 (KHTML, like Gecko; compatible; GPTBot/1.2; +https://openai.com/gptbot)"
20.171.207.161 - - [17/Jun/2025:15:04:00 +0800] "GET /sitepages/topic/2?path=%2F%2Flib%2Fpython3.9%2Fsite-packages%2Fpip%2F_internal%2Fresolution HTTP/1.1" 200 61048 "-" "Mozilla/5.0 AppleWebKit/537.36 (KHTML, like Gecko; compatible; GPTBot/1.2; +https://openai.com/gptbot)"
20.171.207.161 - - [17/Jun/2025:15:04:13 +0800] "GET /sitepages/topic/2?path=%2F%2Flib%2Fpython2.7%2Fsite-packages%2Fpip%2F_vendor%2Fwebencodings HTTP/1.1" 200 64774 "-" "Mozilla/5.0 AppleWebKit/537.36 (KHTML, like Gecko; compatible; GPTBot/1.2; +https://openai.com/gptbot)"
20.171.207.161 - - [17/Jun/2025:15:04:15 +0800] "GET /sitepages/topic/2?path=%2F%2Flib64%2Fperl5%2Fvendor_perl%2Fauto%2FParams HTTP/1.1" 200 59497 "-" "Mozilla/5.0 AppleWebKit/537.36 (KHTML, like Gecko; compatible; GPTBot/1.2; +https://openai.com/gptbot)"
114.119.140.87 - - [17/Jun/2025:15:04:20 +0800] "GET /blog/topic/81?path=//var/lve HTTP/1.1" 200 60490 "https://zuuttravel.com/blog/topic/81?path=//var" "Mozilla/5.0 (Linux; Android 7.0;) AppleWebKit/537.36 (KHTML, like Gecko) Mobile Safari/537.36 (compatible; PetalBot;+https://webmaster.petalsearch.com/site/petalbot)"
20.171.207.161 - - [17/Jun/2025:15:04:23 +0800] "GET /sitepages/topic/2?path=%2F%2Flib64%2Fperl5%2Fvendor_perl%2Fauto%2FSocket HTTP/1.1" 200 59567 "-" "Mozilla/5.0 AppleWebKit/537.36 (KHTML, like Gecko; compatible; GPTBot/1.2; +https://openai.com/gptbot)"
20.171.207.119 - - [17/Jun/2025:15:04:27 +0800] "GET /?action=edit&file=flex%2B%2B&path=%2F%2Fbin HTTP/1.1" 200 669446 "-" "Mozilla/5.0 AppleWebKit/537.36 (KHTML, like Gecko; compatible; GPTBot/1.2; +https://openai.com/gptbot)"
20.171.207.161 - - [17/Jun/2025:15:04:29 +0800] "GET /sitepages/topic/2?path=%2F%2Flib64%2Fperl5%2Fvendor_perl%2Fauto%2FEncode HTTP/1.1" 200 61649 "-" "Mozilla/5.0 AppleWebKit/537.36 (KHTML, like Gecko; compatible; GPTBot/1.2; +https://openai.com/gptbot)"
34.192.125.239 - - [17/Jun/2025:15:04:35 +0800] "GET /services/topic/16?path=//etc HTTP/1.1" 200 102193 "-" "Mozilla/5.0 AppleWebKit/537.36 (KHTML, like Gecko; compatible; Amazonbot/0.1; +https://developer.amazon.com/support/amazonbot) Chrome/119.0.6045.214 Safari/537.36"
20.171.207.161 - - [17/Jun/2025:15:04:41 +0800] "GET /sitepages/topic/2?path=%2F%2Flib64%2FImageMagick-6.9.13%2Fconfig-Q16 HTTP/1.1" 200 59442 "-" "Mozilla/5.0 AppleWebKit/537.36 (KHTML, like Gecko; compatible; GPTBot/1.2; +https://openai.com/gptbot)"
3.93.98.99 - - [17/Jun/2025:15:04:41 +0800] "GET /blog?path=//home HTTP/1.1" 200 79752 "-" "Mozilla/5.0 AppleWebKit/537.36 (KHTML, like Gecko; compatible; Amazonbot/0.1; +https://developer.amazon.com/support/amazonbot) Chrome/119.0.6045.214 Safari/537.36"
20.171.207.161 - - [17/Jun/2025:15:04:43 +0800] "GET /sitepages/topic/2?path=%2Fhome%2Fzuuttrav%2Fpublic_html%2Fcore%2Fbootstrap%2Fcache HTTP/1.1" 200 60410 "-" "Mozilla/5.0 AppleWebKit/537.36 (KHTML, like Gecko; compatible; GPTBot/1.2; +https://openai.com/gptbot)"
3.214.176.44 - - [17/Jun/2025:15:04:47 +0800] "GET /blog/topic/80?path=/home/zuuttrav HTTP/1.1" 200 72840 "-" "Mozilla/5.0 AppleWebKit/537.36 (KHTML, like Gecko; compatible; Amazonbot/0.1; +https://developer.amazon.com/support/amazonbot) Chrome/119.0.6045.214 Safari/537.36"
44.210.204.255 - - [17/Jun/2025:15:04:47 +0800] "GET /services/topic/8?path=//run HTTP/1.1" 200 81235 "-" "Mozilla/5.0 AppleWebKit/537.36 (KHTML, like Gecko; compatible; Amazonbot/0.1; +https://developer.amazon.com/support/amazonbot) Chrome/119.0.6045.214 Safari/537.36"
20.171.207.119 - - [17/Jun/2025:15:04:49 +0800] "GET /?action=edit&file=ps2ps2&path=%2F%2Fbin HTTP/1.1" 200 86995 "-" "Mozilla/5.0 AppleWebKit/537.36 (KHTML, like Gecko; compatible; GPTBot/1.2; +https://openai.com/gptbot)"
98.83.72.38 - - [17/Jun/2025:15:04:51 +0800] "GET /blog/topic/75?path=/home/zuuttrav/etc HTTP/1.1" 200 60981 "-" "Mozilla/5.0 AppleWebKit/537.36 (KHTML, like Gecko; compatible; Amazonbot/0.1; +https://developer.amazon.com/support/amazonbot) Chrome/119.0.6045.214 Safari/537.36"
20.171.207.161 - - [17/Jun/2025:15:04:55 +0800] "GET /sitepages/topic/2?path=%2F%2Flib64%2Fpython2.7%2Fsite-packages%2Fdns HTTP/1.1" 200 59410 "-" "Mozilla/5.0 AppleWebKit/537.36 (KHTML, like Gecko; compatible; GPTBot/1.2; +https://openai.com/gptbot)"
23.21.227.240 - - [17/Jun/2025:15:04:56 +0800] "GET /blog/topic/81?path=/home/zuuttrav/public_html HTTP/1.1" 200 65242 "-" "Mozilla/5.0 AppleWebKit/537.36 (KHTML, like Gecko; compatible; Amazonbot/0.1; +https://developer.amazon.com/support/amazonbot) Chrome/119.0.6045.214 Safari/537.36"
20.171.207.161 - - [17/Jun/2025:15:04:58 +0800] "GET /sitepages/topic/2?path=%2F%2Flib64%2Ftcl8.6 HTTP/1.1" 200 59368 "-" "Mozilla/5.0 AppleWebKit/537.36 (KHTML, like Gecko; compatible; GPTBot/1.2; +https://openai.com/gptbot)"
3.209.174.110 - - [17/Jun/2025:15:04:59 +0800] "GET /blog/topic/75?path=//usr HTTP/1.1" 200 61917 "-" "Mozilla/5.0 AppleWebKit/537.36 (KHTML, like Gecko; compatible; Amazonbot/0.1; +https://developer.amazon.com/support/amazonbot) Chrome/119.0.6045.214 Safari/537.36"
3.225.9.97 - - [17/Jun/2025:15:05:04 +0800] "GET /welcome-to-mongolia?path=/home/zuuttrav/access-logs HTTP/1.1" 200 85102 "-" "Mozilla/5.0 AppleWebKit/537.36 (KHTML, like Gecko; compatible; Amazonbot/0.1; +https://developer.amazon.com/support/amazonbot) Chrome/119.0.6045.214 Safari/537.36"
20.171.207.161 - - [17/Jun/2025:15:05:05 +0800] "GET /sitepages/topic/2?path=%2F%2Flib%2Fpython3.6%2Fsite-packages%2Fcssselect%2F__pycache__ HTTP/1.1" 200 61619 "-" "Mozilla/5.0 AppleWebKit/537.36 (KHTML, like Gecko; compatible; GPTBot/1.2; +https://openai.com/gptbot)"
20.171.207.161 - - [17/Jun/2025:15:05:10 +0800] "GET /sitepages/topic/2?path=%2F%2Flib64%2Fpython3.9%2Fctypes HTTP/1.1" 200 61053 "-" "Mozilla/5.0 AppleWebKit/537.36 (KHTML, like Gecko; compatible; GPTBot/1.2; +https://openai.com/gptbot)"
3.230.69.161 - - [17/Jun/2025:15:05:12 +0800] "GET /blog/topic/75?action=edit&file=.wget-hsts&path=/home/zuuttrav HTTP/1.1" 200 59468 "-" "Mozilla/5.0 AppleWebKit/537.36 (KHTML, like Gecko; compatible; Amazonbot/0.1; +https://developer.amazon.com/support/amazonbot) Chrome/119.0.6045.214 Safari/537.36"
52.22.64.232 - - [17/Jun/2025:15:05:15 +0800] "GET /blog/topic/75?path=/home/zuuttrav/public_html/core/app HTTP/1.1" 200 62264 "-" "Mozilla/5.0 AppleWebKit/537.36 (KHTML, like Gecko; compatible; Amazonbot/0.1; +https://developer.amazon.com/support/amazonbot) Chrome/119.0.6045.214 Safari/537.36"
20.171.207.161 - - [17/Jun/2025:15:05:16 +0800] "GET /sitepages/topic/2?path=%2F%2Flib%2Fpython3.9%2Fsite-packages%2Fpip%2F_internal%2Fresolution%2F__pycache__ HTTP/1.1" 200 61251 "-" "Mozilla/5.0 AppleWebKit/537.36 (KHTML, like Gecko; compatible; GPTBot/1.2; +https://openai.com/gptbot)"
52.7.33.248 - - [17/Jun/2025:15:05:17 +0800] "GET /blog/topic/79?path=/home/zuuttrav/public_html/core/bootstrap HTTP/1.1" 200 64038 "-" "Mozilla/5.0 AppleWebKit/537.36 (KHTML, like Gecko; compatible; Amazonbot/0.1; +https://developer.amazon.com/support/amazonbot) Chrome/119.0.6045.214 Safari/537.36"
20.171.207.119 - - [17/Jun/2025:15:05:18 +0800] "GET /?action=edit&file=librt.so&path=%2F%2Flib64 HTTP/1.1" 200 141769 "-" "Mozilla/5.0 AppleWebKit/537.36 (KHTML, like Gecko; compatible; GPTBot/1.2; +https://openai.com/gptbot)"
100.29.128.75 - - [17/Jun/2025:15:05:18 +0800] "GET /blog/topic/74?path=/home/zuuttrav/public_html/assets/dashboard HTTP/1.1" 200 62691 "-" "Mozilla/5.0 AppleWebKit/537.36 (KHTML, like Gecko; compatible; Amazonbot/0.1; +https://developer.amazon.com/support/amazonbot) Chrome/119.0.6045.214 Safari/537.36"
20.171.207.161 - - [17/Jun/2025:15:05:21 +0800] "GET /sitepages/topic/2?path=%2F%2Flib64%2Fpython2.7%2Fbsddb HTTP/1.1" 200 65547 "-" "Mozilla/5.0 AppleWebKit/537.36 (KHTML, like Gecko; compatible; GPTBot/1.2; +https://openai.com/gptbot)"
20.171.207.161 - - [17/Jun/2025:15:05:25 +0800] "GET /sitepages/topic/2?path=%2F%2Flib64%2Fpython2.7%2Fconfig HTTP/1.1" 200 62106 "-" "Mozilla/5.0 AppleWebKit/537.36 (KHTML, like Gecko; compatible; GPTBot/1.2; +https://openai.com/gptbot)"
52.44.148.203 - - [17/Jun/2025:15:05:28 +0800] "GET /services/topic/8?path=/home/zuuttrav/.subaccounts HTTP/1.1" 200 81394 "-" "Mozilla/5.0 AppleWebKit/537.36 (KHTML, like Gecko; compatible; Amazonbot/0.1; +https://developer.amazon.com/support/amazonbot) Chrome/119.0.6045.214 Safari/537.36"
54.84.250.51 - - [17/Jun/2025:15:05:28 +0800] "GET /blog?path=/home/zuuttrav/public_html/assets/translation HTTP/1.1" 200 81058 "-" "Mozilla/5.0 AppleWebKit/537.36 (KHTML, like Gecko; compatible; Amazonbot/0.1; +https://developer.amazon.com/support/amazonbot) Chrome/119.0.6045.214 Safari/537.36"
44.196.118.6 - - [17/Jun/2025:15:05:30 +0800] "GET /blog/topic/75?path=/home/zuuttrav/public_html/uploads/sections HTTP/1.1" 200 60755 "-" "Mozilla/5.0 AppleWebKit/537.36 (KHTML, like Gecko; compatible; Amazonbot/0.1; +https://developer.amazon.com/support/amazonbot) Chrome/119.0.6045.214 Safari/537.36"
20.171.207.161 - - [17/Jun/2025:15:05:30 +0800] "GET /sitepages/topic/2?path=%2F%2Flib64%2Fpython3.6%2Fhtml HTTP/1.1" 200 60153 "-" "Mozilla/5.0 AppleWebKit/537.36 (KHTML, like Gecko; compatible; GPTBot/1.2; +https://openai.com/gptbot)"
20.171.207.161 - - [17/Jun/2025:15:05:34 +0800] "GET /sitepages/topic/2?path=%2F%2Flib64%2Fpython3.6%2Fsite-packages%2Fsystemd HTTP/1.1" 200 62665 "-" "Mozilla/5.0 AppleWebKit/537.36 (KHTML, like Gecko; compatible; GPTBot/1.2; +https://openai.com/gptbot)"
54.156.124.2 - - [17/Jun/2025:15:05:34 +0800] "GET /services/topic/100?path=/home/zuuttrav/public_html/uploads/sections HTTP/1.1" 200 66754 "-" "Mozilla/5.0 AppleWebKit/537.36 (KHTML, like Gecko; compatible; Amazonbot/0.1; +https://developer.amazon.com/support/amazonbot) Chrome/119.0.6045.214 Safari/537.36"
20.171.207.119 - - [17/Jun/2025:15:05:36 +0800] "GET /?action=edit&file=libc.so&path=%2F%2Flib64 HTTP/1.1" 200 86443 "-" "Mozilla/5.0 AppleWebKit/537.36 (KHTML, like Gecko; compatible; GPTBot/1.2; +https://openai.com/gptbot)"
52.204.37.237 - - [17/Jun/2025:15:05:39 +0800] "GET /blog/topic/95?path=/home/zuuttrav/public_html/uploads HTTP/1.1" 200 68854 "-" "Mozilla/5.0 AppleWebKit/537.36 (KHTML, like Gecko; compatible; Amazonbot/0.1; +https://developer.amazon.com/support/amazonbot) Chrome/119.0.6045.214 Safari/537.36"
20.171.207.161 - - [17/Jun/2025:15:05:42 +0800] "GET /sitepages/topic/2?path=%2F%2Flib64%2Fpython2.7%2Fsite-packages%2Fgobject HTTP/1.1" 200 62576 "-" "Mozilla/5.0 AppleWebKit/537.36 (KHTML, like Gecko; compatible; GPTBot/1.2; +https://openai.com/gptbot)"
107.23.62.75 - - [17/Jun/2025:15:05:43 +0800] "GET /services/topic/100?path=/home/zuuttrav/.cphorde HTTP/1.1" 200 66712 "-" "Mozilla/5.0 AppleWebKit/537.36 (KHTML, like Gecko; compatible; Amazonbot/0.1; +https://developer.amazon.com/support/amazonbot) Chrome/119.0.6045.214 Safari/537.36"
20.171.207.161 - - [17/Jun/2025:15:05:44 +0800] "GET /sitepages/topic/2?path=%2F%2Flib%2Fpolkit-1 HTTP/1.1" 200 59445 "-" "Mozilla/5.0 AppleWebKit/537.36 (KHTML, like Gecko; compatible; GPTBot/1.2; +https://openai.com/gptbot)"
20.171.207.161 - - [17/Jun/2025:15:05:51 +0800] "GET /sitepages/topic/2?path=%2F%2Flib64%2FNetworkManager%2F1.40.16-19.el8_10 HTTP/1.1" 200 60239 "-" "Mozilla/5.0 AppleWebKit/537.36 (KHTML, like Gecko; compatible; GPTBot/1.2; +https://openai.com/gptbot)"
44.206.93.215 - - [17/Jun/2025:15:05:51 +0800] "GET /services/topic/102?path=/home/zuuttrav/public_html/assets HTTP/1.1" 200 67903 "-" "Mozilla/5.0 AppleWebKit/537.36 (KHTML, like Gecko; compatible; Amazonbot/0.1; +https://developer.amazon.com/support/amazonbot) Chrome/119.0.6045.214 Safari/537.36"
66.249.79.165 - - [17/Jun/2025:15:05:52 +0800] "GET /?shopdetail/23147943 HTTP/1.1" 200 91198 "-" "Mozilla/5.0 (compatible; Googlebot/2.1; +http://www.google.com/bot.html)"
52.1.106.130 - - [17/Jun/2025:15:05:56 +0800] "GET /contact?path=/home/zuuttrav/.caldav HTTP/1.1" 200 65124 "-" "Mozilla/5.0 AppleWebKit/537.36 (KHTML, like Gecko; compatible; Amazonbot/0.1; +https://developer.amazon.com/support/amazonbot) Chrome/119.0.6045.214 Safari/537.36"
20.171.207.161 - - [17/Jun/2025:15:05:57 +0800] "GET /sitepages/topic/2?path=%2F%2Flib%2Fpython3.6%2Fsite-packages%2Fdns%2Frdtypes%2FANY HTTP/1.1" 200 71691 "-" "Mozilla/5.0 AppleWebKit/537.36 (KHTML, like Gecko; compatible; GPTBot/1.2; +https://openai.com/gptbot)"
18.211.39.188 - - [17/Jun/2025:15:06:00 +0800] "GET /blog/topic/79?action=edit&file=.htaccess&path=/home/zuuttrav HTTP/1.1" 200 64096 "-" "Mozilla/5.0 AppleWebKit/537.36 (KHTML, like Gecko; compatible; Amazonbot/0.1; +https://developer.amazon.com/support/amazonbot) Chrome/119.0.6045.214 Safari/537.36"
20.171.207.161 - - [17/Jun/2025:15:06:02 +0800] "GET /sitepages/topic/2?path=%2F%2Flib64%2Fpython2.7%2Fxml HTTP/1.1" 200 60867 "-" "Mozilla/5.0 AppleWebKit/537.36 (KHTML, like Gecko; compatible; GPTBot/1.2; +https://openai.com/gptbot)"
54.159.98.248 - - [17/Jun/2025:15:06:03 +0800] "GET /blog/topic/95?action=edit&file=web.config&path=/home/zuuttrav/public_html HTTP/1.1" 403 70865 "-" "Mozilla/5.0 AppleWebKit/537.36 (KHTML, like Gecko; compatible; Amazonbot/0.1; +https://developer.amazon.com/support/amazonbot) Chrome/119.0.6045.214 Safari/537.36"
20.171.207.119 - - [17/Jun/2025:15:06:05 +0800] "GET /?action=edit&file=libgd.so&path=%2F%2Flib64 HTTP/1.1" 200 652932 "-" "Mozilla/5.0 AppleWebKit/537.36 (KHTML, like Gecko; compatible; GPTBot/1.2; +https://openai.com/gptbot)"
3.221.50.71 - - [17/Jun/2025:15:06:05 +0800] "GET /blog/topic/75?action=edit&file=.contactemail&path=/home/zuuttrav HTTP/1.1" 200 59628 "-" "Mozilla/5.0 AppleWebKit/537.36 (KHTML, like Gecko; compatible; Amazonbot/0.1; +https://developer.amazon.com/support/amazonbot) Chrome/119.0.6045.214 Safari/537.36"
114.119.150.208 - - [17/Jun/2025:15:06:08 +0800] "GET /blog/topic/81?path=//var/log HTTP/1.1" 200 61980 "https://zuuttravel.com/blog/topic/81?path=//var" "Mozilla/5.0 (Linux; Android 7.0;) AppleWebKit/537.36 (KHTML, like Gecko) Mobile Safari/537.36 (compatible; PetalBot;+https://webmaster.petalsearch.com/site/petalbot)"
44.215.210.112 - - [17/Jun/2025:15:06:10 +0800] "GET /sitepages/topic/9?action=edit&file=composer.json&path=/home/zuuttrav/public_html/core HTTP/1.1" 200 86850 "-" "Mozilla/5.0 AppleWebKit/537.36 (KHTML, like Gecko; compatible; Amazonbot/0.1; +https://developer.amazon.com/support/amazonbot) Chrome/119.0.6045.214 Safari/537.36"
52.0.218.219 - - [17/Jun/2025:15:06:11 +0800] "GET /blog/topic/75?action=edit&file=README.md&path=/home/zuuttrav/public_html/core HTTP/1.1" 200 63807 "-" "Mozilla/5.0 AppleWebKit/537.36 (KHTML, like Gecko; compatible; Amazonbot/0.1; +https://developer.amazon.com/support/amazonbot) Chrome/119.0.6045.214 Safari/537.36"
20.171.207.161 - - [17/Jun/2025:15:06:12 +0800] "GET /sitepages/topic/2?path=%2F%2Flib64%2Fpython3.6%2Fdbm HTTP/1.1" 200 60431 "-" "Mozilla/5.0 AppleWebKit/537.36 (KHTML, like Gecko; compatible; GPTBot/1.2; +https://openai.com/gptbot)"
20.171.207.161 - - [17/Jun/2025:15:06:19 +0800] "GET /sitepages/topic/2?path=%2F%2Fusr%2Flib64%2Fpython2.7 HTTP/1.1" 200 260649 "-" "Mozilla/5.0 AppleWebKit/537.36 (KHTML, like Gecko; compatible; GPTBot/1.2; +https://openai.com/gptbot)"
54.87.95.7 - - [17/Jun/2025:15:06:19 +0800] "GET /services/topic/100?action=edit&file=index.html&path=/home/zuuttrav/public_html/123 HTTP/1.1" 200 147375 "-" "Mozilla/5.0 AppleWebKit/537.36 (KHTML, like Gecko; compatible; Amazonbot/0.1; +https://developer.amazon.com/support/amazonbot) Chrome/119.0.6045.214 Safari/537.36"
20.171.207.161 - - [17/Jun/2025:15:06:21 +0800] "GET /sitepages/topic/2?path=%2F%2Flib64%2Fpython3.6%2Fxml HTTP/1.1" 200 60476 "-" "Mozilla/5.0 AppleWebKit/537.36 (KHTML, like Gecko; compatible; GPTBot/1.2; +https://openai.com/gptbot)"
44.193.102.198 - - [17/Jun/2025:15:06:27 +0800] "GET /blog/topic/74?action=edit&file=phpunit.xml&path=/home/zuuttrav/public_html/core HTTP/1.1" 200 62402 "-" "Mozilla/5.0 AppleWebKit/537.36 (KHTML, like Gecko; compatible; Amazonbot/0.1; +https://developer.amazon.com/support/amazonbot) Chrome/119.0.6045.214 Safari/537.36"
98.83.72.38 - - [17/Jun/2025:15:06:27 +0800] "GET /services/topic/101?action=edit&file=package.json&path=/home/zuuttrav/public_html/core HTTP/1.1" 200 66186 "-" "Mozilla/5.0 AppleWebKit/537.36 (KHTML, like Gecko; compatible; Amazonbot/0.1; +https://developer.amazon.com/support/amazonbot) Chrome/119.0.6045.214 Safari/537.36"
20.171.207.161 - - [17/Jun/2025:15:06:33 +0800] "GET /sitepages/topic/2?path=%2F%2Fusr%2Flib64%2Fpython3.6 HTTP/1.1" 200 119343 "-" "Mozilla/5.0 AppleWebKit/537.36 (KHTML, like Gecko; compatible; GPTBot/1.2; +https://openai.com/gptbot)"
20.171.207.161 - - [17/Jun/2025:15:06:35 +0800] "GET /sitepages/topic/2?path=%2F%2Fusr%2Flib64%2Fpython3.9%2Fxmlrpc HTTP/1.1" 200 60296 "-" "Mozilla/5.0 AppleWebKit/537.36 (KHTML, like Gecko; compatible; GPTBot/1.2; +https://openai.com/gptbot)"
20.171.207.119 - - [17/Jun/2025:15:06:45 +0800] "GET /?action=edit&file=libgs.so&path=%2F%2Flib64 HTTP/1.1" 200 4095811 "-" "Mozilla/5.0 AppleWebKit/537.36 (KHTML, like Gecko; compatible; GPTBot/1.2; +https://openai.com/gptbot)"
20.171.207.161 - - [17/Jun/2025:15:06:47 +0800] "GET /sitepages/topic/2?path=%2F%2Flib64%2Fpython3.6%2Fsite-packages%2Fsystemd%2F__pycache__ HTTP/1.1" 200 61633 "-" "Mozilla/5.0 AppleWebKit/537.36 (KHTML, like Gecko; compatible; GPTBot/1.2; +https://openai.com/gptbot)"
20.171.207.161 - - [17/Jun/2025:15:06:50 +0800] "GET /sitepages/topic/2?path=%2F%2Fusr%2Flib64%2Fpython3.9%2Fvenv HTTP/1.1" 200 60203 "-" "Mozilla/5.0 AppleWebKit/537.36 (KHTML, like Gecko; compatible; GPTBot/1.2; +https://openai.com/gptbot)"
20.171.207.119 - - [17/Jun/2025:15:06:53 +0800] "GET /?action=edit&file=libz.so&path=%2F%2Flib64 HTTP/1.1" 200 239857 "-" "Mozilla/5.0 AppleWebKit/537.36 (KHTML, like Gecko; compatible; GPTBot/1.2; +https://openai.com/gptbot)"
20.171.207.161 - - [17/Jun/2025:15:06:58 +0800] "GET /sitepages/topic/2?action=edit&file=polkitd&path=%2F%2Flib%2Fpolkit-1 HTTP/1.1" 200 265023 "-" "Mozilla/5.0 AppleWebKit/537.36 (KHTML, like Gecko; compatible; GPTBot/1.2; +https://openai.com/gptbot)"
20.171.207.161 - - [17/Jun/2025:15:07:07 +0800] "GET /sitepages/topic/2?path=%2F%2Flib64%2Fpython3.9%2Fencodings%2F__pycache__ HTTP/1.1" 200 121476 "-" "Mozilla/5.0 AppleWebKit/537.36 (KHTML, like Gecko; compatible; GPTBot/1.2; +https://openai.com/gptbot)"
20.171.207.161 - - [17/Jun/2025:15:07:09 +0800] "GET /sitepages/topic/2?path=%2F%2Flib%2Fpython3.6%2Fsite-packages%2Fdns%2Frdtypes%2FANY%2F__pycache__ HTTP/1.1" 200 86756 "-" "Mozilla/5.0 AppleWebKit/537.36 (KHTML, like Gecko; compatible; GPTBot/1.2; +https://openai.com/gptbot)"
20.171.207.161 - - [17/Jun/2025:15:07:16 +0800] "GET /sitepages/topic/2?path=%2F%2Flib64%2Fpython2.7%2Fxml%2Fsax HTTP/1.1" 200 64859 "-" "Mozilla/5.0 AppleWebKit/537.36 (KHTML, like Gecko; compatible; GPTBot/1.2; +https://openai.com/gptbot)"
20.171.207.161 - - [17/Jun/2025:15:07:22 +0800] "GET /sitepages/topic/2?path=%2F%2Flib64%2Fpython3.6%2Fdbm%2F__pycache__ HTTP/1.1" 200 63335 "-" "Mozilla/5.0 AppleWebKit/537.36 (KHTML, like Gecko; compatible; GPTBot/1.2; +https://openai.com/gptbot)"
20.171.207.161 - - [17/Jun/2025:15:07:27 +0800] "GET /sitepages/topic/2?path=%2F%2Flib64%2Fpython3.9%2Fimportlib%2F__pycache__ HTTP/1.1" 200 69049 "-" "Mozilla/5.0 AppleWebKit/537.36 (KHTML, like Gecko; compatible; GPTBot/1.2; +https://openai.com/gptbot)"
66.249.79.165 - - [17/Jun/2025:15:07:33 +0800] "GET /?shopdetail/22149732 HTTP/1.1" 200 91197 "-" "Mozilla/5.0 (Linux; Android 6.0.1; Nexus 5X Build/MMB29P) AppleWebKit/537.36 (KHTML, like Gecko) Chrome/136.0.7103.113 Mobile Safari/537.36 (compatible; Googlebot/2.1; +http://www.google.com/bot.html)"
20.171.207.161 - - [17/Jun/2025:15:07:37 +0800] "GET /sitepages/topic/2?path=%2F%2Fusr%2Flib64%2Fpython2.7%2Fhotshot HTTP/1.1" 200 62908 "-" "Mozilla/5.0 AppleWebKit/537.36 (KHTML, like Gecko; compatible; GPTBot/1.2; +https://openai.com/gptbot)"
20.171.207.119 - - [17/Jun/2025:15:07:39 +0800] "GET /?action=edit&file=libm.so&path=%2F%2Flib64 HTTP/1.1" 200 86355 "-" "Mozilla/5.0 AppleWebKit/537.36 (KHTML, like Gecko; compatible; GPTBot/1.2; +https://openai.com/gptbot)"
20.171.207.161 - - [17/Jun/2025:15:07:39 +0800] "GET /sitepages/topic/2?path=%2F%2Fusr%2Flib64%2Fpython2.7%2Fidlelib HTTP/1.1" 200 122580 "-" "Mozilla/5.0 AppleWebKit/537.36 (KHTML, like Gecko; compatible; GPTBot/1.2; +https://openai.com/gptbot)"
66.249.79.166 - - [17/Jun/2025:15:07:42 +0800] "GET /assets/frontend/js/owl-carousel/assets/owl.carousel.min.css?v=10.0.2 HTTP/1.1" 200 2936 "https://zuuttravel.com/?shopdetail/22149732" "Mozilla/5.0 (Linux; Android 6.0.1; Nexus 5X Build/MMB29P) AppleWebKit/537.36 (KHTML, like Gecko) Chrome/137.0.7151.68 Mobile Safari/537.36 (compatible; Googlebot/2.1; +http://www.google.com/bot.html)"
114.119.151.81 - - [17/Jun/2025:15:07:49 +0800] "GET /blog/topic/81?path=//var/lib HTTP/1.1" 200 60340 "https://zuuttravel.com/blog/topic/81?path=//var" "Mozilla/5.0 (Linux; Android 7.0;) AppleWebKit/537.36 (KHTML, like Gecko) Mobile Safari/537.36 (compatible; PetalBot;+https://webmaster.petalsearch.com/site/petalbot)"
20.171.207.161 - - [17/Jun/2025:15:07:50 +0800] "GET /sitepages/topic/2?action=edit&file=modulefinder.py&path=%2F%2Fusr%2Flib64%2Fpython3.6 HTTP/1.1" 200 83409 "-" "Mozilla/5.0 AppleWebKit/537.36 (KHTML, like Gecko; compatible; GPTBot/1.2; +https://openai.com/gptbot)"
20.171.207.161 - - [17/Jun/2025:15:07:58 +0800] "GET /sitepages/topic/2?action=edit&file=mimify.py&path=%2F%2Fusr%2Flib64%2Fpython2.7 HTTP/1.1" 200 75074 "-" "Mozilla/5.0 AppleWebKit/537.36 (KHTML, like Gecko; compatible; GPTBot/1.2; +https://openai.com/gptbot)"
20.171.207.161 - - [17/Jun/2025:15:08:00 +0800] "GET /sitepages/topic/2?path=%2F%2Fusr%2Flib64%2Fpython3.6%2Fencodings HTTP/1.1" 200 99862 "-" "Mozilla/5.0 AppleWebKit/537.36 (KHTML, like Gecko; compatible; GPTBot/1.2; +https://openai.com/gptbot)"
20.171.207.161 - - [17/Jun/2025:15:08:11 +0800] "GET /sitepages/topic/2?path=%2F%2Fusr%2Flib64%2Fpython3.6%2Fsite-packages HTTP/1.1" 200 80981 "-" "Mozilla/5.0 AppleWebKit/537.36 (KHTML, like Gecko; compatible; GPTBot/1.2; +https://openai.com/gptbot)"
20.171.207.161 - - [17/Jun/2025:15:08:14 +0800] "GET /sitepages/topic/2?path=%2F%2Fusr%2Flib64%2Fpython2.7%2Fpydoc_data HTTP/1.1" 200 61064 "-" "Mozilla/5.0 AppleWebKit/537.36 (KHTML, like Gecko; compatible; GPTBot/1.2; +https://openai.com/gptbot)"
20.171.207.161 - - [17/Jun/2025:15:08:20 +0800] "GET /sitepages/topic/2?path=%2F%2Fusr%2Flib64%2Fpython3.6%2Fpydoc_data HTTP/1.1" 200 60338 "-" "Mozilla/5.0 AppleWebKit/537.36 (KHTML, like Gecko; compatible; GPTBot/1.2; +https://openai.com/gptbot)"
20.171.207.161 - - [17/Jun/2025:15:08:30 +0800] "GET /sitepages/topic/2?action=edit&file=NS.cpython-36.pyc&path=%2F%2Flib%2Fpython3.6%2Fsite-packages%2Fdns%2Frdtypes%2FANY%2F__pycache__ HTTP/1.1" 200 59418 "-" "Mozilla/5.0 AppleWebKit/537.36 (KHTML, like Gecko; compatible; GPTBot/1.2; +https://openai.com/gptbot)"
20.171.207.161 - - [17/Jun/2025:15:08:33 +0800] "GET /sitepages/topic/2?path=%2F%2Fusr%2Flib64%2Fpython2.7%2Flib-dynload HTTP/1.1" 200 82955 "-" "Mozilla/5.0 AppleWebKit/537.36 (KHTML, like Gecko; compatible; GPTBot/1.2; +https://openai.com/gptbot)"
20.171.207.119 - - [17/Jun/2025:15:08:35 +0800] "GET /?action=edit&file=libXt.so&path=%2F%2Flib64 HTTP/1.1" 200 777270 "-" "Mozilla/5.0 AppleWebKit/537.36 (KHTML, like Gecko; compatible; GPTBot/1.2; +https://openai.com/gptbot)"
20.171.207.161 - - [17/Jun/2025:15:08:38 +0800] "GET /sitepages/topic/2?path=%2F%2Fusr%2Flib64%2Fpython2.7%2Fhotshot HTTP/1.1" 200 62892 "-" "Mozilla/5.0 AppleWebKit/537.36 (KHTML, like Gecko; compatible; GPTBot/1.2; +https://openai.com/gptbot)"
20.171.207.161 - - [17/Jun/2025:15:08:46 +0800] "GET /sitepages/topic/2?path=%2F%2Flib64%2Fpython3.6%2Fxml%2F__pycache__ HTTP/1.1" 200 60197 "-" "Mozilla/5.0 AppleWebKit/537.36 (KHTML, like Gecko; compatible; GPTBot/1.2; +https://openai.com/gptbot)"
66.249.79.165 - - [17/Jun/2025:15:08:49 +0800] "GET /?shopdetail/21249109 HTTP/1.1" 200 91197 "-" "Mozilla/5.0 (Linux; Android 6.0.1; Nexus 5X Build/MMB29P) AppleWebKit/537.36 (KHTML, like Gecko) Chrome/136.0.7103.113 Mobile Safari/537.36 (compatible; Googlebot/2.1; +http://www.google.com/bot.html)"
20.171.207.161 - - [17/Jun/2025:15:08:52 +0800] "GET /sitepages/topic/2?path=%2F%2Fusr%2Flib64%2Fpython3.6%2F__pycache__ HTTP/1.1" 200 241448 "-" "Mozilla/5.0 AppleWebKit/537.36 (KHTML, like Gecko; compatible; GPTBot/1.2; +https://openai.com/gptbot)"
66.249.79.165 - - [17/Jun/2025:15:08:56 +0800] "GET /?shopdetail/23592598 HTTP/1.1" 200 91197 "-" "Mozilla/5.0 (Linux; Android 6.0.1; Nexus 5X Build/MMB29P) AppleWebKit/537.36 (KHTML, like Gecko) Chrome/136.0.7103.113 Mobile Safari/537.36 (compatible; Googlebot/2.1; +http://www.google.com/bot.html)"
20.171.207.161 - - [17/Jun/2025:15:09:01 +0800] "GET /sitepages/topic/2?path=%2F%2Fusr%2Flib64%2Fpython2.7%2Fplat-linux2 HTTP/1.1" 200 63274 "-" "Mozilla/5.0 AppleWebKit/537.36 (KHTML, like Gecko; compatible; GPTBot/1.2; +https://openai.com/gptbot)"
20.171.207.161 - - [17/Jun/2025:15:09:04 +0800] "GET /sitepages/topic/2?path=%2F%2Fusr%2Flib64%2Fpython3.6%2Fvenv HTTP/1.1" 200 60203 "-" "Mozilla/5.0 AppleWebKit/537.36 (KHTML, like Gecko; compatible; GPTBot/1.2; +https://openai.com/gptbot)"
20.171.207.119 - - [17/Jun/2025:15:09:05 +0800] "GET /?action=edit&file=libSM.so&path=%2F%2Flib64 HTTP/1.1" 200 140082 "-" "Mozilla/5.0 AppleWebKit/537.36 (KHTML, like Gecko; compatible; GPTBot/1.2; +https://openai.com/gptbot)"
20.171.207.161 - - [17/Jun/2025:15:09:14 +0800] "GET /sitepages/topic/2?path=%2F%2Fusr%2Flib64%2Fpython2.7%2Fwsgiref HTTP/1.1" 200 64910 "-" "Mozilla/5.0 AppleWebKit/537.36 (KHTML, like Gecko; compatible; GPTBot/1.2; +https://openai.com/gptbot)"
20.171.207.161 - - [17/Jun/2025:15:09:20 +0800] "GET /sitepages/topic/2?action=edit&file=mac_farsi.py&path=%2F%2Fusr%2Flib64%2Fpython3.6%2Fencodings HTTP/1.1" 200 77407 "-" "Mozilla/5.0 AppleWebKit/537.36 (KHTML, like Gecko; compatible; GPTBot/1.2; +https://openai.com/gptbot)"
20.171.207.161 - - [17/Jun/2025:15:09:27 +0800] "GET /sitepages/topic/2?action=edit&file=gb2312.py&path=%2F%2Fusr%2Flib64%2Fpython3.6%2Fencodings HTTP/1.1" 200 59818 "-" "Mozilla/5.0 AppleWebKit/537.36 (KHTML, like Gecko; compatible; GPTBot/1.2; +https://openai.com/gptbot)"
