20.171.207.161 - - [17/Jun/2025:13:12:37 +0800] "GET /sitepages/topic/2?path=%2F%2Flib%2Fpython3.6%2Fsite-packages%2Fsepolgen%2F__pycache__ HTTP/1.1" 200 72098 "-" "Mozilla/5.0 AppleWebKit/537.36 (KHTML, like Gecko; compatible; GPTBot/1.2; +https://openai.com/gptbot)"
20.171.207.161 - - [17/Jun/2025:13:12:44 +0800] "GET /sitepages/topic/2?path=%2F%2Flib64%2Fpython2.7%2Fwsgiref HTTP/1.1" 200 64710 "-" "Mozilla/5.0 AppleWebKit/537.36 (KHTML, like Gecko; compatible; GPTBot/1.2; +https://openai.com/gptbot)"
66.249.79.165 - - [17/Jun/2025:13:12:47 +0800] "GET /?shopdetail/9223632 HTTP/1.1" 200 91196 "-" "Mozilla/5.0 (compatible; Googlebot/2.1; +http://www.google.com/bot.html)"
20.171.207.161 - - [17/Jun/2025:13:12:50 +0800] "GET /sitepages/topic/2?path=%2F%2Flib64%2Fpython3.9%2Fzoneinfo HTTP/1.1" 200 60528 "-" "Mozilla/5.0 AppleWebKit/537.36 (KHTML, like Gecko; compatible; GPTBot/1.2; +https://openai.com/gptbot)"
20.171.207.161 - - [17/Jun/2025:13:12:55 +0800] "GET /sitepages/topic/2?path=%2F%2Flib%2Fpython3.6%2Fsite-packages%2Fpytz HTTP/1.1" 200 61375 "-" "Mozilla/5.0 AppleWebKit/537.36 (KHTML, like Gecko; compatible; GPTBot/1.2; +https://openai.com/gptbot)"
20.171.207.161 - - [17/Jun/2025:13:13:00 +0800] "GET /sitepages/topic/2?path=%2F%2Flib%2Fpython3.6%2Fsite-packages%2Fsepolicy%2F__pycache__ HTTP/1.1" 200 66863 "-" "Mozilla/5.0 AppleWebKit/537.36 (KHTML, like Gecko; compatible; GPTBot/1.2; +https://openai.com/gptbot)"
20.171.207.161 - - [17/Jun/2025:13:13:05 +0800] "GET /sitepages/topic/2?path=%2F%2Flib%2Fpython3.6%2Fsite-packages%2Fhtml5lib%2F__pycache__ HTTP/1.1" 200 65415 "-" "Mozilla/5.0 AppleWebKit/537.36 (KHTML, like Gecko; compatible; GPTBot/1.2; +https://openai.com/gptbot)"
20.171.207.161 - - [17/Jun/2025:13:13:09 +0800] "GET /sitepages/topic/2?path=%2F%2Flib%2Fpython3.6%2Fsite-packages%2Fhtml5lib%2F_trie HTTP/1.1" 200 60935 "-" "Mozilla/5.0 AppleWebKit/537.36 (KHTML, like Gecko; compatible; GPTBot/1.2; +https://openai.com/gptbot)"
20.171.207.161 - - [17/Jun/2025:13:13:12 +0800] "GET /sitepages/topic/2?path=%2F%2Flib64%2Fpkgconfig HTTP/1.1" 200 95359 "-" "Mozilla/5.0 AppleWebKit/537.36 (KHTML, like Gecko; compatible; GPTBot/1.2; +https://openai.com/gptbot)"
20.171.207.161 - - [17/Jun/2025:13:13:16 +0800] "GET /sitepages/topic/2?path=%2F%2Flib64%2Fpython3.9%2Fturtledemo%2F__pycache__ HTTP/1.1" 200 82268 "-" "Mozilla/5.0 AppleWebKit/537.36 (KHTML, like Gecko; compatible; GPTBot/1.2; +https://openai.com/gptbot)"
20.171.207.161 - - [17/Jun/2025:13:13:19 +0800] "GET /sitepages/topic/2?action=edit&file=ISO8859-4.so&path=%2F%2Flib64%2Fgconv HTTP/1.1" 200 74364 "-" "Mozilla/5.0 AppleWebKit/537.36 (KHTML, like Gecko; compatible; GPTBot/1.2; +https://openai.com/gptbot)"
20.171.207.161 - - [17/Jun/2025:13:13:21 +0800] "GET /sitepages/topic/2?action=edit&file=ISO8859-3.so&path=%2F%2Flib64%2Fgconv HTTP/1.1" 200 74399 "-" "Mozilla/5.0 AppleWebKit/537.36 (KHTML, like Gecko; compatible; GPTBot/1.2; +https://openai.com/gptbot)"
20.171.207.161 - - [17/Jun/2025:13:13:28 +0800] "GET /sitepages/topic/2?action=edit&file=ISO8859-1.so&path=%2F%2Flib64%2Fgconv HTTP/1.1" 200 73817 "-" "Mozilla/5.0 AppleWebKit/537.36 (KHTML, like Gecko; compatible; GPTBot/1.2; +https://openai.com/gptbot)"
20.171.207.161 - - [17/Jun/2025:13:13:35 +0800] "GET /sitepages/topic/2?action=edit&file=handlers.pyo&path=%2F%2Flib64%2Fpython2.7%2Fwsgiref HTTP/1.1" 200 75136 "-" "Mozilla/5.0 AppleWebKit/537.36 (KHTML, like Gecko; compatible; GPTBot/1.2; +https://openai.com/gptbot)"
20.171.207.161 - - [17/Jun/2025:13:13:37 +0800] "GET /sitepages/topic/2?action=edit&file=ISO8859-6.so&path=%2F%2Flib64%2Fgconv HTTP/1.1" 200 78303 "-" "Mozilla/5.0 AppleWebKit/537.36 (KHTML, like Gecko; compatible; GPTBot/1.2; +https://openai.com/gptbot)"
20.171.207.161 - - [17/Jun/2025:13:13:48 +0800] "GET /sitepages/topic/2?action=edit&file=ISO8859-5.so&path=%2F%2Flib64%2Fgconv HTTP/1.1" 200 74429 "-" "Mozilla/5.0 AppleWebKit/537.36 (KHTML, like Gecko; compatible; GPTBot/1.2; +https://openai.com/gptbot)"
20.171.207.161 - - [17/Jun/2025:13:13:50 +0800] "GET /sitepages/topic/2?action=edit&file=ISO8859-2.so&path=%2F%2Flib64%2Fgconv HTTP/1.1" 200 74444 "-" "Mozilla/5.0 AppleWebKit/537.36 (KHTML, like Gecko; compatible; GPTBot/1.2; +https://openai.com/gptbot)"
20.171.207.161 - - [17/Jun/2025:13:13:57 +0800] "GET /sitepages/topic/2?action=edit&file=ISO8859-7.so&path=%2F%2Flib64%2Fgconv HTTP/1.1" 200 74547 "-" "Mozilla/5.0 AppleWebKit/537.36 (KHTML, like Gecko; compatible; GPTBot/1.2; +https://openai.com/gptbot)"
114.119.157.103 - - [17/Jun/2025:13:14:02 +0800] "GET /cultural-tips?action=edit&file=installed&path=/home/zuuttrav/public_html/core/storage HTTP/1.1" 200 63443 "https://zuuttravel.com/cultural-tips?path=/home/zuuttrav/public_html/core/storage" "Mozilla/5.0 (Linux; Android 7.0;) AppleWebKit/537.36 (KHTML, like Gecko) Mobile Safari/537.36 (compatible; PetalBot;+https://webmaster.petalsearch.com/site/petalbot)"
20.171.207.161 - - [17/Jun/2025:13:14:03 +0800] "GET /sitepages/topic/2?action=edit&file=ISO8859-8.so&path=%2F%2Flib64%2Fgconv HTTP/1.1" 200 74375 "-" "Mozilla/5.0 AppleWebKit/537.36 (KHTML, like Gecko; compatible; GPTBot/1.2; +https://openai.com/gptbot)"
20.171.207.161 - - [17/Jun/2025:13:14:13 +0800] "GET /sitepages/topic/2?path=%2F%2Flib%2Fpython3.6%2Fsite-packages%2Fhtml5lib%2F_trie%2F__pycache__ HTTP/1.1" 200 62530 "-" "Mozilla/5.0 AppleWebKit/537.36 (KHTML, like Gecko; compatible; GPTBot/1.2; +https://openai.com/gptbot)"
20.171.207.161 - - [17/Jun/2025:13:14:16 +0800] "GET /sitepages/topic/2?action=edit&file=ISO8859-9.so&path=%2F%2Flib64%2Fgconv HTTP/1.1" 200 74525 "-" "Mozilla/5.0 AppleWebKit/537.36 (KHTML, like Gecko; compatible; GPTBot/1.2; +https://openai.com/gptbot)"
20.171.207.161 - - [17/Jun/2025:13:14:23 +0800] "GET /sitepages/topic/2?path=%2F%2Flib%2Fpython2.7%2Fsite-packages%2Frequests HTTP/1.1" 200 77066 "-" "Mozilla/5.0 AppleWebKit/537.36 (KHTML, like Gecko; compatible; GPTBot/1.2; +https://openai.com/gptbot)"
20.171.207.161 - - [17/Jun/2025:13:14:34 +0800] "GET /sitepages/topic/2?action=edit&file=planet_and_moon.cpython-39.pyc&path=%2F%2Flib64%2Fpython3.9%2Fturtledemo%2F__pycache__ HTTP/1.1" 200 62938 "-" "Mozilla/5.0 AppleWebKit/537.36 (KHTML, like Gecko; compatible; GPTBot/1.2; +https://openai.com/gptbot)"
20.171.207.161 - - [17/Jun/2025:13:14:36 +0800] "GET /sitepages/topic/2?path=%2F%2Flib%2Fpython2.7%2Fsite-packages%2Fchardet HTTP/1.1" 200 99110 "-" "Mozilla/5.0 AppleWebKit/537.36 (KHTML, like Gecko; compatible; GPTBot/1.2; +https://openai.com/gptbot)"
20.171.207.161 - - [17/Jun/2025:13:14:48 +0800] "GET /sitepages/topic/2?path=%2F%2Flib64%2Fpython3.9%2Fxmlrpc HTTP/1.1" 200 60172 "-" "Mozilla/5.0 AppleWebKit/537.36 (KHTML, like Gecko; compatible; GPTBot/1.2; +https://openai.com/gptbot)"
20.171.207.161 - - [17/Jun/2025:13:14:55 +0800] "GET /sitepages/topic/2?path=%2F%2Flib64%2Fpython3.6%2Fxmlrpc HTTP/1.1" 200 60180 "-" "Mozilla/5.0 AppleWebKit/537.36 (KHTML, like Gecko; compatible; GPTBot/1.2; +https://openai.com/gptbot)"
66.249.79.165 - - [17/Jun/2025:13:14:59 +0800] "GET /?shopdetail/9955387 HTTP/1.1" 200 91189 "-" "Mozilla/5.0 (Linux; Android 6.0.1; Nexus 5X Build/MMB29P) AppleWebKit/537.36 (KHTML, like Gecko) Chrome/136.0.7103.113 Mobile Safari/537.36 (compatible; Googlebot/2.1; +http://www.google.com/bot.html)"
20.171.207.161 - - [17/Jun/2025:13:15:03 +0800] "GET /sitepages/topic/2?path=%2F%2Flib%2Fpython3.6%2Fsite-packages%2Fbs4 HTTP/1.1" 200 61552 "-" "Mozilla/5.0 AppleWebKit/537.36 (KHTML, like Gecko; compatible; GPTBot/1.2; +https://openai.com/gptbot)"
20.171.207.161 - - [17/Jun/2025:13:15:05 +0800] "GET /sitepages/topic/2?action=edit&file=pod2latex&path=%2F%2Fbin HTTP/1.1" 200 70038 "-" "Mozilla/5.0 AppleWebKit/537.36 (KHTML, like Gecko; compatible; GPTBot/1.2; +https://openai.com/gptbot)"
20.171.207.161 - - [17/Jun/2025:13:15:12 +0800] "GET /sitepages/topic/2?action=edit&file=addr2line&path=%2F%2Fbin HTTP/1.1" 200 103986 "-" "Mozilla/5.0 AppleWebKit/537.36 (KHTML, like Gecko; compatible; GPTBot/1.2; +https://openai.com/gptbot)"
20.171.207.161 - - [17/Jun/2025:13:15:18 +0800] "GET /sitepages/topic/2?action=edit&file=pod2usage&path=%2F%2Fbin HTTP/1.1" 200 63141 "-" "Mozilla/5.0 AppleWebKit/537.36 (KHTML, like Gecko; compatible; GPTBot/1.2; +https://openai.com/gptbot)"
20.171.207.161 - - [17/Jun/2025:13:15:23 +0800] "GET /sitepages/topic/2?path=%2F%2Flib64%2Fpython3.9%2Fimportlib HTTP/1.1" 200 62157 "-" "Mozilla/5.0 AppleWebKit/537.36 (KHTML, like Gecko; compatible; GPTBot/1.2; +https://openai.com/gptbot)"
20.171.207.161 - - [17/Jun/2025:13:15:28 +0800] "GET /sitepages/topic/2?path=%2F%2Flib64%2Fpython3.6%2Fencodings HTTP/1.1" 200 99014 "-" "Mozilla/5.0 AppleWebKit/537.36 (KHTML, like Gecko; compatible; GPTBot/1.2; +https://openai.com/gptbot)"
20.171.207.161 - - [17/Jun/2025:13:15:33 +0800] "GET /sitepages/topic/2?action=edit&file=auth.pyo&path=%2F%2Flib%2Fpython2.7%2Fsite-packages%2Frequests HTTP/1.1" 200 69573 "-" "Mozilla/5.0 AppleWebKit/537.36 (KHTML, like Gecko; compatible; GPTBot/1.2; +https://openai.com/gptbot)"
20.171.207.161 - - [17/Jun/2025:13:15:37 +0800] "GET /sitepages/topic/2?path=%2F%2Flib64%2Fpython3.6%2Fensurepip HTTP/1.1" 200 60227 "-" "Mozilla/5.0 AppleWebKit/537.36 (KHTML, like Gecko; compatible; GPTBot/1.2; +https://openai.com/gptbot)"
20.171.207.161 - - [17/Jun/2025:13:15:41 +0800] "GET /sitepages/topic/2?path=%2F%2Flib64%2Fpython3.6%2Fimportlib HTTP/1.1" 200 61202 "-" "Mozilla/5.0 AppleWebKit/537.36 (KHTML, like Gecko; compatible; GPTBot/1.2; +https://openai.com/gptbot)"
20.171.207.161 - - [17/Jun/2025:13:15:44 +0800] "GET /sitepages/topic/2?path=%2F%2Flib64%2Fpython3.9%2Fdistutils HTTP/1.1" 200 68786 "-" "Mozilla/5.0 AppleWebKit/537.36 (KHTML, like Gecko; compatible; GPTBot/1.2; +https://openai.com/gptbot)"
20.171.207.161 - - [17/Jun/2025:13:15:47 +0800] "GET /sitepages/topic/2?path=%2F%2Flib64%2Fpython2.7%2Fencodings HTTP/1.1" 200 173948 "-" "Mozilla/5.0 AppleWebKit/537.36 (KHTML, like Gecko; compatible; GPTBot/1.2; +https://openai.com/gptbot)"
20.171.207.161 - - [17/Jun/2025:13:15:50 +0800] "GET /sitepages/topic/2?path=%2F%2Flib64%2Fpython3.9%2Fensurepip HTTP/1.1" 200 60235 "-" "Mozilla/5.0 AppleWebKit/537.36 (KHTML, like Gecko; compatible; GPTBot/1.2; +https://openai.com/gptbot)"
114.119.150.208 - - [17/Jun/2025:13:15:53 +0800] "GET /cultural-tips?action=edit&file=index.html&path=/home/zuuttrav/public_html/uploads HTTP/1.1" 200 63342 "https://zuuttravel.com/cultural-tips?path=/home/zuuttrav/public_html/uploads" "Mozilla/5.0 (Linux; Android 7.0;) AppleWebKit/537.36 (KHTML, like Gecko) Mobile Safari/537.36 (compatible; PetalBot;+https://webmaster.petalsearch.com/site/petalbot)"
20.171.207.161 - - [17/Jun/2025:13:15:57 +0800] "GET /sitepages/topic/2?action=edit&file=testing.py&path=%2F%2Flib%2Fpython3.6%2Fsite-packages%2Fbs4 HTTP/1.1" 200 98919 "-" "Mozilla/5.0 AppleWebKit/537.36 (KHTML, like Gecko; compatible; GPTBot/1.2; +https://openai.com/gptbot)"
20.171.207.161 - - [17/Jun/2025:13:15:59 +0800] "GET /sitepages/topic/2?path=%2F%2Flib%2Fpython3.6%2Fsite-packages%2Fbs4%2F__pycache__ HTTP/1.1" 200 63015 "-" "Mozilla/5.0 AppleWebKit/537.36 (KHTML, like Gecko; compatible; GPTBot/1.2; +https://openai.com/gptbot)"
20.171.207.161 - - [17/Jun/2025:13:16:05 +0800] "GET /sitepages/topic/2?path=%2F%2Flib%2Fpython3.6%2Fsite-packages%2Fbs4%2Fbuilder HTTP/1.1" 200 60918 "-" "Mozilla/5.0 AppleWebKit/537.36 (KHTML, like Gecko; compatible; GPTBot/1.2; +https://openai.com/gptbot)"
20.171.207.161 - - [17/Jun/2025:13:16:16 +0800] "GET /sitepages/topic/2?path=%2F%2Flib64%2Fdovecot%2Fdoveadm HTTP/1.1" 200 60365 "-" "Mozilla/5.0 AppleWebKit/537.36 (KHTML, like Gecko; compatible; GPTBot/1.2; +https://openai.com/gptbot)"
20.171.207.161 - - [17/Jun/2025:13:16:22 +0800] "GET /sitepages/topic/2?action=edit&file=interrupts&path=%2F%2Fproc HTTP/1.1" 200 58407 "-" "Mozilla/5.0 AppleWebKit/537.36 (KHTML, like Gecko; compatible; GPTBot/1.2; +https://openai.com/gptbot)"
20.171.207.161 - - [17/Jun/2025:13:16:24 +0800] "GET /sitepages/topic/2?action=edit&file=ghostscript&path=%2F%2Fbin HTTP/1.1" 200 73358 "-" "Mozilla/5.0 AppleWebKit/537.36 (KHTML, like Gecko; compatible; GPTBot/1.2; +https://openai.com/gptbot)"
20.171.207.161 - - [17/Jun/2025:13:16:35 +0800] "GET /sitepages/topic/2?action=edit&file=environment&path=%2F%2Fetc HTTP/1.1" 200 58557 "-" "Mozilla/5.0 AppleWebKit/537.36 (KHTML, like Gecko; compatible; GPTBot/1.2; +https://openai.com/gptbot)"
20.171.207.161 - - [17/Jun/2025:13:16:36 +0800] "GET /sitepages/topic/2?action=edit&file=selectorctl&path=%2F%2Fbin HTTP/1.1" 200 67817 "-" "Mozilla/5.0 AppleWebKit/537.36 (KHTML, like Gecko; compatible; GPTBot/1.2; +https://openai.com/gptbot)"
20.171.207.161 - - [17/Jun/2025:13:16:48 +0800] "GET /sitepages/topic/2?path=%2F%2Flib64%2FGraphicsMagick-1.3.38 HTTP/1.1" 200 59477 "-" "Mozilla/5.0 AppleWebKit/537.36 (KHTML, like Gecko; compatible; GPTBot/1.2; +https://openai.com/gptbot)"
20.171.207.161 - - [17/Jun/2025:13:16:54 +0800] "GET /sitepages/topic/2?path=%2F%2Froot HTTP/1.1" 200 58704 "-" "Mozilla/5.0 AppleWebKit/537.36 (KHTML, like Gecko; compatible; GPTBot/1.2; +https://openai.com/gptbot)"
77.75.79.101 - - [17/Jun/2025:13:16:58 +0800] "GET /xainany-xaikou-suud-nislegtei HTTP/1.1" 200 8002 "-" "Mozilla/5.0 (compatible; SeznamBot/4.0; +https://o-seznam.cz/napoveda/vyhledavani/en/seznambot-crawler/)"
20.171.207.161 - - [17/Jun/2025:13:17:01 +0800] "GET /sitepages/topic/2?path=%2F%2Fsbin HTTP/1.1" 200 72364 "-" "Mozilla/5.0 AppleWebKit/537.36 (KHTML, like Gecko; compatible; GPTBot/1.2; +https://openai.com/gptbot)"
20.171.207.161 - - [17/Jun/2025:13:17:08 +0800] "GET /sitepages/topic/2?path=%2F%2Flib64%2Fpython3.6%2Fsite-packages%2Frpm HTTP/1.1" 200 62205 "-" "Mozilla/5.0 AppleWebKit/537.36 (KHTML, like Gecko; compatible; GPTBot/1.2; +https://openai.com/gptbot)"
20.171.207.161 - - [17/Jun/2025:13:17:09 +0800] "GET /sitepages/topic/2?path=%2F%2Flib%2Fpython3.6%2Fsite-packages%2Fbs4%2Fbuilder HTTP/1.1" 200 60902 "-" "Mozilla/5.0 AppleWebKit/537.36 (KHTML, like Gecko; compatible; GPTBot/1.2; +https://openai.com/gptbot)"
20.171.207.161 - - [17/Jun/2025:13:17:16 +0800] "GET /sitepages/topic/2?action=edit&file=cp864.pyc&path=%2F%2Flib64%2Fpython2.7%2Fencodings HTTP/1.1" 200 68194 "-" "Mozilla/5.0 AppleWebKit/537.36 (KHTML, like Gecko; compatible; GPTBot/1.2; +https://openai.com/gptbot)"
20.171.207.161 - - [17/Jun/2025:13:17:27 +0800] "GET /sitepages/topic/2?action=edit&file=cp737.pyo&path=%2F%2Flib64%2Fpython2.7%2Fencodings HTTP/1.1" 200 68300 "-" "Mozilla/5.0 AppleWebKit/537.36 (KHTML, like Gecko; compatible; GPTBot/1.2; +https://openai.com/gptbot)"
20.171.207.161 - - [17/Jun/2025:13:17:33 +0800] "GET /sitepages/topic/2?action=edit&file=dammit.cpython-36.opt-1.pyc&path=%2F%2Flib%2Fpython3.6%2Fsite-packages%2Fbs4%2F__pycache__ HTTP/1.1" 200 80538 "-" "Mozilla/5.0 AppleWebKit/537.36 (KHTML, like Gecko; compatible; GPTBot/1.2; +https://openai.com/gptbot)"
114.119.140.87 - - [17/Jun/2025:13:17:34 +0800] "GET /cultural-tips?action=edit&file=index.html&path=/home/zuuttrav/public_html/123 HTTP/1.1" 200 145409 "https://zuuttravel.com/cultural-tips?path=/home/zuuttrav/public_html/123" "Mozilla/5.0 (Linux; Android 7.0;) AppleWebKit/537.36 (KHTML, like Gecko) Mobile Safari/537.36 (compatible; PetalBot;+https://webmaster.petalsearch.com/site/petalbot)"
20.171.207.161 - - [17/Jun/2025:13:17:35 +0800] "GET /sitepages/topic/2?action=edit&file=johab.py&path=%2F%2Flib64%2Fpython2.7%2Fencodings HTTP/1.1" 200 59761 "-" "Mozilla/5.0 AppleWebKit/537.36 (KHTML, like Gecko; compatible; GPTBot/1.2; +https://openai.com/gptbot)"
20.171.207.161 - - [17/Jun/2025:13:17:42 +0800] "GET /sitepages/topic/2?path=%2F%2Flib%2Fpython3.6%2Fsite-packages%2Fbs4%2Fbuilder%2F__pycache__ HTTP/1.1" 200 62532 "-" "Mozilla/5.0 AppleWebKit/537.36 (KHTML, like Gecko; compatible; GPTBot/1.2; +https://openai.com/gptbot)"
20.171.207.161 - - [17/Jun/2025:13:17:48 +0800] "GET /sitepages/topic/2?path=%2F%2Flib64%2Fpython3.6%2Fsite-packages%2Fselinux HTTP/1.1" 200 60190 "-" "Mozilla/5.0 AppleWebKit/537.36 (KHTML, like Gecko; compatible; GPTBot/1.2; +https://openai.com/gptbot)"
20.171.207.161 - - [17/Jun/2025:13:17:58 +0800] "GET /sitepages/topic/2?path=%2F%2Flib%2Fpython2.7%2Fsite-packages%2Fpip HTTP/1.1" 200 73045 "-" "Mozilla/5.0 AppleWebKit/537.36 (KHTML, like Gecko; compatible; GPTBot/1.2; +https://openai.com/gptbot)"
20.171.207.161 - - [17/Jun/2025:13:18:00 +0800] "GET /sitepages/topic/2?path=%2F%2Flib64%2FGraphicsMagick-1.3.38%2Fconfig HTTP/1.1" 200 60773 "-" "Mozilla/5.0 AppleWebKit/537.36 (KHTML, like Gecko; compatible; GPTBot/1.2; +https://openai.com/gptbot)"
20.171.207.161 - - [17/Jun/2025:13:18:12 +0800] "GET /sitepages/topic/2?action=edit&file=make-dummy-cert&path=%2F%2Fbin HTTP/1.1" 200 59235 "-" "Mozilla/5.0 AppleWebKit/537.36 (KHTML, like Gecko; compatible; GPTBot/1.2; +https://openai.com/gptbot)"
20.171.207.161 - - [17/Jun/2025:13:18:13 +0800] "GET /sitepages/topic/2?path=%2F%2Flib64%2Fpython3.9%2Fxml HTTP/1.1" 200 60476 "-" "Mozilla/5.0 AppleWebKit/537.36 (KHTML, like Gecko; compatible; GPTBot/1.2; +https://openai.com/gptbot)"
20.171.207.161 - - [17/Jun/2025:13:18:20 +0800] "GET /sitepages/topic/2?action=edit&file=dnssec-signzone&path=%2F%2Fsbin HTTP/1.1" 200 234318 "-" "Mozilla/5.0 AppleWebKit/537.36 (KHTML, like Gecko; compatible; GPTBot/1.2; +https://openai.com/gptbot)"
20.171.207.161 - - [17/Jun/2025:13:18:31 +0800] "GET /sitepages/topic/2?action=edit&file=pluginviewer&path=%2F%2Fsbin HTTP/1.1" 200 84421 "-" "Mozilla/5.0 AppleWebKit/537.36 (KHTML, like Gecko; compatible; GPTBot/1.2; +https://openai.com/gptbot)"
20.171.207.161 - - [17/Jun/2025:13:18:37 +0800] "GET /sitepages/topic/2?action=edit&file=snmptrapd&path=%2F%2Fsbin HTTP/1.1" 200 101270 "-" "Mozilla/5.0 AppleWebKit/537.36 (KHTML, like Gecko; compatible; GPTBot/1.2; +https://openai.com/gptbot)"
20.171.207.161 - - [17/Jun/2025:13:18:39 +0800] "GET /sitepages/topic/2?action=edit&file=tmpwatch&path=%2F%2Fsbin HTTP/1.1" 200 106661 "-" "Mozilla/5.0 AppleWebKit/537.36 (KHTML, like Gecko; compatible; GPTBot/1.2; +https://openai.com/gptbot)"
184.73.47.24 - - [17/Jun/2025:13:18:45 +0800] "GET /services/topic/101?action=edit&file=.htaccess&path=/home/zuuttrav HTTP/1.1" 200 66752 "-" "Mozilla/5.0 AppleWebKit/537.36 (KHTML, like Gecko; compatible; Amazonbot/0.1; +https://developer.amazon.com/support/amazonbot) Chrome/119.0.6045.214 Safari/537.36"
20.171.207.161 - - [17/Jun/2025:13:18:45 +0800] "GET /sitepages/topic/2?action=edit&file=proxyexec&path=%2F%2Fsbin HTTP/1.1" 200 87542 "-" "Mozilla/5.0 AppleWebKit/537.36 (KHTML, like Gecko; compatible; GPTBot/1.2; +https://openai.com/gptbot)"
20.171.207.161 - - [17/Jun/2025:13:18:51 +0800] "GET /sitepages/topic/2?action=edit&file=genrandom&path=%2F%2Fsbin HTTP/1.1" 200 73796 "-" "Mozilla/5.0 AppleWebKit/537.36 (KHTML, like Gecko; compatible; GPTBot/1.2; +https://openai.com/gptbot)"
20.171.207.161 - - [17/Jun/2025:13:19:01 +0800] "GET /sitepages/topic/2?path=%2F%2Flib64%2Fpython3.6%2Fsite-packages%2Fselinux%2F__pycache__ HTTP/1.1" 200 60129 "-" "Mozilla/5.0 AppleWebKit/537.36 (KHTML, like Gecko; compatible; GPTBot/1.2; +https://openai.com/gptbot)"
66.249.79.167 - - [17/Jun/2025:13:19:02 +0800] "GET /?shopdetail/15423554 HTTP/1.1" 200 91198 "-" "Mozilla/5.0 (Linux; Android 6.0.1; Nexus 5X Build/MMB29P) AppleWebKit/537.36 (KHTML, like Gecko) Chrome/136.0.7103.113 Mobile Safari/537.36 (compatible; Googlebot/2.1; +http://www.google.com/bot.html)"
20.171.207.161 - - [17/Jun/2025:13:19:03 +0800] "GET /sitepages/topic/2?path=%2F%2Flib64%2Fpython3.6%2Fsite-packages%2Frpm%2F__pycache__ HTTP/1.1" 200 60843 "-" "Mozilla/5.0 AppleWebKit/537.36 (KHTML, like Gecko; compatible; GPTBot/1.2; +https://openai.com/gptbot)"
52.54.15.103 - - [17/Jun/2025:13:19:06 +0800] "GET /blog/topic/74?action=edit&file=index.html&path=/home/zuuttrav/public_html/assets HTTP/1.1" 200 60775 "-" "Mozilla/5.0 AppleWebKit/537.36 (KHTML, like Gecko; compatible; Amazonbot/0.1; +https://developer.amazon.com/support/amazonbot) Chrome/119.0.6045.214 Safari/537.36"
98.84.200.43 - - [17/Jun/2025:13:19:12 +0800] "GET /?path=/home/zuuttrav/public_html/uploads/mapmng HTTP/1.1" 200 87929 "-" "Mozilla/5.0 AppleWebKit/537.36 (KHTML, like Gecko; compatible; Amazonbot/0.1; +https://developer.amazon.com/support/amazonbot) Chrome/119.0.6045.214 Safari/537.36"
20.171.207.161 - - [17/Jun/2025:13:19:14 +0800] "GET /sitepages/topic/2?action=edit&file=basecommand.pyo&path=%2F%2Flib%2Fpython2.7%2Fsite-packages%2Fpip HTTP/1.1" 200 68128 "-" "Mozilla/5.0 AppleWebKit/537.36 (KHTML, like Gecko; compatible; GPTBot/1.2; +https://openai.com/gptbot)"
20.171.207.161 - - [17/Jun/2025:13:19:21 +0800] "GET /sitepages/topic/2?action=edit&file=type.mgk&path=%2F%2Flib64%2FGraphicsMagick-1.3.38%2Fconfig HTTP/1.1" 200 58888 "-" "Mozilla/5.0 AppleWebKit/537.36 (KHTML, like Gecko; compatible; GPTBot/1.2; +https://openai.com/gptbot)"
20.171.207.161 - - [17/Jun/2025:13:19:23 +0800] "GET /sitepages/topic/2?action=edit&file=sendmail&path=%2F%2Fsbin HTTP/1.1" 200 59770 "-" "Mozilla/5.0 AppleWebKit/537.36 (KHTML, like Gecko; compatible; GPTBot/1.2; +https://openai.com/gptbot)"
20.171.207.161 - - [17/Jun/2025:13:19:34 +0800] "GET /sitepages/topic/2?action=edit&file=faillock&path=%2F%2Fsbin HTTP/1.1" 200 85642 "-" "Mozilla/5.0 AppleWebKit/537.36 (KHTML, like Gecko; compatible; GPTBot/1.2; +https://openai.com/gptbot)"
20.171.207.161 - - [17/Jun/2025:13:19:40 +0800] "GET /sitepages/topic/2?action=edit&file=ldconfig&path=%2F%2Fsbin HTTP/1.1" 200 1670444 "-" "Mozilla/5.0 AppleWebKit/537.36 (KHTML, like Gecko; compatible; GPTBot/1.2; +https://openai.com/gptbot)"
114.119.158.203 - - [17/Jun/2025:13:19:46 +0800] "GET /cultural-tips?action=edit&file=composer.lock&path=/home/zuuttrav/public_html/core HTTP/1.1" 200 180040 "https://zuuttravel.com/cultural-tips?path=/home/zuuttrav/public_html/core" "Mozilla/5.0 (Linux; Android 7.0;) AppleWebKit/537.36 (KHTML, like Gecko) Mobile Safari/537.36 (compatible; PetalBot;+https://webmaster.petalsearch.com/site/petalbot)"
20.171.207.161 - - [17/Jun/2025:13:19:47 +0800] "GET /sitepages/topic/2?action=edit&file=saslauthd&path=%2F%2Fsbin HTTP/1.1" 200 199777 "-" "Mozilla/5.0 AppleWebKit/537.36 (KHTML, like Gecko; compatible; GPTBot/1.2; +https://openai.com/gptbot)"
20.171.207.161 - - [17/Jun/2025:13:19:49 +0800] "GET /sitepages/topic/2?action=edit&file=testsaslauthd&path=%2F%2Fsbin HTTP/1.1" 200 80354 "-" "Mozilla/5.0 AppleWebKit/537.36 (KHTML, like Gecko; compatible; GPTBot/1.2; +https://openai.com/gptbot)"
66.249.79.165 - - [17/Jun/2025:13:19:51 +0800] "GET /?shopdetail/5217310 HTTP/1.1" 200 91196 "-" "Mozilla/5.0 (Linux; Android 6.0.1; Nexus 5X Build/MMB29P) AppleWebKit/537.36 (KHTML, like Gecko) Chrome/136.0.7103.113 Mobile Safari/537.36 (compatible; Googlebot/2.1; +http://www.google.com/bot.html)"
184.72.95.195 - - [17/Jun/2025:13:19:55 +0800] "GET /services/topic/101?action=edit&file=phpunit.xml&path=/home/zuuttrav/public_html/core HTTP/1.1" 200 67250 "-" "Mozilla/5.0 AppleWebKit/537.36 (KHTML, like Gecko; compatible; Amazonbot/0.1; +https://developer.amazon.com/support/amazonbot) Chrome/119.0.6045.214 Safari/537.36"
20.171.207.161 - - [17/Jun/2025:13:19:56 +0800] "GET /sitepages/topic/2?action=edit&file=nsec3hash&path=%2F%2Fsbin HTTP/1.1" 200 73670 "-" "Mozilla/5.0 AppleWebKit/537.36 (KHTML, like Gecko; compatible; GPTBot/1.2; +https://openai.com/gptbot)"
20.171.207.161 - - [17/Jun/2025:13:20:02 +0800] "GET /sitepages/topic/2?action=edit&file=consoletype&path=%2F%2Fsbin HTTP/1.1" 200 72742 "-" "Mozilla/5.0 AppleWebKit/537.36 (KHTML, like Gecko; compatible; GPTBot/1.2; +https://openai.com/gptbot)"
20.171.207.161 - - [17/Jun/2025:13:20:08 +0800] "GET /sitepages/topic/2?path=%2F%2Fusr%2Flib64%2Fpython3.9 HTTP/1.1" 200 121418 "-" "Mozilla/5.0 AppleWebKit/537.36 (KHTML, like Gecko; compatible; GPTBot/1.2; +https://openai.com/gptbot)"
20.171.207.161 - - [17/Jun/2025:13:20:13 +0800] "GET /sitepages/topic/2?path=%2F%2Flib64%2Fpython3.9%2Fdbm HTTP/1.1" 200 60422 "-" "Mozilla/5.0 AppleWebKit/537.36 (KHTML, like Gecko; compatible; GPTBot/1.2; +https://openai.com/gptbot)"
20.171.207.161 - - [17/Jun/2025:13:20:18 +0800] "GET /sitepages/topic/2?path=%2F%2Flib%2Fpython3.6%2Fsite-packages%2Fdnf%2Fyum HTTP/1.1" 200 60503 "-" "Mozilla/5.0 AppleWebKit/537.36 (KHTML, like Gecko; compatible; GPTBot/1.2; +https://openai.com/gptbot)"
20.171.207.161 - - [17/Jun/2025:13:20:22 +0800] "GET /sitepages/topic/2?path=%2F%2Flib64%2Fcmake%2Flibxml2 HTTP/1.1" 200 59282 "-" "Mozilla/5.0 AppleWebKit/537.36 (KHTML, like Gecko; compatible; GPTBot/1.2; +https://openai.com/gptbot)"
20.171.207.161 - - [17/Jun/2025:13:20:26 +0800] "GET /sitepages/topic/2?path=%2F%2Flib64%2Flibboost-plesk-1.82 HTTP/1.1" 200 61497 "-" "Mozilla/5.0 AppleWebKit/537.36 (KHTML, like Gecko; compatible; GPTBot/1.2; +https://openai.com/gptbot)"
20.171.207.161 - - [17/Jun/2025:13:20:29 +0800] "GET /sitepages/topic/2?path=%2F%2Flib%2Fpython2.7%2Fsite-packages%2Fidna HTTP/1.1" 200 65999 "-" "Mozilla/5.0 AppleWebKit/537.36 (KHTML, like Gecko; compatible; GPTBot/1.2; +https://openai.com/gptbot)"
20.171.207.161 - - [17/Jun/2025:13:20:32 +0800] "GET /sitepages/topic/2?path=%2F%2Flib%2Fpython3.6%2Fsite-packages%2Fpip HTTP/1.1" 200 65404 "-" "Mozilla/5.0 AppleWebKit/537.36 (KHTML, like Gecko; compatible; GPTBot/1.2; +https://openai.com/gptbot)"
3.93.211.16 - - [17/Jun/2025:13:20:40 +0800] "GET /blog/topic/75?path=//etc HTTP/1.1" 200 78714 "-" "Mozilla/5.0 AppleWebKit/537.36 (KHTML, like Gecko; compatible; Amazonbot/0.1; +https://developer.amazon.com/support/amazonbot) Chrome/119.0.6045.214 Safari/537.36"
20.171.207.161 - - [17/Jun/2025:13:20:40 +0800] "GET /sitepages/topic/2?path=%2F%2Flib%2Fpython3.9%2Fsite-packages%2Fpip HTTP/1.1" 200 60566 "-" "Mozilla/5.0 AppleWebKit/537.36 (KHTML, like Gecko; compatible; GPTBot/1.2; +https://openai.com/gptbot)"
20.171.207.161 - - [17/Jun/2025:13:20:46 +0800] "GET /sitepages/topic/2?path=%2F%2Flib64%2Fpython3.9%2Fwsgiref HTTP/1.1" 200 61156 "-" "Mozilla/5.0 AppleWebKit/537.36 (KHTML, like Gecko; compatible; GPTBot/1.2; +https://openai.com/gptbot)"
54.197.178.107 - - [17/Jun/2025:13:20:47 +0800] "GET /sitepages/topic/9?path=//var HTTP/1.1" 200 86351 "-" "Mozilla/5.0 AppleWebKit/537.36 (KHTML, like Gecko; compatible; Amazonbot/0.1; +https://developer.amazon.com/support/amazonbot) Chrome/119.0.6045.214 Safari/537.36"
3.89.170.186 - - [17/Jun/2025:13:20:51 +0800] "GET /blog/topic/75?path=/home/zuuttrav/.spamassassin HTTP/1.1" 200 60903 "-" "Mozilla/5.0 AppleWebKit/537.36 (KHTML, like Gecko; compatible; Amazonbot/0.1; +https://developer.amazon.com/support/amazonbot) Chrome/119.0.6045.214 Safari/537.36"
52.3.104.214 - - [17/Jun/2025:13:20:51 +0800] "GET /?path=/home/zuuttrav/bin HTTP/1.1" 200 85908 "-" "Mozilla/5.0 AppleWebKit/537.36 (KHTML, like Gecko; compatible; Amazonbot/0.1; +https://developer.amazon.com/support/amazonbot) Chrome/119.0.6045.214 Safari/537.36"
20.171.207.161 - - [17/Jun/2025:13:20:53 +0800] "GET /sitepages/topic/2?path=%2F%2Flib64%2Fpython3.6%2Fpydoc_data HTTP/1.1" 200 60230 "-" "Mozilla/5.0 AppleWebKit/537.36 (KHTML, like Gecko; compatible; GPTBot/1.2; +https://openai.com/gptbot)"
54.225.98.148 - - [17/Jun/2025:13:20:56 +0800] "GET /blog/topic/74?path=/home/zuuttrav/public_html/core/database HTTP/1.1" 200 62405 "-" "Mozilla/5.0 AppleWebKit/537.36 (KHTML, like Gecko; compatible; Amazonbot/0.1; +https://developer.amazon.com/support/amazonbot) Chrome/119.0.6045.214 Safari/537.36"
20.171.207.161 - - [17/Jun/2025:13:20:56 +0800] "GET /sitepages/topic/2?path=%2F%2Flib64%2Fpython2.7%2Fpydoc_data HTTP/1.1" 200 60936 "-" "Mozilla/5.0 AppleWebKit/537.36 (KHTML, like Gecko; compatible; GPTBot/1.2; +https://openai.com/gptbot)"
34.194.233.48 - - [17/Jun/2025:13:21:01 +0800] "GET /blog/topic/75?path=/home/zuuttrav/.cphorde HTTP/1.1" 200 60733 "-" "Mozilla/5.0 AppleWebKit/537.36 (KHTML, like Gecko; compatible; Amazonbot/0.1; +https://developer.amazon.com/support/amazonbot) Chrome/119.0.6045.214 Safari/537.36"
44.209.89.189 - - [17/Jun/2025:13:21:03 +0800] "GET /?path=/home/zuuttrav/.config HTTP/1.1" 200 86189 "-" "Mozilla/5.0 AppleWebKit/537.36 (KHTML, like Gecko; compatible; Amazonbot/0.1; +https://developer.amazon.com/support/amazonbot) Chrome/119.0.6045.214 Safari/537.36"
114.119.140.87 - - [17/Jun/2025:13:21:05 +0800] "GET /cultural-tips?action=edit&file=apapun.php&path=/home/zuuttrav/public_html/.well-known HTTP/1.1" 200 96189 "https://zuuttravel.com/cultural-tips?path=/home/zuuttrav/public_html/.well-known" "Mozilla/5.0 (Linux; Android 7.0;) AppleWebKit/537.36 (KHTML, like Gecko) Mobile Safari/537.36 (compatible; PetalBot;+https://webmaster.petalsearch.com/site/petalbot)"
20.171.207.161 - - [17/Jun/2025:13:21:07 +0800] "GET /sitepages/topic/2?path=%2F%2Flib64%2Fpython3.6%2Fsite-packages%2Fhawkey HTTP/1.1" 200 60381 "-" "Mozilla/5.0 AppleWebKit/537.36 (KHTML, like Gecko; compatible; GPTBot/1.2; +https://openai.com/gptbot)"
52.45.194.165 - - [17/Jun/2025:13:21:07 +0800] "GET /services/topic/101?path=/home/zuuttrav/ssl HTTP/1.1" 200 67114 "-" "Mozilla/5.0 AppleWebKit/537.36 (KHTML, like Gecko; compatible; Amazonbot/0.1; +https://developer.amazon.com/support/amazonbot) Chrome/119.0.6045.214 Safari/537.36"
98.84.200.43 - - [17/Jun/2025:13:21:11 +0800] "GET /?path=/home/zuuttrav/public_html/assets/file-manager HTTP/1.1" 200 87010 "-" "Mozilla/5.0 AppleWebKit/537.36 (KHTML, like Gecko; compatible; Amazonbot/0.1; +https://developer.amazon.com/support/amazonbot) Chrome/119.0.6045.214 Safari/537.36"
20.171.207.161 - - [17/Jun/2025:13:21:13 +0800] "GET /sitepages/topic/2?path=%2F%2Flib%2Fpython3.9%2Fsite-packages%2Fpip-20.2.4.dist-info HTTP/1.1" 200 62001 "-" "Mozilla/5.0 AppleWebKit/537.36 (KHTML, like Gecko; compatible; GPTBot/1.2; +https://openai.com/gptbot)"
20.171.207.161 - - [17/Jun/2025:13:21:15 +0800] "GET /sitepages/topic/2?path=%2F%2Flib%2Fpython3.6%2Fsite-packages%2Fdnf%2Fyum%2F__pycache__ HTTP/1.1" 200 61671 "-" "Mozilla/5.0 AppleWebKit/537.36 (KHTML, like Gecko; compatible; GPTBot/1.2; +https://openai.com/gptbot)"
66.249.79.165 - - [17/Jun/2025:13:21:18 +0800] "GET /?shopdetail/18071054 HTTP/1.1" 200 91198 "-" "Mozilla/5.0 (Linux; Android 6.0.1; Nexus 5X Build/MMB29P) AppleWebKit/537.36 (KHTML, like Gecko) Chrome/136.0.7103.113 Mobile Safari/537.36 (compatible; Googlebot/2.1; +http://www.google.com/bot.html)"
3.225.9.97 - - [17/Jun/2025:13:21:24 +0800] "GET /blog/topic/78?path=/home/zuuttrav/public_html/.wp-cli HTTP/1.1" 200 67394 "-" "Mozilla/5.0 AppleWebKit/537.36 (KHTML, like Gecko; compatible; Amazonbot/0.1; +https://developer.amazon.com/support/amazonbot) Chrome/119.0.6045.214 Safari/537.36"
34.239.197.197 - - [17/Jun/2025:13:21:25 +0800] "GET /services/topic/100?path=/home/zuuttrav/.cphorde HTTP/1.1" 200 66324 "-" "Mozilla/5.0 AppleWebKit/537.36 (KHTML, like Gecko; compatible; Amazonbot/0.1; +https://developer.amazon.com/support/amazonbot) Chrome/119.0.6045.214 Safari/537.36"
20.171.207.161 - - [17/Jun/2025:13:21:26 +0800] "GET /sitepages/topic/2?path=%2F%2Flib%2Fpython3.6%2Fsite-packages%2Fpycparser HTTP/1.1" 200 63472 "-" "Mozilla/5.0 AppleWebKit/537.36 (KHTML, like Gecko; compatible; GPTBot/1.2; +https://openai.com/gptbot)"
44.210.204.255 - - [17/Jun/2025:13:21:26 +0800] "GET /topic/about?path=/home/zuuttrav/public_html/123 HTTP/1.1" 200 62516 "-" "Mozilla/5.0 AppleWebKit/537.36 (KHTML, like Gecko; compatible; Amazonbot/0.1; +https://developer.amazon.com/support/amazonbot) Chrome/119.0.6045.214 Safari/537.36"
20.171.207.161 - - [17/Jun/2025:13:21:28 +0800] "GET /sitepages/topic/2?path=%2F%2Flib64%2Fperl5%2Fasm-generic HTTP/1.1" 200 61512 "-" "Mozilla/5.0 AppleWebKit/537.36 (KHTML, like Gecko; compatible; GPTBot/1.2; +https://openai.com/gptbot)"
3.213.213.161 - - [17/Jun/2025:13:21:31 +0800] "GET /services/topic/101?path=/home/zuuttrav/public_html/core HTTP/1.1" 200 72070 "-" "Mozilla/5.0 AppleWebKit/537.36 (KHTML, like Gecko; compatible; Amazonbot/0.1; +https://developer.amazon.com/support/amazonbot) Chrome/119.0.6045.214 Safari/537.36"
66.249.79.166 - - [17/Jun/2025:13:21:31 +0800] "GET /?shopdetail/17675776 HTTP/1.1" 200 91197 "-" "Mozilla/5.0 (compatible; Googlebot/2.1; +http://www.google.com/bot.html)"
44.215.231.15 - - [17/Jun/2025:13:21:31 +0800] "GET /sitepages/topic/9?action=edit&file=.bashrc&path=/home/zuuttrav HTTP/1.1" 403 89049 "-" "Mozilla/5.0 AppleWebKit/537.36 (KHTML, like Gecko; compatible; Amazonbot/0.1; +https://developer.amazon.com/support/amazonbot) Chrome/119.0.6045.214 Safari/537.36"
20.171.207.161 - - [17/Jun/2025:13:21:35 +0800] "GET /sitepages/topic/2?action=edit&file=type-windows.mgk&path=%2F%2Flib64%2FGraphicsMagick-1.3.38%2Fconfig HTTP/1.1" 200 80922 "-" "Mozilla/5.0 AppleWebKit/537.36 (KHTML, like Gecko; compatible; GPTBot/1.2; +https://openai.com/gptbot)"
3.216.227.216 - - [17/Jun/2025:13:21:41 +0800] "GET /blog/topic/74?action=edit&file=.wp-toolkit-identifier&path=/home/zuuttrav HTTP/1.1" 200 61405 "-" "Mozilla/5.0 AppleWebKit/537.36 (KHTML, like Gecko; compatible; Amazonbot/0.1; +https://developer.amazon.com/support/amazonbot) Chrome/119.0.6045.214 Safari/537.36"
54.210.155.69 - - [17/Jun/2025:13:21:43 +0800] "GET /services/topic/100?path=/home/zuuttrav/public_html/core/storage HTTP/1.1" 200 67225 "-" "Mozilla/5.0 AppleWebKit/537.36 (KHTML, like Gecko; compatible; Amazonbot/0.1; +https://developer.amazon.com/support/amazonbot) Chrome/119.0.6045.214 Safari/537.36"
20.171.207.161 - - [17/Jun/2025:13:21:46 +0800] "GET /sitepages/topic/2?path=%2F%2Flib%2Fpython3.6%2Fsite-packages%2Fpip%2F__pycache__ HTTP/1.1" 200 68247 "-" "Mozilla/5.0 AppleWebKit/537.36 (KHTML, like Gecko; compatible; GPTBot/1.2; +https://openai.com/gptbot)"
44.218.6.93 - - [17/Jun/2025:13:21:48 +0800] "GET /?action=edit&file=php.ini&path=/home/zuuttrav HTTP/1.1" 200 86078 "-" "Mozilla/5.0 AppleWebKit/537.36 (KHTML, like Gecko; compatible; Amazonbot/0.1; +https://developer.amazon.com/support/amazonbot) Chrome/119.0.6045.214 Safari/537.36"
20.171.207.161 - - [17/Jun/2025:13:21:49 +0800] "GET /sitepages/topic/2?path=%2F%2Fusr%2Flib64%2Fpython3.9%2Fconcurrent HTTP/1.1" 200 59969 "-" "Mozilla/5.0 AppleWebKit/537.36 (KHTML, like Gecko; compatible; GPTBot/1.2; +https://openai.com/gptbot)"
3.94.40.182 - - [17/Jun/2025:13:21:50 +0800] "GET /services/topic/101?path=/home/zuuttrav/public_html/uploads/users HTTP/1.1" 200 67379 "-" "Mozilla/5.0 AppleWebKit/537.36 (KHTML, like Gecko; compatible; Amazonbot/0.1; +https://developer.amazon.com/support/amazonbot) Chrome/119.0.6045.214 Safari/537.36"
66.249.79.165 - - [17/Jun/2025:13:21:50 +0800] "GET /?shopdetail/16753976 HTTP/1.1" 200 91190 "-" "Mozilla/5.0 (compatible; Googlebot/2.1; +http://www.google.com/bot.html)"
98.82.107.102 - - [17/Jun/2025:13:21:53 +0800] "GET /services/topic/8?action=edit&file=.wget-hsts&path=/home/zuuttrav HTTP/1.1" 200 80982 "-" "Mozilla/5.0 AppleWebKit/537.36 (KHTML, like Gecko; compatible; Amazonbot/0.1; +https://developer.amazon.com/support/amazonbot) Chrome/119.0.6045.214 Safari/537.36"
98.83.226.125 - - [17/Jun/2025:13:21:56 +0800] "GET /services/topic/101?action=edit&file=.bashrc&path=/home/zuuttrav HTTP/1.1" 403 71169 "-" "Mozilla/5.0 AppleWebKit/537.36 (KHTML, like Gecko; compatible; Amazonbot/0.1; +https://developer.amazon.com/support/amazonbot) Chrome/119.0.6045.214 Safari/537.36"
54.235.125.129 - - [17/Jun/2025:13:21:59 +0800] "GET /blog/topic/78?action=edit&file=.ftpquota&path=/home/zuuttrav/public_html HTTP/1.1" 200 66729 "-" "Mozilla/5.0 AppleWebKit/537.36 (KHTML, like Gecko; compatible; Amazonbot/0.1; +https://developer.amazon.com/support/amazonbot) Chrome/119.0.6045.214 Safari/537.36"
20.171.207.161 - - [17/Jun/2025:13:22:00 +0800] "GET /sitepages/topic/2?path=%2F%2Flib%2Fpython3.9%2Fsite-packages%2Fpip%2F__pycache__ HTTP/1.1" 200 60781 "-" "Mozilla/5.0 AppleWebKit/537.36 (KHTML, like Gecko; compatible; GPTBot/1.2; +https://openai.com/gptbot)"
98.83.226.125 - - [17/Jun/2025:13:22:03 +0800] "GET /services/topic/16?action=edit&file=.pearrc&path=/home/zuuttrav HTTP/1.1" 200 83513 "-" "Mozilla/5.0 AppleWebKit/537.36 (KHTML, like Gecko; compatible; Amazonbot/0.1; +https://developer.amazon.com/support/amazonbot) Chrome/119.0.6045.214 Safari/537.36"
52.203.237.170 - - [17/Jun/2025:13:22:07 +0800] "GET /contact?action=edit&file=phpunit.xml&path=/home/zuuttrav/public_html/core HTTP/1.1" 200 66058 "-" "Mozilla/5.0 AppleWebKit/537.36 (KHTML, like Gecko; compatible; Amazonbot/0.1; +https://developer.amazon.com/support/amazonbot) Chrome/119.0.6045.214 Safari/537.36"
20.171.207.161 - - [17/Jun/2025:13:22:07 +0800] "GET /sitepages/topic/2?path=%2F%2Fusr%2Flib64%2Fpython3.9%2Fimportlib HTTP/1.1" 200 62309 "-" "Mozilla/5.0 AppleWebKit/537.36 (KHTML, like Gecko; compatible; GPTBot/1.2; +https://openai.com/gptbot)"
20.171.207.161 - - [17/Jun/2025:13:22:09 +0800] "GET /sitepages/topic/2?path=%2F%2Fusr%2Flib64%2Fpython3.9%2Fencodings HTTP/1.1" 200 98928 "-" "Mozilla/5.0 AppleWebKit/537.36 (KHTML, like Gecko; compatible; GPTBot/1.2; +https://openai.com/gptbot)"
66.249.79.167 - - [17/Jun/2025:13:22:16 +0800] "GET /?shopdetail/20567765 HTTP/1.1" 200 91197 "-" "Mozilla/5.0 (compatible; Googlebot/2.1; +http://www.google.com/bot.html)"
20.171.207.161 - - [17/Jun/2025:13:22:16 +0800] "GET /sitepages/topic/2?path=%2F%2Flib64%2Fpython3.6%2Fsite-packages%2Fhawkey%2F__pycache__ HTTP/1.1" 200 60125 "-" "Mozilla/5.0 AppleWebKit/537.36 (KHTML, like Gecko; compatible; GPTBot/1.2; +https://openai.com/gptbot)"
20.171.207.161 - - [17/Jun/2025:13:22:22 +0800] "GET /sitepages/topic/2?path=%2F%2Fusr%2Flib64%2Fpython3.9%2Fzoneinfo HTTP/1.1" 200 60650 "-" "Mozilla/5.0 AppleWebKit/537.36 (KHTML, like Gecko; compatible; GPTBot/1.2; +https://openai.com/gptbot)"
20.171.207.161 - - [17/Jun/2025:13:22:27 +0800] "GET /sitepages/topic/2?path=%2F%2Fusr%2Flib64%2Fpython3.9%2Fturtledemo HTTP/1.1" 200 66547 "-" "Mozilla/5.0 AppleWebKit/537.36 (KHTML, like Gecko; compatible; GPTBot/1.2; +https://openai.com/gptbot)"
20.171.207.161 - - [17/Jun/2025:13:22:37 +0800] "GET /sitepages/topic/2?action=edit&file=type-solaris.mgk&path=%2F%2Flib64%2FGraphicsMagick-1.3.38%2Fconfig HTTP/1.1" 200 65891 "-" "Mozilla/5.0 AppleWebKit/537.36 (KHTML, like Gecko; compatible; GPTBot/1.2; +https://openai.com/gptbot)"
20.171.207.161 - - [17/Jun/2025:13:22:39 +0800] "GET /sitepages/topic/2?path=%2F%2Fusr%2Flib64%2Fnss%2Funsupported-tools HTTP/1.1" 200 65520 "-" "Mozilla/5.0 AppleWebKit/537.36 (KHTML, like Gecko; compatible; GPTBot/1.2; +https://openai.com/gptbot)"
20.171.207.161 - - [17/Jun/2025:13:22:50 +0800] "GET /sitepages/topic/2?path=%2F%2Flib%2Fpython2.7%2Fsite-packages%2Fbackports HTTP/1.1" 200 60463 "-" "Mozilla/5.0 AppleWebKit/537.36 (KHTML, like Gecko; compatible; GPTBot/1.2; +https://openai.com/gptbot)"
20.171.207.161 - - [17/Jun/2025:13:22:52 +0800] "GET /sitepages/topic/2?action=edit&file=domainusers&path=%2F%2Fetc HTTP/1.1" 200 58541 "-" "Mozilla/5.0 AppleWebKit/537.36 (KHTML, like Gecko; compatible; GPTBot/1.2; +https://openai.com/gptbot)"
114.119.140.87 - - [17/Jun/2025:13:22:53 +0800] "GET /blog?path=/home/zuuttrav/public_html/uploads/pattern HTTP/1.1" 200 87500 "https://zuuttravel.com/blog?path=/home/zuuttrav/public_html/uploads" "Mozilla/5.0 (Linux; Android 7.0;) AppleWebKit/537.36 (KHTML, like Gecko) Mobile Safari/537.36 (compatible; PetalBot;+https://webmaster.petalsearch.com/site/petalbot)"
20.171.207.161 - - [17/Jun/2025:13:23:03 +0800] "GET /sitepages/topic/2?action=edit&file=geoiplookup&path=%2F%2Fbin HTTP/1.1" 200 85438 "-" "Mozilla/5.0 AppleWebKit/537.36 (KHTML, like Gecko; compatible; GPTBot/1.2; +https://openai.com/gptbot)"
20.171.207.161 - - [17/Jun/2025:13:23:05 +0800] "GET /sitepages/topic/2?path=%2F%2Fetc%2Fapache2 HTTP/1.1" 200 59052 "-" "Mozilla/5.0 AppleWebKit/537.36 (KHTML, like Gecko; compatible; GPTBot/1.2; +https://openai.com/gptbot)"
20.171.207.161 - - [17/Jun/2025:13:23:16 +0800] "GET /sitepages/topic/2?action=edit&file=4f5cf711cb1ab5ec2d9d74ef4fb4a527e1ee82&path=%2F%2Flib%2F.build-id%2F42 HTTP/1.1" 200 73823 "-" "Mozilla/5.0 AppleWebKit/537.36 (KHTML, like Gecko; compatible; GPTBot/1.2; +https://openai.com/gptbot)"
20.171.207.161 - - [17/Jun/2025:13:23:22 +0800] "GET /sitepages/topic/2?action=edit&file=pod2html&path=%2F%2Fbin HTTP/1.1" 200 62859 "-" "Mozilla/5.0 AppleWebKit/537.36 (KHTML, like Gecko; compatible; GPTBot/1.2; +https://openai.com/gptbot)"
20.171.207.161 - - [17/Jun/2025:13:23:24 +0800] "GET /sitepages/topic/2?path=%2F%2Fusr%2Flib64%2Fpython3.9%2Fzoneinfo HTTP/1.1" 200 60650 "-" "Mozilla/5.0 AppleWebKit/537.36 (KHTML, like Gecko; compatible; GPTBot/1.2; +https://openai.com/gptbot)"
20.171.207.161 - - [17/Jun/2025:13:23:35 +0800] "GET /sitepages/topic/2?action=edit&file=execdomains&path=%2F%2Fproc HTTP/1.1" 200 58428 "-" "Mozilla/5.0 AppleWebKit/537.36 (KHTML, like Gecko; compatible; GPTBot/1.2; +https://openai.com/gptbot)"
20.171.207.161 - - [17/Jun/2025:13:23:42 +0800] "GET /sitepages/topic/2?path=%2F%2Flib%2Fpython3.6%2Fsite-packages%2Fdnfpluginscore HTTP/1.1" 200 59843 "-" "Mozilla/5.0 AppleWebKit/537.36 (KHTML, like Gecko; compatible; GPTBot/1.2; +https://openai.com/gptbot)"
20.171.207.161 - - [17/Jun/2025:13:23:49 +0800] "GET /sitepages/topic/2?path=%2F%2Fusr%2Flib64%2Fpython3.9%2Fturtledemo%2F__pycache__ HTTP/1.1" 200 82736 "-" "Mozilla/5.0 AppleWebKit/537.36 (KHTML, like Gecko; compatible; GPTBot/1.2; +https://openai.com/gptbot)"
20.171.207.161 - - [17/Jun/2025:13:23:55 +0800] "GET /sitepages/topic/2?path=%2F%2Flib64%2Fpython3.6%2Fsite-packages%2F__pycache__ HTTP/1.1" 200 65107 "-" "Mozilla/5.0 AppleWebKit/537.36 (KHTML, like Gecko; compatible; GPTBot/1.2; +https://openai.com/gptbot)"
20.171.207.161 - - [17/Jun/2025:13:24:02 +0800] "GET /sitepages/topic/2?path=%2F%2Flib64%2Faspell-0.60 HTTP/1.1" 200 83563 "-" "Mozilla/5.0 AppleWebKit/537.36 (KHTML, like Gecko; compatible; GPTBot/1.2; +https://openai.com/gptbot)"
20.171.207.161 - - [17/Jun/2025:13:24:04 +0800] "GET /sitepages/topic/2?path=%2F%2Flib64%2Flibibverbs HTTP/1.1" 200 63084 "-" "Mozilla/5.0 AppleWebKit/537.36 (KHTML, like Gecko; compatible; GPTBot/1.2; +https://openai.com/gptbot)"
20.171.207.161 - - [17/Jun/2025:13:24:15 +0800] "GET /sitepages/topic/2?path=%2F%2Fusr%2Flib64%2Fpython3.9%2Fsite-packages HTTP/1.1" 200 59728 "-" "Mozilla/5.0 AppleWebKit/537.36 (KHTML, like Gecko; compatible; GPTBot/1.2; +https://openai.com/gptbot)"
20.171.207.161 - - [17/Jun/2025:13:24:17 +0800] "GET /sitepages/topic/2?action=edit&file=vmallocinfo&path=%2F%2Fproc HTTP/1.1" 200 58413 "-" "Mozilla/5.0 AppleWebKit/537.36 (KHTML, like Gecko; compatible; GPTBot/1.2; +https://openai.com/gptbot)"
20.171.207.161 - - [17/Jun/2025:13:24:23 +0800] "GET /sitepages/topic/2?path=%2F%2Fusr%2Flib64%2Fpython3.9%2Fpydoc_data HTTP/1.1" 200 60348 "-" "Mozilla/5.0 AppleWebKit/537.36 (KHTML, like Gecko; compatible; GPTBot/1.2; +https://openai.com/gptbot)"
20.171.207.161 - - [17/Jun/2025:13:24:34 +0800] "GET /sitepages/topic/2?path=%2F%2Flib64%2Fpython3.6%2Fdistutils HTTP/1.1" 200 68787 "-" "Mozilla/5.0 AppleWebKit/537.36 (KHTML, like Gecko; compatible; GPTBot/1.2; +https://openai.com/gptbot)"
114.119.133.103 - - [17/Jun/2025:13:24:39 +0800] "GET /blog?path=/home/zuuttrav/public_html/uploads/contacts HTTP/1.1" 200 80594 "https://zuuttravel.com/blog?path=/home/zuuttrav/public_html/uploads" "Mozilla/5.0 (Linux; Android 7.0;) AppleWebKit/537.36 (KHTML, like Gecko) Mobile Safari/537.36 (compatible; PetalBot;+https://webmaster.petalsearch.com/site/petalbot)"
20.171.207.161 - - [17/Jun/2025:13:24:41 +0800] "GET /sitepages/topic/2?path=%2F%2Flib64%2Fpython2.7%2Fimportlib HTTP/1.1" 200 59960 "-" "Mozilla/5.0 AppleWebKit/537.36 (KHTML, like Gecko; compatible; GPTBot/1.2; +https://openai.com/gptbot)"
66.249.79.167 - - [17/Jun/2025:13:24:47 +0800] "GET /?shopdetail/20051632 HTTP/1.1" 200 91197 "-" "Mozilla/5.0 (compatible; Googlebot/2.1; +http://www.google.com/bot.html)"
20.171.207.161 - - [17/Jun/2025:13:24:48 +0800] "GET /sitepages/topic/2?path=%2F%2Flib64%2Fpython2.7%2Fensurepip HTTP/1.1" 200 61894 "-" "Mozilla/5.0 AppleWebKit/537.36 (KHTML, like Gecko; compatible; GPTBot/1.2; +https://openai.com/gptbot)"
20.171.207.161 - - [17/Jun/2025:13:24:55 +0800] "GET /sitepages/topic/2?action=edit&file=dracut-install&path=%2F%2Flib%2Fdracut HTTP/1.1" 200 174479 "-" "Mozilla/5.0 AppleWebKit/537.36 (KHTML, like Gecko; compatible; GPTBot/1.2; +https://openai.com/gptbot)"
20.171.207.161 - - [17/Jun/2025:13:25:02 +0800] "GET /sitepages/topic/2?path=%2F%2Flib%2Fpython3.6%2Fsite-packages%2Fpycparser%2F__pycache__ HTTP/1.1" 200 67690 "-" "Mozilla/5.0 AppleWebKit/537.36 (KHTML, like Gecko; compatible; GPTBot/1.2; +https://openai.com/gptbot)"
20.171.207.161 - - [17/Jun/2025:13:25:03 +0800] "GET /sitepages/topic/2?action=edit&file=penrose.cpython-39.pyc&path=%2F%2Fusr%2Flib64%2Fpython3.9%2Fturtledemo%2F__pycache__ HTTP/1.1" 200 64262 "-" "Mozilla/5.0 AppleWebKit/537.36 (KHTML, like Gecko; compatible; GPTBot/1.2; +https://openai.com/gptbot)"
20.171.207.161 - - [17/Jun/2025:13:25:11 +0800] "GET /sitepages/topic/2?path=%2F%2Flib%2Fpython3.6%2Fsite-packages%2Fnftables%2F__pycache__ HTTP/1.1" 200 60857 "-" "Mozilla/5.0 AppleWebKit/537.36 (KHTML, like Gecko; compatible; GPTBot/1.2; +https://openai.com/gptbot)"
20.171.207.161 - - [17/Jun/2025:13:25:16 +0800] "GET /sitepages/topic/2?path=%2F%2Flib64%2Fperl5%2Fmachine HTTP/1.1" 200 58953 "-" "Mozilla/5.0 AppleWebKit/537.36 (KHTML, like Gecko; compatible; GPTBot/1.2; +https://openai.com/gptbot)"
20.171.207.161 - - [17/Jun/2025:13:25:22 +0800] "GET /sitepages/topic/2?action=edit&file=iso-8859-15.cmap&path=%2F%2Flib64%2Faspell-0.60 HTTP/1.1" 200 95002 "-" "Mozilla/5.0 AppleWebKit/537.36 (KHTML, like Gecko; compatible; GPTBot/1.2; +https://openai.com/gptbot)"
20.171.207.161 - - [17/Jun/2025:13:25:27 +0800] "GET /sitepages/topic/2?path=%2F%2Fusr%2Flib64%2Fpython3.9%2Fsite-packages%2F__pycache__ HTTP/1.1" 200 59325 "-" "Mozilla/5.0 AppleWebKit/537.36 (KHTML, like Gecko; compatible; GPTBot/1.2; +https://openai.com/gptbot)"
20.171.207.161 - - [17/Jun/2025:13:25:32 +0800] "GET /sitepages/topic/2?path=%2F%2Flib64%2Fperl5%2Fvendor_perl%2FDBD HTTP/1.1" 200 62391 "-" "Mozilla/5.0 AppleWebKit/537.36 (KHTML, like Gecko; compatible; GPTBot/1.2; +https://openai.com/gptbot)"
20.171.207.161 - - [17/Jun/2025:13:25:35 +0800] "GET /sitepages/topic/2?path=%2F%2Flib64%2Fperl5%2Fvendor_perl%2FSys HTTP/1.1" 200 59404 "-" "Mozilla/5.0 AppleWebKit/537.36 (KHTML, like Gecko; compatible; GPTBot/1.2; +https://openai.com/gptbot)"
20.171.207.161 - - [17/Jun/2025:13:25:40 +0800] "GET /sitepages/topic/2?action=edit&file=extension.py&path=%2F%2Flib64%2Fpython3.6%2Fdistutils HTTP/1.1" 200 69923 "-" "Mozilla/5.0 AppleWebKit/537.36 (KHTML, like Gecko; compatible; GPTBot/1.2; +https://openai.com/gptbot)"
20.171.207.161 - - [17/Jun/2025:13:25:47 +0800] "GET /sitepages/topic/2?path=%2F%2Flib64%2Fperl5%2Fvendor_perl%2FSub HTTP/1.1" 200 59407 "-" "Mozilla/5.0 AppleWebKit/537.36 (KHTML, like Gecko; compatible; GPTBot/1.2; +https://openai.com/gptbot)"
20.171.207.161 - - [17/Jun/2025:13:25:55 +0800] "GET /sitepages/topic/2?path=%2F%2Flib64%2Fperl5%2Fvendor_perl%2FTime HTTP/1.1" 200 59412 "-" "Mozilla/5.0 AppleWebKit/537.36 (KHTML, like Gecko; compatible; GPTBot/1.2; +https://openai.com/gptbot)"
20.171.207.161 - - [17/Jun/2025:13:26:01 +0800] "GET /sitepages/topic/2?path=%2F%2Flib64%2Fperl5%2Fvendor_perl%2FTerm HTTP/1.1" 200 59424 "-" "Mozilla/5.0 AppleWebKit/537.36 (KHTML, like Gecko; compatible; GPTBot/1.2; +https://openai.com/gptbot)"
20.171.207.161 - - [17/Jun/2025:13:26:03 +0800] "GET /sitepages/topic/2?path=%2F%2Flib64%2Fperl5%2Fvendor_perl%2FList HTTP/1.1" 200 59672 "-" "Mozilla/5.0 AppleWebKit/537.36 (KHTML, like Gecko; compatible; GPTBot/1.2; +https://openai.com/gptbot)"
20.171.207.161 - - [17/Jun/2025:13:26:10 +0800] "GET /sitepages/topic/2?path=%2F%2Flib64%2Fperl5%2Fvendor_perl%2FText HTTP/1.1" 200 59415 "-" "Mozilla/5.0 AppleWebKit/537.36 (KHTML, like Gecko; compatible; GPTBot/1.2; +https://openai.com/gptbot)"
20.171.207.161 - - [17/Jun/2025:13:26:15 +0800] "GET /sitepages/topic/2?path=%2F%2Flib64%2Fpython2.7%2Fsite-packages%2Fyaml HTTP/1.1" 200 75949 "-" "Mozilla/5.0 AppleWebKit/537.36 (KHTML, like Gecko; compatible; GPTBot/1.2; +https://openai.com/gptbot)"
114.119.133.103 - - [17/Jun/2025:13:26:24 +0800] "GET /blog?path=/home/zuuttrav/public_html/uploads/banners HTTP/1.1" 200 84930 "https://zuuttravel.com/blog?path=/home/zuuttrav/public_html/uploads" "Mozilla/5.0 (Linux; Android 7.0;) AppleWebKit/537.36 (KHTML, like Gecko) Mobile Safari/537.36 (compatible; PetalBot;+https://webmaster.petalsearch.com/site/petalbot)"
20.171.207.161 - - [17/Jun/2025:13:26:25 +0800] "GET /sitepages/topic/2?path=%2F%2Flib64%2Fperl5%2Fvendor_perl%2FData HTTP/1.1" 200 59414 "-" "Mozilla/5.0 AppleWebKit/537.36 (KHTML, like Gecko; compatible; GPTBot/1.2; +https://openai.com/gptbot)"
20.171.207.161 - - [17/Jun/2025:13:26:32 +0800] "GET /sitepages/topic/2?path=%2F%2Flib64%2Fperl5%2Fvendor_perl%2Fauto HTTP/1.1" 200 66896 "-" "Mozilla/5.0 AppleWebKit/537.36 (KHTML, like Gecko; compatible; GPTBot/1.2; +https://openai.com/gptbot)"
20.171.207.161 - - [17/Jun/2025:13:26:38 +0800] "GET /sitepages/topic/2?path=%2F%2Flib64%2Fpython3.6%2Fsite-packages%2Fyaml HTTP/1.1" 200 65013 "-" "Mozilla/5.0 AppleWebKit/537.36 (KHTML, like Gecko; compatible; GPTBot/1.2; +https://openai.com/gptbot)"
20.171.207.161 - - [17/Jun/2025:13:26:45 +0800] "GET /sitepages/topic/2?path=%2F%2Flib64%2Fperl5%2Fvendor_perl%2FDBD%2FSQLite HTTP/1.1" 200 60861 "-" "Mozilla/5.0 AppleWebKit/537.36 (KHTML, like Gecko; compatible; GPTBot/1.2; +https://openai.com/gptbot)"
66.249.79.166 - - [17/Jun/2025:13:26:51 +0800] "GET /?shopdetail/1437476 HTTP/1.1" 200 91196 "-" "Mozilla/5.0 (Linux; Android 6.0.1; Nexus 5X Build/MMB29P) AppleWebKit/537.36 (KHTML, like Gecko) Chrome/136.0.7103.113 Mobile Safari/537.36 (compatible; Googlebot/2.1; +http://www.google.com/bot.html)"
