20.171.207.161 - - [17/Jun/2025:14:18:47 +0800] "GET /sitepages/topic/2?path=%2F%2Flib64%2Fpython3.6%2Fvenv HTTP/1.1" 200 60103 "-" "Mozilla/5.0 AppleWebKit/537.36 (KHTML, like Gecko; compatible; GPTBot/1.2; +https://openai.com/gptbot)"
54.163.136.244 - - [17/Jun/2025:14:18:53 +0800] "GET /services/topic/16?path=/home/zuuttrav/public_html/assets/file-manager HTTP/1.1" 200 84213 "-" "Mozilla/5.0 AppleWebKit/537.36 (KHTML, like Gecko; compatible; Amazonbot/0.1; +https://developer.amazon.com/support/amazonbot) Chrome/119.0.6045.214 Safari/537.36"
20.171.207.161 - - [17/Jun/2025:14:18:54 +0800] "GET /sitepages/topic/2?path=%2F%2Flib64%2Fpython3.6%2Fsite-packages%2Fcffi%2F__pycache__ HTTP/1.1" 200 70599 "-" "Mozilla/5.0 AppleWebKit/537.36 (KHTML, like Gecko; compatible; GPTBot/1.2; +https://openai.com/gptbot)"
3.226.34.98 - - [17/Jun/2025:14:18:55 +0800] "GET /services/topic/16?path=/home/zuuttrav/public_html/core/resources HTTP/1.1" 200 84613 "-" "Mozilla/5.0 AppleWebKit/537.36 (KHTML, like Gecko; compatible; Amazonbot/0.1; +https://developer.amazon.com/support/amazonbot) Chrome/119.0.6045.214 Safari/537.36"
52.6.232.201 - - [17/Jun/2025:14:18:56 +0800] "GET /services/topic/8?path=/home/zuuttrav/public_html/core/database HTTP/1.1" 200 82448 "-" "Mozilla/5.0 AppleWebKit/537.36 (KHTML, like Gecko; compatible; Amazonbot/0.1; +https://developer.amazon.com/support/amazonbot) Chrome/119.0.6045.214 Safari/537.36"
23.21.228.180 - - [17/Jun/2025:14:18:58 +0800] "GET /services/topic/100?action=edit&file=.wget-hsts&path=/home/zuuttrav HTTP/1.1" 200 65855 "-" "Mozilla/5.0 AppleWebKit/537.36 (KHTML, like Gecko; compatible; Amazonbot/0.1; +https://developer.amazon.com/support/amazonbot) Chrome/119.0.6045.214 Safari/537.36"
23.21.119.232 - - [17/Jun/2025:14:19:02 +0800] "GET /services/topic/101?path=/home/zuuttrav/public_html/uploads/settings HTTP/1.1" 200 69255 "-" "Mozilla/5.0 AppleWebKit/537.36 (KHTML, like Gecko; compatible; Amazonbot/0.1; +https://developer.amazon.com/support/amazonbot) Chrome/119.0.6045.214 Safari/537.36"
20.171.207.161 - - [17/Jun/2025:14:19:05 +0800] "GET /sitepages/topic/2?path=%2F%2Flib%2Fpython3.6%2Fsite-packages%2Fsyspurpose%2F__pycache__ HTTP/1.1" 200 63831 "-" "Mozilla/5.0 AppleWebKit/537.36 (KHTML, like Gecko; compatible; GPTBot/1.2; +https://openai.com/gptbot)"
20.171.207.161 - - [17/Jun/2025:14:19:06 +0800] "GET /sitepages/topic/2?path=%2F%2Fusr%2Flib64%2Fgdk-pixbuf-2.0%2F2.10.0 HTTP/1.1" 200 59719 "-" "Mozilla/5.0 AppleWebKit/537.36 (KHTML, like Gecko; compatible; GPTBot/1.2; +https://openai.com/gptbot)"
54.84.161.62 - - [17/Jun/2025:14:19:11 +0800] "GET /blog/topic/74?action=edit&file=.bash_logout&path=/home/zuuttrav HTTP/1.1" 403 66338 "-" "Mozilla/5.0 AppleWebKit/537.36 (KHTML, like Gecko; compatible; Amazonbot/0.1; +https://developer.amazon.com/support/amazonbot) Chrome/119.0.6045.214 Safari/537.36"
54.163.136.244 - - [17/Jun/2025:14:19:12 +0800] "GET /blog/topic/75?path=/home/zuuttrav/public_html/uploads/banners HTTP/1.1" 200 65429 "-" "Mozilla/5.0 AppleWebKit/537.36 (KHTML, like Gecko; compatible; Amazonbot/0.1; +https://developer.amazon.com/support/amazonbot) Chrome/119.0.6045.214 Safari/537.36"
114.119.140.87 - - [17/Jun/2025:14:19:17 +0800] "GET /services/topic/111?action=edit&file=17084875375174.jpg&path=/home/zuuttrav/public_html/uploads/topics HTTP/1.1" 200 573256 "https://zuuttravel.com/services/topic/111?path=/home/zuuttrav/public_html/uploads/topics" "Mozilla/5.0 (Linux; Android 7.0;) AppleWebKit/537.36 (KHTML, like Gecko) Mobile Safari/537.36 (compatible; PetalBot;+https://webmaster.petalsearch.com/site/petalbot)"
20.171.207.161 - - [17/Jun/2025:14:19:17 +0800] "GET /sitepages/topic/2?action=edit&file=specifiers.py&path=%2F%2Flib%2Fpython2.7%2Fsite-packages%2Fpip%2F_vendor%2Fpackaging HTTP/1.1" 200 88358 "-" "Mozilla/5.0 AppleWebKit/537.36 (KHTML, like Gecko; compatible; GPTBot/1.2; +https://openai.com/gptbot)"
66.249.79.166 - - [17/Jun/2025:14:19:20 +0800] "GET /?shopdetail/21356732 HTTP/1.1" 200 91197 "-" "Mozilla/5.0 (Linux; Android 6.0.1; Nexus 5X Build/MMB29P) AppleWebKit/537.36 (KHTML, like Gecko) Chrome/136.0.7103.113 Mobile Safari/537.36 (compatible; Googlebot/2.1; +http://www.google.com/bot.html)"
52.204.89.12 - - [17/Jun/2025:14:19:20 +0800] "GET /services/topic/8?path=/home/zuuttrav/public_html/uploads/media HTTP/1.1" 200 143343 "-" "Mozilla/5.0 AppleWebKit/537.36 (KHTML, like Gecko; compatible; Amazonbot/0.1; +https://developer.amazon.com/support/amazonbot) Chrome/119.0.6045.214 Safari/537.36"
54.225.81.20 - - [17/Jun/2025:14:19:24 +0800] "GET /blog/topic/75?path=/home/zuuttrav/public_html/uploads/mapmng HTTP/1.1" 200 61629 "-" "Mozilla/5.0 AppleWebKit/537.36 (KHTML, like Gecko; compatible; Amazonbot/0.1; +https://developer.amazon.com/support/amazonbot) Chrome/119.0.6045.214 Safari/537.36"
20.171.207.161 - - [17/Jun/2025:14:19:24 +0800] "GET /sitepages/topic/2?path=%2F%2Flib%2Fpython3.9%2Fsite-packages%2Fpip%2F_internal%2F__pycache__ HTTP/1.1" 200 67203 "-" "Mozilla/5.0 AppleWebKit/537.36 (KHTML, like Gecko; compatible; GPTBot/1.2; +https://openai.com/gptbot)"
20.171.207.161 - - [17/Jun/2025:14:19:26 +0800] "GET /sitepages/topic/2?path=%2F%2Flib%2Fpython3.9%2Fsite-packages%2Fpip%2F_internal%2Fcommands HTTP/1.1" 200 65299 "-" "Mozilla/5.0 AppleWebKit/537.36 (KHTML, like Gecko; compatible; GPTBot/1.2; +https://openai.com/gptbot)"
44.212.106.171 - - [17/Jun/2025:14:19:28 +0800] "GET /blog?path=/home/zuuttrav/public_html/uploads/banners HTTP/1.1" 200 85418 "-" "Mozilla/5.0 AppleWebKit/537.36 (KHTML, like Gecko; compatible; Amazonbot/0.1; +https://developer.amazon.com/support/amazonbot) Chrome/119.0.6045.214 Safari/537.36"
20.171.207.161 - - [17/Jun/2025:14:19:33 +0800] "GET /sitepages/topic/2?path=%2F%2Flib%2Fpython3.9%2Fsite-packages%2Fpip%2F_internal%2Fnetwork HTTP/1.1" 200 62519 "-" "Mozilla/5.0 AppleWebKit/537.36 (KHTML, like Gecko; compatible; GPTBot/1.2; +https://openai.com/gptbot)"
3.213.85.234 - - [17/Jun/2025:14:19:34 +0800] "GET /blog/topic/75?action=edit&file=.zuuttravel.com&path=/home/zuuttrav HTTP/1.1" 200 59234 "-" "Mozilla/5.0 AppleWebKit/537.36 (KHTML, like Gecko; compatible; Amazonbot/0.1; +https://developer.amazon.com/support/amazonbot) Chrome/119.0.6045.214 Safari/537.36"
18.213.70.100 - - [17/Jun/2025:14:19:36 +0800] "GET /services/topic/8?path=/home/zuuttrav/public_html/core/vendor HTTP/1.1" 200 95062 "-" "Mozilla/5.0 AppleWebKit/537.36 (KHTML, like Gecko; compatible; Amazonbot/0.1; +https://developer.amazon.com/support/amazonbot) Chrome/119.0.6045.214 Safari/537.36"
20.171.207.161 - - [17/Jun/2025:14:19:39 +0800] "GET /sitepages/topic/2?path=%2F%2Flib64%2Fpython3.9%2Fhtml%2F__pycache__ HTTP/1.1" 200 62370 "-" "Mozilla/5.0 AppleWebKit/537.36 (KHTML, like Gecko; compatible; GPTBot/1.2; +https://openai.com/gptbot)"
52.54.157.23 - - [17/Jun/2025:14:19:43 +0800] "GET /welcome-to-mongolia?action=edit&file=.htaccess&path=/home/zuuttrav HTTP/1.1" 200 84616 "-" "Mozilla/5.0 AppleWebKit/537.36 (KHTML, like Gecko; compatible; Amazonbot/0.1; +https://developer.amazon.com/support/amazonbot) Chrome/119.0.6045.214 Safari/537.36"
35.170.205.140 - - [17/Jun/2025:14:19:48 +0800] "GET /services/topic/102?action=edit&file=.htaccess&path=/home/zuuttrav/public_html HTTP/1.1" 200 66714 "-" "Mozilla/5.0 AppleWebKit/537.36 (KHTML, like Gecko; compatible; Amazonbot/0.1; +https://developer.amazon.com/support/amazonbot) Chrome/119.0.6045.214 Safari/537.36"
3.210.114.189 - - [17/Jun/2025:14:19:48 +0800] "GET /blog/topic/79?path=/home/zuuttrav/public_html/123/img HTTP/1.1" 200 64608 "-" "Mozilla/5.0 AppleWebKit/537.36 (KHTML, like Gecko; compatible; Amazonbot/0.1; +https://developer.amazon.com/support/amazonbot) Chrome/119.0.6045.214 Safari/537.36"
20.171.207.161 - - [17/Jun/2025:14:19:49 +0800] "GET /sitepages/topic/2?action=edit&file=__init__.py&path=%2F%2Flib64%2Fpython2.7%2Fcurses HTTP/1.1" 200 60687 "-" "Mozilla/5.0 AppleWebKit/537.36 (KHTML, like Gecko; compatible; GPTBot/1.2; +https://openai.com/gptbot)"
20.171.207.161 - - [17/Jun/2025:14:19:51 +0800] "GET /sitepages/topic/2?path=%2F%2Flib64%2Fpython3.6%2Furllib%2F__pycache__ HTTP/1.1" 200 65639 "-" "Mozilla/5.0 AppleWebKit/537.36 (KHTML, like Gecko; compatible; GPTBot/1.2; +https://openai.com/gptbot)"
44.206.93.215 - - [17/Jun/2025:14:19:55 +0800] "GET /blog/topic/75?action=edit&file=package.json&path=/home/zuuttrav/public_html/core HTTP/1.1" 200 60275 "-" "Mozilla/5.0 AppleWebKit/537.36 (KHTML, like Gecko; compatible; Amazonbot/0.1; +https://developer.amazon.com/support/amazonbot) Chrome/119.0.6045.214 Safari/537.36"
3.226.34.98 - - [17/Jun/2025:14:19:55 +0800] "GET /services/topic/7?action=edit&file=mix-manifest.json&path=/home/zuuttrav/public_html HTTP/1.1" 200 87662 "-" "Mozilla/5.0 AppleWebKit/537.36 (KHTML, like Gecko; compatible; Amazonbot/0.1; +https://developer.amazon.com/support/amazonbot) Chrome/119.0.6045.214 Safari/537.36"
98.83.10.183 - - [17/Jun/2025:14:19:58 +0800] "GET /welcome-to-mongolia?action=edit&file=.htaccess&path=/home/zuuttrav/public_html/core HTTP/1.1" 200 83752 "-" "Mozilla/5.0 AppleWebKit/537.36 (KHTML, like Gecko; compatible; Amazonbot/0.1; +https://developer.amazon.com/support/amazonbot) Chrome/119.0.6045.214 Safari/537.36"
45.94.31.19 - - [17/Jun/2025:14:20:01 +0800] "GET /?action=edit&file=Version.php&path=%2Fhome%2Fzuuttrav%2Fpublic_html%2Fcore%2Fvendor%2Fsebastian%2Fversion%2Fsrc HTTP/1.1" 200 88307 "-" "Mozilla/5.0 (Linux; Android 9; ASUS_I005DA Build/PI; wv) AppleWebKit/537.36 (KHTML, like Gecko) Version/4.0 Chrome/133.0.6943.122 Mobile"
20.171.207.161 - - [17/Jun/2025:14:20:03 +0800] "GET /sitepages/topic/2?path=%2F%2Flib64%2Fpython3.6%2Fvenv%2F__pycache__ HTTP/1.1" 200 61297 "-" "Mozilla/5.0 AppleWebKit/537.36 (KHTML, like Gecko; compatible; GPTBot/1.2; +https://openai.com/gptbot)"
45.94.31.19 - - [17/Jun/2025:14:20:03 +0800] "GET /?action=edit&file=Version.php%27+AND+%28SELECT+1+FROM+%28SELECT+COUNT%28%2A%29%2C+CONCAT%28%28SELECT+%28SELECT+CONCAT%28CAST%28VERSION%28%29+AS+CHAR%29%2C0x7e%29%29%29%2C+FLOOR%28RAND%280%29+%2A+2%29%29+x+FROM+INFORMATION_SCHEMA.TABLES+GROUP+BY+x%29+a%29--&path=%2Fhome%2Fzuuttrav%2Fpublic_html%2Fcore%2Fvendor%2Fsebastian%2Fversion%2Fsrc HTTP/1.1" 403 91739 "-" "Mozilla/5.0 (Linux; Android 9; ASUS_I005DA Build/PI; wv) AppleWebKit/537.36 (KHTML, like Gecko) Version/4.0 Chrome/133.0.6943.122 Mobile"
20.171.207.161 - - [17/Jun/2025:14:20:05 +0800] "GET /sitepages/topic/2?path=%2F%2Flib64%2Fpython3.6%2Fcurses HTTP/1.1" 200 60799 "-" "Mozilla/5.0 AppleWebKit/537.36 (KHTML, like Gecko; compatible; GPTBot/1.2; +https://openai.com/gptbot)"
45.94.31.19 - - [17/Jun/2025:14:20:05 +0800] "GET /?action=edit&file=Version.php%27+AND+%28SELECT+1+FROM+%28SELECT+COUNT%28%2A%29%2C+CONCAT%28%28SELECT+%28SELECT+CONCAT%28CAST%28VERSION%28%29+AS+CHAR%29%2C0x7e%29%29%29%2C+FLOOR%28RAND%280%29+%2A+2%29%29+x+FROM+INFORMATION_SCHEMA.TABLES+GROUP+BY+x%29+a%29--&path=%2Fhome%2Fzuuttrav%2Fpublic_html%2Fcore%2Fvendor%2Fsebastian%2Fversion%2Fsrc HTTP/1.1" 403 91754 "-" "Mozilla/5.0 (Linux; Android 9; ASUS_I005DA Build/PI; wv) AppleWebKit/537.36 (KHTML, like Gecko) Version/4.0 Chrome/133.0.6943.122 Mobile"
45.94.31.19 - - [17/Jun/2025:14:20:06 +0800] "GET /?action=edit&file=Version.php&path=%2Fhome%2Fzuuttrav%2Fpublic_html%2Fcore%2Fvendor%2Fsebastian%2Fversion%2Fsrc HTTP/1.1" 200 0 "-" "Mozilla/5.0 (Linux; Android 9; ASUS_I005DA Build/PI; wv) AppleWebKit/537.36 (KHTML, like Gecko) Version/4.0 Chrome/133.0.6943.122 Mobile"
45.94.31.19 - - [17/Jun/2025:14:20:07 +0800] "GET /?action=edit%27+AND+%28SELECT+1+FROM+%28SELECT+COUNT%28%2A%29%2C+CONCAT%28%28SELECT+%28SELECT+CONCAT%28CAST%28VERSION%28%29+AS+CHAR%29%2C0x7e%29%29%29%2C+FLOOR%28RAND%280%29+%2A+2%29%29+x+FROM+INFORMATION_SCHEMA.TABLES+GROUP+BY+x%29+a%29--&file=Version.php&path=%2Fhome%2Fzuuttrav%2Fpublic_html%2Fcore%2Fvendor%2Fsebastian%2Fversion%2Fsrc HTTP/1.1" 499 0 "-" "Mozilla/5.0 (Linux; Android 9; ASUS_I005DA Build/PI; wv) AppleWebKit/537.36 (KHTML, like Gecko) Version/4.0 Chrome/133.0.6943.122 Mobile"
184.73.35.182 - - [17/Jun/2025:14:20:08 +0800] "GET /services/topic/100?action=edit&file=apapun.php&path=/home/zuuttrav/public_html/.well-known HTTP/1.1" 200 98567 "-" "Mozilla/5.0 AppleWebKit/537.36 (KHTML, like Gecko; compatible; Amazonbot/0.1; +https://developer.amazon.com/support/amazonbot) Chrome/119.0.6045.214 Safari/537.36"
45.94.31.19 - - [17/Jun/2025:14:20:08 +0800] "GET /?action=edit&file=Version.php%27+AND+%28SELECT+1+FROM+%28SELECT+COUNT%28%2A%29%2C+CONCAT%28%28SELECT+%28SELECT+CONCAT%28CAST%28VERSION%28%29+AS+CHAR%29%2C0x7e%29%29%29%2C+FLOOR%28RAND%280%29+%2A+2%29%29+x+FROM+INFORMATION_SCHEMA.TABLES+GROUP+BY+x%29+a%29--&path=%2Fhome%2Fzuuttrav%2Fpublic_html%2Fcore%2Fvendor%2Fsebastian%2Fversion%2Fsrc HTTP/1.1" 403 91762 "-" "Mozilla/5.0 (Linux; Android 9; ASUS_I005DA Build/PI; wv) AppleWebKit/537.36 (KHTML, like Gecko) Version/4.0 Chrome/133.0.6943.122 Mobile"
45.94.31.19 - - [17/Jun/2025:14:20:09 +0800] "GET /?action=edit%27+AND+%28SELECT+1+FROM+%28SELECT+COUNT%28%2A%29%2C+CONCAT%28%28SELECT+%28SELECT+CONCAT%28CAST%28VERSION%28%29+AS+CHAR%29%2C0x7e%29%29%29%2C+FLOOR%28RAND%280%29+%2A+2%29%29+x+FROM+INFORMATION_SCHEMA.TABLES+GROUP+BY+x%29+a%29--&file=Version.php&path=%2Fhome%2Fzuuttrav%2Fpublic_html%2Fcore%2Fvendor%2Fsebastian%2Fversion%2Fsrc HTTP/1.1" 403 65345 "-" "Mozilla/5.0 (Linux; Android 9; ASUS_I005DA Build/PI; wv) AppleWebKit/537.36 (KHTML, like Gecko) Version/4.0 Chrome/133.0.6943.122 Mobile"
20.171.207.161 - - [17/Jun/2025:14:20:12 +0800] "GET /sitepages/topic/2?path=%2F%2Flib64%2Fpython2.7%2FDemo HTTP/1.1" 200 64182 "-" "Mozilla/5.0 AppleWebKit/537.36 (KHTML, like Gecko; compatible; GPTBot/1.2; +https://openai.com/gptbot)"
20.171.207.161 - - [17/Jun/2025:14:20:18 +0800] "GET /sitepages/topic/2?path=%2F%2Flib64%2Fpython3.9%2Femail HTTP/1.1" 200 66160 "-" "Mozilla/5.0 AppleWebKit/537.36 (KHTML, like Gecko; compatible; GPTBot/1.2; +https://openai.com/gptbot)"
20.171.207.161 - - [17/Jun/2025:14:20:23 +0800] "GET /sitepages/topic/2?path=%2F%2Flib%2Fpython3.9%2Fsite-packages%2Fpip%2F_internal%2F__pycache__ HTTP/1.1" 200 67202 "-" "Mozilla/5.0 AppleWebKit/537.36 (KHTML, like Gecko; compatible; GPTBot/1.2; +https://openai.com/gptbot)"
20.171.207.161 - - [17/Jun/2025:14:20:29 +0800] "GET /sitepages/topic/2?path=%2F%2Flib64%2Fpython3.9%2Fvenv HTTP/1.1" 200 60095 "-" "Mozilla/5.0 AppleWebKit/537.36 (KHTML, like Gecko; compatible; GPTBot/1.2; +https://openai.com/gptbot)"
20.171.207.161 - - [17/Jun/2025:14:20:39 +0800] "GET /sitepages/topic/2?path=%2F%2Flib64%2Fpython3.9%2Fjson HTTP/1.1" 200 60777 "-" "Mozilla/5.0 AppleWebKit/537.36 (KHTML, like Gecko; compatible; GPTBot/1.2; +https://openai.com/gptbot)"
20.171.207.161 - - [17/Jun/2025:14:20:46 +0800] "GET /sitepages/topic/2?action=edit&file=show.py&path=%2F%2Flib%2Fpython3.9%2Fsite-packages%2Fpip%2F_internal%2Fcommands HTTP/1.1" 200 66969 "-" "Mozilla/5.0 AppleWebKit/537.36 (KHTML, like Gecko; compatible; GPTBot/1.2; +https://openai.com/gptbot)"
20.171.207.161 - - [17/Jun/2025:14:20:48 +0800] "GET /sitepages/topic/2?path=%2F%2Flib%2Fpython3.9%2Fsite-packages%2Fpip%2F_internal%2Fcommands%2F__pycache__ HTTP/1.1" 200 72155 "-" "Mozilla/5.0 AppleWebKit/537.36 (KHTML, like Gecko; compatible; GPTBot/1.2; +https://openai.com/gptbot)"
20.171.207.161 - - [17/Jun/2025:14:20:55 +0800] "GET /sitepages/topic/2?path=%2F%2Flib%2Fpython3.9%2Fsite-packages%2Fpip%2F_internal%2Fnetwork%2F__pycache__ HTTP/1.1" 200 65881 "-" "Mozilla/5.0 AppleWebKit/537.36 (KHTML, like Gecko; compatible; GPTBot/1.2; +https://openai.com/gptbot)"
114.119.151.107 - - [17/Jun/2025:14:21:01 +0800] "GET /services/topic/111?action=edit&file=17084874701813.jpg&path=/home/zuuttrav/public_html/uploads/topics HTTP/1.1" 200 425800 "https://zuuttravel.com/services/topic/111?path=/home/zuuttrav/public_html/uploads/topics" "Mozilla/5.0 (Linux; Android 7.0;) AppleWebKit/537.36 (KHTML, like Gecko) Mobile Safari/537.36 (compatible; PetalBot;+https://webmaster.petalsearch.com/site/petalbot)"
20.171.207.161 - - [17/Jun/2025:14:21:05 +0800] "GET /sitepages/topic/2?path=%2F%2Flib64%2Fpython3.6%2Femail HTTP/1.1" 200 66158 "-" "Mozilla/5.0 AppleWebKit/537.36 (KHTML, like Gecko; compatible; GPTBot/1.2; +https://openai.com/gptbot)"
20.171.207.161 - - [17/Jun/2025:14:21:07 +0800] "GET /sitepages/topic/2?action=edit&file=libib_util.so&path=%2F%2Flib64 HTTP/1.1" 200 67320 "-" "Mozilla/5.0 AppleWebKit/537.36 (KHTML, like Gecko; compatible; GPTBot/1.2; +https://openai.com/gptbot)"
20.171.207.161 - - [17/Jun/2025:14:21:15 +0800] "GET /sitepages/topic/2?path=%2F%2Flib%2Fpython3.9%2Fsite-packages%2Fpip%2F_vendor%2Furllib3%2Fcontrib HTTP/1.1" 200 62730 "-" "Mozilla/5.0 AppleWebKit/537.36 (KHTML, like Gecko; compatible; GPTBot/1.2; +https://openai.com/gptbot)"
20.171.207.161 - - [17/Jun/2025:14:21:21 +0800] "GET /sitepages/topic/2?path=%2F%2Flib64%2Fpython3.6%2Fcurses%2F__pycache__ HTTP/1.1" 200 64528 "-" "Mozilla/5.0 AppleWebKit/537.36 (KHTML, like Gecko; compatible; GPTBot/1.2; +https://openai.com/gptbot)"
66.249.79.165 - - [17/Jun/2025:14:21:23 +0800] "GET /?shopdetail/29209209 HTTP/1.1" 200 91197 "-" "Mozilla/5.0 (compatible; Googlebot/2.1; +http://www.google.com/bot.html)"
20.171.207.161 - - [17/Jun/2025:14:21:30 +0800] "GET /sitepages/topic/2?path=%2F%2Flib%2Fpython3.6%2Fsite-packages%2Fpip%2F_vendor%2Furllib3%2Fcontrib HTTP/1.1" 200 62363 "-" "Mozilla/5.0 AppleWebKit/537.36 (KHTML, like Gecko; compatible; GPTBot/1.2; +https://openai.com/gptbot)"
20.171.207.161 - - [17/Jun/2025:14:21:38 +0800] "GET /sitepages/topic/2?path=%2F%2Flib64%2Fpython3.9%2Femail%2F__pycache__ HTTP/1.1" 200 80957 "-" "Mozilla/5.0 AppleWebKit/537.36 (KHTML, like Gecko; compatible; GPTBot/1.2; +https://openai.com/gptbot)"
20.171.207.161 - - [17/Jun/2025:14:21:43 +0800] "GET /sitepages/topic/2?path=%2F%2Flib64%2Fpython3.9%2Fvenv%2F__pycache__ HTTP/1.1" 200 61290 "-" "Mozilla/5.0 AppleWebKit/537.36 (KHTML, like Gecko; compatible; GPTBot/1.2; +https://openai.com/gptbot)"
20.171.207.161 - - [17/Jun/2025:14:21:51 +0800] "GET /sitepages/topic/2?path=%2F%2Flib64%2Fpython3.9%2Fjson%2F__pycache__ HTTP/1.1" 200 64492 "-" "Mozilla/5.0 AppleWebKit/537.36 (KHTML, like Gecko; compatible; GPTBot/1.2; +https://openai.com/gptbot)"
20.171.207.161 - - [17/Jun/2025:14:21:57 +0800] "GET /sitepages/topic/2?path=%2F%2Flib%2Fdracut%2Fmodules.d%2F50drm HTTP/1.1" 200 59399 "-" "Mozilla/5.0 AppleWebKit/537.36 (KHTML, like Gecko; compatible; GPTBot/1.2; +https://openai.com/gptbot)"
20.171.207.161 - - [17/Jun/2025:14:22:04 +0800] "GET /sitepages/topic/2?action=edit&file=search.cpython-39.pyc&path=%2F%2Flib%2Fpython3.9%2Fsite-packages%2Fpip%2F_internal%2Fcommands%2F__pycache__ HTTP/1.1" 200 64526 "-" "Mozilla/5.0 AppleWebKit/537.36 (KHTML, like Gecko; compatible; GPTBot/1.2; +https://openai.com/gptbot)"
20.171.207.161 - - [17/Jun/2025:14:22:05 +0800] "GET /sitepages/topic/2?action=edit&file=show.cpython-39.opt-1.pyc&path=%2F%2Flib%2Fpython3.9%2Fsite-packages%2Fpip%2F_internal%2Fcommands%2F__pycache__ HTTP/1.1" 200 66399 "-" "Mozilla/5.0 AppleWebKit/537.36 (KHTML, like Gecko; compatible; GPTBot/1.2; +https://openai.com/gptbot)"
20.171.207.161 - - [17/Jun/2025:14:22:17 +0800] "GET /sitepages/topic/2?action=edit&file=show.cpython-39.pyc&path=%2F%2Flib%2Fpython3.9%2Fsite-packages%2Fpip%2F_internal%2Fcommands%2F__pycache__ HTTP/1.1" 200 66358 "-" "Mozilla/5.0 AppleWebKit/537.36 (KHTML, like Gecko; compatible; GPTBot/1.2; +https://openai.com/gptbot)"
66.249.79.166 - - [17/Jun/2025:14:22:19 +0800] "GET /?shopdetail/1812276 HTTP/1.1" 200 91196 "-" "Mozilla/5.0 (Linux; Android 6.0.1; Nexus 5X Build/MMB29P) AppleWebKit/537.36 (KHTML, like Gecko) Chrome/136.0.7103.113 Mobile Safari/537.36 (compatible; Googlebot/2.1; +http://www.google.com/bot.html)"
20.171.207.161 - - [17/Jun/2025:14:22:23 +0800] "GET /sitepages/topic/2?action=edit&file=help.cpython-39.opt-1.pyc&path=%2F%2Flib%2Fpython3.9%2Fsite-packages%2Fpip%2F_internal%2Fcommands%2F__pycache__ HTTP/1.1" 200 60612 "-" "Mozilla/5.0 AppleWebKit/537.36 (KHTML, like Gecko; compatible; GPTBot/1.2; +https://openai.com/gptbot)"
20.171.207.161 - - [17/Jun/2025:14:22:25 +0800] "GET /sitepages/topic/2?path=%2F%2Flib%2Fdracut%2Fmodules.d%2F90dm HTTP/1.1" 200 60720 "-" "Mozilla/5.0 AppleWebKit/537.36 (KHTML, like Gecko; compatible; GPTBot/1.2; +https://openai.com/gptbot)"
20.171.207.161 - - [17/Jun/2025:14:22:36 +0800] "GET /sitepages/topic/2?path=%2F%2Flib%2Fdracut%2Fmodules.d%2F95nbd HTTP/1.1" 200 60385 "-" "Mozilla/5.0 AppleWebKit/537.36 (KHTML, like Gecko; compatible; GPTBot/1.2; +https://openai.com/gptbot)"
20.171.207.161 - - [17/Jun/2025:14:22:38 +0800] "GET /sitepages/topic/2?path=%2F%2Flib%2Fdracut%2Fmodules.d%2F90lvm HTTP/1.1" 200 60354 "-" "Mozilla/5.0 AppleWebKit/537.36 (KHTML, like Gecko; compatible; GPTBot/1.2; +https://openai.com/gptbot)"
20.171.207.161 - - [17/Jun/2025:14:22:45 +0800] "GET /sitepages/topic/2?action=edit&file=libodbcmyS.so&path=%2F%2Flib64 HTTP/1.1" 200 72395 "-" "Mozilla/5.0 AppleWebKit/537.36 (KHTML, like Gecko; compatible; GPTBot/1.2; +https://openai.com/gptbot)"
114.119.140.87 - - [17/Jun/2025:14:22:47 +0800] "GET /services/topic/111?action=edit&file=17080768499229.jpg&path=/home/zuuttrav/public_html/uploads/topics HTTP/1.1" 200 671560 "https://zuuttravel.com/services/topic/111?path=/home/zuuttrav/public_html/uploads/topics" "Mozilla/5.0 (Linux; Android 7.0;) AppleWebKit/537.36 (KHTML, like Gecko) Mobile Safari/537.36 (compatible; PetalBot;+https://webmaster.petalsearch.com/site/petalbot)"
20.171.207.161 - - [17/Jun/2025:14:22:51 +0800] "GET /sitepages/topic/2?action=edit&file=headerregistry.cpython-39.pyc&path=%2F%2Flib64%2Fpython3.9%2Femail%2F__pycache__ HTTP/1.1" 200 82867 "-" "Mozilla/5.0 AppleWebKit/537.36 (KHTML, like Gecko; compatible; GPTBot/1.2; +https://openai.com/gptbot)"
20.171.207.161 - - [17/Jun/2025:14:23:01 +0800] "GET /sitepages/topic/2?action=edit&file=_encoded_words.cpython-39.pyc&path=%2F%2Flib64%2Fpython3.9%2Femail%2F__pycache__ HTTP/1.1" 200 65272 "-" "Mozilla/5.0 AppleWebKit/537.36 (KHTML, like Gecko; compatible; GPTBot/1.2; +https://openai.com/gptbot)"
20.171.207.161 - - [17/Jun/2025:14:23:08 +0800] "GET /sitepages/topic/2?action=edit&file=libcursesw.so&path=%2F%2Flib64 HTTP/1.1" 200 58593 "-" "Mozilla/5.0 AppleWebKit/537.36 (KHTML, like Gecko; compatible; GPTBot/1.2; +https://openai.com/gptbot)"
20.171.207.161 - - [17/Jun/2025:14:23:10 +0800] "GET /sitepages/topic/2?path=%2F%2Flib%2Fpython3.6%2Fsite-packages%2Fdateutil%2Ftz HTTP/1.1" 200 60888 "-" "Mozilla/5.0 AppleWebKit/537.36 (KHTML, like Gecko; compatible; GPTBot/1.2; +https://openai.com/gptbot)"
20.171.207.161 - - [17/Jun/2025:14:23:17 +0800] "GET /sitepages/topic/2?path=%2F%2Flib%2Fpython3.6%2Fsite-packages%2Fchardet%2Fcli HTTP/1.1" 200 60230 "-" "Mozilla/5.0 AppleWebKit/537.36 (KHTML, like Gecko; compatible; GPTBot/1.2; +https://openai.com/gptbot)"
20.171.207.161 - - [17/Jun/2025:14:23:23 +0800] "GET /sitepages/topic/2?path=%2F%2Flib%2Fpython3.6%2Fsite-packages%2Fpip%2Fcommands HTTP/1.1" 200 63902 "-" "Mozilla/5.0 AppleWebKit/537.36 (KHTML, like Gecko; compatible; GPTBot/1.2; +https://openai.com/gptbot)"
20.171.207.161 - - [17/Jun/2025:14:23:33 +0800] "GET /sitepages/topic/2?path=%2F%2Flib%2Fpython3.6%2Fsite-packages%2Fpip%2Fmodels HTTP/1.1" 200 60203 "-" "Mozilla/5.0 AppleWebKit/537.36 (KHTML, like Gecko; compatible; GPTBot/1.2; +https://openai.com/gptbot)"
66.249.79.167 - - [17/Jun/2025:14:23:36 +0800] "GET /?shopdetail/8689132 HTTP/1.1" 200 91196 "-" "Mozilla/5.0 (Linux; Android 6.0.1; Nexus 5X Build/MMB29P) AppleWebKit/537.36 (KHTML, like Gecko) Chrome/136.0.7103.113 Mobile Safari/537.36 (compatible; Googlebot/2.1; +http://www.google.com/bot.html)"
20.171.207.161 - - [17/Jun/2025:14:23:40 +0800] "GET /sitepages/topic/2?path=%2F%2Flib%2Fpython3.6%2Fsite-packages%2Ftuned%2Funits HTTP/1.1" 200 60231 "-" "Mozilla/5.0 AppleWebKit/537.36 (KHTML, like Gecko; compatible; GPTBot/1.2; +https://openai.com/gptbot)"
20.171.207.161 - - [17/Jun/2025:14:23:47 +0800] "GET /sitepages/topic/2?path=%2F%2Flib%2Fjvm-commmon HTTP/1.1" 200 58859 "-" "Mozilla/5.0 AppleWebKit/537.36 (KHTML, like Gecko; compatible; GPTBot/1.2; +https://openai.com/gptbot)"
20.171.207.161 - - [17/Jun/2025:14:23:54 +0800] "GET /sitepages/topic/2?path=%2Fhome%2Fzuuttrav%2F.config HTTP/1.1" 200 59181 "-" "Mozilla/5.0 AppleWebKit/537.36 (KHTML, like Gecko; compatible; GPTBot/1.2; +https://openai.com/gptbot)"
20.171.207.161 - - [17/Jun/2025:14:23:56 +0800] "GET /sitepages/topic/2?path=%2Fhome%2Fzuuttrav%2F.koality HTTP/1.1" 200 58941 "-" "Mozilla/5.0 AppleWebKit/537.36 (KHTML, like Gecko; compatible; GPTBot/1.2; +https://openai.com/gptbot)"
20.171.207.161 - - [17/Jun/2025:14:24:07 +0800] "GET /sitepages/topic/2?path=%2Fhome%2Fzuuttrav%2F.cpanel HTTP/1.1" 200 62649 "-" "Mozilla/5.0 AppleWebKit/537.36 (KHTML, like Gecko; compatible; GPTBot/1.2; +https://openai.com/gptbot)"
114.119.151.81 - - [17/Jun/2025:14:24:11 +0800] "GET /services/topic/111?action=edit&file=16983237699460.jpg&path=/home/zuuttrav/public_html/uploads/topics HTTP/1.1" 200 148054 "https://zuuttravel.com/services/topic/111?path=/home/zuuttrav/public_html/uploads/topics" "Mozilla/5.0 (Linux; Android 7.0;) AppleWebKit/537.36 (KHTML, like Gecko) Mobile Safari/537.36 (compatible; PetalBot;+https://webmaster.petalsearch.com/site/petalbot)"
20.171.207.161 - - [17/Jun/2025:14:24:14 +0800] "GET /sitepages/topic/2?path=%2Fhome%2Fzuuttrav%2F.clwpos HTTP/1.1" 200 59241 "-" "Mozilla/5.0 AppleWebKit/537.36 (KHTML, like Gecko; compatible; GPTBot/1.2; +https://openai.com/gptbot)"
20.171.207.161 - - [17/Jun/2025:14:24:21 +0800] "GET /sitepages/topic/2?action=edit&file=mkdir&path=%2F%2Fbin HTTP/1.1" 200 191029 "-" "Mozilla/5.0 AppleWebKit/537.36 (KHTML, like Gecko; compatible; GPTBot/1.2; +https://openai.com/gptbot)"
20.171.207.161 - - [17/Jun/2025:14:24:23 +0800] "GET /sitepages/topic/2?path=%2F%2Flib%2Fpython3.6%2Fsite-packages%2Fdateutil%2Ftz%2F__pycache__ HTTP/1.1" 200 62478 "-" "Mozilla/5.0 AppleWebKit/537.36 (KHTML, like Gecko; compatible; GPTBot/1.2; +https://openai.com/gptbot)"
20.171.207.161 - - [17/Jun/2025:14:24:34 +0800] "GET /sitepages/topic/2?path=%2F%2Flib%2Fpython3.6%2Fsite-packages%2Fchardet%2Fcli%2F__pycache__ HTTP/1.1" 200 61009 "-" "Mozilla/5.0 AppleWebKit/537.36 (KHTML, like Gecko; compatible; GPTBot/1.2; +https://openai.com/gptbot)"
20.171.207.161 - - [17/Jun/2025:14:24:40 +0800] "GET /sitepages/topic/2?action=edit&file=show.py&path=%2F%2Flib%2Fpython3.6%2Fsite-packages%2Fpip%2Fcommands HTTP/1.1" 200 65717 "-" "Mozilla/5.0 AppleWebKit/537.36 (KHTML, like Gecko; compatible; GPTBot/1.2; +https://openai.com/gptbot)"
20.171.207.161 - - [17/Jun/2025:14:24:47 +0800] "GET /sitepages/topic/2?path=%2F%2Flib%2Fpython3.6%2Fsite-packages%2Fpip%2Fmodels%2F__pycache__ HTTP/1.1" 200 60974 "-" "Mozilla/5.0 AppleWebKit/537.36 (KHTML, like Gecko; compatible; GPTBot/1.2; +https://openai.com/gptbot)"
20.171.207.161 - - [17/Jun/2025:14:24:50 +0800] "GET /sitepages/topic/2?path=%2F%2Flib%2Fpython3.6%2Fsite-packages%2Fpip%2Fcommands%2F__pycache__ HTTP/1.1" 200 69299 "-" "Mozilla/5.0 AppleWebKit/537.36 (KHTML, like Gecko; compatible; GPTBot/1.2; +https://openai.com/gptbot)"
20.171.207.161 - - [17/Jun/2025:14:24:56 +0800] "GET /sitepages/topic/2?path=%2F%2Flib%2Fpython3.6%2Fsite-packages%2Ftuned%2Funits%2F__pycache__ HTTP/1.1" 200 60995 "-" "Mozilla/5.0 AppleWebKit/537.36 (KHTML, like Gecko; compatible; GPTBot/1.2; +https://openai.com/gptbot)"
20.171.207.161 - - [17/Jun/2025:14:25:02 +0800] "GET /sitepages/topic/2?action=edit&file=xargs&path=%2F%2Fbin HTTP/1.1" 200 172456 "-" "Mozilla/5.0 AppleWebKit/537.36 (KHTML, like Gecko; compatible; GPTBot/1.2; +https://openai.com/gptbot)"
20.171.207.161 - - [17/Jun/2025:14:25:07 +0800] "GET /sitepages/topic/2?path=%2Fhome%2Fzuuttrav%2F.config%2Fhtop HTTP/1.1" 200 60294 "-" "Mozilla/5.0 AppleWebKit/537.36 (KHTML, like Gecko; compatible; GPTBot/1.2; +https://openai.com/gptbot)"
20.171.207.161 - - [17/Jun/2025:14:25:17 +0800] "GET /sitepages/topic/2?path=%2Fhome%2Fzuuttrav%2F.cpanel%2Fea-php-cli HTTP/1.1" 200 59379 "-" "Mozilla/5.0 AppleWebKit/537.36 (KHTML, like Gecko; compatible; GPTBot/1.2; +https://openai.com/gptbot)"
20.171.207.161 - - [17/Jun/2025:14:25:24 +0800] "GET /sitepages/topic/2?action=edit&file=main.log&path=%2Fhome%2Fzuuttrav%2F.clwpos HTTP/1.1" 200 58660 "-" "Mozilla/5.0 AppleWebKit/537.36 (KHTML, like Gecko; compatible; GPTBot/1.2; +https://openai.com/gptbot)"
20.171.207.161 - - [17/Jun/2025:14:25:27 +0800] "GET /sitepages/topic/2?path=%2Fhome%2Fzuuttrav%2F.cpanel%2Ficals HTTP/1.1" 200 61157 "-" "Mozilla/5.0 AppleWebKit/537.36 (KHTML, like Gecko; compatible; GPTBot/1.2; +https://openai.com/gptbot)"
20.171.207.161 - - [17/Jun/2025:14:25:41 +0800] "GET /sitepages/topic/2?action=edit&file=lynx&path=%2F%2Fbin HTTP/1.1" 200 2863490 "-" "Mozilla/5.0 AppleWebKit/537.36 (KHTML, like Gecko; compatible; GPTBot/1.2; +https://openai.com/gptbot)"
20.171.207.161 - - [17/Jun/2025:14:25:50 +0800] "GET /sitepages/topic/2?action=edit&file=pwdx&path=%2F%2Fbin HTTP/1.1" 200 74856 "-" "Mozilla/5.0 AppleWebKit/537.36 (KHTML, like Gecko; compatible; GPTBot/1.2; +https://openai.com/gptbot)"
114.119.150.208 - - [17/Jun/2025:14:25:56 +0800] "GET /services/topic/111?action=edit&file=16968578696443.jpg&path=/home/zuuttrav/public_html/uploads/topics HTTP/1.1" 200 124271 "https://zuuttravel.com/services/topic/111?path=/home/zuuttrav/public_html/uploads/topics" "Mozilla/5.0 (Linux; Android 7.0;) AppleWebKit/537.36 (KHTML, like Gecko) Mobile Safari/537.36 (compatible; PetalBot;+https://webmaster.petalsearch.com/site/petalbot)"
20.171.207.161 - - [17/Jun/2025:14:25:58 +0800] "GET /sitepages/topic/2?action=edit&file=mknod&path=%2F%2Fbin HTTP/1.1" 200 168899 "-" "Mozilla/5.0 AppleWebKit/537.36 (KHTML, like Gecko; compatible; GPTBot/1.2; +https://openai.com/gptbot)"
20.171.207.161 - - [17/Jun/2025:14:26:09 +0800] "GET /sitepages/topic/2?action=edit&file=kmsg&path=%2F%2Fproc HTTP/1.1" 200 58386 "-" "Mozilla/5.0 AppleWebKit/537.36 (KHTML, like Gecko; compatible; GPTBot/1.2; +https://openai.com/gptbot)"
20.171.207.161 - - [17/Jun/2025:14:26:19 +0800] "GET /sitepages/topic/2?action=edit&file=hash.cpython-36.pyc&path=%2F%2Flib%2Fpython3.6%2Fsite-packages%2Fpip%2Fcommands%2F__pycache__ HTTP/1.1" 200 61082 "-" "Mozilla/5.0 AppleWebKit/537.36 (KHTML, like Gecko; compatible; GPTBot/1.2; +https://openai.com/gptbot)"
20.171.207.161 - - [17/Jun/2025:14:26:28 +0800] "GET /sitepages/topic/2?action=edit&file=xargs&path=%2F%2Fbin HTTP/1.1" 200 172448 "-" "Mozilla/5.0 AppleWebKit/537.36 (KHTML, like Gecko; compatible; GPTBot/1.2; +https://openai.com/gptbot)"
20.171.207.161 - - [17/Jun/2025:14:26:42 +0800] "GET /sitepages/topic/2?action=edit&file=show.cpython-36.pyc&path=%2F%2Flib%2Fpython3.6%2Fsite-packages%2Fpip%2Fcommands%2F__pycache__ HTTP/1.1" 200 64963 "-" "Mozilla/5.0 AppleWebKit/537.36 (KHTML, like Gecko; compatible; GPTBot/1.2; +https://openai.com/gptbot)"
66.249.79.167 - - [17/Jun/2025:14:26:45 +0800] "GET /?shopdetail/21817143 HTTP/1.1" 200 91197 "-" "Mozilla/5.0 (Linux; Android 6.0.1; Nexus 5X Build/MMB29P) AppleWebKit/537.36 (KHTML, like Gecko) Chrome/136.0.7103.113 Mobile Safari/537.36 (compatible; Googlebot/2.1; +http://www.google.com/bot.html)"
20.171.207.161 - - [17/Jun/2025:14:26:49 +0800] "GET /sitepages/topic/2?action=edit&file=show.cpython-36.opt-1.pyc&path=%2F%2Flib%2Fpython3.6%2Fsite-packages%2Fpip%2Fcommands%2F__pycache__ HTTP/1.1" 200 65005 "-" "Mozilla/5.0 AppleWebKit/537.36 (KHTML, like Gecko; compatible; GPTBot/1.2; +https://openai.com/gptbot)"
20.171.207.161 - - [17/Jun/2025:14:26:56 +0800] "GET /sitepages/topic/2?action=edit&file=gawk&path=%2F%2Fbin HTTP/1.1" 200 1154125 "-" "Mozilla/5.0 AppleWebKit/537.36 (KHTML, like Gecko; compatible; GPTBot/1.2; +https://openai.com/gptbot)"
20.171.207.161 - - [17/Jun/2025:14:26:59 +0800] "GET /sitepages/topic/2?path=%2Fhome%2Fzuuttrav%2F.cpanel%2Fea-php-cli%2Fpublic_html HTTP/1.1" 200 59634 "-" "Mozilla/5.0 AppleWebKit/537.36 (KHTML, like Gecko; compatible; GPTBot/1.2; +https://openai.com/gptbot)"
20.171.207.161 - - [17/Jun/2025:14:27:18 +0800] "GET /sitepages/topic/2?action=edit&file=rview&path=%2F%2Fbin HTTP/1.1" 200 1919303 "-" "Mozilla/5.0 AppleWebKit/537.36 (KHTML, like Gecko; compatible; GPTBot/1.2; +https://openai.com/gptbot)"
20.171.207.161 - - [17/Jun/2025:14:27:24 +0800] "GET /sitepages/topic/2?action=edit&file=zmore&path=%2F%2Fbin HTTP/1.1" 200 60549 "-" "Mozilla/5.0 AppleWebKit/537.36 (KHTML, like Gecko; compatible; GPTBot/1.2; +https://openai.com/gptbot)"
114.119.140.87 - - [17/Jun/2025:14:27:34 +0800] "GET /services/topic/111?action=edit&file=16968578668419.jpg&path=/home/zuuttrav/public_html/uploads/topics HTTP/1.1" 200 193560 "https://zuuttravel.com/services/topic/111?path=/home/zuuttrav/public_html/uploads/topics" "Mozilla/5.0 (Linux; Android 7.0;) AppleWebKit/537.36 (KHTML, like Gecko) Mobile Safari/537.36 (compatible; PetalBot;+https://webmaster.petalsearch.com/site/petalbot)"
20.171.207.161 - - [17/Jun/2025:14:27:46 +0800] "GET /sitepages/topic/2?action=edit&file=colrm&path=%2F%2Fbin HTTP/1.1" 200 93965 "-" "Mozilla/5.0 AppleWebKit/537.36 (KHTML, like Gecko; compatible; GPTBot/1.2; +https://openai.com/gptbot)"
4.227.36.80 - - [17/Jun/2025:14:27:48 +0800] "GET /robots.txt HTTP/1.1" 200 1112 "-" "Mozilla/5.0 AppleWebKit/537.36 (KHTML, like Gecko; compatible; GPTBot/1.2; +https://openai.com/gptbot)"
20.171.207.161 - - [17/Jun/2025:14:27:57 +0800] "GET /sitepages/topic/2?action=edit&file=bzcmp&path=%2F%2Fbin HTTP/1.1" 200 61017 "-" "Mozilla/5.0 AppleWebKit/537.36 (KHTML, like Gecko; compatible; GPTBot/1.2; +https://openai.com/gptbot)"
20.171.207.161 - - [17/Jun/2025:14:28:12 +0800] "GET /sitepages/topic/2?action=edit&file=sum&path=%2F%2Fbin HTTP/1.1" 200 125677 "-" "Mozilla/5.0 AppleWebKit/537.36 (KHTML, like Gecko; compatible; GPTBot/1.2; +https://openai.com/gptbot)"
20.171.207.161 - - [17/Jun/2025:14:28:29 +0800] "GET /sitepages/topic/2?action=edit&file=curl&path=%2F%2Fbin HTTP/1.1" 200 419052 "-" "Mozilla/5.0 AppleWebKit/537.36 (KHTML, like Gecko; compatible; GPTBot/1.2; +https://openai.com/gptbot)"
20.171.207.161 - - [17/Jun/2025:14:28:41 +0800] "GET /sitepages/topic/2?action=edit&file=rmdir&path=%2F%2Fbin HTTP/1.1" 200 129870 "-" "Mozilla/5.0 AppleWebKit/537.36 (KHTML, like Gecko; compatible; GPTBot/1.2; +https://openai.com/gptbot)"
20.171.207.161 - - [17/Jun/2025:14:28:47 +0800] "GET /sitepages/topic/2?path=%2F%2Flib64%2Fpython2.7%2Fsite-packages%2Fpynche HTTP/1.1" 200 73559 "-" "Mozilla/5.0 AppleWebKit/537.36 (KHTML, like Gecko; compatible; GPTBot/1.2; +https://openai.com/gptbot)"
20.171.207.161 - - [17/Jun/2025:14:28:56 +0800] "GET /sitepages/topic/2?action=edit&file=autoupdate&path=%2F%2Fbin HTTP/1.1" 200 94367 "-" "Mozilla/5.0 AppleWebKit/537.36 (KHTML, like Gecko; compatible; GPTBot/1.2; +https://openai.com/gptbot)"
20.171.207.161 - - [17/Jun/2025:14:29:04 +0800] "GET /sitepages/topic/2?path=%2F%2Flib64%2FGraphicsMagick-1.3.38%2Fmodules-Q16 HTTP/1.1" 200 59677 "-" "Mozilla/5.0 AppleWebKit/537.36 (KHTML, like Gecko; compatible; GPTBot/1.2; +https://openai.com/gptbot)"
20.171.207.161 - - [17/Jun/2025:14:29:12 +0800] "GET /sitepages/topic/2?path=%2F%2Flib64%2FImageMagick-6.9.13%2Fmodules-Q16 HTTP/1.1" 200 59641 "-" "Mozilla/5.0 AppleWebKit/537.36 (KHTML, like Gecko; compatible; GPTBot/1.2; +https://openai.com/gptbot)"
20.171.207.161 - - [17/Jun/2025:14:29:18 +0800] "GET /sitepages/topic/2?path=%2F%2Flib64%2Fperl5%2Fvendor_perl%2FFilter HTTP/1.1" 200 60965 "-" "Mozilla/5.0 AppleWebKit/537.36 (KHTML, like Gecko; compatible; GPTBot/1.2; +https://openai.com/gptbot)"
114.119.155.203 - - [17/Jun/2025:14:29:25 +0800] "GET /services/topic/107?action=edit&file=gxq.txt&path=/home/zuuttrav/public_html HTTP/1.1" 200 65236 "https://zuuttravel.com/services/topic/107" "Mozilla/5.0 (Linux; Android 7.0;) AppleWebKit/537.36 (KHTML, like Gecko) Mobile Safari/537.36 (compatible; PetalBot;+https://webmaster.petalsearch.com/site/petalbot)"
20.171.207.161 - - [17/Jun/2025:14:29:30 +0800] "GET /sitepages/topic/2?path=%2F%2Flib%2Fdracut%2Fmodules.d%2F35network-manager HTTP/1.1" 200 60513 "-" "Mozilla/5.0 AppleWebKit/537.36 (KHTML, like Gecko; compatible; GPTBot/1.2; +https://openai.com/gptbot)"
20.171.207.161 - - [17/Jun/2025:14:29:36 +0800] "GET /sitepages/topic/2?path=%2F%2Flib64%2Fperl5%2Fvendor_perl%2FMath%2FBigInt HTTP/1.1" 200 59562 "-" "Mozilla/5.0 AppleWebKit/537.36 (KHTML, like Gecko; compatible; GPTBot/1.2; +https://openai.com/gptbot)"
20.171.207.161 - - [17/Jun/2025:14:29:42 +0800] "GET /sitepages/topic/2?path=%2F%2Flib64%2Fphp%2Fmodules%2Fsw-engine HTTP/1.1" 200 59407 "-" "Mozilla/5.0 AppleWebKit/537.36 (KHTML, like Gecko; compatible; GPTBot/1.2; +https://openai.com/gptbot)"
20.171.207.161 - - [17/Jun/2025:14:29:49 +0800] "GET /sitepages/topic/2?path=%2F%2Flib%2Fpython3.6%2Fsite-packages%2Fbabel%2Flocale-data HTTP/1.1" 200 300128 "-" "Mozilla/5.0 AppleWebKit/537.36 (KHTML, like Gecko; compatible; GPTBot/1.2; +https://openai.com/gptbot)"
66.249.79.166 - - [17/Jun/2025:14:29:52 +0800] "GET /?shopdetail/14947432 HTTP/1.1" 200 91198 "-" "Mozilla/5.0 (Linux; Android 6.0.1; Nexus 5X Build/MMB29P) AppleWebKit/537.36 (KHTML, like Gecko) Chrome/136.0.7103.113 Mobile Safari/537.36 (compatible; Googlebot/2.1; +http://www.google.com/bot.html)"
20.171.207.161 - - [17/Jun/2025:14:29:55 +0800] "GET /sitepages/topic/2?path=%2Fhome%2Fzuuttrav%2F.cpanel%2Fvcards HTTP/1.1" 200 61168 "-" "Mozilla/5.0 AppleWebKit/537.36 (KHTML, like Gecko; compatible; GPTBot/1.2; +https://openai.com/gptbot)"
20.171.207.161 - - [17/Jun/2025:14:29:57 +0800] "GET /sitepages/topic/2?path=%2F%2Fusr%2Flib64%2FImageMagick-6.9.13%2Fmodules-Q16 HTTP/1.1" 200 59753 "-" "Mozilla/5.0 AppleWebKit/537.36 (KHTML, like Gecko; compatible; GPTBot/1.2; +https://openai.com/gptbot)"
20.171.207.161 - - [17/Jun/2025:14:30:08 +0800] "GET /sitepages/topic/2?action=edit&file=webcolors.txt&path=%2F%2Flib64%2Fpython2.7%2Fsite-packages%2Fpynche HTTP/1.1" 200 61935 "-" "Mozilla/5.0 AppleWebKit/537.36 (KHTML, like Gecko; compatible; GPTBot/1.2; +https://openai.com/gptbot)"
20.171.207.161 - - [17/Jun/2025:14:30:09 +0800] "GET /sitepages/topic/2?path=%2F%2Flib%2Fpython2.7%2Fsite-packages%2Fpip%2F_vendor%2Fhtml5lib%2Ffilters HTTP/1.1" 200 68343 "-" "Mozilla/5.0 AppleWebKit/537.36 (KHTML, like Gecko; compatible; GPTBot/1.2; +https://openai.com/gptbot)"
20.171.207.161 - - [17/Jun/2025:14:30:21 +0800] "GET /sitepages/topic/2?path=%2F%2Flib64%2Fpython3.6%2Fpydoc_data%2F__pycache__ HTTP/1.1" 200 61377 "-" "Mozilla/5.0 AppleWebKit/537.36 (KHTML, like Gecko; compatible; GPTBot/1.2; +https://openai.com/gptbot)"
20.171.207.161 - - [17/Jun/2025:14:30:23 +0800] "GET /sitepages/topic/2?path=%2F%2Flib64%2Fpython3.9%2Fpydoc_data%2F__pycache__ HTTP/1.1" 200 60288 "-" "Mozilla/5.0 AppleWebKit/537.36 (KHTML, like Gecko; compatible; GPTBot/1.2; +https://openai.com/gptbot)"
66.249.79.165 - - [17/Jun/2025:14:30:24 +0800] "GET /?shopdetail/24582298 HTTP/1.1" 200 91198 "-" "Mozilla/5.0 (Linux; Android 6.0.1; Nexus 5X Build/MMB29P) AppleWebKit/537.36 (KHTML, like Gecko) Chrome/136.0.7103.113 Mobile Safari/537.36 (compatible; Googlebot/2.1; +http://www.google.com/bot.html)"
20.171.207.161 - - [17/Jun/2025:14:30:30 +0800] "GET /sitepages/topic/2?path=%2F%2Fusr%2Flib64%2Fpython3.9%2Fjson HTTP/1.1" 200 60905 "-" "Mozilla/5.0 AppleWebKit/537.36 (KHTML, like Gecko; compatible; GPTBot/1.2; +https://openai.com/gptbot)"
20.171.207.161 - - [17/Jun/2025:14:30:37 +0800] "GET /sitepages/topic/2?path=%2F%2Fusr%2Flib64%2Fpython3.9%2Fhtml HTTP/1.1" 200 60277 "-" "Mozilla/5.0 AppleWebKit/537.36 (KHTML, like Gecko; compatible; GPTBot/1.2; +https://openai.com/gptbot)"
20.171.207.161 - - [17/Jun/2025:14:30:48 +0800] "GET /sitepages/topic/2?path=%2F%2Fusr%2Flib64%2Fpython3.9%2Femail HTTP/1.1" 200 66390 "-" "Mozilla/5.0 AppleWebKit/537.36 (KHTML, like Gecko; compatible; GPTBot/1.2; +https://openai.com/gptbot)"
20.171.207.161 - - [17/Jun/2025:14:30:50 +0800] "GET /sitepages/topic/2?path=%2F%2Flib64%2Fpython3.6%2Fencodings%2F__pycache__ HTTP/1.1" 200 195496 "-" "Mozilla/5.0 AppleWebKit/537.36 (KHTML, like Gecko; compatible; GPTBot/1.2; +https://openai.com/gptbot)"
20.171.207.161 - - [17/Jun/2025:14:30:57 +0800] "GET /sitepages/topic/2?path=%2F%2Flib64%2Fpython3.6%2Fimportlib%2F__pycache__ HTTP/1.1" 200 65778 "-" "Mozilla/5.0 AppleWebKit/537.36 (KHTML, like Gecko; compatible; GPTBot/1.2; +https://openai.com/gptbot)"
66.249.79.166 - - [17/Jun/2025:14:31:04 +0800] "GET /?shopdetail/5269543 HTTP/1.1" 200 91189 "-" "Mozilla/5.0 (compatible; Googlebot/2.1; +http://www.google.com/bot.html)"
20.171.207.161 - - [17/Jun/2025:14:31:07 +0800] "GET /sitepages/topic/2?path=%2F%2Flib64%2Fpython3.6%2Fdistutils%2F__pycache__ HTTP/1.1" 200 89896 "-" "Mozilla/5.0 AppleWebKit/537.36 (KHTML, like Gecko; compatible; GPTBot/1.2; +https://openai.com/gptbot)"
20.171.207.161 - - [17/Jun/2025:14:31:09 +0800] "GET /sitepages/topic/2?action=edit&file=zuuttrav.vcf&path=%2Fhome%2Fzuuttrav%2F.cpanel%2Fvcards HTTP/1.1" 200 59488 "-" "Mozilla/5.0 AppleWebKit/537.36 (KHTML, like Gecko; compatible; GPTBot/1.2; +https://openai.com/gptbot)"
114.119.158.203 - - [17/Jun/2025:14:31:10 +0800] "GET /services/topic/104?path=/home/zuuttrav/public_html/core/vendor/doctrine HTTP/1.1" 200 66489 "https://zuuttravel.com/services/topic/104?path=/home/zuuttrav/public_html/core/vendor" "Mozilla/5.0 (Linux; Android 7.0;) AppleWebKit/537.36 (KHTML, like Gecko) Mobile Safari/537.36 (compatible; PetalBot;+https://webmaster.petalsearch.com/site/petalbot)"
20.171.207.161 - - [17/Jun/2025:14:31:15 +0800] "GET /sitepages/topic/2?path=%2F%2Flib%2Fpython2.7%2Fsite-packages%2Fpip%2F_vendor%2Fhtml5lib%2Ffilters HTTP/1.1" 200 68342 "-" "Mozilla/5.0 AppleWebKit/537.36 (KHTML, like Gecko; compatible; GPTBot/1.2; +https://openai.com/gptbot)"
20.171.207.161 - - [17/Jun/2025:14:31:27 +0800] "GET /sitepages/topic/2?action=edit&file=ig.dat&path=%2F%2Flib%2Fpython3.6%2Fsite-packages%2Fbabel%2Flocale-data HTTP/1.1" 200 66237 "-" "Mozilla/5.0 AppleWebKit/537.36 (KHTML, like Gecko; compatible; GPTBot/1.2; +https://openai.com/gptbot)"
20.171.207.161 - - [17/Jun/2025:14:31:29 +0800] "GET /sitepages/topic/2?action=edit&file=en_AT.dat&path=%2F%2Flib%2Fpython3.6%2Fsite-packages%2Fbabel%2Flocale-data HTTP/1.1" 200 60072 "-" "Mozilla/5.0 AppleWebKit/537.36 (KHTML, like Gecko; compatible; GPTBot/1.2; +https://openai.com/gptbot)"
20.171.207.161 - - [17/Jun/2025:14:31:40 +0800] "GET /sitepages/topic/2?action=edit&file=pa_Arab_PK.dat&path=%2F%2Flib%2Fpython3.6%2Fsite-packages%2Fbabel%2Flocale-data HTTP/1.1" 200 59502 "-" "Mozilla/5.0 AppleWebKit/537.36 (KHTML, like Gecko; compatible; GPTBot/1.2; +https://openai.com/gptbot)"
20.171.207.161 - - [17/Jun/2025:14:31:42 +0800] "GET /sitepages/topic/2?action=edit&file=vi_VN.dat&path=%2F%2Flib%2Fpython3.6%2Fsite-packages%2Fbabel%2Flocale-data HTTP/1.1" 200 59467 "-" "Mozilla/5.0 AppleWebKit/537.36 (KHTML, like Gecko; compatible; GPTBot/1.2; +https://openai.com/gptbot)"
20.171.207.161 - - [17/Jun/2025:14:31:53 +0800] "GET /sitepages/topic/2?action=edit&file=en_ZM.dat&path=%2F%2Flib%2Fpython3.6%2Fsite-packages%2Fbabel%2Flocale-data HTTP/1.1" 200 59723 "-" "Mozilla/5.0 AppleWebKit/537.36 (KHTML, like Gecko; compatible; GPTBot/1.2; +https://openai.com/gptbot)"
20.171.207.161 - - [17/Jun/2025:14:31:54 +0800] "GET /sitepages/topic/2?path=%2F%2Fusr%2Flib64%2Fpython3.9%2Femail HTTP/1.1" 200 66381 "-" "Mozilla/5.0 AppleWebKit/537.36 (KHTML, like Gecko; compatible; GPTBot/1.2; +https://openai.com/gptbot)"
20.171.207.161 - - [17/Jun/2025:14:32:03 +0800] "GET /sitepages/topic/2?path=%2F%2Flib64%2Fpython3.9%2Fdistutils%2F__pycache__ HTTP/1.1" 200 89876 "-" "Mozilla/5.0 AppleWebKit/537.36 (KHTML, like Gecko; compatible; GPTBot/1.2; +https://openai.com/gptbot)"
20.171.207.161 - - [17/Jun/2025:14:32:08 +0800] "GET /sitepages/topic/2?path=%2F%2Flib64%2Fpython3.9%2Fensurepip%2F__pycache__ HTTP/1.1" 200 62473 "-" "Mozilla/5.0 AppleWebKit/537.36 (KHTML, like Gecko; compatible; GPTBot/1.2; +https://openai.com/gptbot)"
20.171.207.161 - - [17/Jun/2025:14:32:13 +0800] "GET /sitepages/topic/2?path=%2Fhome%2Fzuuttrav%2F.cphorde HTTP/1.1" 200 59749 "-" "Mozilla/5.0 AppleWebKit/537.36 (KHTML, like Gecko; compatible; GPTBot/1.2; +https://openai.com/gptbot)"
20.171.207.161 - - [17/Jun/2025:14:32:23 +0800] "GET /sitepages/topic/2?path=%2Fhome%2Fzuuttrav%2F.cagefs HTTP/1.1" 200 59657 "-" "Mozilla/5.0 AppleWebKit/537.36 (KHTML, like Gecko; compatible; GPTBot/1.2; +https://openai.com/gptbot)"
20.171.207.161 - - [17/Jun/2025:14:32:26 +0800] "GET /sitepages/topic/2?action=edit&file=cp857.cpython-36.opt-1.pyc&path=%2F%2Flib64%2Fpython3.6%2Fencodings%2F__pycache__ HTTP/1.1" 200 67914 "-" "Mozilla/5.0 AppleWebKit/537.36 (KHTML, like Gecko; compatible; GPTBot/1.2; +https://openai.com/gptbot)"
20.171.207.161 - - [17/Jun/2025:14:32:32 +0800] "GET /sitepages/topic/2?action=edit&file=cp737.cpython-36.opt-2.pyc&path=%2F%2Flib64%2Fpython3.6%2Fencodings%2F__pycache__ HTTP/1.1" 200 68941 "-" "Mozilla/5.0 AppleWebKit/537.36 (KHTML, like Gecko; compatible; GPTBot/1.2; +https://openai.com/gptbot)"
66.249.79.165 - - [17/Jun/2025:14:32:36 +0800] "GET /?shopdetail/15304865 HTTP/1.1" 200 91197 "-" "Mozilla/5.0 (Linux; Android 6.0.1; Nexus 5X Build/MMB29P) AppleWebKit/537.36 (KHTML, like Gecko) Chrome/136.0.7103.113 Mobile Safari/537.36 (compatible; Googlebot/2.1; +http://www.google.com/bot.html)"
20.171.207.161 - - [17/Jun/2025:14:32:39 +0800] "GET /sitepages/topic/2?action=edit&file=utf_16_be.cpython-36.pyc&path=%2F%2Flib64%2Fpython3.6%2Fencodings%2F__pycache__ HTTP/1.1" 200 60642 "-" "Mozilla/5.0 AppleWebKit/537.36 (KHTML, like Gecko; compatible; GPTBot/1.2; +https://openai.com/gptbot)"
20.171.207.161 - - [17/Jun/2025:14:32:45 +0800] "GET /sitepages/topic/2?action=edit&file=utf_8.cpython-36.opt-1.pyc&path=%2F%2Flib64%2Fpython3.6%2Fencodings%2F__pycache__ HTTP/1.1" 200 60643 "-" "Mozilla/5.0 AppleWebKit/537.36 (KHTML, like Gecko; compatible; GPTBot/1.2; +https://openai.com/gptbot)"
20.171.207.161 - - [17/Jun/2025:14:32:50 +0800] "GET /sitepages/topic/2?action=edit&file=znew&path=%2F%2Fbin HTTP/1.1" 200 63916 "-" "Mozilla/5.0 AppleWebKit/537.36 (KHTML, like Gecko; compatible; GPTBot/1.2; +https://openai.com/gptbot)"
114.119.151.107 - - [17/Jun/2025:14:32:52 +0800] "GET /services/topic/104?path=/home/zuuttrav/public_html/core/storage/app HTTP/1.1" 200 66508 "https://zuuttravel.com/services/topic/104?path=/home/zuuttrav/public_html/core/storage" "Mozilla/5.0 (Linux; Android 7.0;) AppleWebKit/537.36 (KHTML, like Gecko) Mobile Safari/537.36 (compatible; PetalBot;+https://webmaster.petalsearch.com/site/petalbot)"
20.171.207.161 - - [17/Jun/2025:14:32:54 +0800] "GET /sitepages/topic/2?action=edit&file=zgrep&path=%2F%2Fbin HTTP/1.1" 200 67623 "-" "Mozilla/5.0 AppleWebKit/537.36 (KHTML, like Gecko; compatible; GPTBot/1.2; +https://openai.com/gptbot)"
20.171.207.161 - - [17/Jun/2025:14:32:59 +0800] "GET /sitepages/topic/2?action=edit&file=make&path=%2F%2Fbin HTTP/1.1" 200 432347 "-" "Mozilla/5.0 AppleWebKit/537.36 (KHTML, like Gecko; compatible; GPTBot/1.2; +https://openai.com/gptbot)"
66.249.79.166 - - [17/Jun/2025:14:33:02 +0800] "GET /?shopdetail/17959809 HTTP/1.1" 200 91198 "-" "Mozilla/5.0 (Linux; Android 6.0.1; Nexus 5X Build/MMB29P) AppleWebKit/537.36 (KHTML, like Gecko) Chrome/136.0.7103.113 Mobile Safari/537.36 (compatible; Googlebot/2.1; +http://www.google.com/bot.html)"
20.171.207.161 - - [17/Jun/2025:14:33:08 +0800] "GET /sitepages/topic/2?action=edit&file=iusql&path=%2F%2Fbin HTTP/1.1" 200 98859 "-" "Mozilla/5.0 AppleWebKit/537.36 (KHTML, like Gecko; compatible; GPTBot/1.2; +https://openai.com/gptbot)"
20.171.207.161 - - [17/Jun/2025:14:33:09 +0800] "GET /sitepages/topic/2?action=edit&file=atrm&path=%2F%2Fbin HTTP/1.1" 200 59728 "-" "Mozilla/5.0 AppleWebKit/537.36 (KHTML, like Gecko; compatible; GPTBot/1.2; +https://openai.com/gptbot)"
20.171.207.161 - - [17/Jun/2025:14:33:16 +0800] "GET /sitepages/topic/2?action=edit&file=ccompiler.cpython-39.pyc&path=%2F%2Flib64%2Fpython3.9%2Fdistutils%2F__pycache__ HTTP/1.1" 200 95531 "-" "Mozilla/5.0 AppleWebKit/537.36 (KHTML, like Gecko; compatible; GPTBot/1.2; +https://openai.com/gptbot)"
20.171.207.161 - - [17/Jun/2025:14:33:22 +0800] "GET /sitepages/topic/2?action=edit&file=extension.cpython-39.pyc&path=%2F%2Flib64%2Fpython3.9%2Fdistutils%2F__pycache__ HTTP/1.1" 200 66506 "-" "Mozilla/5.0 AppleWebKit/537.36 (KHTML, like Gecko; compatible; GPTBot/1.2; +https://openai.com/gptbot)"
20.171.207.161 - - [17/Jun/2025:14:33:26 +0800] "GET /sitepages/topic/2?action=edit&file=cp737.cpython-36.opt-2.pyc&path=%2F%2Flib64%2Fpython3.6%2Fencodings%2F__pycache__ HTTP/1.1" 200 68932 "-" "Mozilla/5.0 AppleWebKit/537.36 (KHTML, like Gecko; compatible; GPTBot/1.2; +https://openai.com/gptbot)"
20.171.207.161 - - [17/Jun/2025:14:33:32 +0800] "GET /sitepages/topic/2?action=edit&file=raw&path=%2F%2Fbin HTTP/1.1" 200 79609 "-" "Mozilla/5.0 AppleWebKit/537.36 (KHTML, like Gecko; compatible; GPTBot/1.2; +https://openai.com/gptbot)"
20.171.207.161 - - [17/Jun/2025:14:33:36 +0800] "GET /sitepages/topic/2?action=edit&file=grotty&path=%2F%2Fbin HTTP/1.1" 200 261749 "-" "Mozilla/5.0 AppleWebKit/537.36 (KHTML, like Gecko; compatible; GPTBot/1.2; +https://openai.com/gptbot)"
20.171.207.161 - - [17/Jun/2025:14:33:40 +0800] "GET /sitepages/topic/2?action=edit&file=unzip&path=%2F%2Fbin HTTP/1.1" 200 367690 "-" "Mozilla/5.0 AppleWebKit/537.36 (KHTML, like Gecko; compatible; GPTBot/1.2; +https://openai.com/gptbot)"
20.171.207.161 - - [17/Jun/2025:14:33:48 +0800] "GET /sitepages/topic/2?action=edit&file=chgrp&path=%2F%2Fbin HTTP/1.1" 200 160958 "-" "Mozilla/5.0 AppleWebKit/537.36 (KHTML, like Gecko; compatible; GPTBot/1.2; +https://openai.com/gptbot)"
20.171.207.161 - - [17/Jun/2025:14:33:49 +0800] "GET /sitepages/topic/2?action=edit&file=zgrep&path=%2F%2Fbin HTTP/1.1" 200 67614 "-" "Mozilla/5.0 AppleWebKit/537.36 (KHTML, like Gecko; compatible; GPTBot/1.2; +https://openai.com/gptbot)"
