110.249.201.89 - - [17/Jun/2025:09:26:05 +0800] "GET /assets/frontend/js/moment.js?v=10.0.2 HTTP/1.1" 200 51929 "https://zuuttravel.com/" "Mozilla/5.0 (Linux; Android 5.0) AppleWebKit/537.36 (KHTML, like Gecko) Mobile Safari/537.36 (compatible; Bytespider; https://zhanzhang.toutiao.com/)"
110.249.201.98 - - [17/Jun/2025:09:26:05 +0800] "GET /assets/frontend/js/lib/lightbox/js/lightbox.min.js HTTP/1.1" 200 9418 "https://zuuttravel.com/" "Mozilla/5.0 (Linux; Android 5.0) AppleWebKit/537.36 (KHTML, like Gecko) Mobile Safari/537.36 (compatible; Bytespider; https://zhanzhang.toutiao.com/)"
110.249.201.89 - - [17/Jun/2025:09:26:05 +0800] "GET /assets/frontend/js/select2.min.js?v=10.0.2 HTTP/1.1" 200 67940 "https://zuuttravel.com/" "Mozilla/5.0 (Linux; Android 5.0) AppleWebKit/537.36 (KHTML, like Gecko) Mobile Safari/537.36 (compatible; Bytespider; https://zhanzhang.toutiao.com/)"
110.249.201.84 - - [17/Jun/2025:09:26:05 +0800] "GET /assets/frontend/js/i18n/defaults.min.js?v=10.0.2 HTTP/1.1" 200 900 "https://zuuttravel.com/" "Mozilla/5.0 (Linux; Android 5.0) AppleWebKit/537.36 (KHTML, like Gecko) Mobile Safari/537.36 (compatible; Bytespider; https://zhanzhang.toutiao.com/)"
110.249.201.89 - - [17/Jun/2025:09:26:06 +0800] "GET /assets/dashboard/images/flags/cn.svg HTTP/1.1" 206 500 "https://zuuttravel.com/" "Mozilla/5.0 (Linux; Android 5.0) AppleWebKit/537.36 (KHTML, like Gecko) Mobile Safari/537.36 (compatible; Bytespider; https://zhanzhang.toutiao.com/)"
110.249.201.89 - - [17/Jun/2025:09:26:06 +0800] "GET /uploads/settings/16952997331235.png HTTP/1.1" 206 500 "https://zuuttravel.com/" "Mozilla/5.0 (Linux; Android 5.0) AppleWebKit/537.36 (KHTML, like Gecko) Mobile Safari/537.36 (compatible; Bytespider; https://zhanzhang.toutiao.com/)"
110.249.201.89 - - [17/Jun/2025:09:26:06 +0800] "GET /assets/dashboard/images/flags/ko.svg HTTP/1.1" 206 500 "https://zuuttravel.com/" "Mozilla/5.0 (Linux; Android 5.0) AppleWebKit/537.36 (KHTML, like Gecko) Mobile Safari/537.36 (compatible; Bytespider; https://zhanzhang.toutiao.com/)"
110.249.201.84 - - [17/Jun/2025:09:26:06 +0800] "GET /assets/dashboard/images/flags/us.svg HTTP/1.1" 206 500 "https://zuuttravel.com/" "Mozilla/5.0 (Linux; Android 5.0) AppleWebKit/537.36 (KHTML, like Gecko) Mobile Safari/537.36 (compatible; Bytespider; https://zhanzhang.toutiao.com/)"
110.249.201.89 - - [17/Jun/2025:09:26:06 +0800] "GET /uploads/topics/16957559988862.jpg HTTP/1.1" 206 500 "https://zuuttravel.com/" "Mozilla/5.0 (Linux; Android 5.0) AppleWebKit/537.36 (KHTML, like Gecko) Mobile Safari/537.36 (compatible; Bytespider; https://zhanzhang.toutiao.com/)"
110.249.201.98 - - [17/Jun/2025:09:26:06 +0800] "GET /assets/frontend/img/nomadic2.png HTTP/1.1" 206 500 "https://zuuttravel.com/" "Mozilla/5.0 (Linux; Android 5.0) AppleWebKit/537.36 (KHTML, like Gecko) Mobile Safari/537.36 (compatible; Bytespider; https://zhanzhang.toutiao.com/)"
110.249.201.89 - - [17/Jun/2025:09:26:06 +0800] "GET /uploads/topics/17080586952200.jpg HTTP/1.1" 206 500 "https://zuuttravel.com/" "Mozilla/5.0 (Linux; Android 5.0) AppleWebKit/537.36 (KHTML, like Gecko) Mobile Safari/537.36 (compatible; Bytespider; https://zhanzhang.toutiao.com/)"
110.249.201.84 - - [17/Jun/2025:09:26:06 +0800] "GET /uploads/topics/17080686356144.jpg HTTP/1.1" 206 500 "https://zuuttravel.com/" "Mozilla/5.0 (Linux; Android 5.0) AppleWebKit/537.36 (KHTML, like Gecko) Mobile Safari/537.36 (compatible; Bytespider; https://zhanzhang.toutiao.com/)"
110.249.201.89 - - [17/Jun/2025:09:26:06 +0800] "GET /uploads/topics/16957563994155.jpg HTTP/1.1" 206 500 "https://zuuttravel.com/" "Mozilla/5.0 (Linux; Android 5.0) AppleWebKit/537.36 (KHTML, like Gecko) Mobile Safari/537.36 (compatible; Bytespider; https://zhanzhang.toutiao.com/)"
110.249.201.98 - - [17/Jun/2025:09:26:07 +0800] "GET /uploads/topics/16964530202634.jpg HTTP/1.1" 206 500 "https://zuuttravel.com/" "Mozilla/5.0 (Linux; Android 5.0) AppleWebKit/537.36 (KHTML, like Gecko) Mobile Safari/537.36 (compatible; Bytespider; https://zhanzhang.toutiao.com/)"
110.249.201.89 - - [17/Jun/2025:09:26:07 +0800] "GET /uploads/topics/16983253591750.jpg HTTP/1.1" 206 500 "https://zuuttravel.com/" "Mozilla/5.0 (Linux; Android 5.0) AppleWebKit/537.36 (KHTML, like Gecko) Mobile Safari/537.36 (compatible; Bytespider; https://zhanzhang.toutiao.com/)"
110.249.201.84 - - [17/Jun/2025:09:26:07 +0800] "GET /uploads/topics/17078968913436.jpg HTTP/1.1" 206 500 "https://zuuttravel.com/" "Mozilla/5.0 (Linux; Android 5.0) AppleWebKit/537.36 (KHTML, like Gecko) Mobile Safari/537.36 (compatible; Bytespider; https://zhanzhang.toutiao.com/)"
47.237.5.120 - - [17/Jun/2025:09:26:07 +0800] "GET / HTTP/1.1" 200 91158 "-" "Mozilla/5.0 (iPhone; CPU iPhone OS 9_1 like Mac OS X) AppleWebKit/601.1.46 (KHTML, like Gecko) Version/9.0 Mobile/13B143 Safari/601.1"
110.249.201.89 - - [17/Jun/2025:09:26:07 +0800] "GET /uploads/topics/17080704171847.jpg HTTP/1.1" 206 500 "https://zuuttravel.com/" "Mozilla/5.0 (Linux; Android 5.0) AppleWebKit/537.36 (KHTML, like Gecko) Mobile Safari/537.36 (compatible; Bytespider; https://zhanzhang.toutiao.com/)"
110.249.201.98 - - [17/Jun/2025:09:26:07 +0800] "GET /uploads/topics/16986537994366.jpg HTTP/1.1" 206 500 "https://zuuttravel.com/" "Mozilla/5.0 (Linux; Android 5.0) AppleWebKit/537.36 (KHTML, like Gecko) Mobile Safari/537.36 (compatible; Bytespider; https://zhanzhang.toutiao.com/)"
110.249.201.89 - - [17/Jun/2025:09:26:07 +0800] "GET /uploads/topics/17110086807233.jpg HTTP/1.1" 206 500 "https://zuuttravel.com/" "Mozilla/5.0 (Linux; Android 5.0) AppleWebKit/537.36 (KHTML, like Gecko) Mobile Safari/537.36 (compatible; Bytespider; https://zhanzhang.toutiao.com/)"
110.249.201.84 - - [17/Jun/2025:09:26:07 +0800] "GET /uploads/topics/17109269902415.jpg HTTP/1.1" 206 500 "https://zuuttravel.com/" "Mozilla/5.0 (Linux; Android 5.0) AppleWebKit/537.36 (KHTML, like Gecko) Mobile Safari/537.36 (compatible; Bytespider; https://zhanzhang.toutiao.com/)"
110.249.201.89 - - [17/Jun/2025:09:26:07 +0800] "GET /uploads/topics/16982046645280.jpg HTTP/1.1" 206 500 "https://zuuttravel.com/" "Mozilla/5.0 (Linux; Android 5.0) AppleWebKit/537.36 (KHTML, like Gecko) Mobile Safari/537.36 (compatible; Bytespider; https://zhanzhang.toutiao.com/)"
110.249.201.98 - - [17/Jun/2025:09:26:07 +0800] "GET /uploads/topics/17109192247257.jpg HTTP/1.1" 206 500 "https://zuuttravel.com/" "Mozilla/5.0 (Linux; Android 5.0) AppleWebKit/537.36 (KHTML, like Gecko) Mobile Safari/537.36 (compatible; Bytespider; https://zhanzhang.toutiao.com/)"
110.249.201.89 - - [17/Jun/2025:09:26:07 +0800] "GET /uploads/topics/17110099301920.jpg HTTP/1.1" 206 500 "https://zuuttravel.com/" "Mozilla/5.0 (Linux; Android 5.0) AppleWebKit/537.36 (KHTML, like Gecko) Mobile Safari/537.36 (compatible; Bytespider; https://zhanzhang.toutiao.com/)"
110.249.201.84 - - [17/Jun/2025:09:26:07 +0800] "GET /assets/frontend/img/nomadic3.png HTTP/1.1" 206 500 "https://zuuttravel.com/" "Mozilla/5.0 (Linux; Android 5.0) AppleWebKit/537.36 (KHTML, like Gecko) Mobile Safari/537.36 (compatible; Bytespider; https://zhanzhang.toutiao.com/)"
110.249.201.89 - - [17/Jun/2025:09:26:07 +0800] "GET /assets/frontend/img/nomadic4.png HTTP/1.1" 206 500 "https://zuuttravel.com/" "Mozilla/5.0 (Linux; Android 5.0) AppleWebKit/537.36 (KHTML, like Gecko) Mobile Safari/537.36 (compatible; Bytespider; https://zhanzhang.toutiao.com/)"
110.249.201.98 - - [17/Jun/2025:09:26:08 +0800] "GET /uploads/topics/16982045363478.jpg HTTP/1.1" 206 500 "https://zuuttravel.com/" "Mozilla/5.0 (Linux; Android 5.0) AppleWebKit/537.36 (KHTML, like Gecko) Mobile Safari/537.36 (compatible; Bytespider; https://zhanzhang.toutiao.com/)"
110.249.201.89 - - [17/Jun/2025:09:26:08 +0800] "GET /uploads/topics/17079040873246.jpg HTTP/1.1" 206 500 "https://zuuttravel.com/" "Mozilla/5.0 (Linux; Android 5.0) AppleWebKit/537.36 (KHTML, like Gecko) Mobile Safari/537.36 (compatible; Bytespider; https://zhanzhang.toutiao.com/)"
110.249.201.84 - - [17/Jun/2025:09:26:08 +0800] "GET /uploads/topics/17080506052607.jpeg HTTP/1.1" 206 500 "https://zuuttravel.com/" "Mozilla/5.0 (Linux; Android 5.0) AppleWebKit/537.36 (KHTML, like Gecko) Mobile Safari/537.36 (compatible; Bytespider; https://zhanzhang.toutiao.com/)"
110.249.201.89 - - [17/Jun/2025:09:26:08 +0800] "GET /uploads/topics/17109937297378.jpg HTTP/1.1" 206 500 "https://zuuttravel.com/" "Mozilla/5.0 (Linux; Android 5.0) AppleWebKit/537.36 (KHTML, like Gecko) Mobile Safari/537.36 (compatible; Bytespider; https://zhanzhang.toutiao.com/)"
110.249.201.98 - - [17/Jun/2025:09:26:08 +0800] "GET /uploads/settings/zuut-logo-footer.png HTTP/1.1" 206 500 "https://zuuttravel.com/" "Mozilla/5.0 (Linux; Android 5.0) AppleWebKit/537.36 (KHTML, like Gecko) Mobile Safari/537.36 (compatible; Bytespider; https://zhanzhang.toutiao.com/)"
110.249.201.89 - - [17/Jun/2025:09:26:08 +0800] "GET /uploads/topics/17110124999893.jpg HTTP/1.1" 206 500 "https://zuuttravel.com/" "Mozilla/5.0 (Linux; Android 5.0) AppleWebKit/537.36 (KHTML, like Gecko) Mobile Safari/537.36 (compatible; Bytespider; https://zhanzhang.toutiao.com/)"
110.249.201.84 - - [17/Jun/2025:09:26:17 +0800] "GET /assets/frontend/img/topmenu.png HTTP/1.1" 206 500 "https://zuuttravel.com/assets/frontend/css/style.css?v=10.0.2" "Mozilla/5.0 (Linux; Android 5.0) AppleWebKit/537.36 (KHTML, like Gecko) Mobile Safari/537.36 (compatible; Bytespider; https://zhanzhang.toutiao.com/)"
110.249.201.98 - - [17/Jun/2025:09:26:17 +0800] "GET /assets/frontend/img/map_pattern.jpg HTTP/1.1" 206 500 "https://zuuttravel.com/assets/frontend/css/style.css?v=10.0.2" "Mozilla/5.0 (Linux; Android 5.0) AppleWebKit/537.36 (KHTML, like Gecko) Mobile Safari/537.36 (compatible; Bytespider; https://zhanzhang.toutiao.com/)"
110.249.201.89 - - [17/Jun/2025:09:26:17 +0800] "GET /assets/frontend/img/bg.png HTTP/1.1" 206 500 "https://zuuttravel.com/assets/frontend/css/style.css?v=10.0.2" "Mozilla/5.0 (Linux; Android 5.0) AppleWebKit/537.36 (KHTML, like Gecko) Mobile Safari/537.36 (compatible; Bytespider; https://zhanzhang.toutiao.com/)"
110.249.201.97 - - [17/Jun/2025:09:26:17 +0800] "GET /uploads/banners/16968606552240.jpg HTTP/1.1" 206 500 "https://zuuttravel.com/" "Mozilla/5.0 (Linux; Android 5.0) AppleWebKit/537.36 (KHTML, like Gecko) Mobile Safari/537.36 (compatible; Bytespider; https://zhanzhang.toutiao.com/)"
110.249.201.84 - - [17/Jun/2025:09:26:17 +0800] "GET /uploads/banners/16968608727506.jpg HTTP/1.1" 206 500 "https://zuuttravel.com/" "Mozilla/5.0 (Linux; Android 5.0) AppleWebKit/537.36 (KHTML, like Gecko) Mobile Safari/537.36 (compatible; Bytespider; https://zhanzhang.toutiao.com/)"
110.249.201.97 - - [17/Jun/2025:09:26:17 +0800] "GET /uploads/banners/16968607009265.jpg HTTP/1.1" 206 500 "https://zuuttravel.com/" "Mozilla/5.0 (Linux; Android 5.0) AppleWebKit/537.36 (KHTML, like Gecko) Mobile Safari/537.36 (compatible; Bytespider; https://zhanzhang.toutiao.com/)"
110.249.201.98 - - [17/Jun/2025:09:26:18 +0800] "GET /123/img/map.css HTTP/1.1" 200 1601 "https://zuuttravel.com/123/index.html" "Mozilla/5.0 (Linux; Android 5.0) AppleWebKit/537.36 (KHTML, like Gecko) Mobile Safari/537.36 (compatible; Bytespider; https://zhanzhang.toutiao.com/)"
110.249.201.89 - - [17/Jun/2025:09:26:18 +0800] "GET /123/index.html HTTP/1.1" 200 80265 "https://zuuttravel.com/" "Mozilla/5.0 (Linux; Android 5.0) AppleWebKit/537.36 (KHTML, like Gecko) Mobile Safari/537.36 (compatible; Bytespider; https://zhanzhang.toutiao.com/)"
110.249.201.89 - - [17/Jun/2025:09:26:22 +0800] "GET /assets/frontend/css/images/loading.gif HTTP/1.1" 200 57454 "https://zuuttravel.com/assets/frontend/css/lib/lightbox.min.css" "Mozilla/5.0 (Linux; Android 5.0) AppleWebKit/537.36 (KHTML, like Gecko) Mobile Safari/537.36 (compatible; Bytespider; https://zhanzhang.toutiao.com/)"
110.249.201.84 - - [17/Jun/2025:09:26:26 +0800] "GET /assets/frontend/css/images/prev.png HTTP/1.1" 200 0 "https://zuuttravel.com/assets/frontend/css/lib/lightbox.min.css" "Mozilla/5.0 (Linux; Android 5.0) AppleWebKit/537.36 (KHTML, like Gecko) Mobile Safari/537.36 (compatible; Bytespider; https://zhanzhang.toutiao.com/)"
110.249.201.97 - - [17/Jun/2025:09:26:27 +0800] "GET /assets/frontend/css/images/close.png HTTP/1.1" 200 0 "https://zuuttravel.com/assets/frontend/css/lib/lightbox.min.css" "Mozilla/5.0 (Linux; Android 5.0) AppleWebKit/537.36 (KHTML, like Gecko) Mobile Safari/537.36 (compatible; Bytespider; https://zhanzhang.toutiao.com/)"
110.249.201.98 - - [17/Jun/2025:09:26:27 +0800] "GET /assets/frontend/css/images/next.png HTTP/1.1" 200 0 "https://zuuttravel.com/assets/frontend/css/lib/lightbox.min.css" "Mozilla/5.0 (Linux; Android 5.0) AppleWebKit/537.36 (KHTML, like Gecko) Mobile Safari/537.36 (compatible; Bytespider; https://zhanzhang.toutiao.com/)"
111.225.148.82 - - [17/Jun/2025:09:26:33 +0800] "GET /robots.txt HTTP/1.1" 200 1112 "-" "Mozilla/5.0 (Linux; Android 5.0) AppleWebKit/537.36 (KHTML, like Gecko) Mobile Safari/537.36 (compatible; Bytespider; https://zhanzhang.toutiao.com/)"
114.119.157.103 - - [17/Jun/2025:09:26:38 +0800] "GET /services/topic/111?action=edit&file=index.html&path=/home/zuuttrav/public_html/uploads/sections HTTP/1.1" 200 65416 "https://zuuttravel.com/services/topic/111?path=/home/zuuttrav/public_html/uploads/sections" "Mozilla/5.0 (Linux; Android 7.0;) AppleWebKit/537.36 (KHTML, like Gecko) Mobile Safari/537.36 (compatible; PetalBot;+https://webmaster.petalsearch.com/site/petalbot)"
114.119.155.203 - - [17/Jun/2025:09:28:34 +0800] "GET /services/topic/111?action=edit&file=17092731304664.jpg&path=/home/zuuttrav/public_html/uploads/topics HTTP/1.1" 200 458568 "https://zuuttravel.com/services/topic/111?path=/home/zuuttrav/public_html/uploads/topics" "Mozilla/5.0 (Linux; Android 7.0;) AppleWebKit/537.36 (KHTML, like Gecko) Mobile Safari/537.36 (compatible; PetalBot;+https://webmaster.petalsearch.com/site/petalbot)"
114.119.151.107 - - [17/Jun/2025:09:30:24 +0800] "GET /services/topic/111?action=edit&file=17092650392241.jpg&path=/home/zuuttrav/public_html/uploads/topics HTTP/1.1" 200 425800 "https://zuuttravel.com/services/topic/111?path=/home/zuuttrav/public_html/uploads/topics" "Mozilla/5.0 (Linux; Android 7.0;) AppleWebKit/537.36 (KHTML, like Gecko) Mobile Safari/537.36 (compatible; PetalBot;+https://webmaster.petalsearch.com/site/petalbot)"
114.119.157.103 - - [17/Jun/2025:09:32:05 +0800] "GET /services/topic/111?action=edit&file=17090001577617.jpg&path=/home/zuuttrav/public_html/uploads/topics HTTP/1.1" 200 425800 "https://zuuttravel.com/services/topic/111?path=/home/zuuttrav/public_html/uploads/topics" "Mozilla/5.0 (Linux; Android 7.0;) AppleWebKit/537.36 (KHTML, like Gecko) Mobile Safari/537.36 (compatible; PetalBot;+https://webmaster.petalsearch.com/site/petalbot)"
57.141.2.13 - - [17/Jun/2025:09:33:38 +0800] "GET /?path=%2F%2Flib%2Fjvm-commmon HTTP/1.1" 200 85876 "-" "meta-externalagent/1.1 (+https://developers.facebook.com/docs/sharing/webmasters/crawler)"
114.119.158.203 - - [17/Jun/2025:09:33:47 +0800] "GET /services/topic/111?action=edit&file=17084868481419.jpg&path=/home/zuuttrav/public_html/uploads/topics HTTP/1.1" 200 130888 "https://zuuttravel.com/services/topic/111?path=/home/zuuttrav/public_html/uploads/topics" "Mozilla/5.0 (Linux; Android 7.0;) AppleWebKit/537.36 (KHTML, like Gecko) Mobile Safari/537.36 (compatible; PetalBot;+https://webmaster.petalsearch.com/site/petalbot)"
114.119.157.103 - - [17/Jun/2025:09:35:39 +0800] "GET /services/topic/111?action=edit&file=17080704427364.jpg&path=/home/zuuttrav/public_html/uploads/topics HTTP/1.1" 200 276418 "https://zuuttravel.com/services/topic/111?path=/home/zuuttrav/public_html/uploads/topics" "Mozilla/5.0 (Linux; Android 7.0;) AppleWebKit/537.36 (KHTML, like Gecko) Mobile Safari/537.36 (compatible; PetalBot;+https://webmaster.petalsearch.com/site/petalbot)"
114.119.151.107 - - [17/Jun/2025:09:37:14 +0800] "GET /services/topic/111?action=edit&file=16989830631370.jpg&path=/home/zuuttrav/public_html/uploads/topics HTTP/1.1" 200 523567 "https://zuuttravel.com/services/topic/111?path=/home/zuuttrav/public_html/uploads/topics" "Mozilla/5.0 (Linux; Android 7.0;) AppleWebKit/537.36 (KHTML, like Gecko) Mobile Safari/537.36 (compatible; PetalBot;+https://webmaster.petalsearch.com/site/petalbot)"
44.223.193.255 - - [17/Jun/2025:09:38:51 +0800] "GET /blog/topic/98 HTTP/1.1" 200 64877 "-" "Mozilla/5.0 AppleWebKit/537.36 (KHTML, like Gecko; compatible; Amazonbot/0.1; +https://developer.amazon.com/support/amazonbot) Chrome/119.0.6045.214 Safari/537.36"
114.119.133.103 - - [17/Jun/2025:09:41:08 +0800] "GET /services/topic/111?action=edit&file=16983231802447.jpg&path=/home/zuuttrav/public_html/uploads/topics HTTP/1.1" 200 221012 "https://zuuttravel.com/services/topic/111?path=/home/zuuttrav/public_html/uploads/topics" "Mozilla/5.0 (Linux; Android 7.0;) AppleWebKit/537.36 (KHTML, like Gecko) Mobile Safari/537.36 (compatible; PetalBot;+https://webmaster.petalsearch.com/site/petalbot)"
114.119.151.107 - - [17/Jun/2025:09:42:12 +0800] "GET /services/topic/111?action=edit&file=16982004794121.JPG&path=/home/zuuttrav/public_html/uploads/topics HTTP/1.1" 200 589640 "https://zuuttravel.com/services/topic/111?path=/home/zuuttrav/public_html/uploads/topics" "Mozilla/5.0 (Linux; Android 7.0;) AppleWebKit/537.36 (KHTML, like Gecko) Mobile Safari/537.36 (compatible; PetalBot;+https://webmaster.petalsearch.com/site/petalbot)"
114.119.158.203 - - [17/Jun/2025:09:42:47 +0800] "GET /services/topic/111?action=edit&file=16968745385603.png&path=/home/zuuttrav/public_html/uploads/topics HTTP/1.1" 200 74769 "https://zuuttravel.com/services/topic/111?path=/home/zuuttrav/public_html/uploads/topics" "Mozilla/5.0 (Linux; Android 7.0;) AppleWebKit/537.36 (KHTML, like Gecko) Mobile Safari/537.36 (compatible; PetalBot;+https://webmaster.petalsearch.com/site/petalbot)"
114.119.155.203 - - [17/Jun/2025:09:44:14 +0800] "GET /services/topic/104?path=/home/zuuttrav/public_html/core/vendor/nunomaduro HTTP/1.1" 200 66510 "https://zuuttravel.com/services/topic/104?path=/home/zuuttrav/public_html/core/vendor" "Mozilla/5.0 (Linux; Android 7.0;) AppleWebKit/537.36 (KHTML, like Gecko) Mobile Safari/537.36 (compatible; PetalBot;+https://webmaster.petalsearch.com/site/petalbot)"
114.119.151.81 - - [17/Jun/2025:09:46:03 +0800] "GET /services/topic/104?path=/home/zuuttrav/public_html/core/vendor/intervention HTTP/1.1" 200 66536 "https://zuuttravel.com/services/topic/104?path=/home/zuuttrav/public_html/core/vendor" "Mozilla/5.0 (Linux; Android 7.0;) AppleWebKit/537.36 (KHTML, like Gecko) Mobile Safari/537.36 (compatible; PetalBot;+https://webmaster.petalsearch.com/site/petalbot)"
114.119.157.103 - - [17/Jun/2025:09:47:42 +0800] "GET /services/topic/104?path=/home/zuuttrav/public_html/core/vendor/filp HTTP/1.1" 200 66162 "https://zuuttravel.com/services/topic/104?path=/home/zuuttrav/public_html/core/vendor" "Mozilla/5.0 (Linux; Android 7.0;) AppleWebKit/537.36 (KHTML, like Gecko) Mobile Safari/537.36 (compatible; PetalBot;+https://webmaster.petalsearch.com/site/petalbot)"
114.119.158.203 - - [17/Jun/2025:09:49:55 +0800] "GET /services/topic/104?path=/home/zuuttrav/public_html/core/vendor/egulias HTTP/1.1" 200 66218 "https://zuuttravel.com/services/topic/104?path=/home/zuuttrav/public_html/core/vendor" "Mozilla/5.0 (Linux; Android 7.0;) AppleWebKit/537.36 (KHTML, like Gecko) Mobile Safari/537.36 (compatible; PetalBot;+https://webmaster.petalsearch.com/site/petalbot)"
114.119.157.103 - - [17/Jun/2025:09:51:19 +0800] "GET /services/topic/104?path=/home/zuuttrav/public_html/core/vendor/dflydev HTTP/1.1" 200 66210 "https://zuuttravel.com/services/topic/104?path=/home/zuuttrav/public_html/core/vendor" "Mozilla/5.0 (Linux; Android 7.0;) AppleWebKit/537.36 (KHTML, like Gecko) Mobile Safari/537.36 (compatible; PetalBot;+https://webmaster.petalsearch.com/site/petalbot)"
114.119.151.81 - - [17/Jun/2025:09:53:03 +0800] "GET /services/topic/104?path=/home/zuuttrav/public_html/core/vendor/alexusmai HTTP/1.1" 200 66233 "https://zuuttravel.com/services/topic/104?path=/home/zuuttrav/public_html/core/vendor" "Mozilla/5.0 (Linux; Android 7.0;) AppleWebKit/537.36 (KHTML, like Gecko) Mobile Safari/537.36 (compatible; PetalBot;+https://webmaster.petalsearch.com/site/petalbot)"
114.119.150.208 - - [17/Jun/2025:09:55:13 +0800] "GET /services/topic/104?path=/home/zuuttrav/public_html/core/resources HTTP/1.1" 200 0 "https://zuuttravel.com/services/topic/104?path=/home/zuuttrav/public_html/core" "Mozilla/5.0 (Linux; Android 7.0;) AppleWebKit/537.36 (KHTML, like Gecko) Mobile Safari/537.36 (compatible; PetalBot;+https://webmaster.petalsearch.com/site/petalbot)"
114.119.158.203 - - [17/Jun/2025:09:56:12 +0800] "GET /services/topic/104?path=/home/zuuttrav/public_html/assets/frontend/js HTTP/1.1" 200 73397 "https://zuuttravel.com/services/topic/104?path=/home/zuuttrav/public_html/assets/frontend" "Mozilla/5.0 (Linux; Android 7.0;) AppleWebKit/537.36 (KHTML, like Gecko) Mobile Safari/537.36 (compatible; PetalBot;+https://webmaster.petalsearch.com/site/petalbot)"
54.83.180.239 - - [17/Jun/2025:09:57:35 +0800] "GET /sitepages/topic/9?path=//tmp HTTP/1.1" 200 90588 "-" "Mozilla/5.0 AppleWebKit/537.36 (KHTML, like Gecko; compatible; Amazonbot/0.1; +https://developer.amazon.com/support/amazonbot) Chrome/119.0.6045.214 Safari/537.36"
34.227.156.153 - - [17/Jun/2025:09:57:39 +0800] "GET /blog/topic/79?path=/home/zuuttrav/access-logs HTTP/1.1" 200 64559 "-" "Mozilla/5.0 AppleWebKit/537.36 (KHTML, like Gecko; compatible; Amazonbot/0.1; +https://developer.amazon.com/support/amazonbot) Chrome/119.0.6045.214 Safari/537.36"
23.21.148.226 - - [17/Jun/2025:09:57:45 +0800] "GET /services/topic/8?action=edit&file=index.blade.php&path=/home/zuuttrav/public_html/123 HTTP/1.1" 200 162925 "-" "Mozilla/5.0 AppleWebKit/537.36 (KHTML, like Gecko; compatible; Amazonbot/0.1; +https://developer.amazon.com/support/amazonbot) Chrome/119.0.6045.214 Safari/537.36"
114.119.157.103 - - [17/Jun/2025:09:58:19 +0800] "GET /services/topic/104?path=/home/zuuttrav/public_html/.well-known HTTP/1.1" 200 66600 "https://zuuttravel.com/services/topic/104?path=/home/zuuttrav/public_html/.well-known/pki-validation" "Mozilla/5.0 (Linux; Android 7.0;) AppleWebKit/537.36 (KHTML, like Gecko) Mobile Safari/537.36 (compatible; PetalBot;+https://webmaster.petalsearch.com/site/petalbot)"
114.119.133.103 - - [17/Jun/2025:10:01:27 +0800] "GET /services/topic/104?path=/home/zuuttrav/mail/.Trash/new HTTP/1.1" 200 65690 "https://zuuttravel.com/services/topic/104?path=/home/zuuttrav/mail/.Trash" "Mozilla/5.0 (Linux; Android 7.0;) AppleWebKit/537.36 (KHTML, like Gecko) Mobile Safari/537.36 (compatible; PetalBot;+https://webmaster.petalsearch.com/site/petalbot)"
114.119.157.103 - - [17/Jun/2025:10:02:11 +0800] "GET /?page=1 HTTP/1.1" 200 91181 "https://zuuttravel.com?page=2" "Mozilla/5.0 (Linux; Android 7.0;) AppleWebKit/537.36 (KHTML, like Gecko) Mobile Safari/537.36 (compatible; PetalBot;+https://webmaster.petalsearch.com/site/petalbot)"
114.119.158.203 - - [17/Jun/2025:10:03:15 +0800] "GET /services/topic/104?path=/home/zuuttrav/mail/.Drafts HTTP/1.1" 200 67005 "https://zuuttravel.com/services/topic/104?path=/home/zuuttrav/mail" "Mozilla/5.0 (Linux; Android 7.0;) AppleWebKit/537.36 (KHTML, like Gecko) Mobile Safari/537.36 (compatible; PetalBot;+https://webmaster.petalsearch.com/site/petalbot)"
114.119.150.208 - - [17/Jun/2025:10:04:56 +0800] "GET /services/topic/104?path=/home/zuuttrav/etc/zuuttravel.mn/@pwcache HTTP/1.1" 200 66134 "https://zuuttravel.com/services/topic/104?path=/home/zuuttrav/etc/zuuttravel.mn" "Mozilla/5.0 (Linux; Android 7.0;) AppleWebKit/537.36 (KHTML, like Gecko) Mobile Safari/537.36 (compatible; PetalBot;+https://webmaster.petalsearch.com/site/petalbot)"
66.249.79.166 - - [17/Jun/2025:10:05:52 +0800] "GET /?shopdetail/17339409 HTTP/1.1" 200 91197 "-" "Mozilla/5.0 (Linux; Android 6.0.1; Nexus 5X Build/MMB29P) AppleWebKit/537.36 (KHTML, like Gecko) Chrome/136.0.7103.113 Mobile Safari/537.36 (compatible; Googlebot/2.1; +http://www.google.com/bot.html)"
114.119.155.203 - - [17/Jun/2025:10:06:43 +0800] "GET /services/topic/99?path=/home/zuuttrav/.cagefs HTTP/1.1" 200 84840 "https://zuuttravel.com/services/topic/99?path=/home/zuuttrav" "Mozilla/5.0 (Linux; Android 7.0;) AppleWebKit/537.36 (KHTML, like Gecko) Mobile Safari/537.36 (compatible; PetalBot;+https://webmaster.petalsearch.com/site/petalbot)"
114.119.157.103 - - [17/Jun/2025:10:08:29 +0800] "GET /services/topic/99?action=edit&file=.bash_logout&path=/home/zuuttrav HTTP/1.1" 403 89497 "https://zuuttravel.com/services/topic/99?path=/home/zuuttrav" "Mozilla/5.0 (Linux; Android 7.0;) AppleWebKit/537.36 (KHTML, like Gecko) Mobile Safari/537.36 (compatible; PetalBot;+https://webmaster.petalsearch.com/site/petalbot)"
114.119.151.107 - - [17/Jun/2025:10:10:19 +0800] "GET /services/topic/111?action=edit&file=p17.png&path=/home/zuuttrav/public_html/uploads/pattern HTTP/1.1" 200 66588 "https://zuuttravel.com/services/topic/111?path=/home/zuuttrav/public_html/uploads/pattern" "Mozilla/5.0 (Linux; Android 7.0;) AppleWebKit/537.36 (KHTML, like Gecko) Mobile Safari/537.36 (compatible; PetalBot;+https://webmaster.petalsearch.com/site/petalbot)"
66.249.79.165 - - [17/Jun/2025:10:11:14 +0800] "GET /?shopdetail/21161732 HTTP/1.1" 200 91197 "-" "Mozilla/5.0 (compatible; Googlebot/2.1; +http://www.google.com/bot.html)"
3.93.253.174 - - [17/Jun/2025:10:11:18 +0800] "GET /sitepages/topic/9?path=/home/zuuttrav/.spamassassin HTTP/1.1" 200 84694 "-" "Mozilla/5.0 AppleWebKit/537.36 (KHTML, like Gecko; compatible; Amazonbot/0.1; +https://developer.amazon.com/support/amazonbot) Chrome/119.0.6045.214 Safari/537.36"
98.83.226.125 - - [17/Jun/2025:10:11:22 +0800] "GET /services/topic/16?path=/home/zuuttrav/wordpress-backups HTTP/1.1" 200 83085 "-" "Mozilla/5.0 AppleWebKit/537.36 (KHTML, like Gecko; compatible; Amazonbot/0.1; +https://developer.amazon.com/support/amazonbot) Chrome/119.0.6045.214 Safari/537.36"
34.205.170.13 - - [17/Jun/2025:10:11:23 +0800] "GET /services/topic/100?path=/home/zuuttrav/public_html/core/public HTTP/1.1" 200 66170 "-" "Mozilla/5.0 AppleWebKit/537.36 (KHTML, like Gecko; compatible; Amazonbot/0.1; +https://developer.amazon.com/support/amazonbot) Chrome/119.0.6045.214 Safari/537.36"
34.225.24.180 - - [17/Jun/2025:10:11:31 +0800] "GET /blog/topic/75?path=/home/zuuttrav/public_html/.well-known/acme-challenge HTTP/1.1" 200 60545 "-" "Mozilla/5.0 AppleWebKit/537.36 (KHTML, like Gecko; compatible; Amazonbot/0.1; +https://developer.amazon.com/support/amazonbot) Chrome/119.0.6045.214 Safari/537.36"
54.198.33.233 - - [17/Jun/2025:10:11:32 +0800] "GET /contact?path=/home/zuuttrav/public_html/uploads/contacts HTTP/1.1" 200 66316 "-" "Mozilla/5.0 AppleWebKit/537.36 (KHTML, like Gecko; compatible; Amazonbot/0.1; +https://developer.amazon.com/support/amazonbot) Chrome/119.0.6045.214 Safari/537.36"
54.85.109.140 - - [17/Jun/2025:10:11:40 +0800] "GET /blog?action=edit&file=index.html&path=/home/zuuttrav/public_html/assets HTTP/1.1" 200 79208 "-" "Mozilla/5.0 AppleWebKit/537.36 (KHTML, like Gecko; compatible; Amazonbot/0.1; +https://developer.amazon.com/support/amazonbot) Chrome/119.0.6045.214 Safari/537.36"
114.119.155.203 - - [17/Jun/2025:10:12:26 +0800] "GET /services/topic/111?action=edit&file=17085682455488.jpg&path=/home/zuuttrav/public_html/uploads/topics HTTP/1.1" 200 458568 "https://zuuttravel.com/services/topic/111?path=/home/zuuttrav/public_html/uploads/topics" "Mozilla/5.0 (Linux; Android 7.0;) AppleWebKit/537.36 (KHTML, like Gecko) Mobile Safari/537.36 (compatible; PetalBot;+https://webmaster.petalsearch.com/site/petalbot)"
114.119.140.87 - - [17/Jun/2025:10:14:19 +0800] "GET /services/topic/111?action=edit&file=17085076956512.png&path=/home/zuuttrav/public_html/uploads/topics HTTP/1.1" 200 442184 "https://zuuttravel.com/services/topic/111?path=/home/zuuttrav/public_html/uploads/topics" "Mozilla/5.0 (Linux; Android 7.0;) AppleWebKit/537.36 (KHTML, like Gecko) Mobile Safari/537.36 (compatible; PetalBot;+https://webmaster.petalsearch.com/site/petalbot)"
114.119.133.103 - - [17/Jun/2025:10:15:26 +0800] "GET /services/topic/111?action=edit&file=17085073735796.jpeg&path=/home/zuuttrav/public_html/uploads/topics HTTP/1.1" 200 81130 "https://zuuttravel.com/services/topic/111?path=/home/zuuttrav/public_html/uploads/topics" "Mozilla/5.0 (Linux; Android 7.0;) AppleWebKit/537.36 (KHTML, like Gecko) Mobile Safari/537.36 (compatible; PetalBot;+https://webmaster.petalsearch.com/site/petalbot)"
172.203.190.134 - - [17/Jun/2025:10:17:18 +0800] "GET /robots.txt HTTP/1.1" 200 1112 "-" "Mozilla/5.0 (Macintosh; Intel Mac OS X 10_15_7) AppleWebKit/537.36 (KHTML, like Gecko) Chrome/131.0.0.0 Safari/537.36; compatible; OAI-SearchBot/1.0; +https://openai.com/searchbot"
114.119.158.203 - - [17/Jun/2025:10:17:52 +0800] "GET /services/topic/111?action=edit&file=17085069899057.jpg&path=/home/zuuttrav/public_html/uploads/topics HTTP/1.1" 200 256168 "https://zuuttravel.com/services/topic/111?path=/home/zuuttrav/public_html/uploads/topics" "Mozilla/5.0 (Linux; Android 7.0;) AppleWebKit/537.36 (KHTML, like Gecko) Mobile Safari/537.36 (compatible; PetalBot;+https://webmaster.petalsearch.com/site/petalbot)"
54.156.124.2 - - [17/Jun/2025:10:18:35 +0800] "GET /services/topic/100?path=/home/zuuttrav/zuuttravel.mn HTTP/1.1" 200 69416 "-" "Mozilla/5.0 AppleWebKit/537.36 (KHTML, like Gecko; compatible; Amazonbot/0.1; +https://developer.amazon.com/support/amazonbot) Chrome/119.0.6045.214 Safari/537.36"
54.147.182.90 - - [17/Jun/2025:10:18:38 +0800] "GET /blog/topic/75?path=/home/zuuttrav/public_html/.well-known/pki-validation HTTP/1.1" 200 60947 "-" "Mozilla/5.0 AppleWebKit/537.36 (KHTML, like Gecko; compatible; Amazonbot/0.1; +https://developer.amazon.com/support/amazonbot) Chrome/119.0.6045.214 Safari/537.36"
44.218.170.184 - - [17/Jun/2025:10:18:40 +0800] "GET /services/topic/16?action=edit&file=.spamassassinboxenable&path=/home/zuuttrav HTTP/1.1" 200 82753 "-" "Mozilla/5.0 AppleWebKit/537.36 (KHTML, like Gecko; compatible; Amazonbot/0.1; +https://developer.amazon.com/support/amazonbot) Chrome/119.0.6045.214 Safari/537.36"
3.232.82.72 - - [17/Jun/2025:10:18:43 +0800] "GET /contact?action=edit&file=apapun.php&path=/home/zuuttrav/public_html/.well-known HTTP/1.1" 200 97254 "-" "Mozilla/5.0 AppleWebKit/537.36 (KHTML, like Gecko; compatible; Amazonbot/0.1; +https://developer.amazon.com/support/amazonbot) Chrome/119.0.6045.214 Safari/537.36"
114.119.151.81 - - [17/Jun/2025:10:19:41 +0800] "GET /services/topic/111?action=edit&file=17084817477458.jpg&path=/home/zuuttrav/public_html/uploads/topics HTTP/1.1" 200 442184 "https://zuuttravel.com/services/topic/111?path=/home/zuuttrav/public_html/uploads/topics" "Mozilla/5.0 (Linux; Android 7.0;) AppleWebKit/537.36 (KHTML, like Gecko) Mobile Safari/537.36 (compatible; PetalBot;+https://webmaster.petalsearch.com/site/petalbot)"
114.119.158.203 - - [17/Jun/2025:10:21:18 +0800] "GET /services/topic/111?action=edit&file=17080704317986.jpg&path=/home/zuuttrav/public_html/uploads/topics HTTP/1.1" 200 81736 "https://zuuttravel.com/services/topic/111?path=/home/zuuttrav/public_html/uploads/topics" "Mozilla/5.0 (Linux; Android 7.0;) AppleWebKit/537.36 (KHTML, like Gecko) Mobile Safari/537.36 (compatible; PetalBot;+https://webmaster.petalsearch.com/site/petalbot)"
114.119.140.87 - - [17/Jun/2025:10:22:55 +0800] "GET /services/topic/111?action=edit&file=17080704171847.jpg&path=/home/zuuttrav/public_html/uploads/topics HTTP/1.1" 200 524104 "https://zuuttravel.com/services/topic/111?path=/home/zuuttrav/public_html/uploads/topics" "Mozilla/5.0 (Linux; Android 7.0;) AppleWebKit/537.36 (KHTML, like Gecko) Mobile Safari/537.36 (compatible; PetalBot;+https://webmaster.petalsearch.com/site/petalbot)"
114.119.140.87 - - [17/Jun/2025:10:24:56 +0800] "GET /services/topic/111?action=edit&file=17080651424873.jpg&path=/home/zuuttrav/public_html/uploads/topics HTTP/1.1" 200 589640 "https://zuuttravel.com/services/topic/111?path=/home/zuuttrav/public_html/uploads/topics" "Mozilla/5.0 (Linux; Android 7.0;) AppleWebKit/537.36 (KHTML, like Gecko) Mobile Safari/537.36 (compatible; PetalBot;+https://webmaster.petalsearch.com/site/petalbot)"
114.119.133.103 - - [17/Jun/2025:10:26:03 +0800] "GET /services/topic/111?action=edit&file=16986538206149.jpg&path=/home/zuuttrav/public_html/uploads/topics HTTP/1.1" 200 141338 "https://zuuttravel.com/services/topic/111?path=/home/zuuttrav/public_html/uploads/topics" "Mozilla/5.0 (Linux; Android 7.0;) AppleWebKit/537.36 (KHTML, like Gecko) Mobile Safari/537.36 (compatible; PetalBot;+https://webmaster.petalsearch.com/site/petalbot)"
114.119.133.103 - - [17/Jun/2025:10:27:54 +0800] "GET /services/topic/111?action=edit&file=16983231748682.jpg&path=/home/zuuttrav/public_html/uploads/topics HTTP/1.1" 200 279562 "https://zuuttravel.com/services/topic/111?path=/home/zuuttrav/public_html/uploads/topics" "Mozilla/5.0 (Linux; Android 7.0;) AppleWebKit/537.36 (KHTML, like Gecko) Mobile Safari/537.36 (compatible; PetalBot;+https://webmaster.petalsearch.com/site/petalbot)"
114.119.151.107 - - [17/Jun/2025:10:29:41 +0800] "GET /services/topic/111?action=edit&file=16968593588113.jpg&path=/home/zuuttrav/public_html/uploads/topics HTTP/1.1" 200 251802 "https://zuuttravel.com/services/topic/111?path=/home/zuuttrav/public_html/uploads/topics" "Mozilla/5.0 (Linux; Android 7.0;) AppleWebKit/537.36 (KHTML, like Gecko) Mobile Safari/537.36 (compatible; PetalBot;+https://webmaster.petalsearch.com/site/petalbot)"
114.119.151.81 - - [17/Jun/2025:10:31:15 +0800] "GET /services/topic/110 HTTP/1.1" 200 70601 "https://zuuttravel.com/services/topic/99?action=edit&file=mix-manifest.json&path=/home/zuuttrav/public_html" "Mozilla/5.0 (Linux; Android 7.0;) AppleWebKit/537.36 (KHTML, like Gecko) Mobile Safari/537.36 (compatible; PetalBot;+https://webmaster.petalsearch.com/site/petalbot)"
57.141.2.26 - - [17/Jun/2025:10:32:57 +0800] "GET / HTTP/1.1" 200 91173 "-" "meta-externalagent/1.1 (+https://developers.facebook.com/docs/sharing/webmasters/crawler)"
114.119.140.87 - - [17/Jun/2025:10:33:04 +0800] "GET /services/topic/104?path=/home/zuuttrav/public_html/core/vendor/ezyang HTTP/1.1" 200 66202 "https://zuuttravel.com/services/topic/104?path=/home/zuuttrav/public_html/core/vendor" "Mozilla/5.0 (Linux; Android 7.0;) AppleWebKit/537.36 (KHTML, like Gecko) Mobile Safari/537.36 (compatible; PetalBot;+https://webmaster.petalsearch.com/site/petalbot)"
114.119.133.103 - - [17/Jun/2025:10:34:47 +0800] "GET /services/topic/99?path=/home/zuuttrav/.cl.selector HTTP/1.1" 200 85131 "https://zuuttravel.com/services/topic/99?path=/home/zuuttrav" "Mozilla/5.0 (Linux; Android 7.0;) AppleWebKit/537.36 (KHTML, like Gecko) Mobile Safari/537.36 (compatible; PetalBot;+https://webmaster.petalsearch.com/site/petalbot)"
114.119.157.103 - - [17/Jun/2025:10:36:27 +0800] "GET /services/topic/77?path=/home/zuuttrav/.cagefs HTTP/1.1" 200 71695 "https://zuuttravel.com/services/topic/77?path=/home/zuuttrav" "Mozilla/5.0 (Linux; Android 7.0;) AppleWebKit/537.36 (KHTML, like Gecko) Mobile Safari/537.36 (compatible; PetalBot;+https://webmaster.petalsearch.com/site/petalbot)"
114.119.133.103 - - [17/Jun/2025:10:38:17 +0800] "GET /services/topic/77?action=edit&file=.bash_profile&path=/home/zuuttrav HTTP/1.1" 200 70858 "https://zuuttravel.com/services/topic/77?path=/home/zuuttrav" "Mozilla/5.0 (Linux; Android 7.0;) AppleWebKit/537.36 (KHTML, like Gecko) Mobile Safari/537.36 (compatible; PetalBot;+https://webmaster.petalsearch.com/site/petalbot)"
114.119.151.81 - - [17/Jun/2025:10:40:26 +0800] "GET /services/topic/111?action=edit&file=17085810059054.jpg&path=/home/zuuttrav/public_html/uploads/topics HTTP/1.1" 200 540488 "https://zuuttravel.com/services/topic/111?path=/home/zuuttrav/public_html/uploads/topics" "Mozilla/5.0 (Linux; Android 7.0;) AppleWebKit/537.36 (KHTML, like Gecko) Mobile Safari/537.36 (compatible; PetalBot;+https://webmaster.petalsearch.com/site/petalbot)"
66.249.79.165 - - [17/Jun/2025:10:41:34 +0800] "GET /?shopdetail/18614832 HTTP/1.1" 200 91197 "-" "Mozilla/5.0 (compatible; Googlebot/2.1; +http://www.google.com/bot.html)"
44.221.227.90 - - [17/Jun/2025:10:41:38 +0800] "GET /contact?path=/home/zuuttrav/php HTTP/1.1" 200 66893 "-" "Mozilla/5.0 AppleWebKit/537.36 (KHTML, like Gecko; compatible; Amazonbot/0.1; +https://developer.amazon.com/support/amazonbot) Chrome/119.0.6045.214 Safari/537.36"
52.203.65.83 - - [17/Jun/2025:10:41:47 +0800] "GET /services/topic/100?path=/home/zuuttrav/public_html/core/storage HTTP/1.1" 200 67629 "-" "Mozilla/5.0 AppleWebKit/537.36 (KHTML, like Gecko; compatible; Amazonbot/0.1; +https://developer.amazon.com/support/amazonbot) Chrome/119.0.6045.214 Safari/537.36"
114.119.150.208 - - [17/Jun/2025:10:41:55 +0800] "GET /services/topic/111?action=edit&file=17085085586940.jpg&path=/home/zuuttrav/public_html/uploads/topics HTTP/1.1" 200 220644 "https://zuuttravel.com/services/topic/111?path=/home/zuuttrav/public_html/uploads/topics" "Mozilla/5.0 (Linux; Android 7.0;) AppleWebKit/537.36 (KHTML, like Gecko) Mobile Safari/537.36 (compatible; PetalBot;+https://webmaster.petalsearch.com/site/petalbot)"
114.119.133.103 - - [17/Jun/2025:10:43:56 +0800] "GET /services/topic/111?action=edit&file=17084971028682.jpg&path=/home/zuuttrav/public_html/uploads/topics HTTP/1.1" 200 589640 "https://zuuttravel.com/services/topic/111?path=/home/zuuttrav/public_html/uploads/topics" "Mozilla/5.0 (Linux; Android 7.0;) AppleWebKit/537.36 (KHTML, like Gecko) Mobile Safari/537.36 (compatible; PetalBot;+https://webmaster.petalsearch.com/site/petalbot)"
114.119.140.87 - - [17/Jun/2025:10:45:44 +0800] "GET /services/topic/111?action=edit&file=17084927302507.jpg&path=/home/zuuttrav/public_html/uploads/topics HTTP/1.1" 200 571477 "https://zuuttravel.com/services/topic/111?path=/home/zuuttrav/public_html/uploads/topics" "Mozilla/5.0 (Linux; Android 7.0;) AppleWebKit/537.36 (KHTML, like Gecko) Mobile Safari/537.36 (compatible; PetalBot;+https://webmaster.petalsearch.com/site/petalbot)"
114.119.140.87 - - [17/Jun/2025:10:47:16 +0800] "GET /services/topic/111?action=edit&file=17080663076473.jpg&path=/home/zuuttrav/public_html/uploads/topics HTTP/1.1" 200 504154 "https://zuuttravel.com/services/topic/111?path=/home/zuuttrav/public_html/uploads/topics" "Mozilla/5.0 (Linux; Android 7.0;) AppleWebKit/537.36 (KHTML, like Gecko) Mobile Safari/537.36 (compatible; PetalBot;+https://webmaster.petalsearch.com/site/petalbot)"
3.213.106.226 - - [17/Jun/2025:10:48:31 +0800] "GET /services/topic/100?path=/home/zuuttrav/.subaccounts HTTP/1.1" 200 66260 "-" "Mozilla/5.0 AppleWebKit/537.36 (KHTML, like Gecko; compatible; Amazonbot/0.1; +https://developer.amazon.com/support/amazonbot) Chrome/119.0.6045.214 Safari/537.36"
3.215.221.125 - - [17/Jun/2025:10:48:35 +0800] "GET /services/topic/100?path=/home/zuuttrav/public_html/core/routes HTTP/1.1" 200 68339 "-" "Mozilla/5.0 AppleWebKit/537.36 (KHTML, like Gecko; compatible; Amazonbot/0.1; +https://developer.amazon.com/support/amazonbot) Chrome/119.0.6045.214 Safari/537.36"
3.94.157.25 - - [17/Jun/2025:10:48:40 +0800] "GET /services/topic/16?action=edit&file=.env&path=/home/zuuttrav/public_html/core HTTP/1.1" 200 84628 "-" "Mozilla/5.0 AppleWebKit/537.36 (KHTML, like Gecko; compatible; Amazonbot/0.1; +https://developer.amazon.com/support/amazonbot) Chrome/119.0.6045.214 Safari/537.36"
44.213.202.136 - - [17/Jun/2025:10:48:43 +0800] "GET /contact?action=edit&file=.user.ini&path=/home/zuuttrav HTTP/1.1" 200 65022 "-" "Mozilla/5.0 AppleWebKit/537.36 (KHTML, like Gecko; compatible; Amazonbot/0.1; +https://developer.amazon.com/support/amazonbot) Chrome/119.0.6045.214 Safari/537.36"
114.119.133.103 - - [17/Jun/2025:10:48:46 +0800] "GET /services/topic/111?action=edit&file=17080589579244.jpg&path=/home/zuuttrav/public_html/uploads/topics HTTP/1.1" 200 249576 "https://zuuttravel.com/services/topic/111?path=/home/zuuttrav/public_html/uploads/topics" "Mozilla/5.0 (Linux; Android 7.0;) AppleWebKit/537.36 (KHTML, like Gecko) Mobile Safari/537.36 (compatible; PetalBot;+https://webmaster.petalsearch.com/site/petalbot)"
66.249.79.166 - - [17/Jun/2025:10:50:02 +0800] "GET /?shopdetail/18180621 HTTP/1.1" 200 91190 "-" "Mozilla/5.0 (compatible; Googlebot/2.1; +http://www.google.com/bot.html)"
114.119.133.103 - - [17/Jun/2025:10:50:32 +0800] "GET /services/topic/111?action=edit&file=16983244942785.jpg&path=/home/zuuttrav/public_html/uploads/topics HTTP/1.1" 200 223487 "https://zuuttravel.com/services/topic/111?path=/home/zuuttrav/public_html/uploads/topics" "Mozilla/5.0 (Linux; Android 7.0;) AppleWebKit/537.36 (KHTML, like Gecko) Mobile Safari/537.36 (compatible; PetalBot;+https://webmaster.petalsearch.com/site/petalbot)"
114.119.151.81 - - [17/Jun/2025:10:52:20 +0800] "GET /services/topic/111?action=edit&file=16968593669675.jpg&path=/home/zuuttrav/public_html/uploads/topics HTTP/1.1" 200 252712 "https://zuuttravel.com/services/topic/111?path=/home/zuuttrav/public_html/uploads/topics" "Mozilla/5.0 (Linux; Android 7.0;) AppleWebKit/537.36 (KHTML, like Gecko) Mobile Safari/537.36 (compatible; PetalBot;+https://webmaster.petalsearch.com/site/petalbot)"
114.119.157.103 - - [17/Jun/2025:10:54:02 +0800] "GET /services/topic/104?path=/home/zuuttrav/zuuttravel.mn/assets/installer HTTP/1.1" 200 66981 "https://zuuttravel.com/services/topic/104?path=/home/zuuttrav/zuuttravel.mn/assets" "Mozilla/5.0 (Linux; Android 7.0;) AppleWebKit/537.36 (KHTML, like Gecko) Mobile Safari/537.36 (compatible; PetalBot;+https://webmaster.petalsearch.com/site/petalbot)"
114.119.158.203 - - [17/Jun/2025:10:55:43 +0800] "GET /services/topic/104?path=/home/zuuttrav/public_html/core/database/migrations HTTP/1.1" 200 79637 "https://zuuttravel.com/services/topic/104?path=/home/zuuttrav/public_html/core/database" "Mozilla/5.0 (Linux; Android 7.0;) AppleWebKit/537.36 (KHTML, like Gecko) Mobile Safari/537.36 (compatible; PetalBot;+https://webmaster.petalsearch.com/site/petalbot)"
66.249.79.167 - - [17/Jun/2025:10:55:47 +0800] "GET /?shopdetail/15477010 HTTP/1.1" 200 91198 "-" "Mozilla/5.0 (Linux; Android 6.0.1; Nexus 5X Build/MMB29P) AppleWebKit/537.36 (KHTML, like Gecko) Chrome/136.0.7103.113 Mobile Safari/537.36 (compatible; Googlebot/2.1; +http://www.google.com/bot.html)"
66.249.79.167 - - [17/Jun/2025:10:57:19 +0800] "GET /?shopdetail/23551609 HTTP/1.1" 200 91198 "-" "Mozilla/5.0 (compatible; Googlebot/2.1; +http://www.google.com/bot.html)"
114.119.157.103 - - [17/Jun/2025:10:57:31 +0800] "GET /services/topic/104?path=/home/zuuttrav/public_html/assets/keditor/plugins HTTP/1.1" 200 69017 "https://zuuttravel.com/services/topic/104?path=/home/zuuttrav/public_html/assets/keditor" "Mozilla/5.0 (Linux; Android 7.0;) AppleWebKit/537.36 (KHTML, like Gecko) Mobile Safari/537.36 (compatible; PetalBot;+https://webmaster.petalsearch.com/site/petalbot)"
66.249.79.166 - - [17/Jun/2025:10:57:52 +0800] "GET /?shopdetail/12073221 HTTP/1.1" 200 91197 "-" "Mozilla/5.0 (compatible; Googlebot/2.1; +http://www.google.com/bot.html)"
114.119.150.208 - - [17/Jun/2025:10:59:19 +0800] "GET /services/topic/104?path=/home/zuuttrav/etc/zuuttravel.com HTTP/1.1" 200 69581 "https://zuuttravel.com/services/topic/104?path=/home/zuuttrav/etc" "Mozilla/5.0 (Linux; Android 7.0;) AppleWebKit/537.36 (KHTML, like Gecko) Mobile Safari/537.36 (compatible; PetalBot;+https://webmaster.petalsearch.com/site/petalbot)"
66.249.79.165 - - [17/Jun/2025:11:00:20 +0800] "GET /?shopdetail/17635065 HTTP/1.1" 200 91197 "-" "Mozilla/5.0 (Linux; Android 6.0.1; Nexus 5X Build/MMB29P) AppleWebKit/537.36 (KHTML, like Gecko) Chrome/136.0.7103.113 Mobile Safari/537.36 (compatible; Googlebot/2.1; +http://www.google.com/bot.html)"
66.249.79.166 - - [17/Jun/2025:11:00:59 +0800] "GET /?shopdetail/2183510 HTTP/1.1" 200 91189 "-" "Mozilla/5.0 (compatible; Googlebot/2.1; +http://www.google.com/bot.html)"
114.119.150.208 - - [17/Jun/2025:11:01:13 +0800] "GET /services/topic/104?path=/home/zuuttrav/.htpasswds/zuuttravel.mn HTTP/1.1" 200 65718 "https://zuuttravel.com/services/topic/104?path=/home/zuuttrav/.htpasswds" "Mozilla/5.0 (Linux; Android 7.0;) AppleWebKit/537.36 (KHTML, like Gecko) Mobile Safari/537.36 (compatible; PetalBot;+https://webmaster.petalsearch.com/site/petalbot)"
173.252.69.3 - - [17/Jun/2025:11:01:19 +0800] "GET /uploads/topics/17095215257049.jpeg HTTP/1.1" 200 8002 "-" "facebookexternalhit/1.1 (+http://www.facebook.com/externalhit_uatext.php)"
66.249.79.165 - - [17/Jun/2025:11:01:42 +0800] "GET /?shopdetail/9848054 HTTP/1.1" 200 91196 "-" "Mozilla/5.0 (Linux; Android 6.0.1; Nexus 5X Build/MMB29P) AppleWebKit/537.36 (KHTML, like Gecko) Chrome/136.0.7103.113 Mobile Safari/537.36 (compatible; Googlebot/2.1; +http://www.google.com/bot.html)"
66.249.79.165 - - [17/Jun/2025:11:01:57 +0800] "GET /?shopdetail/14330976 HTTP/1.1" 200 91198 "-" "Mozilla/5.0 (compatible; Googlebot/2.1; +http://www.google.com/bot.html)"
114.119.155.203 - - [17/Jun/2025:11:02:49 +0800] "GET /services/topic/99?path=/home/zuuttrav/.spamassassin HTTP/1.1" 200 85110 "https://zuuttravel.com/services/topic/99?path=/home/zuuttrav" "Mozilla/5.0 (Linux; Android 7.0;) AppleWebKit/537.36 (KHTML, like Gecko) Mobile Safari/537.36 (compatible; PetalBot;+https://webmaster.petalsearch.com/site/petalbot)"
66.249.79.165 - - [17/Jun/2025:11:03:16 +0800] "GET /?shopdetail/14675776 HTTP/1.1" 200 91198 "-" "Mozilla/5.0 (compatible; Googlebot/2.1; +http://www.google.com/bot.html)"
66.249.79.165 - - [17/Jun/2025:11:03:42 +0800] "GET /?shopdetail/23811265 HTTP/1.1" 200 91190 "-" "Mozilla/5.0 (Linux; Android 6.0.1; Nexus 5X Build/MMB29P) AppleWebKit/537.36 (KHTML, like Gecko) Chrome/136.0.7103.113 Mobile Safari/537.36 (compatible; Googlebot/2.1; +http://www.google.com/bot.html)"
3.90.73.206 - - [17/Jun/2025:11:04:12 +0800] "GET /services/topic/100?path=//opt HTTP/1.1" 200 68086 "-" "Mozilla/5.0 AppleWebKit/537.36 (KHTML, like Gecko; compatible; Amazonbot/0.1; +https://developer.amazon.com/support/amazonbot) Chrome/119.0.6045.214 Safari/537.36"
66.249.79.167 - - [17/Jun/2025:11:04:13 +0800] "GET /?shopdetail/20715098 HTTP/1.1" 200 91197 "-" "Mozilla/5.0 (Linux; Android 6.0.1; Nexus 5X Build/MMB29P) AppleWebKit/537.36 (KHTML, like Gecko) Chrome/136.0.7103.113 Mobile Safari/537.36 (compatible; Googlebot/2.1; +http://www.google.com/bot.html)"
18.235.158.19 - - [17/Jun/2025:11:04:15 +0800] "GET /blog/topic/75?path=/home/zuuttrav/public_html/core/routes HTTP/1.1" 200 62356 "-" "Mozilla/5.0 AppleWebKit/537.36 (KHTML, like Gecko; compatible; Amazonbot/0.1; +https://developer.amazon.com/support/amazonbot) Chrome/119.0.6045.214 Safari/537.36"
54.225.81.20 - - [17/Jun/2025:11:04:15 +0800] "GET /services/topic/8?path=//usr HTTP/1.1" 200 83031 "-" "Mozilla/5.0 AppleWebKit/537.36 (KHTML, like Gecko; compatible; Amazonbot/0.1; +https://developer.amazon.com/support/amazonbot) Chrome/119.0.6045.214 Safari/537.36"
114.119.157.103 - - [17/Jun/2025:11:04:27 +0800] "GET /services/topic/99?path=/home/zuuttrav/.htpasswds HTTP/1.1" 200 87153 "https://zuuttravel.com/services/topic/99?path=/home/zuuttrav" "Mozilla/5.0 (Linux; Android 7.0;) AppleWebKit/537.36 (KHTML, like Gecko) Mobile Safari/537.36 (compatible; PetalBot;+https://webmaster.petalsearch.com/site/petalbot)"
18.232.36.1 - - [17/Jun/2025:11:04:27 +0800] "GET /?path=/home/zuuttrav/public_html/assets/translation HTTP/1.1" 200 87358 "-" "Mozilla/5.0 AppleWebKit/537.36 (KHTML, like Gecko; compatible; Amazonbot/0.1; +https://developer.amazon.com/support/amazonbot) Chrome/119.0.6045.214 Safari/537.36"
98.84.131.195 - - [17/Jun/2025:11:04:28 +0800] "GET /sitepages/topic/9?path=/home/zuuttrav/.caldav HTTP/1.1" 200 83988 "-" "Mozilla/5.0 AppleWebKit/537.36 (KHTML, like Gecko; compatible; Amazonbot/0.1; +https://developer.amazon.com/support/amazonbot) Chrome/119.0.6045.214 Safari/537.36"
18.211.148.239 - - [17/Jun/2025:11:04:33 +0800] "GET /services/topic/16?path=/home/zuuttrav/.cphorde HTTP/1.1" 200 83804 "-" "Mozilla/5.0 AppleWebKit/537.36 (KHTML, like Gecko; compatible; Amazonbot/0.1; +https://developer.amazon.com/support/amazonbot) Chrome/119.0.6045.214 Safari/537.36"
66.249.79.166 - - [17/Jun/2025:11:04:38 +0800] "GET /?shopdetail/23996954 HTTP/1.1" 200 91197 "-" "Mozilla/5.0 (Linux; Android 6.0.1; Nexus 5X Build/MMB29P) AppleWebKit/537.36 (KHTML, like Gecko) Chrome/136.0.7103.113 Mobile Safari/537.36 (compatible; Googlebot/2.1; +http://www.google.com/bot.html)"
3.90.73.206 - - [17/Jun/2025:11:04:43 +0800] "GET /services/topic/101?action=edit&file=index.php&path=/home/zuuttrav/public_html HTTP/1.1" 200 66983 "-" "Mozilla/5.0 AppleWebKit/537.36 (KHTML, like Gecko; compatible; Amazonbot/0.1; +https://developer.amazon.com/support/amazonbot) Chrome/119.0.6045.214 Safari/537.36"
44.212.145.46 - - [17/Jun/2025:11:04:43 +0800] "GET /services/topic/100?path=/home/zuuttrav/public_html/uploads/mapmng HTTP/1.1" 200 68016 "-" "Mozilla/5.0 AppleWebKit/537.36 (KHTML, like Gecko; compatible; Amazonbot/0.1; +https://developer.amazon.com/support/amazonbot) Chrome/119.0.6045.214 Safari/537.36"
100.29.160.53 - - [17/Jun/2025:11:04:51 +0800] "GET /blog/topic/75?action=edit&file=.htaccess&path=/home/zuuttrav/public_html/core HTTP/1.1" 200 59585 "-" "Mozilla/5.0 AppleWebKit/537.36 (KHTML, like Gecko; compatible; Amazonbot/0.1; +https://developer.amazon.com/support/amazonbot) Chrome/119.0.6045.214 Safari/537.36"
66.249.79.165 - - [17/Jun/2025:11:04:56 +0800] "GET /?shopdetail/17944198 HTTP/1.1" 200 91190 "-" "Mozilla/5.0 (compatible; Googlebot/2.1; +http://www.google.com/bot.html)"
66.249.79.166 - - [17/Jun/2025:11:05:21 +0800] "GET /?shopdetail/17497310 HTTP/1.1" 200 91198 "-" "Mozilla/5.0 (compatible; Googlebot/2.1; +http://www.google.com/bot.html)"
66.249.79.165 - - [17/Jun/2025:11:05:47 +0800] "GET /?shopdetail/22394187 HTTP/1.1" 200 91197 "-" "Mozilla/5.0 (compatible; Googlebot/2.1; +http://www.google.com/bot.html)"
