20.171.207.161 - - [17/Jun/2025:15:34:52 +0800] "GET /sitepages/topic/2?path=%2F%2Flib%2Ffirmware%2Fdpaa2 HTTP/1.1" 200 59177 "-" "Mozilla/5.0 AppleWebKit/537.36 (KHTML, like Gecko; compatible; GPTBot/1.2; +https://openai.com/gptbot)"
20.171.207.161 - - [17/Jun/2025:15:34:56 +0800] "GET /sitepages/topic/2?path=%2F%2Fusr%2Finclude%2Fext2fs HTTP/1.1" 200 62670 "-" "Mozilla/5.0 AppleWebKit/537.36 (KHTML, like Gecko; compatible; GPTBot/1.2; +https://openai.com/gptbot)"
20.171.207.119 - - [17/Jun/2025:15:34:56 +0800] "GET /?action=edit&file=os.cpython-36.opt-2.pyc&path=%2F%2Flib64%2Fpython3.6%2F__pycache__ HTTP/1.1" 200 107040 "-" "Mozilla/5.0 AppleWebKit/537.36 (KHTML, like Gecko; compatible; GPTBot/1.2; +https://openai.com/gptbot)"
20.171.207.119 - - [17/Jun/2025:15:35:02 +0800] "GET /?action=edit&file=re.cpython-36.opt-1.pyc&path=%2F%2Flib64%2Fpython3.6%2F__pycache__ HTTP/1.1" 200 101185 "-" "Mozilla/5.0 AppleWebKit/537.36 (KHTML, like Gecko; compatible; GPTBot/1.2; +https://openai.com/gptbot)"
20.171.207.161 - - [17/Jun/2025:15:35:06 +0800] "GET /sitepages/topic/2?path=%2F%2Flib%2Ffirmware%2Fcavium HTTP/1.1" 200 59578 "-" "Mozilla/5.0 AppleWebKit/537.36 (KHTML, like Gecko; compatible; GPTBot/1.2; +https://openai.com/gptbot)"
20.171.207.161 - - [17/Jun/2025:15:35:09 +0800] "GET /sitepages/topic/2?path=%2F%2Flib%2Ffirmware%2Fdabusb HTTP/1.1" 200 59565 "-" "Mozilla/5.0 AppleWebKit/537.36 (KHTML, like Gecko; compatible; GPTBot/1.2; +https://openai.com/gptbot)"
20.171.207.119 - - [17/Jun/2025:15:35:11 +0800] "GET /?action=edit&file=os.cpython-36.opt-1.pyc&path=%2F%2Flib64%2Fpython3.6%2F__pycache__ HTTP/1.1" 200 119245 "-" "Mozilla/5.0 AppleWebKit/537.36 (KHTML, like Gecko; compatible; GPTBot/1.2; +https://openai.com/gptbot)"
20.171.207.119 - - [17/Jun/2025:15:35:13 +0800] "GET /?action=edit&file=license.terms&path=%2F%2Flib64%2Ftcl8.6%2FTix8.4.3 HTTP/1.1" 200 89113 "-" "Mozilla/5.0 AppleWebKit/537.36 (KHTML, like Gecko; compatible; GPTBot/1.2; +https://openai.com/gptbot)"
20.171.207.161 - - [17/Jun/2025:15:35:15 +0800] "GET /sitepages/topic/2?path=%2F%2Flib%2Ffirmware%2Fnvidia HTTP/1.1" 200 67176 "-" "Mozilla/5.0 AppleWebKit/537.36 (KHTML, like Gecko; compatible; GPTBot/1.2; +https://openai.com/gptbot)"
66.249.79.167 - - [17/Jun/2025:15:35:25 +0800] "GET /?shopdetail/26119732 HTTP/1.1" 200 91198 "-" "Mozilla/5.0 (Linux; Android 6.0.1; Nexus 5X Build/MMB29P) AppleWebKit/537.36 (KHTML, like Gecko) Chrome/136.0.7103.113 Mobile Safari/537.36 (compatible; Googlebot/2.1; +http://www.google.com/bot.html)"
20.171.207.119 - - [17/Jun/2025:15:35:25 +0800] "GET /?action=edit&file=io.cpython-36.opt-1.pyc&path=%2F%2Flib64%2Fpython3.6%2F__pycache__ HTTP/1.1" 200 89883 "-" "Mozilla/5.0 AppleWebKit/537.36 (KHTML, like Gecko; compatible; GPTBot/1.2; +https://openai.com/gptbot)"
20.171.207.161 - - [17/Jun/2025:15:35:26 +0800] "GET /sitepages/topic/2?path=%2F%2Flib%2Ffirmware%2Famdgpu HTTP/1.1" 200 265446 "-" "Mozilla/5.0 AppleWebKit/537.36 (KHTML, like Gecko; compatible; GPTBot/1.2; +https://openai.com/gptbot)"
20.171.207.119 - - [17/Jun/2025:15:35:32 +0800] "GET /?action=edit&file=io.cpython-36.opt-2.pyc&path=%2F%2Flib64%2Fpython3.6%2F__pycache__ HTTP/1.1" 200 88341 "-" "Mozilla/5.0 AppleWebKit/537.36 (KHTML, like Gecko; compatible; GPTBot/1.2; +https://openai.com/gptbot)"
20.171.207.161 - - [17/Jun/2025:15:35:33 +0800] "GET /sitepages/topic/2?path=%2F%2Flib%2Fmysqlsh%2Finclude HTTP/1.1" 200 59202 "-" "Mozilla/5.0 AppleWebKit/537.36 (KHTML, like Gecko; compatible; GPTBot/1.2; +https://openai.com/gptbot)"
20.171.207.119 - - [17/Jun/2025:15:35:35 +0800] "GET /?action=edit&file=base64.cpython-36.pyc&path=%2F%2Flib64%2Fpython3.6%2F__pycache__ HTTP/1.1" 200 105146 "-" "Mozilla/5.0 AppleWebKit/537.36 (KHTML, like Gecko; compatible; GPTBot/1.2; +https://openai.com/gptbot)"
20.171.207.161 - - [17/Jun/2025:15:35:41 +0800] "GET /sitepages/topic/2?path=%2F%2Frun%2Fsystemd%2Fjournal%2Fdev-log.cagefs HTTP/1.1" 200 59459 "-" "Mozilla/5.0 AppleWebKit/537.36 (KHTML, like Gecko; compatible; GPTBot/1.2; +https://openai.com/gptbot)"
20.171.207.119 - - [17/Jun/2025:15:35:41 +0800] "GET /?action=edit&file=_sha256module.so&path=%2F%2Flib64%2Fpython2.7%2Flib-dynload HTTP/1.1" 200 117857 "-" "Mozilla/5.0 AppleWebKit/537.36 (KHTML, like Gecko; compatible; GPTBot/1.2; +https://openai.com/gptbot)"
20.171.207.161 - - [17/Jun/2025:15:35:43 +0800] "GET /sitepages/topic/2?path=%2F%2Flib%2Fsystemd%2Fnetwork HTTP/1.1" 200 59269 "-" "Mozilla/5.0 AppleWebKit/537.36 (KHTML, like Gecko; compatible; GPTBot/1.2; +https://openai.com/gptbot)"
20.171.207.161 - - [17/Jun/2025:15:35:49 +0800] "GET /sitepages/topic/2?path=%2F%2Flib%2Ffirmware%2Fixp4xx HTTP/1.1" 200 60154 "-" "Mozilla/5.0 AppleWebKit/537.36 (KHTML, like Gecko; compatible; GPTBot/1.2; +https://openai.com/gptbot)"
20.171.207.119 - - [17/Jun/2025:15:35:53 +0800] "GET /?action=edit&file=mmapmodule.so&path=%2F%2Flib64%2Fpython2.7%2Flib-dynload HTTP/1.1" 200 120859 "-" "Mozilla/5.0 AppleWebKit/537.36 (KHTML, like Gecko; compatible; GPTBot/1.2; +https://openai.com/gptbot)"
114.119.133.103 - - [17/Jun/2025:15:35:55 +0800] "GET /blog/topic/81?path=//lib64/python3.9 HTTP/1.1" 200 120714 "https://zuuttravel.com/blog/topic/81?path=//lib64" "Mozilla/5.0 (Linux; Android 7.0;) AppleWebKit/537.36 (KHTML, like Gecko) Mobile Safari/537.36 (compatible; PetalBot;+https://webmaster.petalsearch.com/site/petalbot)"
20.171.207.161 - - [17/Jun/2025:15:35:55 +0800] "GET /sitepages/topic/2?path=%2F%2Flib%2Ffirmware%2Fath6k HTTP/1.1" 200 59907 "-" "Mozilla/5.0 AppleWebKit/537.36 (KHTML, like Gecko; compatible; GPTBot/1.2; +https://openai.com/gptbot)"
34.235.239.240 - - [17/Jun/2025:15:35:55 +0800] "GET /?path=//lib HTTP/1.1" 200 96817 "-" "Mozilla/5.0 AppleWebKit/537.36 (KHTML, like Gecko; compatible; Amazonbot/0.1; +https://developer.amazon.com/support/amazonbot) Chrome/119.0.6045.214 Safari/537.36"
20.171.207.119 - - [17/Jun/2025:15:36:00 +0800] "GET /?action=edit&file=zlibmodule.so&path=%2F%2Flib64%2Fpython2.7%2Flib-dynload HTTP/1.1" 200 122786 "-" "Mozilla/5.0 AppleWebKit/537.36 (KHTML, like Gecko; compatible; GPTBot/1.2; +https://openai.com/gptbot)"
54.87.62.248 - - [17/Jun/2025:15:36:03 +0800] "GET /services/topic/7?path=/home HTTP/1.1" 200 87720 "-" "Mozilla/5.0 AppleWebKit/537.36 (KHTML, like Gecko; compatible; Amazonbot/0.1; +https://developer.amazon.com/support/amazonbot) Chrome/119.0.6045.214 Safari/537.36"
54.87.62.248 - - [17/Jun/2025:15:36:04 +0800] "GET /blog/topic/79?path=//etc HTTP/1.1" 200 82338 "-" "Mozilla/5.0 AppleWebKit/537.36 (KHTML, like Gecko; compatible; Amazonbot/0.1; +https://developer.amazon.com/support/amazonbot) Chrome/119.0.6045.214 Safari/537.36"
20.171.207.161 - - [17/Jun/2025:15:36:05 +0800] "GET /sitepages/topic/2?path=%2F%2Fusr%2Finclude%2Fmysql HTTP/1.1" 200 63248 "-" "Mozilla/5.0 AppleWebKit/537.36 (KHTML, like Gecko; compatible; GPTBot/1.2; +https://openai.com/gptbot)"
54.83.56.1 - - [17/Jun/2025:15:36:06 +0800] "GET /blog/topic/80?path=/home/zuuttrav/public_html/core HTTP/1.1" 200 67557 "-" "Mozilla/5.0 AppleWebKit/537.36 (KHTML, like Gecko; compatible; Amazonbot/0.1; +https://developer.amazon.com/support/amazonbot) Chrome/119.0.6045.214 Safari/537.36"
20.171.207.119 - - [17/Jun/2025:15:36:07 +0800] "GET /?action=edit&file=spwdmodule.so&path=%2F%2Flib64%2Fpython2.7%2Flib-dynload HTTP/1.1" 200 101994 "-" "Mozilla/5.0 AppleWebKit/537.36 (KHTML, like Gecko; compatible; GPTBot/1.2; +https://openai.com/gptbot)"
44.197.76.210 - - [17/Jun/2025:15:36:12 +0800] "GET /blog?path=/home/zuuttrav/.htpasswds HTTP/1.1" 200 82641 "-" "Mozilla/5.0 AppleWebKit/537.36 (KHTML, like Gecko; compatible; Amazonbot/0.1; +https://developer.amazon.com/support/amazonbot) Chrome/119.0.6045.214 Safari/537.36"
20.171.207.161 - - [17/Jun/2025:15:36:12 +0800] "GET /sitepages/topic/2?path=%2F%2Flib%2Ffirmware%2F3com HTTP/1.1" 200 59236 "-" "Mozilla/5.0 AppleWebKit/537.36 (KHTML, like Gecko; compatible; GPTBot/1.2; +https://openai.com/gptbot)"
20.171.207.119 - - [17/Jun/2025:15:36:14 +0800] "GET /?action=edit&file=_sha512module.so&path=%2F%2Flib64%2Fpython2.7%2Flib-dynload HTTP/1.1" 200 125278 "-" "Mozilla/5.0 AppleWebKit/537.36 (KHTML, like Gecko; compatible; GPTBot/1.2; +https://openai.com/gptbot)"
20.171.207.161 - - [17/Jun/2025:15:36:14 +0800] "GET /sitepages/topic/2?path=%2F%2Fusr%2Finclude%2Fbind9 HTTP/1.1" 200 61385 "-" "Mozilla/5.0 AppleWebKit/537.36 (KHTML, like Gecko; compatible; GPTBot/1.2; +https://openai.com/gptbot)"
44.207.207.36 - - [17/Jun/2025:15:36:19 +0800] "GET /blog/topic/75?path=/home/zuuttrav/.cl.selector HTTP/1.1" 200 60540 "-" "Mozilla/5.0 AppleWebKit/537.36 (KHTML, like Gecko; compatible; Amazonbot/0.1; +https://developer.amazon.com/support/amazonbot) Chrome/119.0.6045.214 Safari/537.36"
44.221.105.234 - - [17/Jun/2025:15:36:19 +0800] "GET /welcome-to-mongolia?path=/home/zuuttrav/ssl HTTP/1.1" 200 84970 "-" "Mozilla/5.0 AppleWebKit/537.36 (KHTML, like Gecko; compatible; Amazonbot/0.1; +https://developer.amazon.com/support/amazonbot) Chrome/119.0.6045.214 Safari/537.36"
20.171.207.119 - - [17/Jun/2025:15:36:21 +0800] "GET /?action=edit&file=timemodule.so&path=%2F%2Flib64%2Fpython2.7%2Flib-dynload HTTP/1.1" 200 117933 "-" "Mozilla/5.0 AppleWebKit/537.36 (KHTML, like Gecko; compatible; GPTBot/1.2; +https://openai.com/gptbot)"
20.171.207.161 - - [17/Jun/2025:15:36:21 +0800] "GET /sitepages/topic/2?path=%2F%2Flib%2Ffirmware%2Fbnx2 HTTP/1.1" 200 60599 "-" "Mozilla/5.0 AppleWebKit/537.36 (KHTML, like Gecko; compatible; GPTBot/1.2; +https://openai.com/gptbot)"
20.171.207.119 - - [17/Jun/2025:15:36:24 +0800] "GET /?action=edit&file=arraymodule.so&path=%2F%2Flib64%2Fpython2.7%2Flib-dynload HTTP/1.1" 200 150397 "-" "Mozilla/5.0 AppleWebKit/537.36 (KHTML, like Gecko; compatible; GPTBot/1.2; +https://openai.com/gptbot)"
172.203.190.130 - - [17/Jun/2025:15:36:26 +0800] "GET /robots.txt HTTP/1.1" 200 1112 "-" "Mozilla/5.0 (Macintosh; Intel Mac OS X 10_15_7) AppleWebKit/537.36 (KHTML, like Gecko) Chrome/131.0.0.0 Safari/537.36; compatible; OAI-SearchBot/1.0; +https://openai.com/searchbot"
20.171.207.161 - - [17/Jun/2025:15:36:26 +0800] "GET /sitepages/topic/2?path=%2F%2Flib%2Ffirmware%2Fnvidia%2Ftu10x HTTP/1.1" 200 59311 "-" "Mozilla/5.0 AppleWebKit/537.36 (KHTML, like Gecko; compatible; GPTBot/1.2; +https://openai.com/gptbot)"
184.73.195.18 - - [17/Jun/2025:15:36:29 +0800] "GET /blog/topic/74?path=/home/zuuttrav/.cl.selector HTTP/1.1" 200 61963 "-" "Mozilla/5.0 AppleWebKit/537.36 (KHTML, like Gecko; compatible; Amazonbot/0.1; +https://developer.amazon.com/support/amazonbot) Chrome/119.0.6045.214 Safari/537.36"
98.82.63.147 - - [17/Jun/2025:15:36:31 +0800] "GET /services/topic/101?path=/home/zuuttrav/.cphorde HTTP/1.1" 200 66636 "-" "Mozilla/5.0 AppleWebKit/537.36 (KHTML, like Gecko; compatible; Amazonbot/0.1; +https://developer.amazon.com/support/amazonbot) Chrome/119.0.6045.214 Safari/537.36"
20.171.207.119 - - [17/Jun/2025:15:36:31 +0800] "GET /?action=edit&file=stropmodule.so&path=%2F%2Flib64%2Fpython2.7%2Flib-dynload HTTP/1.1" 200 124965 "-" "Mozilla/5.0 AppleWebKit/537.36 (KHTML, like Gecko; compatible; GPTBot/1.2; +https://openai.com/gptbot)"
20.171.207.161 - - [17/Jun/2025:15:36:36 +0800] "GET /sitepages/topic/2?path=%2F%2Flib%2Ffirmware%2Far3k HTTP/1.1" 200 66382 "-" "Mozilla/5.0 AppleWebKit/537.36 (KHTML, like Gecko; compatible; GPTBot/1.2; +https://openai.com/gptbot)"
20.171.207.119 - - [17/Jun/2025:15:36:37 +0800] "GET /?action=edit&file=cmathmodule.so&path=%2F%2Flib64%2Fpython2.7%2Flib-dynload HTTP/1.1" 200 139264 "-" "Mozilla/5.0 AppleWebKit/537.36 (KHTML, like Gecko; compatible; GPTBot/1.2; +https://openai.com/gptbot)"
18.205.213.231 - - [17/Jun/2025:15:36:40 +0800] "GET /?path=/home/zuuttrav/zuuttravel.mn HTTP/1.1" 200 89430 "-" "Mozilla/5.0 AppleWebKit/537.36 (KHTML, like Gecko; compatible; Amazonbot/0.1; +https://developer.amazon.com/support/amazonbot) Chrome/119.0.6045.214 Safari/537.36"
54.162.69.192 - - [17/Jun/2025:15:36:42 +0800] "GET /blog?path=/home/zuuttrav/public_html/core/vendor HTTP/1.1" 200 93573 "-" "Mozilla/5.0 AppleWebKit/537.36 (KHTML, like Gecko; compatible; Amazonbot/0.1; +https://developer.amazon.com/support/amazonbot) Chrome/119.0.6045.214 Safari/537.36"
20.171.207.161 - - [17/Jun/2025:15:36:43 +0800] "GET /sitepages/topic/2?path=%2F%2Flib%2Fmysqlsh%2Finclude%2Fpython3.13 HTTP/1.1" 200 59430 "-" "Mozilla/5.0 AppleWebKit/537.36 (KHTML, like Gecko; compatible; GPTBot/1.2; +https://openai.com/gptbot)"
20.171.207.119 - - [17/Jun/2025:15:36:43 +0800] "GET /?action=edit&file=_codecs_iso2022.so&path=%2F%2Flib64%2Fpython2.7%2Flib-dynload HTTP/1.1" 200 119222 "-" "Mozilla/5.0 AppleWebKit/537.36 (KHTML, like Gecko; compatible; GPTBot/1.2; +https://openai.com/gptbot)"
20.171.207.119 - - [17/Jun/2025:15:36:48 +0800] "GET /?action=edit&file=bz2.cpython-36.pyc&path=%2F%2Flib64%2Fpython3.6%2F__pycache__ HTTP/1.1" 200 98474 "-" "Mozilla/5.0 AppleWebKit/537.36 (KHTML, like Gecko; compatible; GPTBot/1.2; +https://openai.com/gptbot)"
20.171.207.161 - - [17/Jun/2025:15:36:51 +0800] "GET /sitepages/topic/2?path=%2F%2Flib%2Ffirmware%2Fttusb-budget HTTP/1.1" 200 59332 "-" "Mozilla/5.0 AppleWebKit/537.36 (KHTML, like Gecko; compatible; GPTBot/1.2; +https://openai.com/gptbot)"
54.164.106.236 - - [17/Jun/2025:15:36:51 +0800] "GET /blog/topic/79?path=/home/zuuttrav/public_html/core/vendor HTTP/1.1" 200 77188 "-" "Mozilla/5.0 AppleWebKit/537.36 (KHTML, like Gecko; compatible; Amazonbot/0.1; +https://developer.amazon.com/support/amazonbot) Chrome/119.0.6045.214 Safari/537.36"
3.231.193.38 - - [17/Jun/2025:15:36:54 +0800] "GET /?path=/home/zuuttrav/public_html/uploads/banners HTTP/1.1" 200 91724 "-" "Mozilla/5.0 AppleWebKit/537.36 (KHTML, like Gecko; compatible; Amazonbot/0.1; +https://developer.amazon.com/support/amazonbot) Chrome/119.0.6045.214 Safari/537.36"
20.171.207.161 - - [17/Jun/2025:15:36:57 +0800] "GET /sitepages/topic/2?action=edit&file=green_sardine_mec.bin&path=%2F%2Flib%2Ffirmware%2Famdgpu HTTP/1.1" 200 400184 "-" "Mozilla/5.0 AppleWebKit/537.36 (KHTML, like Gecko; compatible; GPTBot/1.2; +https://openai.com/gptbot)"
20.171.207.119 - - [17/Jun/2025:15:36:58 +0800] "GET /?action=edit&file=unicodedata.so&path=%2F%2Flib64%2Fpython2.7%2Flib-dynload HTTP/1.1" 200 1018115 "-" "Mozilla/5.0 AppleWebKit/537.36 (KHTML, like Gecko; compatible; GPTBot/1.2; +https://openai.com/gptbot)"
20.171.207.161 - - [17/Jun/2025:15:37:00 +0800] "GET /sitepages/topic/2?action=edit&file=polaris12_sdma1.bin&path=%2F%2Flib%2Ffirmware%2Famdgpu HTTP/1.1" 200 77101 "-" "Mozilla/5.0 AppleWebKit/537.36 (KHTML, like Gecko; compatible; GPTBot/1.2; +https://openai.com/gptbot)"
3.224.104.67 - - [17/Jun/2025:15:37:02 +0800] "GET /blog/topic/81?action=edit&file=robots.txt&path=/home/zuuttrav/public_html HTTP/1.1" 200 60827 "-" "Mozilla/5.0 AppleWebKit/537.36 (KHTML, like Gecko; compatible; Amazonbot/0.1; +https://developer.amazon.com/support/amazonbot) Chrome/119.0.6045.214 Safari/537.36"
100.29.128.75 - - [17/Jun/2025:15:37:04 +0800] "GET /blog/topic/80?action=edit&file=robots.txt&path=/home/zuuttrav/public_html HTTP/1.1" 200 61796 "-" "Mozilla/5.0 AppleWebKit/537.36 (KHTML, like Gecko; compatible; Amazonbot/0.1; +https://developer.amazon.com/support/amazonbot) Chrome/119.0.6045.214 Safari/537.36"
20.171.207.119 - - [17/Jun/2025:15:37:06 +0800] "GET /?action=edit&file=fcntlmodule.so&path=%2F%2Flib64%2Fpython2.7%2Flib-dynload HTTP/1.1" 200 110706 "-" "Mozilla/5.0 AppleWebKit/537.36 (KHTML, like Gecko; compatible; GPTBot/1.2; +https://openai.com/gptbot)"
20.171.207.119 - - [17/Jun/2025:15:37:09 +0800] "GET /?action=edit&file=ossaudiodev.so&path=%2F%2Flib64%2Fpython2.7%2Flib-dynload HTTP/1.1" 200 125948 "-" "Mozilla/5.0 AppleWebKit/537.36 (KHTML, like Gecko; compatible; GPTBot/1.2; +https://openai.com/gptbot)"
20.171.207.161 - - [17/Jun/2025:15:37:13 +0800] "GET /sitepages/topic/2?action=edit&file=gc_11_0_4_rlc.bin&path=%2F%2Flib%2Ffirmware%2Famdgpu HTTP/1.1" 200 280851 "-" "Mozilla/5.0 AppleWebKit/537.36 (KHTML, like Gecko; compatible; GPTBot/1.2; +https://openai.com/gptbot)"
20.171.207.119 - - [17/Jun/2025:15:37:16 +0800] "GET /?action=edit&file=readline.so&path=%2F%2Flib64%2Fpython2.7%2Flib-dynload HTTP/1.1" 200 122251 "-" "Mozilla/5.0 AppleWebKit/537.36 (KHTML, like Gecko; compatible; GPTBot/1.2; +https://openai.com/gptbot)"
23.21.225.190 - - [17/Jun/2025:15:37:16 +0800] "GET /services/topic/15?path=/home/zuuttrav/public_html/.well-known HTTP/1.1" 200 81168 "-" "Mozilla/5.0 AppleWebKit/537.36 (KHTML, like Gecko; compatible; Amazonbot/0.1; +https://developer.amazon.com/support/amazonbot) Chrome/119.0.6045.214 Safari/537.36"
18.213.70.100 - - [17/Jun/2025:15:37:19 +0800] "GET /services/topic/7?action=edit&file=gxq.txt&path=/home/zuuttrav/public_html HTTP/1.1" 200 87460 "-" "Mozilla/5.0 AppleWebKit/537.36 (KHTML, like Gecko; compatible; Amazonbot/0.1; +https://developer.amazon.com/support/amazonbot) Chrome/119.0.6045.214 Safari/537.36"
20.171.207.161 - - [17/Jun/2025:15:37:19 +0800] "GET /sitepages/topic/2?action=edit&file=fiji_vce.bin&path=%2F%2Flib%2Ffirmware%2Famdgpu HTTP/1.1" 200 333689 "-" "Mozilla/5.0 AppleWebKit/537.36 (KHTML, like Gecko; compatible; GPTBot/1.2; +https://openai.com/gptbot)"
3.224.215.150 - - [17/Jun/2025:15:37:23 +0800] "GET /contact?action=edit&file=.htaccess&path=/home/zuuttrav HTTP/1.1" 200 65675 "-" "Mozilla/5.0 AppleWebKit/537.36 (KHTML, like Gecko; compatible; Amazonbot/0.1; +https://developer.amazon.com/support/amazonbot) Chrome/119.0.6045.214 Safari/537.36"
20.171.207.119 - - [17/Jun/2025:15:37:26 +0800] "GET /?action=edit&file=datetime.so&path=%2F%2Flib64%2Fpython2.7%2Flib-dynload HTTP/1.1" 200 212502 "-" "Mozilla/5.0 AppleWebKit/537.36 (KHTML, like Gecko; compatible; GPTBot/1.2; +https://openai.com/gptbot)"
20.171.207.161 - - [17/Jun/2025:15:37:26 +0800] "GET /sitepages/topic/2?action=edit&file=vega12_gpu_info.bin&path=%2F%2Flib%2Ffirmware%2Famdgpu HTTP/1.1" 200 59081 "-" "Mozilla/5.0 AppleWebKit/537.36 (KHTML, like Gecko; compatible; GPTBot/1.2; +https://openai.com/gptbot)"
20.171.207.161 - - [17/Jun/2025:15:37:28 +0800] "GET /sitepages/topic/2?action=edit&file=carrizo_pfp.bin&path=%2F%2Flib%2Ffirmware%2Famdgpu HTTP/1.1" 200 84694 "-" "Mozilla/5.0 AppleWebKit/537.36 (KHTML, like Gecko; compatible; GPTBot/1.2; +https://openai.com/gptbot)"
52.6.97.88 - - [17/Jun/2025:15:37:29 +0800] "GET /welcome-to-mongolia?action=edit&file=composer.json&path=/home/zuuttrav/public_html/core HTTP/1.1" 200 86835 "-" "Mozilla/5.0 AppleWebKit/537.36 (KHTML, like Gecko; compatible; Amazonbot/0.1; +https://developer.amazon.com/support/amazonbot) Chrome/119.0.6045.214 Safari/537.36"
20.171.207.119 - - [17/Jun/2025:15:37:33 +0800] "GET /?action=edit&file=operator.so&path=%2F%2Flib64%2Fpython2.7%2Flib-dynload HTTP/1.1" 200 145913 "-" "Mozilla/5.0 AppleWebKit/537.36 (KHTML, like Gecko; compatible; GPTBot/1.2; +https://openai.com/gptbot)"
20.171.207.161 - - [17/Jun/2025:15:37:40 +0800] "GET /sitepages/topic/2?action=edit&file=yellow_carp_dmcub.bin&path=%2F%2Flib%2Ffirmware%2Famdgpu HTTP/1.1" 200 476505 "-" "Mozilla/5.0 AppleWebKit/537.36 (KHTML, like Gecko; compatible; GPTBot/1.2; +https://openai.com/gptbot)"
20.171.207.119 - - [17/Jun/2025:15:37:40 +0800] "GET /?action=edit&file=future_builtins.so&path=%2F%2Flib64%2Fpython2.7%2Flib-dynload HTTP/1.1" 200 97287 "-" "Mozilla/5.0 AppleWebKit/537.36 (KHTML, like Gecko; compatible; GPTBot/1.2; +https://openai.com/gptbot)"
20.171.207.161 - - [17/Jun/2025:15:37:42 +0800] "GET /sitepages/topic/2?action=edit&file=polaris11_k_mc.bin&path=%2F%2Flib%2Ffirmware%2Famdgpu HTTP/1.1" 200 105993 "-" "Mozilla/5.0 AppleWebKit/537.36 (KHTML, like Gecko; compatible; GPTBot/1.2; +https://openai.com/gptbot)"
20.171.207.161 - - [17/Jun/2025:15:37:49 +0800] "GET /sitepages/topic/2?action=edit&file=raven2_me.bin&path=%2F%2Flib%2Ffirmware%2Famdgpu HTTP/1.1" 200 84688 "-" "Mozilla/5.0 AppleWebKit/537.36 (KHTML, like Gecko; compatible; GPTBot/1.2; +https://openai.com/gptbot)"
114.119.157.103 - - [17/Jun/2025:15:37:51 +0800] "GET /blog/topic/81?path=//lib64/python2.7 HTTP/1.1" 200 257290 "https://zuuttravel.com/blog/topic/81?path=//lib64" "Mozilla/5.0 (Linux; Android 7.0;) AppleWebKit/537.36 (KHTML, like Gecko) Mobile Safari/537.36 (compatible; PetalBot;+https://webmaster.petalsearch.com/site/petalbot)"
100.28.57.133 - - [17/Jun/2025:15:37:55 +0800] "GET /services/topic/15?action=edit&file=error_log&path=/home/zuuttrav/public_html HTTP/1.1" 200 7864136 "-" "Mozilla/5.0 AppleWebKit/537.36 (KHTML, like Gecko; compatible; Amazonbot/0.1; +https://developer.amazon.com/support/amazonbot) Chrome/119.0.6045.214 Safari/537.36"
20.171.207.161 - - [17/Jun/2025:15:38:00 +0800] "GET /sitepages/topic/2?path=%2F%2Fusr%2Finclude%2Fbind9%2Fisccfg HTTP/1.1" 200 61255 "-" "Mozilla/5.0 AppleWebKit/537.36 (KHTML, like Gecko; compatible; GPTBot/1.2; +https://openai.com/gptbot)"
66.249.79.167 - - [17/Jun/2025:15:38:01 +0800] "GET /?shopdetail/13568509 HTTP/1.1" 200 91198 "-" "Mozilla/5.0 (Linux; Android 6.0.1; Nexus 5X Build/MMB29P) AppleWebKit/537.36 (KHTML, like Gecko) Chrome/136.0.7103.113 Mobile Safari/537.36 (compatible; Googlebot/2.1; +http://www.google.com/bot.html)"
20.171.207.119 - - [17/Jun/2025:15:38:07 +0800] "GET /?action=edit&file=libdns-export.so.1115&path=%2F%2Flib64%2Fbind9-export HTTP/1.1" 200 3702278 "-" "Mozilla/5.0 AppleWebKit/537.36 (KHTML, like Gecko; compatible; GPTBot/1.2; +https://openai.com/gptbot)"
20.171.207.161 - - [17/Jun/2025:15:38:07 +0800] "GET /sitepages/topic/2?path=%2F%2Fusr%2Finclude%2Fbind9%2Flwres HTTP/1.1" 200 63714 "-" "Mozilla/5.0 AppleWebKit/537.36 (KHTML, like Gecko; compatible; GPTBot/1.2; +https://openai.com/gptbot)"
20.171.207.161 - - [17/Jun/2025:15:38:09 +0800] "GET /sitepages/topic/2?path=%2F%2Fusr%2Finclude%2Fbind9%2Fisc HTTP/1.1" 200 92477 "-" "Mozilla/5.0 AppleWebKit/537.36 (KHTML, like Gecko; compatible; GPTBot/1.2; +https://openai.com/gptbot)"
20.171.207.119 - - [17/Jun/2025:15:38:15 +0800] "GET /?path=%2F%2Flib64%2Fpython3.6%2Fdbm HTTP/1.1" 200 88135 "-" "Mozilla/5.0 AppleWebKit/537.36 (KHTML, like Gecko; compatible; GPTBot/1.2; +https://openai.com/gptbot)"
20.171.207.161 - - [17/Jun/2025:15:38:16 +0800] "GET /sitepages/topic/2?path=%2F%2Fusr%2Finclude%2Fbind9%2Firs HTTP/1.1" 200 61209 "-" "Mozilla/5.0 AppleWebKit/537.36 (KHTML, like Gecko; compatible; GPTBot/1.2; +https://openai.com/gptbot)"
20.171.207.161 - - [17/Jun/2025:15:38:22 +0800] "GET /sitepages/topic/2?path=%2F%2Flib%2Ffirmware%2Finside-secure HTTP/1.1" 200 59271 "-" "Mozilla/5.0 AppleWebKit/537.36 (KHTML, like Gecko; compatible; GPTBot/1.2; +https://openai.com/gptbot)"
20.171.207.161 - - [17/Jun/2025:15:38:32 +0800] "GET /sitepages/topic/2?path=%2F%2Flib%2Ffirmware%2Fti-keystone HTTP/1.1" 200 59366 "-" "Mozilla/5.0 AppleWebKit/537.36 (KHTML, like Gecko; compatible; GPTBot/1.2; +https://openai.com/gptbot)"
20.171.207.119 - - [17/Jun/2025:15:38:38 +0800] "GET /?path=%2F%2Flib64%2Fpython3.6%2Fxml HTTP/1.1" 200 88196 "-" "Mozilla/5.0 AppleWebKit/537.36 (KHTML, like Gecko; compatible; GPTBot/1.2; +https://openai.com/gptbot)"
20.171.207.161 - - [17/Jun/2025:15:38:39 +0800] "GET /sitepages/topic/2?path=%2F%2Flib%2Fmodules%2F3.10.0-962.3.2.lve1.5.24.4.el7.x86_64 HTTP/1.1" 200 59492 "-" "Mozilla/5.0 AppleWebKit/537.36 (KHTML, like Gecko; compatible; GPTBot/1.2; +https://openai.com/gptbot)"
20.171.207.161 - - [17/Jun/2025:15:38:47 +0800] "GET /sitepages/topic/2?path=%2F%2Flib%2Fmodules%2F3.10.0-962.3.2.lve1.5.26.4.el7.x86_64 HTTP/1.1" 200 61699 "-" "Mozilla/5.0 AppleWebKit/537.36 (KHTML, like Gecko; compatible; GPTBot/1.2; +https://openai.com/gptbot)"
20.171.207.161 - - [17/Jun/2025:15:38:54 +0800] "GET /sitepages/topic/2?path=%2F%2Flib%2Ffirmware%2Fav7110 HTTP/1.1" 200 59256 "-" "Mozilla/5.0 AppleWebKit/537.36 (KHTML, like Gecko; compatible; GPTBot/1.2; +https://openai.com/gptbot)"
20.171.207.161 - - [17/Jun/2025:15:38:56 +0800] "GET /sitepages/topic/2?path=%2F%2Flib%2Fmysqlsh%2Fpython-packages HTTP/1.1" 200 59525 "-" "Mozilla/5.0 AppleWebKit/537.36 (KHTML, like Gecko; compatible; GPTBot/1.2; +https://openai.com/gptbot)"
20.171.207.161 - - [17/Jun/2025:15:39:03 +0800] "GET /sitepages/topic/2?path=%2F%2Flib%2Ffirmware%2Famdnpu%2F17f0_11 HTTP/1.1" 200 59752 "-" "Mozilla/5.0 AppleWebKit/537.36 (KHTML, like Gecko; compatible; GPTBot/1.2; +https://openai.com/gptbot)"
20.171.207.119 - - [17/Jun/2025:15:39:05 +0800] "GET /?path=%2F%2Flib64%2Fpython2.7%2FDoc HTTP/1.1" 200 86902 "-" "Mozilla/5.0 AppleWebKit/537.36 (KHTML, like Gecko; compatible; GPTBot/1.2; +https://openai.com/gptbot)"
20.171.207.161 - - [17/Jun/2025:15:39:13 +0800] "GET /sitepages/topic/2?path=%2F%2Flib%2Ffirmware%2Famdnpu%2F1502_00 HTTP/1.1" 200 59736 "-" "Mozilla/5.0 AppleWebKit/537.36 (KHTML, like Gecko; compatible; GPTBot/1.2; +https://openai.com/gptbot)"
20.171.207.161 - - [17/Jun/2025:15:39:20 +0800] "GET /sitepages/topic/2?path=%2F%2Flib%2Ffirmware%2Fmellanox HTTP/1.1" 200 84673 "-" "Mozilla/5.0 AppleWebKit/537.36 (KHTML, like Gecko; compatible; GPTBot/1.2; +https://openai.com/gptbot)"
20.171.207.161 - - [17/Jun/2025:15:39:22 +0800] "GET /sitepages/topic/2?action=edit&file=net.h&path=%2F%2Fusr%2Finclude%2Fbind9%2Flwres HTTP/1.1" 200 61895 "-" "Mozilla/5.0 AppleWebKit/537.36 (KHTML, like Gecko; compatible; GPTBot/1.2; +https://openai.com/gptbot)"
114.119.158.203 - - [17/Jun/2025:15:39:29 +0800] "GET /blog/topic/81?path=//lib64/libxslt-plugins HTTP/1.1" 200 59532 "https://zuuttravel.com/blog/topic/81?path=//lib64" "Mozilla/5.0 (Linux; Android 7.0;) AppleWebKit/537.36 (KHTML, like Gecko) Mobile Safari/537.36 (compatible; PetalBot;+https://webmaster.petalsearch.com/site/petalbot)"
20.171.207.119 - - [17/Jun/2025:15:39:32 +0800] "GET /?path=%2F%2Flib64%2Fpython2.7%2Fxml HTTP/1.1" 200 88586 "-" "Mozilla/5.0 AppleWebKit/537.36 (KHTML, like Gecko; compatible; GPTBot/1.2; +https://openai.com/gptbot)"
20.171.207.161 - - [17/Jun/2025:15:39:33 +0800] "GET /sitepages/topic/2?path=%2F%2Flib%2Ffirmware%2Fadvansys HTTP/1.1" 200 60216 "-" "Mozilla/5.0 AppleWebKit/537.36 (KHTML, like Gecko; compatible; GPTBot/1.2; +https://openai.com/gptbot)"
20.171.207.161 - - [17/Jun/2025:15:39:36 +0800] "GET /sitepages/topic/2?path=%2F%2Flib%2Ffirmware%2Finside-secure%2Feip197_minifw HTTP/1.1" 200 59866 "-" "Mozilla/5.0 AppleWebKit/537.36 (KHTML, like Gecko; compatible; GPTBot/1.2; +https://openai.com/gptbot)"
20.171.207.161 - - [17/Jun/2025:15:39:43 +0800] "GET /sitepages/topic/2?action=edit&file=mutex.h&path=%2F%2Fusr%2Finclude%2Fbind9%2Fisc HTTP/1.1" 200 62309 "-" "Mozilla/5.0 AppleWebKit/537.36 (KHTML, like Gecko; compatible; GPTBot/1.2; +https://openai.com/gptbot)"
20.171.207.119 - - [17/Jun/2025:15:39:48 +0800] "GET /?action=edit&file=libkadm5srv_mit.so.12.0&path=%2F%2Flib64 HTTP/1.1" 200 267289 "-" "Mozilla/5.0 AppleWebKit/537.36 (KHTML, like Gecko; compatible; GPTBot/1.2; +https://openai.com/gptbot)"
20.171.207.161 - - [17/Jun/2025:15:39:53 +0800] "GET /sitepages/topic/2?action=edit&file=ratelimiter.h&path=%2F%2Fusr%2Finclude%2Fbind9%2Fisc HTTP/1.1" 200 62372 "-" "Mozilla/5.0 AppleWebKit/537.36 (KHTML, like Gecko; compatible; GPTBot/1.2; +https://openai.com/gptbot)"
20.171.207.161 - - [17/Jun/2025:15:40:01 +0800] "GET /sitepages/topic/2?action=edit&file=net.h&path=%2F%2Fusr%2Finclude%2Fbind9%2Fisc HTTP/1.1" 200 69563 "-" "Mozilla/5.0 AppleWebKit/537.36 (KHTML, like Gecko; compatible; GPTBot/1.2; +https://openai.com/gptbot)"
20.171.207.119 - - [17/Jun/2025:15:40:07 +0800] "GET /?action=edit&file=python3.6m&path=%2F%2Fbin HTTP/1.1" 200 100083 "-" "Mozilla/5.0 AppleWebKit/537.36 (KHTML, like Gecko; compatible; GPTBot/1.2; +https://openai.com/gptbot)"
20.171.207.161 - - [17/Jun/2025:15:40:08 +0800] "GET /sitepages/topic/2?action=edit&file=error.h&path=%2F%2Fusr%2Finclude%2Fbind9%2Fisc HTTP/1.1" 200 60165 "-" "Mozilla/5.0 AppleWebKit/537.36 (KHTML, like Gecko; compatible; GPTBot/1.2; +https://openai.com/gptbot)"
20.171.207.161 - - [17/Jun/2025:15:40:10 +0800] "GET /sitepages/topic/2?path=%2F%2Flib%2Ffirmware%2Fositech HTTP/1.1" 200 59278 "-" "Mozilla/5.0 AppleWebKit/537.36 (KHTML, like Gecko; compatible; GPTBot/1.2; +https://openai.com/gptbot)"
20.171.207.161 - - [17/Jun/2025:15:40:22 +0800] "GET /sitepages/topic/2?path=%2F%2Fusr%2Finclude%2Ffreetype2 HTTP/1.1" 200 59534 "-" "Mozilla/5.0 AppleWebKit/537.36 (KHTML, like Gecko; compatible; GPTBot/1.2; +https://openai.com/gptbot)"
20.171.207.119 - - [17/Jun/2025:15:40:29 +0800] "GET /?action=edit&file=libe2p.so.2&path=%2F%2Flib64 HTTP/1.1" 200 138513 "-" "Mozilla/5.0 AppleWebKit/537.36 (KHTML, like Gecko; compatible; GPTBot/1.2; +https://openai.com/gptbot)"
20.171.207.161 - - [17/Jun/2025:15:40:29 +0800] "GET /sitepages/topic/2?path=%2F%2Flib%2Ffirmware%2Fdpaa2%2Fmc HTTP/1.1" 200 64133 "-" "Mozilla/5.0 AppleWebKit/537.36 (KHTML, like Gecko; compatible; GPTBot/1.2; +https://openai.com/gptbot)"
20.171.207.161 - - [17/Jun/2025:15:40:31 +0800] "GET /sitepages/topic/2?action=edit&file=net.h&path=%2F%2Fusr%2Finclude%2Fbind9%2Flwres HTTP/1.1" 200 61879 "-" "Mozilla/5.0 AppleWebKit/537.36 (KHTML, like Gecko; compatible; GPTBot/1.2; +https://openai.com/gptbot)"
20.171.207.161 - - [17/Jun/2025:15:40:38 +0800] "GET /sitepages/topic/2?path=%2F%2Flib%2Ffirmware%2Fcxgb4%2Fconfigs HTTP/1.1" 200 60808 "-" "Mozilla/5.0 AppleWebKit/537.36 (KHTML, like Gecko; compatible; GPTBot/1.2; +https://openai.com/gptbot)"
20.171.207.119 - - [17/Jun/2025:15:40:48 +0800] "GET /?action=edit&file=libstdc%2B%2B.so.6.0.25&path=%2F%2Flib64 HTTP/1.1" 200 2494940 "-" "Mozilla/5.0 AppleWebKit/537.36 (KHTML, like Gecko; compatible; GPTBot/1.2; +https://openai.com/gptbot)"
20.171.207.119 - - [17/Jun/2025:15:40:55 +0800] "GET /?path=%2F%2Flib64%2Fpython3.9%2Fdbm HTTP/1.1" 200 88165 "-" "Mozilla/5.0 AppleWebKit/537.36 (KHTML, like Gecko; compatible; GPTBot/1.2; +https://openai.com/gptbot)"
20.171.207.161 - - [17/Jun/2025:15:40:59 +0800] "GET /sitepages/topic/2?action=edit&file=mlxsw_spectrum2-29.2010.1232.mfa2&path=%2F%2Flib%2Ffirmware%2Fmellanox HTTP/1.1" 200 2451581 "-" "Mozilla/5.0 AppleWebKit/537.36 (KHTML, like Gecko; compatible; GPTBot/1.2; +https://openai.com/gptbot)"
20.171.207.161 - - [17/Jun/2025:15:41:06 +0800] "GET /sitepages/topic/2?path=%2F%2Flib%2Fsystemd%2Fscripts HTTP/1.1" 200 58958 "-" "Mozilla/5.0 AppleWebKit/537.36 (KHTML, like Gecko; compatible; GPTBot/1.2; +https://openai.com/gptbot)"
66.249.79.165 - - [17/Jun/2025:15:41:10 +0800] "GET /?shopdetail/8073954 HTTP/1.1" 200 91189 "-" "Mozilla/5.0 (Linux; Android 6.0.1; Nexus 5X Build/MMB29P) AppleWebKit/537.36 (KHTML, like Gecko) Chrome/136.0.7103.113 Mobile Safari/537.36 (compatible; Googlebot/2.1; +http://www.google.com/bot.html)"
114.119.133.103 - - [17/Jun/2025:15:41:11 +0800] "GET /blog/topic/81?path=//lib64/libpoco-plesk-1.12.4 HTTP/1.1" 200 63261 "https://zuuttravel.com/blog/topic/81?path=//lib64" "Mozilla/5.0 (Linux; Android 7.0;) AppleWebKit/537.36 (KHTML, like Gecko) Mobile Safari/537.36 (compatible; PetalBot;+https://webmaster.petalsearch.com/site/petalbot)"
20.171.207.119 - - [17/Jun/2025:15:41:12 +0800] "GET /?path=%2F%2Flib64%2Fpython3.9%2Fxml HTTP/1.1" 200 88188 "-" "Mozilla/5.0 AppleWebKit/537.36 (KHTML, like Gecko; compatible; GPTBot/1.2; +https://openai.com/gptbot)"
20.171.207.119 - - [17/Jun/2025:15:41:18 +0800] "GET /?action=edit&file=__future__.cpython-39.pyc&path=%2F%2Flib64%2Fpython3.9%2F__pycache__ HTTP/1.1" 200 90679 "-" "Mozilla/5.0 AppleWebKit/537.36 (KHTML, like Gecko; compatible; GPTBot/1.2; +https://openai.com/gptbot)"
20.171.207.161 - - [17/Jun/2025:15:41:23 +0800] "GET /sitepages/topic/2?path=%2F%2Fusr%2Finclude%2Fbind9%2Fdns HTTP/1.1" 200 89119 "-" "Mozilla/5.0 AppleWebKit/537.36 (KHTML, like Gecko; compatible; GPTBot/1.2; +https://openai.com/gptbot)"
20.171.207.119 - - [17/Jun/2025:15:41:29 +0800] "GET /?path=%2F%2Flib64%2Fpython3.6%2Fdbm%2F__pycache__ HTTP/1.1" 200 90982 "-" "Mozilla/5.0 AppleWebKit/537.36 (KHTML, like Gecko; compatible; GPTBot/1.2; +https://openai.com/gptbot)"
20.171.207.161 - - [17/Jun/2025:15:41:37 +0800] "GET /sitepages/topic/2?path=%2F%2Fusr%2Finclude%2Fbind9%2Fdst HTTP/1.1" 200 60258 "-" "Mozilla/5.0 AppleWebKit/537.36 (KHTML, like Gecko; compatible; GPTBot/1.2; +https://openai.com/gptbot)"
20.171.207.119 - - [17/Jun/2025:15:41:37 +0800] "GET /?path=%2F%2Flib64%2Fpython3.6%2Fxml%2F__pycache__ HTTP/1.1" 200 87844 "-" "Mozilla/5.0 AppleWebKit/537.36 (KHTML, like Gecko; compatible; GPTBot/1.2; +https://openai.com/gptbot)"
20.171.207.119 - - [17/Jun/2025:15:41:46 +0800] "GET /?action=edit&file=_py_abc.cpython-39.pyc&path=%2F%2Flib64%2Fpython3.9%2F__pycache__ HTTP/1.1" 200 91419 "-" "Mozilla/5.0 AppleWebKit/537.36 (KHTML, like Gecko; compatible; GPTBot/1.2; +https://openai.com/gptbot)"
20.171.207.161 - - [17/Jun/2025:15:41:47 +0800] "GET /sitepages/topic/2?path=%2F%2Flib%2Fsystemd%2Fuser-generators HTTP/1.1" 200 59015 "-" "Mozilla/5.0 AppleWebKit/537.36 (KHTML, like Gecko; compatible; GPTBot/1.2; +https://openai.com/gptbot)"
20.171.207.119 - - [17/Jun/2025:15:41:59 +0800] "GET /?action=edit&file=profile.cpython-39.pyc&path=%2F%2Flib64%2Fpython3.9%2F__pycache__ HTTP/1.1" 200 101925 "-" "Mozilla/5.0 AppleWebKit/537.36 (KHTML, like Gecko; compatible; GPTBot/1.2; +https://openai.com/gptbot)"
20.171.207.161 - - [17/Jun/2025:15:42:05 +0800] "GET /sitepages/topic/2?path=%2F%2Flib%2Ffirmware%2Fnvidia%2Fgp10b HTTP/1.1" 200 59795 "-" "Mozilla/5.0 AppleWebKit/537.36 (KHTML, like Gecko; compatible; GPTBot/1.2; +https://openai.com/gptbot)"
20.171.207.119 - - [17/Jun/2025:15:42:06 +0800] "GET /?action=edit&file=profile.cpython-36.pyc&path=%2F%2Flib64%2Fpython3.6%2F__pycache__ HTTP/1.1" 200 101156 "-" "Mozilla/5.0 AppleWebKit/537.36 (KHTML, like Gecko; compatible; GPTBot/1.2; +https://openai.com/gptbot)"
20.171.207.119 - - [17/Jun/2025:15:42:08 +0800] "GET /?path=%2F%2Flib64%2Flibuser HTTP/1.1" 200 87550 "-" "Mozilla/5.0 AppleWebKit/537.36 (KHTML, like Gecko; compatible; GPTBot/1.2; +https://openai.com/gptbot)"
20.171.207.161 - - [17/Jun/2025:15:42:10 +0800] "GET /sitepages/topic/2?path=%2F%2Fusr%2Finclude%2Fbind9%2Fisccc HTTP/1.1" 200 63086 "-" "Mozilla/5.0 AppleWebKit/537.36 (KHTML, like Gecko; compatible; GPTBot/1.2; +https://openai.com/gptbot)"
20.171.207.119 - - [17/Jun/2025:15:42:16 +0800] "GET /?action=edit&file=windows_events.py&path=%2F%2Flib64%2Fpython3.6%2Fasyncio HTTP/1.1" 200 114940 "-" "Mozilla/5.0 AppleWebKit/537.36 (KHTML, like Gecko; compatible; GPTBot/1.2; +https://openai.com/gptbot)"
20.171.207.119 - - [17/Jun/2025:15:42:21 +0800] "GET /?action=edit&file=bashbug-64&path=%2F%2Fbin HTTP/1.1" 200 94609 "-" "Mozilla/5.0 AppleWebKit/537.36 (KHTML, like Gecko; compatible; GPTBot/1.2; +https://openai.com/gptbot)"
20.171.207.161 - - [17/Jun/2025:15:42:25 +0800] "GET /sitepages/topic/2?path=%2F%2Flib%2Ffirmware%2Fliquidio HTTP/1.1" 200 60272 "-" "Mozilla/5.0 AppleWebKit/537.36 (KHTML, like Gecko; compatible; GPTBot/1.2; +https://openai.com/gptbot)"
20.171.207.119 - - [17/Jun/2025:15:42:27 +0800] "GET /?action=edit&file=libgdk_pixbuf-2.0.so.0.3612.0&path=%2F%2Flib64 HTTP/1.1" 200 340931 "-" "Mozilla/5.0 AppleWebKit/537.36 (KHTML, like Gecko; compatible; GPTBot/1.2; +https://openai.com/gptbot)"
20.171.207.161 - - [17/Jun/2025:15:42:30 +0800] "GET /sitepages/topic/2?path=%2F%2Fhome%2Fzuuttrav HTTP/1.1" 200 71022 "-" "Mozilla/5.0 AppleWebKit/537.36 (KHTML, like Gecko; compatible; GPTBot/1.2; +https://openai.com/gptbot)"
20.171.207.119 - - [17/Jun/2025:15:42:37 +0800] "GET /?path=%2F%2Flib64%2Fpython3.9%2Fxml%2F__pycache__ HTTP/1.1" 200 87821 "-" "Mozilla/5.0 AppleWebKit/537.36 (KHTML, like Gecko; compatible; GPTBot/1.2; +https://openai.com/gptbot)"
20.171.207.161 - - [17/Jun/2025:15:42:38 +0800] "GET /sitepages/topic/2?path=%2F%2Fvar%2Fpassenger HTTP/1.1" 200 58841 "-" "Mozilla/5.0 AppleWebKit/537.36 (KHTML, like Gecko; compatible; GPTBot/1.2; +https://openai.com/gptbot)"
20.171.207.119 - - [17/Jun/2025:15:42:45 +0800] "GET /?path=%2F%2Flib64%2Fpython3.9%2Fdbm%2F__pycache__ HTTP/1.1" 200 90982 "-" "Mozilla/5.0 AppleWebKit/537.36 (KHTML, like Gecko; compatible; GPTBot/1.2; +https://openai.com/gptbot)"
20.171.207.161 - - [17/Jun/2025:15:42:46 +0800] "GET /sitepages/topic/2?path=%2F%2Fusr%2Flibexec HTTP/1.1" 200 61872 "-" "Mozilla/5.0 AppleWebKit/537.36 (KHTML, like Gecko; compatible; GPTBot/1.2; +https://openai.com/gptbot)"
114.119.158.203 - - [17/Jun/2025:15:42:53 +0800] "GET /services/topic/99?path=/home/zuuttrav/.config HTTP/1.1" 200 84356 "https://zuuttravel.com/services/topic/99?path=/home/zuuttrav" "Mozilla/5.0 (Linux; Android 7.0;) AppleWebKit/537.36 (KHTML, like Gecko) Mobile Safari/537.36 (compatible; PetalBot;+https://webmaster.petalsearch.com/site/petalbot)"
20.171.207.119 - - [17/Jun/2025:15:42:53 +0800] "GET /?action=edit&file=__init__.cpython-36.opt-2.pyc&path=%2F%2Flib64%2Fpython3.6%2Fdbm%2F__pycache__ HTTP/1.1" 200 88819 "-" "Mozilla/5.0 AppleWebKit/537.36 (KHTML, like Gecko; compatible; GPTBot/1.2; +https://openai.com/gptbot)"
20.171.207.161 - - [17/Jun/2025:15:42:53 +0800] "GET /sitepages/topic/2?path=%2F%2Flib%2Ffirewalld HTTP/1.1" 200 60265 "-" "Mozilla/5.0 AppleWebKit/537.36 (KHTML, like Gecko; compatible; GPTBot/1.2; +https://openai.com/gptbot)"
20.171.207.119 - - [17/Jun/2025:15:42:56 +0800] "GET /?action=edit&file=__init__.cpython-36.opt-2.pyc&path=%2F%2Flib64%2Fpython3.6%2Fxml%2F__pycache__ HTTP/1.1" 200 86445 "-" "Mozilla/5.0 AppleWebKit/537.36 (KHTML, like Gecko; compatible; GPTBot/1.2; +https://openai.com/gptbot)"
20.171.207.161 - - [17/Jun/2025:15:42:59 +0800] "GET /sitepages/topic/2?path=%2F%2Fproc%2Fsysvipc HTTP/1.1" 200 59674 "-" "Mozilla/5.0 AppleWebKit/537.36 (KHTML, like Gecko; compatible; GPTBot/1.2; +https://openai.com/gptbot)"
20.171.207.161 - - [17/Jun/2025:15:43:05 +0800] "GET /sitepages/topic/2?action=edit&file=forward.h&path=%2F%2Fusr%2Finclude%2Fbind9%2Fdns HTTP/1.1" 200 62273 "-" "Mozilla/5.0 AppleWebKit/537.36 (KHTML, like Gecko; compatible; GPTBot/1.2; +https://openai.com/gptbot)"
20.171.207.119 - - [17/Jun/2025:15:43:07 +0800] "GET /?action=edit&file=__init__.cpython-36.opt-1.pyc&path=%2F%2Flib64%2Fpython3.6%2Fdbm%2F__pycache__ HTTP/1.1" 200 90929 "-" "Mozilla/5.0 AppleWebKit/537.36 (KHTML, like Gecko; compatible; GPTBot/1.2; +https://openai.com/gptbot)"
20.171.207.161 - - [17/Jun/2025:15:43:10 +0800] "GET /sitepages/topic/2?path=%2F%2Fetc%2Fsecurity HTTP/1.1" 200 64077 "-" "Mozilla/5.0 AppleWebKit/537.36 (KHTML, like Gecko; compatible; GPTBot/1.2; +https://openai.com/gptbot)"
20.171.207.119 - - [17/Jun/2025:15:43:14 +0800] "GET /?action=edit&file=__init__.cpython-36.opt-1.pyc&path=%2F%2Flib64%2Fpython3.6%2Fxml%2F__pycache__ HTTP/1.1" 200 86980 "-" "Mozilla/5.0 AppleWebKit/537.36 (KHTML, like Gecko; compatible; GPTBot/1.2; +https://openai.com/gptbot)"
20.171.207.119 - - [17/Jun/2025:15:43:16 +0800] "GET /?action=edit&file=libpixmap.so&path=%2F%2Flib64%2Fgtk-2.0%2F2.10.0%2Fengines HTTP/1.1" 200 156726 "-" "Mozilla/5.0 AppleWebKit/537.36 (KHTML, like Gecko; compatible; GPTBot/1.2; +https://openai.com/gptbot)"
20.171.207.161 - - [17/Jun/2025:15:43:19 +0800] "GET /sitepages/topic/2?path=%2F%2Flib64%2Fpython2.7%2Fsite-packages%2Flxml%2Fisoschematron HTTP/1.1" 200 60699 "-" "Mozilla/5.0 AppleWebKit/537.36 (KHTML, like Gecko; compatible; GPTBot/1.2; +https://openai.com/gptbot)"
20.171.207.161 - - [17/Jun/2025:15:43:21 +0800] "GET /sitepages/topic/2?path=%2F%2Fusr%2Flib64%2Fpython3.6%2Fsite-packages%2Fcryptography HTTP/1.1" 200 61883 "-" "Mozilla/5.0 AppleWebKit/537.36 (KHTML, like Gecko; compatible; GPTBot/1.2; +https://openai.com/gptbot)"
20.171.207.119 - - [17/Jun/2025:15:43:27 +0800] "GET /?action=edit&file=libuser_files.so&path=%2F%2Flib64%2Flibuser HTTP/1.1" 200 157193 "-" "Mozilla/5.0 AppleWebKit/537.36 (KHTML, like Gecko; compatible; GPTBot/1.2; +https://openai.com/gptbot)"
20.171.207.119 - - [17/Jun/2025:15:43:29 +0800] "GET /?action=edit&file=libuser_ldap.so&path=%2F%2Flib64%2Flibuser HTTP/1.1" 200 156008 "-" "Mozilla/5.0 AppleWebKit/537.36 (KHTML, like Gecko; compatible; GPTBot/1.2; +https://openai.com/gptbot)"
20.171.207.161 - - [17/Jun/2025:15:43:32 +0800] "GET /sitepages/topic/2?path=%2F%2Flib%2Fpython3.6%2Fsite-packages%2Fdateutil%2Fzoneinfo HTTP/1.1" 200 60671 "-" "Mozilla/5.0 AppleWebKit/537.36 (KHTML, like Gecko; compatible; GPTBot/1.2; +https://openai.com/gptbot)"
20.171.207.161 - - [17/Jun/2025:15:43:40 +0800] "GET /sitepages/topic/2?action=edit&file=libnghttp2.so.14.17.0&path=%2F%2Flib64 HTTP/1.1" 200 308343 "-" "Mozilla/5.0 AppleWebKit/537.36 (KHTML, like Gecko; compatible; GPTBot/1.2; +https://openai.com/gptbot)"
20.171.207.119 - - [17/Jun/2025:15:43:42 +0800] "GET /?action=edit&file=libuser_shadow.so&path=%2F%2Flib64%2Flibuser HTTP/1.1" 200 157208 "-" "Mozilla/5.0 AppleWebKit/537.36 (KHTML, like Gecko; compatible; GPTBot/1.2; +https://openai.com/gptbot)"
20.171.207.161 - - [17/Jun/2025:15:43:47 +0800] "GET /sitepages/topic/2?path=%2F%2Flib%2Ffirmware%2Fgo7007 HTTP/1.1" 200 61454 "-" "Mozilla/5.0 AppleWebKit/537.36 (KHTML, like Gecko; compatible; GPTBot/1.2; +https://openai.com/gptbot)"
20.171.207.119 - - [17/Jun/2025:15:43:49 +0800] "GET /?action=edit&file=gnu.cpython-36.opt-2.pyc&path=%2F%2Flib64%2Fpython3.6%2Fdbm%2F__pycache__ HTTP/1.1" 200 86418 "-" "Mozilla/5.0 AppleWebKit/537.36 (KHTML, like Gecko; compatible; GPTBot/1.2; +https://openai.com/gptbot)"
20.171.207.119 - - [17/Jun/2025:15:43:52 +0800] "GET /?action=edit&file=__init__.cpython-39.opt-1.pyc&path=%2F%2Flib64%2Fpython3.9%2Fxml%2F__pycache__ HTTP/1.1" 200 87008 "-" "Mozilla/5.0 AppleWebKit/537.36 (KHTML, like Gecko; compatible; GPTBot/1.2; +https://openai.com/gptbot)"
20.171.207.161 - - [17/Jun/2025:15:43:54 +0800] "GET /sitepages/topic/2?action=edit&file=gcc-nm&path=%2F%2Fbin HTTP/1.1" 200 113853 "-" "Mozilla/5.0 AppleWebKit/537.36 (KHTML, like Gecko; compatible; GPTBot/1.2; +https://openai.com/gptbot)"
20.171.207.161 - - [17/Jun/2025:15:43:57 +0800] "GET /sitepages/topic/2?path=%2F%2Fhome%2Fzuuttrav%2F.koality HTTP/1.1" 200 58988 "-" "Mozilla/5.0 AppleWebKit/537.36 (KHTML, like Gecko; compatible; GPTBot/1.2; +https://openai.com/gptbot)"
20.171.207.119 - - [17/Jun/2025:15:44:03 +0800] "GET /?action=edit&file=__init__.cpython-39.opt-2.pyc&path=%2F%2Flib64%2Fpython3.9%2Fxml%2F__pycache__ HTTP/1.1" 200 86459 "-" "Mozilla/5.0 AppleWebKit/537.36 (KHTML, like Gecko; compatible; GPTBot/1.2; +https://openai.com/gptbot)"
20.171.207.119 - - [17/Jun/2025:15:44:06 +0800] "GET /?action=edit&file=__init__.cpython-39.opt-2.pyc&path=%2F%2Flib64%2Fpython3.9%2Fdbm%2F__pycache__ HTTP/1.1" 200 88962 "-" "Mozilla/5.0 AppleWebKit/537.36 (KHTML, like Gecko; compatible; GPTBot/1.2; +https://openai.com/gptbot)"
20.171.207.161 - - [17/Jun/2025:15:44:08 +0800] "GET /sitepages/topic/2?path=%2F%2Fhome%2Fzuuttrav%2F.config HTTP/1.1" 200 59208 "-" "Mozilla/5.0 AppleWebKit/537.36 (KHTML, like Gecko; compatible; GPTBot/1.2; +https://openai.com/gptbot)"
20.171.207.161 - - [17/Jun/2025:15:44:11 +0800] "GET /sitepages/topic/2?path=%2F%2Fhome%2Fzuuttrav%2F.cpanel HTTP/1.1" 200 62714 "-" "Mozilla/5.0 AppleWebKit/537.36 (KHTML, like Gecko; compatible; GPTBot/1.2; +https://openai.com/gptbot)"
20.171.207.119 - - [17/Jun/2025:15:44:17 +0800] "GET /?action=edit&file=__init__.cpython-39.opt-1.pyc&path=%2F%2Flib64%2Fpython3.9%2Fdbm%2F__pycache__ HTTP/1.1" 200 91063 "-" "Mozilla/5.0 AppleWebKit/537.36 (KHTML, like Gecko; compatible; GPTBot/1.2; +https://openai.com/gptbot)"
20.171.207.161 - - [17/Jun/2025:15:44:17 +0800] "GET /sitepages/topic/2?path=%2F%2Fhome%2Fzuuttrav%2F.clwpos HTTP/1.1" 200 59276 "-" "Mozilla/5.0 AppleWebKit/537.36 (KHTML, like Gecko; compatible; GPTBot/1.2; +https://openai.com/gptbot)"
20.171.207.119 - - [17/Jun/2025:15:44:20 +0800] "GET /?action=edit&file=dumb.cpython-39.opt-1.pyc&path=%2F%2Flib64%2Fpython3.9%2Fdbm%2F__pycache__ HTTP/1.1" 200 95069 "-" "Mozilla/5.0 AppleWebKit/537.36 (KHTML, like Gecko; compatible; GPTBot/1.2; +https://openai.com/gptbot)"
66.249.79.167 - - [17/Jun/2025:15:44:24 +0800] "GET /?shopdetail/15975498 HTTP/1.1" 200 91190 "-" "Mozilla/5.0 (Linux; Android 6.0.1; Nexus 5X Build/MMB29P) AppleWebKit/537.36 (KHTML, like Gecko) Chrome/136.0.7103.113 Mobile Safari/537.36 (compatible; Googlebot/2.1; +http://www.google.com/bot.html)"
20.171.207.119 - - [17/Jun/2025:15:44:26 +0800] "GET /?action=edit&file=gnu.cpython-39.opt-1.pyc&path=%2F%2Flib64%2Fpython3.9%2Fdbm%2F__pycache__ HTTP/1.1" 200 86486 "-" "Mozilla/5.0 AppleWebKit/537.36 (KHTML, like Gecko; compatible; GPTBot/1.2; +https://openai.com/gptbot)"
20.171.207.161 - - [17/Jun/2025:15:44:28 +0800] "GET /sitepages/topic/2?path=%2F%2Fhome%2Fzuuttrav%2F.caldav HTTP/1.1" 200 59248 "-" "Mozilla/5.0 AppleWebKit/537.36 (KHTML, like Gecko; compatible; GPTBot/1.2; +https://openai.com/gptbot)"
20.171.207.161 - - [17/Jun/2025:15:44:29 +0800] "GET /sitepages/topic/2?path=%2F%2Fusr%2Flib64%2Fpython3.6%2Fsite-packages%2Fcryptography HTTP/1.1" 200 61867 "-" "Mozilla/5.0 AppleWebKit/537.36 (KHTML, like Gecko; compatible; GPTBot/1.2; +https://openai.com/gptbot)"
20.171.207.119 - - [17/Jun/2025:15:44:31 +0800] "GET /?action=edit&file=libuser_files.so&path=%2F%2Flib64%2Flibuser HTTP/1.1" 200 157178 "-" "Mozilla/5.0 AppleWebKit/537.36 (KHTML, like Gecko; compatible; GPTBot/1.2; +https://openai.com/gptbot)"
114.119.150.208 - - [17/Jun/2025:15:44:37 +0800] "GET /services/topic/99?action=edit&file=.pearrc&path=/home/zuuttrav HTTP/1.1" 200 84625 "https://zuuttravel.com/services/topic/99?path=/home/zuuttrav" "Mozilla/5.0 (Linux; Android 7.0;) AppleWebKit/537.36 (KHTML, like Gecko) Mobile Safari/537.36 (compatible; PetalBot;+https://webmaster.petalsearch.com/site/petalbot)"
20.171.207.161 - - [17/Jun/2025:15:44:42 +0800] "GET /sitepages/topic/2?path=%2F%2Flib%2Ffirewalld%2Fzones HTTP/1.1" 200 62037 "-" "Mozilla/5.0 AppleWebKit/537.36 (KHTML, like Gecko; compatible; GPTBot/1.2; +https://openai.com/gptbot)"
20.171.207.119 - - [17/Jun/2025:15:44:42 +0800] "GET /?action=edit&file=ndbm.cpython-36.opt-1.pyc&path=%2F%2Flib64%2Fpython3.6%2Fdbm%2F__pycache__ HTTP/1.1" 200 86474 "-" "Mozilla/5.0 AppleWebKit/537.36 (KHTML, like Gecko; compatible; GPTBot/1.2; +https://openai.com/gptbot)"
20.171.207.161 - - [17/Jun/2025:15:44:49 +0800] "GET /sitepages/topic/2?path=%2F%2Fusr%2Flib64%2Fpython3.6%2Fsite-packages%2Fcryptography%2F__pycache__ HTTP/1.1" 200 63397 "-" "Mozilla/5.0 AppleWebKit/537.36 (KHTML, like Gecko; compatible; GPTBot/1.2; +https://openai.com/gptbot)"
20.171.207.119 - - [17/Jun/2025:15:44:50 +0800] "GET /?action=edit&file=gnu.cpython-36.opt-1.pyc&path=%2F%2Flib64%2Fpython3.6%2Fdbm%2F__pycache__ HTTP/1.1" 200 86473 "-" "Mozilla/5.0 AppleWebKit/537.36 (KHTML, like Gecko; compatible; GPTBot/1.2; +https://openai.com/gptbot)"
20.171.207.161 - - [17/Jun/2025:15:44:51 +0800] "GET /sitepages/topic/2?path=%2F%2Flib%2Fpython3.6%2Fsite-packages%2Fdateutil%2Fzoneinfo%2F__pycache__ HTTP/1.1" 200 61078 "-" "Mozilla/5.0 AppleWebKit/537.36 (KHTML, like Gecko; compatible; GPTBot/1.2; +https://openai.com/gptbot)"
20.171.207.119 - - [17/Jun/2025:15:44:57 +0800] "GET /?action=edit&file=dumb.cpython-36.opt-2.pyc&path=%2F%2Flib64%2Fpython3.6%2Fdbm%2F__pycache__ HTTP/1.1" 200 93879 "-" "Mozilla/5.0 AppleWebKit/537.36 (KHTML, like Gecko; compatible; GPTBot/1.2; +https://openai.com/gptbot)"
20.171.207.119 - - [17/Jun/2025:15:44:59 +0800] "GET /?action=edit&file=dumb.cpython-39.opt-2.pyc&path=%2F%2Flib64%2Fpython3.9%2Fdbm%2F__pycache__ HTTP/1.1" 200 93728 "-" "Mozilla/5.0 AppleWebKit/537.36 (KHTML, like Gecko; compatible; GPTBot/1.2; +https://openai.com/gptbot)"
20.171.207.161 - - [17/Jun/2025:15:45:02 +0800] "GET /sitepages/topic/2?path=%2F%2Fhome%2Fzuuttrav%2F.subaccounts HTTP/1.1" 200 59324 "-" "Mozilla/5.0 AppleWebKit/537.36 (KHTML, like Gecko; compatible; GPTBot/1.2; +https://openai.com/gptbot)"
66.249.79.166 - - [17/Jun/2025:15:45:03 +0800] "GET /?shopdetail/14438965 HTTP/1.1" 200 91190 "-" "Mozilla/5.0 (compatible; Googlebot/2.1; +http://www.google.com/bot.html)"
20.171.207.161 - - [17/Jun/2025:15:45:10 +0800] "GET /sitepages/topic/2?path=%2F%2Fhome%2Fzuuttrav%2Fpublic_ftp HTTP/1.1" 200 59246 "-" "Mozilla/5.0 AppleWebKit/537.36 (KHTML, like Gecko; compatible; GPTBot/1.2; +https://openai.com/gptbot)"
20.171.207.119 - - [17/Jun/2025:15:45:10 +0800] "GET /?action=edit&file=ndbm.cpython-39.opt-1.pyc&path=%2F%2Flib64%2Fpython3.9%2Fdbm%2F__pycache__ HTTP/1.1" 200 86486 "-" "Mozilla/5.0 AppleWebKit/537.36 (KHTML, like Gecko; compatible; GPTBot/1.2; +https://openai.com/gptbot)"
20.171.207.161 - - [17/Jun/2025:15:45:12 +0800] "GET /sitepages/topic/2?path=%2F%2Fhome%2Fzuuttrav%2F.koality HTTP/1.1" 200 58973 "-" "Mozilla/5.0 AppleWebKit/537.36 (KHTML, like Gecko; compatible; GPTBot/1.2; +https://openai.com/gptbot)"
20.171.207.119 - - [17/Jun/2025:15:45:12 +0800] "GET /?action=edit&file=ndbm.cpython-36.opt-2.pyc&path=%2F%2Flib64%2Fpython3.6%2Fdbm%2F__pycache__ HTTP/1.1" 200 86428 "-" "Mozilla/5.0 AppleWebKit/537.36 (KHTML, like Gecko; compatible; GPTBot/1.2; +https://openai.com/gptbot)"
20.171.207.119 - - [17/Jun/2025:15:45:19 +0800] "GET /?action=edit&file=dumb.cpython-36.opt-1.pyc&path=%2F%2Flib64%2Fpython3.6%2Fdbm%2F__pycache__ HTTP/1.1" 200 95222 "-" "Mozilla/5.0 AppleWebKit/537.36 (KHTML, like Gecko; compatible; GPTBot/1.2; +https://openai.com/gptbot)"
20.171.207.161 - - [17/Jun/2025:15:45:24 +0800] "GET /sitepages/topic/2?action=edit&file=lr192.fw&path=%2F%2Flib%2Ffirmware%2Fgo7007 HTTP/1.1" 200 68345 "-" "Mozilla/5.0 AppleWebKit/537.36 (KHTML, like Gecko; compatible; GPTBot/1.2; +https://openai.com/gptbot)"
20.171.207.161 - - [17/Jun/2025:15:45:26 +0800] "GET /sitepages/topic/2?path=%2F%2Fhome%2Fzuuttrav%2Fpublic_html HTTP/1.1" 200 64319 "-" "Mozilla/5.0 AppleWebKit/537.36 (KHTML, like Gecko; compatible; GPTBot/1.2; +https://openai.com/gptbot)"
20.171.207.119 - - [17/Jun/2025:15:45:31 +0800] "GET /?action=edit&file=ndbm.cpython-39.opt-2.pyc&path=%2F%2Flib64%2Fpython3.9%2Fdbm%2F__pycache__ HTTP/1.1" 200 86426 "-" "Mozilla/5.0 AppleWebKit/537.36 (KHTML, like Gecko; compatible; GPTBot/1.2; +https://openai.com/gptbot)"
