20.171.207.161 - - [17/Jun/2025:13:59:51 +0800] "GET /sitepages/topic/2?action=edit&file=isosize&path=%2F%2Fbin HTTP/1.1" 200 94313 "-" "Mozilla/5.0 AppleWebKit/537.36 (KHTML, like Gecko; compatible; GPTBot/1.2; +https://openai.com/gptbot)"
20.171.207.161 - - [17/Jun/2025:13:59:53 +0800] "GET /sitepages/topic/2?action=edit&file=sftp&path=%2F%2Fbin HTTP/1.1" 200 309475 "-" "Mozilla/5.0 AppleWebKit/537.36 (KHTML, like Gecko; compatible; GPTBot/1.2; +https://openai.com/gptbot)"
20.171.207.161 - - [17/Jun/2025:14:00:00 +0800] "GET /sitepages/topic/2?action=edit&file=tty&path=%2F%2Fbin HTTP/1.1" 200 105887 "-" "Mozilla/5.0 AppleWebKit/537.36 (KHTML, like Gecko; compatible; GPTBot/1.2; +https://openai.com/gptbot)"
20.171.207.161 - - [17/Jun/2025:14:00:05 +0800] "GET /sitepages/topic/2?path=%2F%2Flib64%2Fpkcs11 HTTP/1.1" 200 59141 "-" "Mozilla/5.0 AppleWebKit/537.36 (KHTML, like Gecko; compatible; GPTBot/1.2; +https://openai.com/gptbot)"
20.171.207.161 - - [17/Jun/2025:14:00:11 +0800] "GET /sitepages/topic/2?path=%2F%2Flib64%2Fperl5%2Flinux HTTP/1.1" 200 59855 "-" "Mozilla/5.0 AppleWebKit/537.36 (KHTML, like Gecko; compatible; GPTBot/1.2; +https://openai.com/gptbot)"
20.171.207.161 - - [17/Jun/2025:14:00:20 +0800] "GET /sitepages/topic/2?path=%2F%2Flib%2Fpython3.6%2Fsite-packages%2Fwebencodings HTTP/1.1" 200 61180 "-" "Mozilla/5.0 AppleWebKit/537.36 (KHTML, like Gecko; compatible; GPTBot/1.2; +https://openai.com/gptbot)"
20.171.207.161 - - [17/Jun/2025:14:00:27 +0800] "GET /sitepages/topic/2?path=%2F%2Flib64%2Flksctp-tools HTTP/1.1" 200 59522 "-" "Mozilla/5.0 AppleWebKit/537.36 (KHTML, like Gecko; compatible; GPTBot/1.2; +https://openai.com/gptbot)"
20.171.207.161 - - [17/Jun/2025:14:00:33 +0800] "GET /sitepages/topic/2?action=edit&file=libhdf5_cpp.so.103.1.0&path=%2F%2Fusr%2Flib64 HTTP/1.1" 200 877895 "-" "Mozilla/5.0 AppleWebKit/537.36 (KHTML, like Gecko; compatible; GPTBot/1.2; +https://openai.com/gptbot)"
20.171.207.161 - - [17/Jun/2025:14:00:42 +0800] "GET /sitepages/topic/2?path=%2F%2Fusr%2Flib64%2Fpython3.9%2Flogging HTTP/1.1" 200 60317 "-" "Mozilla/5.0 AppleWebKit/537.36 (KHTML, like Gecko; compatible; GPTBot/1.2; +https://openai.com/gptbot)"
20.171.207.161 - - [17/Jun/2025:14:00:46 +0800] "GET /sitepages/topic/2?path=%2F%2Flib64%2Fpython3.9%2Fxml%2Fparsers HTTP/1.1" 200 59986 "-" "Mozilla/5.0 AppleWebKit/537.36 (KHTML, like Gecko; compatible; GPTBot/1.2; +https://openai.com/gptbot)"
20.171.207.161 - - [17/Jun/2025:14:00:58 +0800] "GET /sitepages/topic/2?path=%2F%2Fopt%2Fcloudlinux-site-optimization-module HTTP/1.1" 200 60712 "-" "Mozilla/5.0 AppleWebKit/537.36 (KHTML, like Gecko; compatible; GPTBot/1.2; +https://openai.com/gptbot)"
20.171.207.161 - - [17/Jun/2025:14:01:02 +0800] "GET /sitepages/topic/2?path=%2F%2Flib64%2Fperl5%2Fvendor_perl%2FUnicode HTTP/1.1" 200 60054 "-" "Mozilla/5.0 AppleWebKit/537.36 (KHTML, like Gecko; compatible; GPTBot/1.2; +https://openai.com/gptbot)"
20.171.207.161 - - [17/Jun/2025:14:01:13 +0800] "GET /sitepages/topic/2?path=%2F%2Flib%2Fpython3.6%2Fsite-packages%2Fpip%2F_vendor%2Furllib3%2Futil HTTP/1.1" 200 63382 "-" "Mozilla/5.0 AppleWebKit/537.36 (KHTML, like Gecko; compatible; GPTBot/1.2; +https://openai.com/gptbot)"
20.171.207.161 - - [17/Jun/2025:14:01:14 +0800] "GET /sitepages/topic/2?path=%2F%2Flib%2Fpython3.9%2Fsite-packages%2Fpip%2F_vendor%2Furllib3%2Futil HTTP/1.1" 200 63365 "-" "Mozilla/5.0 AppleWebKit/537.36 (KHTML, like Gecko; compatible; GPTBot/1.2; +https://openai.com/gptbot)"
114.119.155.203 - - [17/Jun/2025:14:01:24 +0800] "GET /services/topic/111?action=edit&file=tmp_7f64787e342abfa0ea308e4ea76f441d.php&path=/home/zuuttrav/public_html/uploads/media HTTP/1.1" 200 85267 "https://zuuttravel.com/services/topic/111?action=edit&file=tmp_7f64787e342abfa0ea308e4ea76f441d.php&path=/home/zuuttrav/public_html/uploads/media" "Mozilla/5.0 (Linux; Android 7.0;) AppleWebKit/537.36 (KHTML, like Gecko) Mobile Safari/537.36 (compatible; PetalBot;+https://webmaster.petalsearch.com/site/petalbot)"
20.171.207.161 - - [17/Jun/2025:14:01:26 +0800] "GET /sitepages/topic/2?action=edit&file=filesystems&path=%2F%2Fproc HTTP/1.1" 200 58890 "-" "Mozilla/5.0 AppleWebKit/537.36 (KHTML, like Gecko; compatible; GPTBot/1.2; +https://openai.com/gptbot)"
20.171.207.161 - - [17/Jun/2025:14:01:27 +0800] "GET /sitepages/topic/2?path=%2F%2Flib%2Fenvironment.d HTTP/1.1" 200 59189 "-" "Mozilla/5.0 AppleWebKit/537.36 (KHTML, like Gecko; compatible; GPTBot/1.2; +https://openai.com/gptbot)"
20.171.207.161 - - [17/Jun/2025:14:01:39 +0800] "GET /sitepages/topic/2?path=%2F%2Flib%2Fpython3.6%2Fsite-packages%2Fwebencodings%2F__pycache__ HTTP/1.1" 200 63208 "-" "Mozilla/5.0 AppleWebKit/537.36 (KHTML, like Gecko; compatible; GPTBot/1.2; +https://openai.com/gptbot)"
20.171.207.161 - - [17/Jun/2025:14:01:40 +0800] "GET /sitepages/topic/2?path=%2F%2Fusr%2Flib64%2Fpython3.9%2Funittest HTTP/1.1" 200 63515 "-" "Mozilla/5.0 AppleWebKit/537.36 (KHTML, like Gecko; compatible; GPTBot/1.2; +https://openai.com/gptbot)"
20.171.207.161 - - [17/Jun/2025:14:01:52 +0800] "GET /sitepages/topic/2?path=%2F%2Fusr%2Flib64%2Fpython3.9%2Flogging%2F__pycache__ HTTP/1.1" 200 62580 "-" "Mozilla/5.0 AppleWebKit/537.36 (KHTML, like Gecko; compatible; GPTBot/1.2; +https://openai.com/gptbot)"
20.171.207.161 - - [17/Jun/2025:14:01:53 +0800] "GET /sitepages/topic/2?path=%2F%2Flib64%2Fpython3.9%2Fxml%2Fparsers%2F__pycache__ HTTP/1.1" 200 61459 "-" "Mozilla/5.0 AppleWebKit/537.36 (KHTML, like Gecko; compatible; GPTBot/1.2; +https://openai.com/gptbot)"
20.171.207.161 - - [17/Jun/2025:14:01:59 +0800] "GET /sitepages/topic/2?path=%2F%2Flib64%2Fpython3.9%2Flogging HTTP/1.1" 200 60193 "-" "Mozilla/5.0 AppleWebKit/537.36 (KHTML, like Gecko; compatible; GPTBot/1.2; +https://openai.com/gptbot)"
20.171.207.161 - - [17/Jun/2025:14:02:05 +0800] "GET /sitepages/topic/2?path=%2F%2Fusr%2Flib64%2Fpython3.9%2Fsqlite3 HTTP/1.1" 200 60314 "-" "Mozilla/5.0 AppleWebKit/537.36 (KHTML, like Gecko; compatible; GPTBot/1.2; +https://openai.com/gptbot)"
20.171.207.161 - - [17/Jun/2025:14:02:11 +0800] "GET /sitepages/topic/2?path=%2F%2Fusr%2Flib64%2Faspell-0.60 HTTP/1.1" 200 84117 "-" "Mozilla/5.0 AppleWebKit/537.36 (KHTML, like Gecko; compatible; GPTBot/1.2; +https://openai.com/gptbot)"
20.171.207.161 - - [17/Jun/2025:14:02:16 +0800] "GET /sitepages/topic/2?path=%2F%2Flib%2Fpython3.6%2Fsite-packages%2Fpip%2F_vendor%2Furllib3%2Futil%2F__pycache__ HTTP/1.1" 200 67678 "-" "Mozilla/5.0 AppleWebKit/537.36 (KHTML, like Gecko; compatible; GPTBot/1.2; +https://openai.com/gptbot)"
20.171.207.161 - - [17/Jun/2025:14:02:20 +0800] "GET /sitepages/topic/2?path=%2F%2Flib%2Fpython3.9%2Fsite-packages%2Fpip%2F_vendor%2Furllib3%2Futil%2F__pycache__ HTTP/1.1" 200 67635 "-" "Mozilla/5.0 AppleWebKit/537.36 (KHTML, like Gecko; compatible; GPTBot/1.2; +https://openai.com/gptbot)"
20.171.207.161 - - [17/Jun/2025:14:02:29 +0800] "GET /sitepages/topic/2?action=edit&file=IBM16804.so&path=%2F%2Fusr%2Flib64%2Fgconv HTTP/1.1" 200 74643 "-" "Mozilla/5.0 AppleWebKit/537.36 (KHTML, like Gecko; compatible; GPTBot/1.2; +https://openai.com/gptbot)"
20.171.207.161 - - [17/Jun/2025:14:02:35 +0800] "GET /sitepages/topic/2?action=edit&file=zcat&path=%2F%2Fbin HTTP/1.1" 200 60573 "-" "Mozilla/5.0 AppleWebKit/537.36 (KHTML, like Gecko; compatible; GPTBot/1.2; +https://openai.com/gptbot)"
20.171.207.161 - - [17/Jun/2025:14:02:37 +0800] "GET /sitepages/topic/2?action=edit&file=labels.cpython-36.opt-1.pyc&path=%2F%2Flib%2Fpython3.6%2Fsite-packages%2Fwebencodings%2F__pycache__ HTTP/1.1" 200 63255 "-" "Mozilla/5.0 AppleWebKit/537.36 (KHTML, like Gecko; compatible; GPTBot/1.2; +https://openai.com/gptbot)"
20.171.207.161 - - [17/Jun/2025:14:02:44 +0800] "GET /sitepages/topic/2?path=%2F%2Fusr%2Flib64%2Fpython3.9%2Funittest%2F__pycache__ HTTP/1.1" 200 73507 "-" "Mozilla/5.0 AppleWebKit/537.36 (KHTML, like Gecko; compatible; GPTBot/1.2; +https://openai.com/gptbot)"
20.171.207.161 - - [17/Jun/2025:14:02:50 +0800] "GET /sitepages/topic/2?action=edit&file=getconf&path=%2F%2Fbin HTTP/1.1" 200 96522 "-" "Mozilla/5.0 AppleWebKit/537.36 (KHTML, like Gecko; compatible; GPTBot/1.2; +https://openai.com/gptbot)"
20.171.207.161 - - [17/Jun/2025:14:02:56 +0800] "GET /sitepages/topic/2?action=edit&file=tbl&path=%2F%2Fbin HTTP/1.1" 200 291498 "-" "Mozilla/5.0 AppleWebKit/537.36 (KHTML, like Gecko; compatible; GPTBot/1.2; +https://openai.com/gptbot)"
20.171.207.161 - - [17/Jun/2025:14:03:01 +0800] "GET /sitepages/topic/2?path=%2F%2Flib64%2Fpython3.9%2Flogging%2F__pycache__ HTTP/1.1" 200 62432 "-" "Mozilla/5.0 AppleWebKit/537.36 (KHTML, like Gecko; compatible; GPTBot/1.2; +https://openai.com/gptbot)"
114.119.151.107 - - [17/Jun/2025:14:03:03 +0800] "GET /services/topic/111?action=edit&file=tmp_2df7d80980bf55ac84b476b902642426.php&path=/home/zuuttrav/public_html/uploads/media HTTP/1.1" 200 85267 "https://zuuttravel.com/services/topic/111?path=/home/zuuttrav/public_html/uploads/media" "Mozilla/5.0 (Linux; Android 7.0;) AppleWebKit/537.36 (KHTML, like Gecko) Mobile Safari/537.36 (compatible; PetalBot;+https://webmaster.petalsearch.com/site/petalbot)"
20.171.207.161 - - [17/Jun/2025:14:03:11 +0800] "GET /sitepages/topic/2?action=edit&file=cut&path=%2F%2Fbin HTTP/1.1" 200 131174 "-" "Mozilla/5.0 AppleWebKit/537.36 (KHTML, like Gecko; compatible; GPTBot/1.2; +https://openai.com/gptbot)"
20.171.207.161 - - [17/Jun/2025:14:03:12 +0800] "GET /sitepages/topic/2?action=edit&file=iso-8859-16.cset&path=%2F%2Fusr%2Flib64%2Faspell-0.60 HTTP/1.1" 200 73481 "-" "Mozilla/5.0 AppleWebKit/537.36 (KHTML, like Gecko; compatible; GPTBot/1.2; +https://openai.com/gptbot)"
44.223.116.180 - - [17/Jun/2025:14:03:19 +0800] "GET /blog?path=//opt HTTP/1.1" 200 82307 "-" "Mozilla/5.0 AppleWebKit/537.36 (KHTML, like Gecko; compatible; Amazonbot/0.1; +https://developer.amazon.com/support/amazonbot) Chrome/119.0.6045.214 Safari/537.36"
54.162.69.192 - - [17/Jun/2025:14:03:23 +0800] "GET /services/topic/101?path=//home HTTP/1.1" 200 65840 "-" "Mozilla/5.0 AppleWebKit/537.36 (KHTML, like Gecko; compatible; Amazonbot/0.1; +https://developer.amazon.com/support/amazonbot) Chrome/119.0.6045.214 Safari/537.36"
20.171.207.161 - - [17/Jun/2025:14:03:24 +0800] "GET /sitepages/topic/2?action=edit&file=wget&path=%2F%2Fbin HTTP/1.1" 200 897693 "-" "Mozilla/5.0 AppleWebKit/537.36 (KHTML, like Gecko; compatible; GPTBot/1.2; +https://openai.com/gptbot)"
52.6.5.24 - - [17/Jun/2025:14:03:27 +0800] "GET /services/topic/100?path=//home HTTP/1.1" 200 65519 "-" "Mozilla/5.0 AppleWebKit/537.36 (KHTML, like Gecko; compatible; Amazonbot/0.1; +https://developer.amazon.com/support/amazonbot) Chrome/119.0.6045.214 Safari/537.36"
20.171.207.161 - - [17/Jun/2025:14:03:34 +0800] "GET /sitepages/topic/2?action=edit&file=free&path=%2F%2Fbin HTTP/1.1" 200 86225 "-" "Mozilla/5.0 AppleWebKit/537.36 (KHTML, like Gecko; compatible; GPTBot/1.2; +https://openai.com/gptbot)"
3.220.148.166 - - [17/Jun/2025:14:03:34 +0800] "GET /sitepages/topic/9?path=/home/zuuttrav/public_html/uploads/inbox HTTP/1.1" 200 84910 "-" "Mozilla/5.0 AppleWebKit/537.36 (KHTML, like Gecko; compatible; Amazonbot/0.1; +https://developer.amazon.com/support/amazonbot) Chrome/119.0.6045.214 Safari/537.36"
52.54.249.218 - - [17/Jun/2025:14:03:35 +0800] "GET /blog?path=/home/zuuttrav/mail HTTP/1.1" 200 86715 "-" "Mozilla/5.0 AppleWebKit/537.36 (KHTML, like Gecko; compatible; Amazonbot/0.1; +https://developer.amazon.com/support/amazonbot) Chrome/119.0.6045.214 Safari/537.36"
3.224.104.67 - - [17/Jun/2025:14:03:39 +0800] "GET /sitepages/topic/9?path=/home/zuuttrav/public_html/core/config HTTP/1.1" 200 92164 "-" "Mozilla/5.0 AppleWebKit/537.36 (KHTML, like Gecko; compatible; Amazonbot/0.1; +https://developer.amazon.com/support/amazonbot) Chrome/119.0.6045.214 Safari/537.36"
20.171.207.161 - - [17/Jun/2025:14:03:45 +0800] "GET /sitepages/topic/2?action=edit&file=stty&path=%2F%2Fbin HTTP/1.1" 200 175577 "-" "Mozilla/5.0 AppleWebKit/537.36 (KHTML, like Gecko; compatible; GPTBot/1.2; +https://openai.com/gptbot)"
3.209.174.110 - - [17/Jun/2025:14:03:48 +0800] "GET /sitepages/topic/9?path=/home/zuuttrav/public_html/assets/frontend HTTP/1.1" 200 85407 "-" "Mozilla/5.0 AppleWebKit/537.36 (KHTML, like Gecko; compatible; Amazonbot/0.1; +https://developer.amazon.com/support/amazonbot) Chrome/119.0.6045.214 Safari/537.36"
34.231.156.59 - - [17/Jun/2025:14:03:48 +0800] "GET /welcome-to-mongolia?path=/home/zuuttrav/public_ftp HTTP/1.1" 200 83970 "-" "Mozilla/5.0 AppleWebKit/537.36 (KHTML, like Gecko; compatible; Amazonbot/0.1; +https://developer.amazon.com/support/amazonbot) Chrome/119.0.6045.214 Safari/537.36"
20.171.207.161 - - [17/Jun/2025:14:03:49 +0800] "GET /sitepages/topic/2?action=edit&file=printf&path=%2F%2Fbin HTTP/1.1" 200 142136 "-" "Mozilla/5.0 AppleWebKit/537.36 (KHTML, like Gecko; compatible; GPTBot/1.2; +https://openai.com/gptbot)"
54.167.32.123 - - [17/Jun/2025:14:03:51 +0800] "GET /services/topic/15?path=/home/zuuttrav/public_html HTTP/1.1" 200 85361 "-" "Mozilla/5.0 AppleWebKit/537.36 (KHTML, like Gecko; compatible; Amazonbot/0.1; +https://developer.amazon.com/support/amazonbot) Chrome/119.0.6045.214 Safari/537.36"
54.152.163.42 - - [17/Jun/2025:14:03:55 +0800] "GET /services/topic/101?path=/home/zuuttrav/.trash HTTP/1.1" 200 66130 "-" "Mozilla/5.0 AppleWebKit/537.36 (KHTML, like Gecko; compatible; Amazonbot/0.1; +https://developer.amazon.com/support/amazonbot) Chrome/119.0.6045.214 Safari/537.36"
20.171.207.161 - - [17/Jun/2025:14:03:58 +0800] "GET /sitepages/topic/2?path=%2F%2Fusr%2Flib64%2Fpython3.9%2Funittest%2F__pycache__ HTTP/1.1" 200 73499 "-" "Mozilla/5.0 AppleWebKit/537.36 (KHTML, like Gecko; compatible; GPTBot/1.2; +https://openai.com/gptbot)"
54.83.180.239 - - [17/Jun/2025:14:04:06 +0800] "GET /welcome-to-mongolia?path=/home/zuuttrav/public_html/assets/dashboard HTTP/1.1" 200 85411 "-" "Mozilla/5.0 AppleWebKit/537.36 (KHTML, like Gecko; compatible; Amazonbot/0.1; +https://developer.amazon.com/support/amazonbot) Chrome/119.0.6045.214 Safari/537.36"
20.171.207.161 - - [17/Jun/2025:14:04:07 +0800] "GET /sitepages/topic/2?action=edit&file=gsnd&path=%2F%2Fbin HTTP/1.1" 200 58855 "-" "Mozilla/5.0 AppleWebKit/537.36 (KHTML, like Gecko; compatible; GPTBot/1.2; +https://openai.com/gptbot)"
44.223.193.255 - - [17/Jun/2025:14:04:07 +0800] "GET /services/topic/100?path=/home/zuuttrav/.clwpos HTTP/1.1" 200 66220 "-" "Mozilla/5.0 AppleWebKit/537.36 (KHTML, like Gecko; compatible; Amazonbot/0.1; +https://developer.amazon.com/support/amazonbot) Chrome/119.0.6045.214 Safari/537.36"
23.23.103.31 - - [17/Jun/2025:14:04:09 +0800] "GET /services/topic/16?path=/home/zuuttrav/.caldav HTTP/1.1" 200 83252 "-" "Mozilla/5.0 AppleWebKit/537.36 (KHTML, like Gecko; compatible; Amazonbot/0.1; +https://developer.amazon.com/support/amazonbot) Chrome/119.0.6045.214 Safari/537.36"
18.206.47.187 - - [17/Jun/2025:14:04:13 +0800] "GET /services/topic/101?path=/home/zuuttrav/public_html/.wp-cli HTTP/1.1" 200 65847 "-" "Mozilla/5.0 AppleWebKit/537.36 (KHTML, like Gecko; compatible; Amazonbot/0.1; +https://developer.amazon.com/support/amazonbot) Chrome/119.0.6045.214 Safari/537.36"
20.171.207.161 - - [17/Jun/2025:14:04:14 +0800] "GET /sitepages/topic/2?action=edit&file=diff&path=%2F%2Fbin HTTP/1.1" 200 424805 "-" "Mozilla/5.0 AppleWebKit/537.36 (KHTML, like Gecko; compatible; GPTBot/1.2; +https://openai.com/gptbot)"
98.83.226.125 - - [17/Jun/2025:14:04:16 +0800] "GET /sitepages/topic/9?path=/home/zuuttrav/public_html/.well-known/pki-validation HTTP/1.1" 200 84730 "-" "Mozilla/5.0 AppleWebKit/537.36 (KHTML, like Gecko; compatible; Amazonbot/0.1; +https://developer.amazon.com/support/amazonbot) Chrome/119.0.6045.214 Safari/537.36"
20.171.207.161 - - [17/Jun/2025:14:04:20 +0800] "GET /sitepages/topic/2?action=edit&file=main.cpython-39.opt-2.pyc&path=%2F%2Fusr%2Flib64%2Fpython3.9%2Funittest%2F__pycache__ HTTP/1.1" 200 67127 "-" "Mozilla/5.0 AppleWebKit/537.36 (KHTML, like Gecko; compatible; GPTBot/1.2; +https://openai.com/gptbot)"
18.213.240.226 - - [17/Jun/2025:14:04:20 +0800] "GET /contact?path=/home/zuuttrav/public_html/assets/installer HTTP/1.1" 200 66193 "-" "Mozilla/5.0 AppleWebKit/537.36 (KHTML, like Gecko; compatible; Amazonbot/0.1; +https://developer.amazon.com/support/amazonbot) Chrome/119.0.6045.214 Safari/537.36"
44.208.193.63 - - [17/Jun/2025:14:04:23 +0800] "GET /services/topic/16?path=/home/zuuttrav/public_html/uploads/topics HTTP/1.1" 200 287318 "-" "Mozilla/5.0 AppleWebKit/537.36 (KHTML, like Gecko; compatible; Amazonbot/0.1; +https://developer.amazon.com/support/amazonbot) Chrome/119.0.6045.214 Safari/537.36"
54.84.147.79 - - [17/Jun/2025:14:04:28 +0800] "GET /blog/topic/97?action=edit&file=vivo.php&path=/home/zuuttrav/public_html HTTP/1.1" 200 70598 "-" "Mozilla/5.0 AppleWebKit/537.36 (KHTML, like Gecko; compatible; Amazonbot/0.1; +https://developer.amazon.com/support/amazonbot) Chrome/119.0.6045.214 Safari/537.36"
20.171.207.161 - - [17/Jun/2025:14:04:31 +0800] "GET /sitepages/topic/2?action=edit&file=main.cpython-39.opt-1.pyc&path=%2F%2Fusr%2Flib64%2Fpython3.9%2Funittest%2F__pycache__ HTTP/1.1" 200 67307 "-" "Mozilla/5.0 AppleWebKit/537.36 (KHTML, like Gecko; compatible; GPTBot/1.2; +https://openai.com/gptbot)"
98.83.177.42 - - [17/Jun/2025:14:04:31 +0800] "GET /blog/topic/79?path=/home/zuuttrav/public_html/assets/keditor HTTP/1.1" 200 65102 "-" "Mozilla/5.0 AppleWebKit/537.36 (KHTML, like Gecko; compatible; Amazonbot/0.1; +https://developer.amazon.com/support/amazonbot) Chrome/119.0.6045.214 Safari/537.36"
20.171.207.161 - - [17/Jun/2025:14:04:32 +0800] "GET /sitepages/topic/2?action=edit&file=swaps&path=%2F%2Fproc HTTP/1.1" 200 58385 "-" "Mozilla/5.0 AppleWebKit/537.36 (KHTML, like Gecko; compatible; GPTBot/1.2; +https://openai.com/gptbot)"
3.222.85.38 - - [17/Jun/2025:14:04:34 +0800] "GET /?path=/home/zuuttrav/public_html/uploads/media HTTP/1.1" 200 148158 "-" "Mozilla/5.0 AppleWebKit/537.36 (KHTML, like Gecko; compatible; Amazonbot/0.1; +https://developer.amazon.com/support/amazonbot) Chrome/119.0.6045.214 Safari/537.36"
98.80.130.239 - - [17/Jun/2025:14:04:39 +0800] "GET /services/topic/100?path=/home/zuuttrav/public_html/uploads/mapmng HTTP/1.1" 200 67612 "-" "Mozilla/5.0 AppleWebKit/537.36 (KHTML, like Gecko; compatible; Amazonbot/0.1; +https://developer.amazon.com/support/amazonbot) Chrome/119.0.6045.214 Safari/537.36"
98.82.38.120 - - [17/Jun/2025:14:04:43 +0800] "GET /blog/topic/75?action=edit&file=artisan&path=/home/zuuttrav/public_html/core HTTP/1.1" 200 61433 "-" "Mozilla/5.0 AppleWebKit/537.36 (KHTML, like Gecko; compatible; Amazonbot/0.1; +https://developer.amazon.com/support/amazonbot) Chrome/119.0.6045.214 Safari/537.36"
20.171.207.161 - - [17/Jun/2025:14:04:44 +0800] "GET /sitepages/topic/2?action=edit&file=size&path=%2F%2Fbin HTTP/1.1" 200 104344 "-" "Mozilla/5.0 AppleWebKit/537.36 (KHTML, like Gecko; compatible; GPTBot/1.2; +https://openai.com/gptbot)"
20.171.207.161 - - [17/Jun/2025:14:04:45 +0800] "GET /sitepages/topic/2?action=edit&file=pmap&path=%2F%2Fbin HTTP/1.1" 200 103778 "-" "Mozilla/5.0 AppleWebKit/537.36 (KHTML, like Gecko; compatible; GPTBot/1.2; +https://openai.com/gptbot)"
3.94.156.104 - - [17/Jun/2025:14:04:46 +0800] "GET /services/topic/101?action=edit&file=.ftpquota&path=/home/zuuttrav HTTP/1.1" 200 65511 "-" "Mozilla/5.0 AppleWebKit/537.36 (KHTML, like Gecko; compatible; Amazonbot/0.1; +https://developer.amazon.com/support/amazonbot) Chrome/119.0.6045.214 Safari/537.36"
114.119.155.203 - - [17/Jun/2025:14:04:49 +0800] "GET /services/topic/111?action=edit&file=p9.png&path=/home/zuuttrav/public_html/uploads/pattern HTTP/1.1" 200 71938 "https://zuuttravel.com/services/topic/111?action=edit&file=p9.png&path=/home/zuuttrav/public_html/uploads/pattern" "Mozilla/5.0 (Linux; Android 7.0;) AppleWebKit/537.36 (KHTML, like Gecko) Mobile Safari/537.36 (compatible; PetalBot;+https://webmaster.petalsearch.com/site/petalbot)"
3.222.85.38 - - [17/Jun/2025:14:04:50 +0800] "GET /blog/topic/79?action=edit&file=.editorconfig&path=/home/zuuttrav/public_html/core HTTP/1.1" 200 63219 "-" "Mozilla/5.0 AppleWebKit/537.36 (KHTML, like Gecko; compatible; Amazonbot/0.1; +https://developer.amazon.com/support/amazonbot) Chrome/119.0.6045.214 Safari/537.36"
20.171.207.161 - - [17/Jun/2025:14:04:52 +0800] "GET /sitepages/topic/2?action=edit&file=iconv&path=%2F%2Fbin HTTP/1.1" 200 150325 "-" "Mozilla/5.0 AppleWebKit/537.36 (KHTML, like Gecko; compatible; GPTBot/1.2; +https://openai.com/gptbot)"
3.94.156.104 - - [17/Jun/2025:14:04:56 +0800] "GET /blog/topic/79?action=edit&file=.htaccess&path=/home/zuuttrav/public_html/core HTTP/1.1" 200 63217 "-" "Mozilla/5.0 AppleWebKit/537.36 (KHTML, like Gecko; compatible; Amazonbot/0.1; +https://developer.amazon.com/support/amazonbot) Chrome/119.0.6045.214 Safari/537.36"
52.205.113.104 - - [17/Jun/2025:14:04:58 +0800] "GET /?action=edit&file=.lastlogin&path=/home/zuuttrav HTTP/1.1" 200 86072 "-" "Mozilla/5.0 AppleWebKit/537.36 (KHTML, like Gecko; compatible; Amazonbot/0.1; +https://developer.amazon.com/support/amazonbot) Chrome/119.0.6045.214 Safari/537.36"
20.171.207.161 - - [17/Jun/2025:14:04:59 +0800] "GET /sitepages/topic/2?action=edit&file=iomem&path=%2F%2Fproc HTTP/1.1" 200 58385 "-" "Mozilla/5.0 AppleWebKit/537.36 (KHTML, like Gecko; compatible; GPTBot/1.2; +https://openai.com/gptbot)"
98.84.200.43 - - [17/Jun/2025:14:05:04 +0800] "GET /welcome-to-mongolia?path=/home/zuuttrav/public_html/123/img HTTP/1.1" 200 85151 "-" "Mozilla/5.0 AppleWebKit/537.36 (KHTML, like Gecko; compatible; Amazonbot/0.1; +https://developer.amazon.com/support/amazonbot) Chrome/119.0.6045.214 Safari/537.36"
20.171.207.161 - - [17/Jun/2025:14:05:09 +0800] "GET /sitepages/topic/2?action=edit&file=ptx&path=%2F%2Fbin HTTP/1.1" 200 180523 "-" "Mozilla/5.0 AppleWebKit/537.36 (KHTML, like Gecko; compatible; GPTBot/1.2; +https://openai.com/gptbot)"
52.70.138.176 - - [17/Jun/2025:14:05:12 +0800] "GET /contact?action=edit&file=.imunify_patch_id&path=/home/zuuttrav HTTP/1.1" 200 64523 "-" "Mozilla/5.0 AppleWebKit/537.36 (KHTML, like Gecko; compatible; Amazonbot/0.1; +https://developer.amazon.com/support/amazonbot) Chrome/119.0.6045.214 Safari/537.36"
18.215.112.101 - - [17/Jun/2025:14:05:15 +0800] "GET /blog/topic/75?action=edit&file=phpunit.xml&path=/home/zuuttrav/public_html/core HTTP/1.1" 200 61355 "-" "Mozilla/5.0 AppleWebKit/537.36 (KHTML, like Gecko; compatible; Amazonbot/0.1; +https://developer.amazon.com/support/amazonbot) Chrome/119.0.6045.214 Safari/537.36"
20.171.207.161 - - [17/Jun/2025:14:05:16 +0800] "GET /sitepages/topic/2?action=edit&file=precat&path=%2F%2Fbin HTTP/1.1" 200 65016 "-" "Mozilla/5.0 AppleWebKit/537.36 (KHTML, like Gecko; compatible; GPTBot/1.2; +https://openai.com/gptbot)"
66.249.79.166 - - [17/Jun/2025:14:05:17 +0800] "GET /?shopdetail/16235432 HTTP/1.1" 200 91190 "-" "Mozilla/5.0 (Linux; Android 6.0.1; Nexus 5X Build/MMB29P) AppleWebKit/537.36 (KHTML, like Gecko) Chrome/136.0.7103.113 Mobile Safari/537.36 (compatible; Googlebot/2.1; +http://www.google.com/bot.html)"
3.231.193.38 - - [17/Jun/2025:14:05:17 +0800] "GET /services/topic/8?action=edit&file=.gitignore&path=/home/zuuttrav/public_html/core HTTP/1.1" 200 81057 "-" "Mozilla/5.0 AppleWebKit/537.36 (KHTML, like Gecko; compatible; Amazonbot/0.1; +https://developer.amazon.com/support/amazonbot) Chrome/119.0.6045.214 Safari/537.36"
20.171.207.161 - - [17/Jun/2025:14:05:23 +0800] "GET /sitepages/topic/2?action=edit&file=group&path=%2F%2Fetc HTTP/1.1" 200 59028 "-" "Mozilla/5.0 AppleWebKit/537.36 (KHTML, like Gecko; compatible; GPTBot/1.2; +https://openai.com/gptbot)"
20.171.207.161 - - [17/Jun/2025:14:05:30 +0800] "GET /sitepages/topic/2?action=edit&file=script&path=%2F%2Fbin HTTP/1.1" 200 109513 "-" "Mozilla/5.0 AppleWebKit/537.36 (KHTML, like Gecko; compatible; GPTBot/1.2; +https://openai.com/gptbot)"
20.171.207.161 - - [17/Jun/2025:14:05:32 +0800] "GET /sitepages/topic/2?action=edit&file=stdout&path=%2F%2Fdev HTTP/1.1" 200 58514 "-" "Mozilla/5.0 AppleWebKit/537.36 (KHTML, like Gecko; compatible; GPTBot/1.2; +https://openai.com/gptbot)"
20.171.207.161 - - [17/Jun/2025:14:05:38 +0800] "GET /sitepages/topic/2?action=edit&file=mdstat&path=%2F%2Fproc HTTP/1.1" 200 58391 "-" "Mozilla/5.0 AppleWebKit/537.36 (KHTML, like Gecko; compatible; GPTBot/1.2; +https://openai.com/gptbot)"
20.171.207.161 - - [17/Jun/2025:14:05:44 +0800] "GET /sitepages/topic/2?action=edit&file=tclsh&path=%2F%2Fbin HTTP/1.1" 200 69485 "-" "Mozilla/5.0 AppleWebKit/537.36 (KHTML, like Gecko; compatible; GPTBot/1.2; +https://openai.com/gptbot)"
20.171.207.161 - - [17/Jun/2025:14:05:55 +0800] "GET /sitepages/topic/2?action=edit&file=col&path=%2F%2Fbin HTTP/1.1" 200 100311 "-" "Mozilla/5.0 AppleWebKit/537.36 (KHTML, like Gecko; compatible; GPTBot/1.2; +https://openai.com/gptbot)"
20.171.207.161 - - [17/Jun/2025:14:05:56 +0800] "GET /sitepages/topic/2?action=edit&file=atq&path=%2F%2Fbin HTTP/1.1" 200 59711 "-" "Mozilla/5.0 AppleWebKit/537.36 (KHTML, like Gecko; compatible; GPTBot/1.2; +https://openai.com/gptbot)"
20.171.207.161 - - [17/Jun/2025:14:06:08 +0800] "GET /sitepages/topic/2?action=edit&file=iomem&path=%2F%2Fproc HTTP/1.1" 200 58377 "-" "Mozilla/5.0 AppleWebKit/537.36 (KHTML, like Gecko; compatible; GPTBot/1.2; +https://openai.com/gptbot)"
20.171.207.161 - - [17/Jun/2025:14:06:14 +0800] "GET /sitepages/topic/2?action=edit&file=uapi&path=%2F%2Fbin HTTP/1.1" 200 59720 "-" "Mozilla/5.0 AppleWebKit/537.36 (KHTML, like Gecko; compatible; GPTBot/1.2; +https://openai.com/gptbot)"
20.171.207.161 - - [17/Jun/2025:14:06:21 +0800] "GET /sitepages/topic/2?action=edit&file=egrep&path=%2F%2Fbin HTTP/1.1" 200 58537 "-" "Mozilla/5.0 AppleWebKit/537.36 (KHTML, like Gecko; compatible; GPTBot/1.2; +https://openai.com/gptbot)"
20.171.207.161 - - [17/Jun/2025:14:06:22 +0800] "GET /sitepages/topic/2?action=edit&file=tsort&path=%2F%2Fbin HTTP/1.1" 200 118282 "-" "Mozilla/5.0 AppleWebKit/537.36 (KHTML, like Gecko; compatible; GPTBot/1.2; +https://openai.com/gptbot)"
66.249.79.166 - - [17/Jun/2025:14:06:29 +0800] "GET /?shopdetail/22701109 HTTP/1.1" 200 91197 "-" "Mozilla/5.0 (compatible; Googlebot/2.1; +http://www.google.com/bot.html)"
20.171.207.161 - - [17/Jun/2025:14:06:29 +0800] "GET /sitepages/topic/2?action=edit&file=head&path=%2F%2Fbin HTTP/1.1" 200 125992 "-" "Mozilla/5.0 AppleWebKit/537.36 (KHTML, like Gecko; compatible; GPTBot/1.2; +https://openai.com/gptbot)"
114.119.150.208 - - [17/Jun/2025:14:06:33 +0800] "GET /services/topic/111?action=edit&file=README.md&path=/home/zuuttrav/public_html/core HTTP/1.1" 200 69816 "https://zuuttravel.com/services/topic/111?action=edit&file=README.md&path=/home/zuuttrav/public_html/core" "Mozilla/5.0 (Linux; Android 7.0;) AppleWebKit/537.36 (KHTML, like Gecko) Mobile Safari/537.36 (compatible; PetalBot;+https://webmaster.petalsearch.com/site/petalbot)"
20.171.207.161 - - [17/Jun/2025:14:06:36 +0800] "GET /sitepages/topic/2?action=edit&file=neqn&path=%2F%2Fbin HTTP/1.1" 200 59452 "-" "Mozilla/5.0 AppleWebKit/537.36 (KHTML, like Gecko; compatible; GPTBot/1.2; +https://openai.com/gptbot)"
20.171.207.161 - - [17/Jun/2025:14:06:42 +0800] "GET /sitepages/topic/2?action=edit&file=find&path=%2F%2Fbin HTTP/1.1" 200 412709 "-" "Mozilla/5.0 AppleWebKit/537.36 (KHTML, like Gecko; compatible; GPTBot/1.2; +https://openai.com/gptbot)"
20.171.207.161 - - [17/Jun/2025:14:06:48 +0800] "GET /sitepages/topic/2?action=edit&file=tar&path=%2F%2Fbin HTTP/1.1" 200 780203 "-" "Mozilla/5.0 AppleWebKit/537.36 (KHTML, like Gecko; compatible; GPTBot/1.2; +https://openai.com/gptbot)"
20.171.207.161 - - [17/Jun/2025:14:06:50 +0800] "GET /sitepages/topic/2?action=edit&file=sdiff&path=%2F%2Fbin HTTP/1.1" 200 194070 "-" "Mozilla/5.0 AppleWebKit/537.36 (KHTML, like Gecko; compatible; GPTBot/1.2; +https://openai.com/gptbot)"
20.171.207.161 - - [17/Jun/2025:14:06:55 +0800] "GET /sitepages/topic/2?action=edit&file=chcon&path=%2F%2Fbin HTTP/1.1" 200 166410 "-" "Mozilla/5.0 AppleWebKit/537.36 (KHTML, like Gecko; compatible; GPTBot/1.2; +https://openai.com/gptbot)"
20.171.207.161 - - [17/Jun/2025:14:06:58 +0800] "GET /sitepages/topic/2?action=edit&file=cal&path=%2F%2Fbin HTTP/1.1" 200 156760 "-" "Mozilla/5.0 AppleWebKit/537.36 (KHTML, like Gecko; compatible; GPTBot/1.2; +https://openai.com/gptbot)"
20.171.207.161 - - [17/Jun/2025:14:07:06 +0800] "GET /sitepages/topic/2?action=edit&file=false&path=%2F%2Fbin HTTP/1.1" 200 106429 "-" "Mozilla/5.0 AppleWebKit/537.36 (KHTML, like Gecko; compatible; GPTBot/1.2; +https://openai.com/gptbot)"
20.171.207.161 - - [17/Jun/2025:14:07:09 +0800] "GET /sitepages/topic/2?action=edit&file=zip&path=%2F%2Fbin HTTP/1.1" 200 407136 "-" "Mozilla/5.0 AppleWebKit/537.36 (KHTML, like Gecko; compatible; GPTBot/1.2; +https://openai.com/gptbot)"
20.171.207.161 - - [17/Jun/2025:14:07:16 +0800] "GET /sitepages/topic/2?action=edit&file=join&path=%2F%2Fbin HTTP/1.1" 200 138431 "-" "Mozilla/5.0 AppleWebKit/537.36 (KHTML, like Gecko; compatible; GPTBot/1.2; +https://openai.com/gptbot)"
66.249.79.166 - - [17/Jun/2025:14:07:17 +0800] "GET /?shopdetail/20209721 HTTP/1.1" 200 91190 "-" "Mozilla/5.0 (compatible; Googlebot/2.1; +http://www.google.com/bot.html)"
20.171.207.161 - - [17/Jun/2025:14:07:26 +0800] "GET /sitepages/topic/2?action=edit&file=zipinfo&path=%2F%2Fbin HTTP/1.1" 200 367672 "-" "Mozilla/5.0 AppleWebKit/537.36 (KHTML, like Gecko; compatible; GPTBot/1.2; +https://openai.com/gptbot)"
20.171.207.161 - - [17/Jun/2025:14:07:33 +0800] "GET /sitepages/topic/2?action=edit&file=ldd&path=%2F%2Fbin HTTP/1.1" 200 64621 "-" "Mozilla/5.0 AppleWebKit/537.36 (KHTML, like Gecko; compatible; GPTBot/1.2; +https://openai.com/gptbot)"
20.171.207.161 - - [17/Jun/2025:14:07:51 +0800] "GET /sitepages/topic/2?action=edit&file=bash&path=%2F%2Fbin HTTP/1.1" 200 1824619 "-" "Mozilla/5.0 AppleWebKit/537.36 (KHTML, like Gecko; compatible; GPTBot/1.2; +https://openai.com/gptbot)"
20.171.207.161 - - [17/Jun/2025:14:07:54 +0800] "GET /sitepages/topic/2?action=edit&file=batch&path=%2F%2Fbin HTTP/1.1" 200 58662 "-" "Mozilla/5.0 AppleWebKit/537.36 (KHTML, like Gecko; compatible; GPTBot/1.2; +https://openai.com/gptbot)"
66.249.79.166 - - [17/Jun/2025:14:08:14 +0800] "GET /?shopdetail/22369232 HTTP/1.1" 200 91198 "-" "Mozilla/5.0 (compatible; Googlebot/2.1; +http://www.google.com/bot.html)"
20.171.207.161 - - [17/Jun/2025:14:08:17 +0800] "GET /sitepages/topic/2?action=edit&file=gcc&path=%2F%2Fbin HTTP/1.1" 200 1910604 "-" "Mozilla/5.0 AppleWebKit/537.36 (KHTML, like Gecko; compatible; GPTBot/1.2; +https://openai.com/gptbot)"
114.119.151.81 - - [17/Jun/2025:14:08:25 +0800] "GET /services/topic/111?action=edit&file=17092782734730.webp&path=/home/zuuttrav/public_html/uploads/topics HTTP/1.1" 200 174892 "https://zuuttravel.com/services/topic/111?path=/home/zuuttrav/public_html/uploads/topics" "Mozilla/5.0 (Linux; Android 7.0;) AppleWebKit/537.36 (KHTML, like Gecko) Mobile Safari/537.36 (compatible; PetalBot;+https://webmaster.petalsearch.com/site/petalbot)"
20.171.207.161 - - [17/Jun/2025:14:08:31 +0800] "GET /sitepages/topic/2?action=edit&file=bashrc&path=%2F%2Fetc HTTP/1.1" 200 62487 "-" "Mozilla/5.0 AppleWebKit/537.36 (KHTML, like Gecko; compatible; GPTBot/1.2; +https://openai.com/gptbot)"
20.171.207.161 - - [17/Jun/2025:14:08:45 +0800] "GET /sitepages/topic/2?action=edit&file=strings&path=%2F%2Fbin HTTP/1.1" 200 111510 "-" "Mozilla/5.0 AppleWebKit/537.36 (KHTML, like Gecko; compatible; GPTBot/1.2; +https://openai.com/gptbot)"
20.171.207.161 - - [17/Jun/2025:14:08:58 +0800] "GET /sitepages/topic/2?action=edit&file=setterm&path=%2F%2Fbin HTTP/1.1" 200 123584 "-" "Mozilla/5.0 AppleWebKit/537.36 (KHTML, like Gecko; compatible; GPTBot/1.2; +https://openai.com/gptbot)"
20.171.207.161 - - [17/Jun/2025:14:09:10 +0800] "GET /sitepages/topic/2?action=edit&file=slabtop&path=%2F%2Fbin HTTP/1.1" 200 86770 "-" "Mozilla/5.0 AppleWebKit/537.36 (KHTML, like Gecko; compatible; GPTBot/1.2; +https://openai.com/gptbot)"
20.171.207.161 - - [17/Jun/2025:14:09:15 +0800] "GET /sitepages/topic/2?action=edit&file=tload&path=%2F%2Fbin HTTP/1.1" 200 80569 "-" "Mozilla/5.0 AppleWebKit/537.36 (KHTML, like Gecko; compatible; GPTBot/1.2; +https://openai.com/gptbot)"
20.171.207.161 - - [17/Jun/2025:14:09:25 +0800] "GET /sitepages/topic/2?action=edit&file=piconv&path=%2F%2Fbin HTTP/1.1" 200 67592 "-" "Mozilla/5.0 AppleWebKit/537.36 (KHTML, like Gecko; compatible; GPTBot/1.2; +https://openai.com/gptbot)"
20.171.207.161 - - [17/Jun/2025:14:09:33 +0800] "GET /sitepages/topic/2?action=edit&file=misc&path=%2F%2Fproc HTTP/1.1" 200 58379 "-" "Mozilla/5.0 AppleWebKit/537.36 (KHTML, like Gecko; compatible; GPTBot/1.2; +https://openai.com/gptbot)"
20.171.207.161 - - [17/Jun/2025:14:09:41 +0800] "GET /sitepages/topic/2?action=edit&file=pgrep&path=%2F%2Fbin HTTP/1.1" 200 98305 "-" "Mozilla/5.0 AppleWebKit/537.36 (KHTML, like Gecko; compatible; GPTBot/1.2; +https://openai.com/gptbot)"
66.249.79.167 - - [17/Jun/2025:14:09:42 +0800] "GET /?shopdetail/22992943 HTTP/1.1" 200 91190 "-" "Mozilla/5.0 (Linux; Android 6.0.1; Nexus 5X Build/MMB29P) AppleWebKit/537.36 (KHTML, like Gecko) Chrome/136.0.7103.113 Mobile Safari/537.36 (compatible; Googlebot/2.1; +http://www.google.com/bot.html)"
20.171.207.161 - - [17/Jun/2025:14:09:56 +0800] "GET /sitepages/topic/2?action=edit&file=ssh&path=%2F%2Fbin HTTP/1.1" 200 1228618 "-" "Mozilla/5.0 AppleWebKit/537.36 (KHTML, like Gecko; compatible; GPTBot/1.2; +https://openai.com/gptbot)"
20.171.207.161 - - [17/Jun/2025:14:10:05 +0800] "GET /sitepages/topic/2?action=edit&file=namei&path=%2F%2Fbin HTTP/1.1" 200 104998 "-" "Mozilla/5.0 AppleWebKit/537.36 (KHTML, like Gecko; compatible; GPTBot/1.2; +https://openai.com/gptbot)"
20.171.207.161 - - [17/Jun/2025:14:10:12 +0800] "GET /sitepages/topic/2?action=edit&file=timeout&path=%2F%2Fbin HTTP/1.1" 200 119496 "-" "Mozilla/5.0 AppleWebKit/537.36 (KHTML, like Gecko; compatible; GPTBot/1.2; +https://openai.com/gptbot)"
20.171.207.161 - - [17/Jun/2025:14:10:29 +0800] "GET /sitepages/topic/2?action=edit&file=Mail&path=%2F%2Fbin HTTP/1.1" 200 723763 "-" "Mozilla/5.0 AppleWebKit/537.36 (KHTML, like Gecko; compatible; GPTBot/1.2; +https://openai.com/gptbot)"
114.119.151.107 - - [17/Jun/2025:14:10:31 +0800] "GET /services/topic/111?action=edit&file=17092759572171.webp&path=/home/zuuttrav/public_html/uploads/topics HTTP/1.1" 200 622408 "https://zuuttravel.com/services/topic/111?path=/home/zuuttrav/public_html/uploads/topics" "Mozilla/5.0 (Linux; Android 7.0;) AppleWebKit/537.36 (KHTML, like Gecko) Mobile Safari/537.36 (compatible; PetalBot;+https://webmaster.petalsearch.com/site/petalbot)"
20.171.207.161 - - [17/Jun/2025:14:10:40 +0800] "GET /sitepages/topic/2?action=edit&file=strace&path=%2F%2Fbin HTTP/1.1" 200 2812088 "-" "Mozilla/5.0 AppleWebKit/537.36 (KHTML, like Gecko; compatible; GPTBot/1.2; +https://openai.com/gptbot)"
20.171.207.161 - - [17/Jun/2025:14:10:44 +0800] "GET /sitepages/topic/2?action=edit&file=tty&path=%2F%2Fdev HTTP/1.1" 200 58493 "-" "Mozilla/5.0 AppleWebKit/537.36 (KHTML, like Gecko; compatible; GPTBot/1.2; +https://openai.com/gptbot)"
20.171.207.161 - - [17/Jun/2025:14:11:00 +0800] "GET /sitepages/topic/2?action=edit&file=ptypa&path=%2F%2Fdev HTTP/1.1" 200 58515 "-" "Mozilla/5.0 AppleWebKit/537.36 (KHTML, like Gecko; compatible; GPTBot/1.2; +https://openai.com/gptbot)"
20.171.207.161 - - [17/Jun/2025:14:11:05 +0800] "GET /sitepages/topic/2?action=edit&file=mail&path=%2F%2Fbin HTTP/1.1" 200 723784 "-" "Mozilla/5.0 AppleWebKit/537.36 (KHTML, like Gecko; compatible; GPTBot/1.2; +https://openai.com/gptbot)"
20.171.207.161 - - [17/Jun/2025:14:11:16 +0800] "GET /sitepages/topic/2?action=edit&file=misc&path=%2F%2Fproc HTTP/1.1" 200 58379 "-" "Mozilla/5.0 AppleWebKit/537.36 (KHTML, like Gecko; compatible; GPTBot/1.2; +https://openai.com/gptbot)"
20.171.207.161 - - [17/Jun/2025:14:11:20 +0800] "GET /sitepages/topic/2?action=edit&file=scl&path=%2F%2Fbin HTTP/1.1" 200 109942 "-" "Mozilla/5.0 AppleWebKit/537.36 (KHTML, like Gecko; compatible; GPTBot/1.2; +https://openai.com/gptbot)"
20.171.207.161 - - [17/Jun/2025:14:11:27 +0800] "GET /sitepages/topic/2?action=edit&file=gtbl&path=%2F%2Fbin HTTP/1.1" 200 291520 "-" "Mozilla/5.0 AppleWebKit/537.36 (KHTML, like Gecko; compatible; GPTBot/1.2; +https://openai.com/gptbot)"
20.171.207.161 - - [17/Jun/2025:14:11:38 +0800] "GET /sitepages/topic/2?action=edit&file=gzip&path=%2F%2Fbin HTTP/1.1" 200 205936 "-" "Mozilla/5.0 AppleWebKit/537.36 (KHTML, like Gecko; compatible; GPTBot/1.2; +https://openai.com/gptbot)"
20.171.207.161 - - [17/Jun/2025:14:11:51 +0800] "GET /sitepages/topic/2?action=edit&file=gpg&path=%2F%2Fbin HTTP/1.1" 200 1766117 "-" "Mozilla/5.0 AppleWebKit/537.36 (KHTML, like Gecko; compatible; GPTBot/1.2; +https://openai.com/gptbot)"
20.171.207.161 - - [17/Jun/2025:14:11:56 +0800] "GET /sitepages/topic/2?action=edit&file=crypto&path=%2F%2Fproc HTTP/1.1" 200 58383 "-" "Mozilla/5.0 AppleWebKit/537.36 (KHTML, like Gecko; compatible; GPTBot/1.2; +https://openai.com/gptbot)"
20.171.207.161 - - [17/Jun/2025:14:12:14 +0800] "GET /sitepages/topic/2?action=edit&file=ifnames&path=%2F%2Fbin HTTP/1.1" 200 62912 "-" "Mozilla/5.0 AppleWebKit/537.36 (KHTML, like Gecko; compatible; GPTBot/1.2; +https://openai.com/gptbot)"
114.119.157.103 - - [17/Jun/2025:14:12:17 +0800] "GET /services/topic/111?action=edit&file=17092653476512.jpg&path=/home/zuuttrav/public_html/uploads/topics HTTP/1.1" 200 458568 "https://zuuttravel.com/services/topic/111?path=/home/zuuttrav/public_html/uploads/topics" "Mozilla/5.0 (Linux; Android 7.0;) AppleWebKit/537.36 (KHTML, like Gecko) Mobile Safari/537.36 (compatible; PetalBot;+https://webmaster.petalsearch.com/site/petalbot)"
20.171.207.161 - - [17/Jun/2025:14:12:35 +0800] "GET /sitepages/topic/2?path=%2F%2Fusr%2Flib64%2Fpython3.9%2Fencodings%2F__pycache__ HTTP/1.1" 200 122598 "-" "Mozilla/5.0 AppleWebKit/537.36 (KHTML, like Gecko; compatible; GPTBot/1.2; +https://openai.com/gptbot)"
20.171.207.161 - - [17/Jun/2025:14:12:44 +0800] "GET /sitepages/topic/2?path=%2F%2Fusr%2Flib64%2Fpython3.9%2Fconcurrent%2F__pycache__ HTTP/1.1" 200 60394 "-" "Mozilla/5.0 AppleWebKit/537.36 (KHTML, like Gecko; compatible; GPTBot/1.2; +https://openai.com/gptbot)"
66.249.79.165 - - [17/Jun/2025:14:12:50 +0800] "GET /?shopdetail/950287 HTTP/1.1" 200 91203 "-" "Mozilla/5.0 (Linux; Android 6.0.1; Nexus 5X Build/MMB29P) AppleWebKit/537.36 (KHTML, like Gecko) Chrome/136.0.7103.113 Mobile Safari/537.36 (compatible; Googlebot/2.1; +http://www.google.com/bot.html)"
20.171.207.161 - - [17/Jun/2025:14:13:01 +0800] "GET /sitepages/topic/2?path=%2F%2Fusr%2Flib64%2Fpython3.9%2Fimportlib%2F__pycache__ HTTP/1.1" 200 69315 "-" "Mozilla/5.0 AppleWebKit/537.36 (KHTML, like Gecko; compatible; GPTBot/1.2; +https://openai.com/gptbot)"
20.171.207.161 - - [17/Jun/2025:14:13:08 +0800] "GET /sitepages/topic/2?action=edit&file=at.deny&path=%2F%2Fetc HTTP/1.1" 200 58522 "-" "Mozilla/5.0 AppleWebKit/537.36 (KHTML, like Gecko; compatible; GPTBot/1.2; +https://openai.com/gptbot)"
20.171.207.161 - - [17/Jun/2025:14:13:18 +0800] "GET /sitepages/topic/2?path=%2F%2Flib64%2Fpython3.6%2Fsqlite3 HTTP/1.1" 200 60189 "-" "Mozilla/5.0 AppleWebKit/537.36 (KHTML, like Gecko; compatible; GPTBot/1.2; +https://openai.com/gptbot)"
20.171.207.161 - - [17/Jun/2025:14:13:44 +0800] "GET /sitepages/topic/2?path=%2F%2Flib64%2Fpython2.7%2Fsqlite3 HTTP/1.1" 200 61816 "-" "Mozilla/5.0 AppleWebKit/537.36 (KHTML, like Gecko; compatible; GPTBot/1.2; +https://openai.com/gptbot)"
114.119.157.103 - - [17/Jun/2025:14:14:07 +0800] "GET /services/topic/111?action=edit&file=17084992607334.jpg&path=/home/zuuttrav/public_html/uploads/topics HTTP/1.1" 200 81736 "https://zuuttravel.com/services/topic/111?path=/home/zuuttrav/public_html/uploads/topics" "Mozilla/5.0 (Linux; Android 7.0;) AppleWebKit/537.36 (KHTML, like Gecko) Mobile Safari/537.36 (compatible; PetalBot;+https://webmaster.petalsearch.com/site/petalbot)"
20.171.207.161 - - [17/Jun/2025:14:14:10 +0800] "GET /sitepages/topic/2?action=edit&file=gzip&path=%2F%2Fbin HTTP/1.1" 200 205920 "-" "Mozilla/5.0 AppleWebKit/537.36 (KHTML, like Gecko; compatible; GPTBot/1.2; +https://openai.com/gptbot)"
20.171.207.161 - - [17/Jun/2025:14:14:40 +0800] "GET /sitepages/topic/2?path=%2F%2Flib64%2Fpython3.9%2Fsqlite3 HTTP/1.1" 200 60182 "-" "Mozilla/5.0 AppleWebKit/537.36 (KHTML, like Gecko; compatible; GPTBot/1.2; +https://openai.com/gptbot)"
20.171.207.161 - - [17/Jun/2025:14:15:02 +0800] "GET /sitepages/topic/2?action=edit&file=libhdf5_cpp.so.103.1.0&path=%2F%2Flib64 HTTP/1.1" 200 877932 "-" "Mozilla/5.0 AppleWebKit/537.36 (KHTML, like Gecko; compatible; GPTBot/1.2; +https://openai.com/gptbot)"
66.249.79.167 - - [17/Jun/2025:14:15:04 +0800] "GET /?shopdetail/22251221 HTTP/1.1" 200 91197 "-" "Mozilla/5.0 (compatible; Googlebot/2.1; +http://www.google.com/bot.html)"
20.171.207.161 - - [17/Jun/2025:14:15:21 +0800] "GET /sitepages/topic/2?action=edit&file=IBM16804.so&path=%2F%2Flib64%2Fgconv HTTP/1.1" 200 74597 "-" "Mozilla/5.0 AppleWebKit/537.36 (KHTML, like Gecko; compatible; GPTBot/1.2; +https://openai.com/gptbot)"
20.171.207.161 - - [17/Jun/2025:14:15:37 +0800] "GET /sitepages/topic/2?path=%2F%2Flib64%2FNetworkManager HTTP/1.1" 200 59170 "-" "Mozilla/5.0 AppleWebKit/537.36 (KHTML, like Gecko; compatible; GPTBot/1.2; +https://openai.com/gptbot)"
114.119.151.81 - - [17/Jun/2025:14:15:46 +0800] "GET /services/topic/111?action=edit&file=17084948185765.jpg&path=/home/zuuttrav/public_html/uploads/topics HTTP/1.1" 200 606024 "https://zuuttravel.com/services/topic/111?path=/home/zuuttrav/public_html/uploads/topics" "Mozilla/5.0 (Linux; Android 7.0;) AppleWebKit/537.36 (KHTML, like Gecko) Mobile Safari/537.36 (compatible; PetalBot;+https://webmaster.petalsearch.com/site/petalbot)"
20.171.207.161 - - [17/Jun/2025:14:15:49 +0800] "GET /sitepages/topic/2?path=%2F%2Flib64%2Fpython3.6%2Fsite-packages%2Flibdnf%2F__pycache__ HTTP/1.1" 200 66107 "-" "Mozilla/5.0 AppleWebKit/537.36 (KHTML, like Gecko; compatible; GPTBot/1.2; +https://openai.com/gptbot)"
20.171.207.161 - - [17/Jun/2025:14:16:04 +0800] "GET /sitepages/topic/2?action=edit&file=infotocap&path=%2F%2Fbin HTTP/1.1" 200 184338 "-" "Mozilla/5.0 AppleWebKit/537.36 (KHTML, like Gecko; compatible; GPTBot/1.2; +https://openai.com/gptbot)"
20.171.207.161 - - [17/Jun/2025:14:16:17 +0800] "GET /sitepages/topic/2?action=edit&file=gbk.cpython-39.pyc&path=%2F%2Fusr%2Flib64%2Fpython3.9%2Fencodings%2F__pycache__ HTTP/1.1" 200 60433 "-" "Mozilla/5.0 AppleWebKit/537.36 (KHTML, like Gecko; compatible; GPTBot/1.2; +https://openai.com/gptbot)"
20.171.207.161 - - [17/Jun/2025:14:16:29 +0800] "GET /sitepages/topic/2?action=edit&file=localtime&path=%2F%2Fetc HTTP/1.1" 200 59814 "-" "Mozilla/5.0 AppleWebKit/537.36 (KHTML, like Gecko; compatible; GPTBot/1.2; +https://openai.com/gptbot)"
20.171.207.161 - - [17/Jun/2025:14:16:44 +0800] "GET /sitepages/topic/2?action=edit&file=captoinfo&path=%2F%2Fbin HTTP/1.1" 200 184354 "-" "Mozilla/5.0 AppleWebKit/537.36 (KHTML, like Gecko; compatible; GPTBot/1.2; +https://openai.com/gptbot)"
20.171.207.161 - - [17/Jun/2025:14:16:53 +0800] "GET /sitepages/topic/2?action=edit&file=protocols&path=%2F%2Fetc HTTP/1.1" 200 65135 "-" "Mozilla/5.0 AppleWebKit/537.36 (KHTML, like Gecko; compatible; GPTBot/1.2; +https://openai.com/gptbot)"
20.171.207.161 - - [17/Jun/2025:14:17:02 +0800] "GET /sitepages/topic/2?action=edit&file=schedstat&path=%2F%2Fproc HTTP/1.1" 200 58409 "-" "Mozilla/5.0 AppleWebKit/537.36 (KHTML, like Gecko; compatible; GPTBot/1.2; +https://openai.com/gptbot)"
66.249.79.165 - - [17/Jun/2025:14:17:03 +0800] "GET /?shopdetail/23234576 HTTP/1.1" 200 91197 "-" "Mozilla/5.0 (Linux; Android 6.0.1; Nexus 5X Build/MMB29P) AppleWebKit/537.36 (KHTML, like Gecko) Chrome/136.0.7103.113 Mobile Safari/537.36 (compatible; Googlebot/2.1; +http://www.google.com/bot.html)"
20.171.207.161 - - [17/Jun/2025:14:17:05 +0800] "GET /sitepages/topic/2?path=%2F%2Flib64%2Fpython3.9%2Fsqlite3%2F__pycache__ HTTP/1.1" 200 62395 "-" "Mozilla/5.0 AppleWebKit/537.36 (KHTML, like Gecko; compatible; GPTBot/1.2; +https://openai.com/gptbot)"
20.171.207.161 - - [17/Jun/2025:14:17:17 +0800] "GET /sitepages/topic/2?action=edit&file=diskstats&path=%2F%2Fproc HTTP/1.1" 200 58401 "-" "Mozilla/5.0 AppleWebKit/537.36 (KHTML, like Gecko; compatible; GPTBot/1.2; +https://openai.com/gptbot)"
20.171.207.161 - - [17/Jun/2025:14:17:19 +0800] "GET /sitepages/topic/2?path=%2F%2Flib64%2Fpython2.7%2Fdistutils HTTP/1.1" 200 87237 "-" "Mozilla/5.0 AppleWebKit/537.36 (KHTML, like Gecko; compatible; GPTBot/1.2; +https://openai.com/gptbot)"
20.171.207.161 - - [17/Jun/2025:14:17:30 +0800] "GET /sitepages/topic/2?path=%2F%2Flib64%2Fpython3.6%2Fsite-packages%2Fcffi HTTP/1.1" 200 65747 "-" "Mozilla/5.0 AppleWebKit/537.36 (KHTML, like Gecko; compatible; GPTBot/1.2; +https://openai.com/gptbot)"
114.119.133.103 - - [17/Jun/2025:14:17:31 +0800] "GET /services/topic/111?action=edit&file=17084947655049.jpg&path=/home/zuuttrav/public_html/uploads/topics HTTP/1.1" 200 589640 "https://zuuttravel.com/services/topic/111?path=/home/zuuttrav/public_html/uploads/topics" "Mozilla/5.0 (Linux; Android 7.0;) AppleWebKit/537.36 (KHTML, like Gecko) Mobile Safari/537.36 (compatible; PetalBot;+https://webmaster.petalsearch.com/site/petalbot)"
20.171.207.161 - - [17/Jun/2025:14:17:37 +0800] "GET /sitepages/topic/2?action=edit&file=profile.cpython-39.opt-2.pyc&path=%2F%2Fusr%2Flib64%2Fpython3.9%2F__pycache__ HTTP/1.1" 200 71321 "-" "Mozilla/5.0 AppleWebKit/537.36 (KHTML, like Gecko; compatible; GPTBot/1.2; +https://openai.com/gptbot)"
20.171.207.161 - - [17/Jun/2025:14:17:39 +0800] "GET /sitepages/topic/2?path=%2F%2Flib%2Fpython3.6%2Fsite-packages%2Fsyspurpose HTTP/1.1" 200 61432 "-" "Mozilla/5.0 AppleWebKit/537.36 (KHTML, like Gecko; compatible; GPTBot/1.2; +https://openai.com/gptbot)"
20.171.207.161 - - [17/Jun/2025:14:17:51 +0800] "GET /sitepages/topic/2?path=%2F%2Fusr%2Flib64%2Fgdk-pixbuf-2.0 HTTP/1.1" 200 59234 "-" "Mozilla/5.0 AppleWebKit/537.36 (KHTML, like Gecko; compatible; GPTBot/1.2; +https://openai.com/gptbot)"
20.171.207.161 - - [17/Jun/2025:14:17:58 +0800] "GET /sitepages/topic/2?path=%2F%2Flib64%2Fgems%2Fruby%2Fio-console-0.4.6 HTTP/1.1" 200 59371 "-" "Mozilla/5.0 AppleWebKit/537.36 (KHTML, like Gecko; compatible; GPTBot/1.2; +https://openai.com/gptbot)"
20.171.207.161 - - [17/Jun/2025:14:18:01 +0800] "GET /sitepages/topic/2?path=%2F%2Flib%2Fpython2.7%2Fsite-packages%2Fpip%2F_vendor%2Fpackaging HTTP/1.1" 200 68898 "-" "Mozilla/5.0 AppleWebKit/537.36 (KHTML, like Gecko; compatible; GPTBot/1.2; +https://openai.com/gptbot)"
66.249.79.166 - - [17/Jun/2025:14:18:12 +0800] "GET /?shopdetail/26778509 HTTP/1.1" 200 91198 "-" "Mozilla/5.0 (compatible; Googlebot/2.1; +http://www.google.com/bot.html)"
20.171.207.161 - - [17/Jun/2025:14:18:12 +0800] "GET /sitepages/topic/2?path=%2F%2Flib%2Fpython3.9%2Fsite-packages%2Fpip%2F_internal HTTP/1.1" 200 65978 "-" "Mozilla/5.0 AppleWebKit/537.36 (KHTML, like Gecko; compatible; GPTBot/1.2; +https://openai.com/gptbot)"
20.171.207.161 - - [17/Jun/2025:14:18:18 +0800] "GET /sitepages/topic/2?path=%2F%2Flib64%2Fpython3.9%2Fhtml HTTP/1.1" 200 60161 "-" "Mozilla/5.0 AppleWebKit/537.36 (KHTML, like Gecko; compatible; GPTBot/1.2; +https://openai.com/gptbot)"
20.171.207.161 - - [17/Jun/2025:14:18:21 +0800] "GET /sitepages/topic/2?path=%2F%2Flib64%2Fpython3.6%2Fjson HTTP/1.1" 200 60778 "-" "Mozilla/5.0 AppleWebKit/537.36 (KHTML, like Gecko; compatible; GPTBot/1.2; +https://openai.com/gptbot)"
3.214.176.44 - - [17/Jun/2025:14:18:23 +0800] "GET /?path=//proc HTTP/1.1" 200 103230 "-" "Mozilla/5.0 AppleWebKit/537.36 (KHTML, like Gecko; compatible; Amazonbot/0.1; +https://developer.amazon.com/support/amazonbot) Chrome/119.0.6045.214 Safari/537.36"
20.171.207.161 - - [17/Jun/2025:14:18:28 +0800] "GET /sitepages/topic/2?path=%2F%2Flib64%2Fpython3.6%2Furllib HTTP/1.1" 200 61131 "-" "Mozilla/5.0 AppleWebKit/537.36 (KHTML, like Gecko; compatible; GPTBot/1.2; +https://openai.com/gptbot)"
66.249.79.165 - - [17/Jun/2025:14:18:29 +0800] "GET /?shopdetail/22008198 HTTP/1.1" 200 91190 "-" "Mozilla/5.0 (compatible; Googlebot/2.1; +http://www.google.com/bot.html)"
18.210.58.238 - - [17/Jun/2025:14:18:31 +0800] "GET /services/topic/8?path=/home/zuuttrav/wordpress-backups HTTP/1.1" 200 81112 "-" "Mozilla/5.0 AppleWebKit/537.36 (KHTML, like Gecko; compatible; Amazonbot/0.1; +https://developer.amazon.com/support/amazonbot) Chrome/119.0.6045.214 Safari/537.36"
3.89.176.255 - - [17/Jun/2025:14:18:38 +0800] "GET /blog/topic/81?path=/home/zuuttrav/public_html/core HTTP/1.1" 200 66596 "-" "Mozilla/5.0 AppleWebKit/537.36 (KHTML, like Gecko; compatible; Amazonbot/0.1; +https://developer.amazon.com/support/amazonbot) Chrome/119.0.6045.214 Safari/537.36"
20.171.207.161 - - [17/Jun/2025:14:18:39 +0800] "GET /sitepages/topic/2?action=edit&file=emxccompiler.pyo&path=%2F%2Flib64%2Fpython2.7%2Fdistutils HTTP/1.1" 200 66686 "-" "Mozilla/5.0 AppleWebKit/537.36 (KHTML, like Gecko; compatible; GPTBot/1.2; +https://openai.com/gptbot)"
23.21.148.226 - - [17/Jun/2025:14:18:39 +0800] "GET /sitepages/topic/9?path=/home/zuuttrav/public_html/core HTTP/1.1" 200 89953 "-" "Mozilla/5.0 AppleWebKit/537.36 (KHTML, like Gecko; compatible; Amazonbot/0.1; +https://developer.amazon.com/support/amazonbot) Chrome/119.0.6045.214 Safari/537.36"
44.213.202.136 - - [17/Jun/2025:14:18:43 +0800] "GET /contact?path=/home/zuuttrav/www HTTP/1.1" 200 69964 "-" "Mozilla/5.0 AppleWebKit/537.36 (KHTML, like Gecko; compatible; Amazonbot/0.1; +https://developer.amazon.com/support/amazonbot) Chrome/119.0.6045.214 Safari/537.36"
20.171.207.161 - - [17/Jun/2025:14:18:45 +0800] "GET /sitepages/topic/2?path=%2F%2Flib64%2Fpython2.7%2Fcurses HTTP/1.1" 200 64621 "-" "Mozilla/5.0 AppleWebKit/537.36 (KHTML, like Gecko; compatible; GPTBot/1.2; +https://openai.com/gptbot)"
