20.171.207.161 - - [17/Jun/2025:11:38:56 +0800] "GET /sitepages/topic/2?path=%2F%2Flib%2F.build-id%2F13 HTTP/1.1" 200 66190 "-" "Mozilla/5.0 AppleWebKit/537.36 (KHTML, like Gecko; compatible; GPTBot/1.2; +https://openai.com/gptbot)"
20.171.207.161 - - [17/Jun/2025:11:39:06 +0800] "GET /sitepages/topic/2?path=%2F%2Flib%2F.build-id%2F50 HTTP/1.1" 200 65452 "-" "Mozilla/5.0 AppleWebKit/537.36 (KHTML, like Gecko; compatible; GPTBot/1.2; +https://openai.com/gptbot)"
20.171.207.161 - - [17/Jun/2025:11:39:08 +0800] "GET /sitepages/topic/2?path=%2F%2Flib%2F.build-id%2F63 HTTP/1.1" 200 65457 "-" "Mozilla/5.0 AppleWebKit/537.36 (KHTML, like Gecko; compatible; GPTBot/1.2; +https://openai.com/gptbot)"
20.171.207.161 - - [17/Jun/2025:11:39:19 +0800] "GET /sitepages/topic/2?action=edit&file=9533983a4ea3af737068f5a0bd187ad3614fee&path=%2F%2Flib%2F.build-id%2F85 HTTP/1.1" 200 134528 "-" "Mozilla/5.0 AppleWebKit/537.36 (KHTML, like Gecko; compatible; GPTBot/1.2; +https://openai.com/gptbot)"
20.171.207.161 - - [17/Jun/2025:11:39:26 +0800] "GET /sitepages/topic/2?path=%2F%2Flib%2F.build-id%2F01 HTTP/1.1" 200 65835 "-" "Mozilla/5.0 AppleWebKit/537.36 (KHTML, like Gecko; compatible; GPTBot/1.2; +https://openai.com/gptbot)"
20.171.207.161 - - [17/Jun/2025:11:39:32 +0800] "GET /sitepages/topic/2?path=%2F%2Flib%2F.build-id%2F58 HTTP/1.1" 200 65839 "-" "Mozilla/5.0 AppleWebKit/537.36 (KHTML, like Gecko; compatible; GPTBot/1.2; +https://openai.com/gptbot)"
114.119.155.203 - - [17/Jun/2025:11:39:35 +0800] "GET /services/topic/104?action=edit&file=server.c302.cloudmark.com.conf&path=/home/zuuttrav/.razor HTTP/1.1" 200 66374 "https://zuuttravel.com/services/topic/104?path=/home/zuuttrav/.razor" "Mozilla/5.0 (Linux; Android 7.0;) AppleWebKit/537.36 (KHTML, like Gecko) Mobile Safari/537.36 (compatible; PetalBot;+https://webmaster.petalsearch.com/site/petalbot)"
20.171.207.161 - - [17/Jun/2025:11:39:40 +0800] "GET /sitepages/topic/2?path=%2F%2Flib%2F.build-id%2F94 HTTP/1.1" 200 65830 "-" "Mozilla/5.0 AppleWebKit/537.36 (KHTML, like Gecko; compatible; GPTBot/1.2; +https://openai.com/gptbot)"
20.171.207.161 - - [17/Jun/2025:11:39:47 +0800] "GET /sitepages/topic/2?path=%2F%2Flib%2F.build-id%2F96 HTTP/1.1" 200 69829 "-" "Mozilla/5.0 AppleWebKit/537.36 (KHTML, like Gecko; compatible; GPTBot/1.2; +https://openai.com/gptbot)"
20.171.207.161 - - [17/Jun/2025:11:39:54 +0800] "GET /sitepages/topic/2?path=%2F%2Flib%2F.build-id%2F97 HTTP/1.1" 200 68729 "-" "Mozilla/5.0 AppleWebKit/537.36 (KHTML, like Gecko; compatible; GPTBot/1.2; +https://openai.com/gptbot)"
20.171.207.161 - - [17/Jun/2025:11:40:03 +0800] "GET /sitepages/topic/2?path=%2F%2Flib%2F.build-id%2F34 HTTP/1.1" 200 69080 "-" "Mozilla/5.0 AppleWebKit/537.36 (KHTML, like Gecko; compatible; GPTBot/1.2; +https://openai.com/gptbot)"
20.171.207.161 - - [17/Jun/2025:11:40:04 +0800] "GET /sitepages/topic/2?action=edit&file=d994066ecfd6b012c4853ffecafee188b5f38a&path=%2F%2Flib%2F.build-id%2F60 HTTP/1.1" 200 73060 "-" "Mozilla/5.0 AppleWebKit/537.36 (KHTML, like Gecko; compatible; GPTBot/1.2; +https://openai.com/gptbot)"
20.171.207.161 - - [17/Jun/2025:11:40:11 +0800] "GET /sitepages/topic/2?action=edit&file=6dc1020927f867b8e7228256b2b1ff9542a589&path=%2F%2Flib%2F.build-id%2F60 HTTP/1.1" 200 141976 "-" "Mozilla/5.0 AppleWebKit/537.36 (KHTML, like Gecko; compatible; GPTBot/1.2; +https://openai.com/gptbot)"
20.171.207.161 - - [17/Jun/2025:11:40:17 +0800] "GET /sitepages/topic/2?path=%2F%2Flib%2F.build-id%2F48 HTTP/1.1" 200 67291 "-" "Mozilla/5.0 AppleWebKit/537.36 (KHTML, like Gecko; compatible; GPTBot/1.2; +https://openai.com/gptbot)"
20.171.207.161 - - [17/Jun/2025:11:40:23 +0800] "GET /sitepages/topic/2?path=%2F%2Flib%2F.build-id%2F70 HTTP/1.1" 200 64021 "-" "Mozilla/5.0 AppleWebKit/537.36 (KHTML, like Gecko; compatible; GPTBot/1.2; +https://openai.com/gptbot)"
20.171.207.161 - - [17/Jun/2025:11:40:28 +0800] "GET /sitepages/topic/2?path=%2F%2Flib%2F.build-id%2F57 HTTP/1.1" 200 65834 "-" "Mozilla/5.0 AppleWebKit/537.36 (KHTML, like Gecko; compatible; GPTBot/1.2; +https://openai.com/gptbot)"
20.171.207.161 - - [17/Jun/2025:11:40:38 +0800] "GET /sitepages/topic/2?path=%2F%2Flib%2F.build-id%2F43 HTTP/1.1" 200 65848 "-" "Mozilla/5.0 AppleWebKit/537.36 (KHTML, like Gecko; compatible; GPTBot/1.2; +https://openai.com/gptbot)"
20.171.207.161 - - [17/Jun/2025:11:40:45 +0800] "GET /sitepages/topic/2?path=%2F%2Flib%2F.build-id%2F56 HTTP/1.1" 200 64368 "-" "Mozilla/5.0 AppleWebKit/537.36 (KHTML, like Gecko; compatible; GPTBot/1.2; +https://openai.com/gptbot)"
20.171.207.161 - - [17/Jun/2025:11:40:52 +0800] "GET /sitepages/topic/2?path=%2F%2Flib%2F.build-id%2F17 HTTP/1.1" 200 68026 "-" "Mozilla/5.0 AppleWebKit/537.36 (KHTML, like Gecko; compatible; GPTBot/1.2; +https://openai.com/gptbot)"
20.171.207.161 - - [17/Jun/2025:11:40:58 +0800] "GET /sitepages/topic/2?action=edit&file=2c4c2f4fcb33d1698d54fefa3ad3d9d1e8df0e&path=%2F%2Flib%2F.build-id%2F96 HTTP/1.1" 200 110654 "-" "Mozilla/5.0 AppleWebKit/537.36 (KHTML, like Gecko; compatible; GPTBot/1.2; +https://openai.com/gptbot)"
20.171.207.161 - - [17/Jun/2025:11:41:05 +0800] "GET /sitepages/topic/2?path=%2F%2Flib%2F.build-id%2F45 HTTP/1.1" 200 68383 "-" "Mozilla/5.0 AppleWebKit/537.36 (KHTML, like Gecko; compatible; GPTBot/1.2; +https://openai.com/gptbot)"
20.171.207.161 - - [17/Jun/2025:11:41:07 +0800] "GET /sitepages/topic/2?path=%2F%2Flib%2F.build-id%2F98 HTTP/1.1" 200 66926 "-" "Mozilla/5.0 AppleWebKit/537.36 (KHTML, like Gecko; compatible; GPTBot/1.2; +https://openai.com/gptbot)"
20.171.207.161 - - [17/Jun/2025:11:41:18 +0800] "GET /sitepages/topic/2?path=%2F%2Flib%2F.build-id%2F71 HTTP/1.1" 200 69109 "-" "Mozilla/5.0 AppleWebKit/537.36 (KHTML, like Gecko; compatible; GPTBot/1.2; +https://openai.com/gptbot)"
114.119.151.107 - - [17/Jun/2025:11:41:19 +0800] "GET /services/topic/104?action=edit&file=server.c301.cloudmark.com.conf&path=/home/zuuttrav/.razor HTTP/1.1" 200 66398 "https://zuuttravel.com/services/topic/104?path=/home/zuuttrav/.razor" "Mozilla/5.0 (Linux; Android 7.0;) AppleWebKit/537.36 (KHTML, like Gecko) Mobile Safari/537.36 (compatible; PetalBot;+https://webmaster.petalsearch.com/site/petalbot)"
20.171.207.161 - - [17/Jun/2025:11:41:24 +0800] "GET /sitepages/topic/2?path=%2F%2Flib%2F.build-id%2F93 HTTP/1.1" 200 68001 "-" "Mozilla/5.0 AppleWebKit/537.36 (KHTML, like Gecko; compatible; GPTBot/1.2; +https://openai.com/gptbot)"
20.171.207.161 - - [17/Jun/2025:11:41:31 +0800] "GET /sitepages/topic/2?path=%2F%2Flib%2F.build-id%2F90 HTTP/1.1" 200 65829 "-" "Mozilla/5.0 AppleWebKit/537.36 (KHTML, like Gecko; compatible; GPTBot/1.2; +https://openai.com/gptbot)"
20.171.207.161 - - [17/Jun/2025:11:41:33 +0800] "GET /sitepages/topic/2?path=%2F%2Flib%2F.build-id%2F18 HTTP/1.1" 200 69856 "-" "Mozilla/5.0 AppleWebKit/537.36 (KHTML, like Gecko; compatible; GPTBot/1.2; +https://openai.com/gptbot)"
20.171.207.161 - - [17/Jun/2025:11:41:44 +0800] "GET /sitepages/topic/2?path=%2F%2Flib%2F.build-id%2F67 HTTP/1.1" 200 67297 "-" "Mozilla/5.0 AppleWebKit/537.36 (KHTML, like Gecko; compatible; GPTBot/1.2; +https://openai.com/gptbot)"
20.171.207.161 - - [17/Jun/2025:11:41:47 +0800] "GET /sitepages/topic/2?action=edit&file=e6d1b2755057bb79cd7107a5bbafd7f84acfc9&path=%2F%2Flib%2F.build-id%2F43 HTTP/1.1" 200 352769 "-" "Mozilla/5.0 AppleWebKit/537.36 (KHTML, like Gecko; compatible; GPTBot/1.2; +https://openai.com/gptbot)"
20.171.207.161 - - [17/Jun/2025:11:41:54 +0800] "GET /sitepages/topic/2?path=%2F%2Flib%2F.build-id%2F86 HTTP/1.1" 200 70903 "-" "Mozilla/5.0 AppleWebKit/537.36 (KHTML, like Gecko; compatible; GPTBot/1.2; +https://openai.com/gptbot)"
20.171.207.161 - - [17/Jun/2025:11:41:58 +0800] "GET /sitepages/topic/2?path=%2F%2Flib%2F.build-id%2F78 HTTP/1.1" 200 68006 "-" "Mozilla/5.0 AppleWebKit/537.36 (KHTML, like Gecko; compatible; GPTBot/1.2; +https://openai.com/gptbot)"
20.171.207.161 - - [17/Jun/2025:11:42:09 +0800] "GET /sitepages/topic/2?path=%2F%2Flib%2F.build-id%2F05 HTTP/1.1" 200 66918 "-" "Mozilla/5.0 AppleWebKit/537.36 (KHTML, like Gecko; compatible; GPTBot/1.2; +https://openai.com/gptbot)"
20.171.207.161 - - [17/Jun/2025:11:42:15 +0800] "GET /sitepages/topic/2?path=%2F%2Flib%2F.build-id%2F95 HTTP/1.1" 200 67292 "-" "Mozilla/5.0 AppleWebKit/537.36 (KHTML, like Gecko; compatible; GPTBot/1.2; +https://openai.com/gptbot)"
20.171.207.161 - - [17/Jun/2025:11:42:21 +0800] "GET /sitepages/topic/2?path=%2F%2Flib%2F.build-id%2F31 HTTP/1.1" 200 68012 "-" "Mozilla/5.0 AppleWebKit/537.36 (KHTML, like Gecko; compatible; GPTBot/1.2; +https://openai.com/gptbot)"
20.171.207.161 - - [17/Jun/2025:11:42:23 +0800] "GET /sitepages/topic/2?path=%2F%2Flib%2F.build-id%2F6f HTTP/1.1" 200 65472 "-" "Mozilla/5.0 AppleWebKit/537.36 (KHTML, like Gecko; compatible; GPTBot/1.2; +https://openai.com/gptbot)"
20.171.207.161 - - [17/Jun/2025:11:42:30 +0800] "GET /sitepages/topic/2?path=%2F%2Flib%2F.build-id%2F9f HTTP/1.1" 200 69463 "-" "Mozilla/5.0 AppleWebKit/537.36 (KHTML, like Gecko; compatible; GPTBot/1.2; +https://openai.com/gptbot)"
20.171.207.161 - - [17/Jun/2025:11:42:36 +0800] "GET /sitepages/topic/2?path=%2F%2Flib%2F.build-id%2Ff1 HTTP/1.1" 200 63292 "-" "Mozilla/5.0 AppleWebKit/537.36 (KHTML, like Gecko; compatible; GPTBot/1.2; +https://openai.com/gptbot)"
52.201.155.215 - - [17/Jun/2025:11:42:38 +0800] "GET /?path=//bin HTTP/1.1" 200 224742 "-" "Mozilla/5.0 AppleWebKit/537.36 (KHTML, like Gecko; compatible; Amazonbot/0.1; +https://developer.amazon.com/support/amazonbot) Chrome/119.0.6045.214 Safari/537.36"
20.171.207.161 - - [17/Jun/2025:11:42:41 +0800] "GET /sitepages/topic/2?path=%2F%2Flib%2F.build-id%2Ff7 HTTP/1.1" 200 66564 "-" "Mozilla/5.0 AppleWebKit/537.36 (KHTML, like Gecko; compatible; GPTBot/1.2; +https://openai.com/gptbot)"
20.171.207.161 - - [17/Jun/2025:11:42:46 +0800] "GET /sitepages/topic/2?path=%2F%2Flib%2F.build-id%2Ff5 HTTP/1.1" 200 64738 "-" "Mozilla/5.0 AppleWebKit/537.36 (KHTML, like Gecko; compatible; GPTBot/1.2; +https://openai.com/gptbot)"
3.218.35.239 - - [17/Jun/2025:11:42:46 +0800] "GET /cultural-tips?path=/home/zuuttrav/public_html/123 HTTP/1.1" 200 64566 "-" "Mozilla/5.0 AppleWebKit/537.36 (KHTML, like Gecko; compatible; Amazonbot/0.1; +https://developer.amazon.com/support/amazonbot) Chrome/119.0.6045.214 Safari/537.36"
20.171.207.161 - - [17/Jun/2025:11:42:50 +0800] "GET /sitepages/topic/2?action=edit&file=38682c7432ced12eed27d57bd46becbf95f3e7&path=%2F%2Flib%2F.build-id%2F67 HTTP/1.1" 200 90302 "-" "Mozilla/5.0 AppleWebKit/537.36 (KHTML, like Gecko; compatible; GPTBot/1.2; +https://openai.com/gptbot)"
23.21.227.240 - - [17/Jun/2025:11:42:51 +0800] "GET /?path=/home/zuuttrav/.koality HTTP/1.1" 200 85936 "-" "Mozilla/5.0 AppleWebKit/537.36 (KHTML, like Gecko; compatible; Amazonbot/0.1; +https://developer.amazon.com/support/amazonbot) Chrome/119.0.6045.214 Safari/537.36"
20.171.207.161 - - [17/Jun/2025:11:42:59 +0800] "GET /sitepages/topic/2?action=edit&file=8a0d499c1c4e86eac2b4e81fc8c54012526d49&path=%2F%2Flib%2F.build-id%2F18 HTTP/1.1" 200 74797 "-" "Mozilla/5.0 AppleWebKit/537.36 (KHTML, like Gecko; compatible; GPTBot/1.2; +https://openai.com/gptbot)"
3.223.134.5 - - [17/Jun/2025:11:42:59 +0800] "GET /contact?path=/home/zuuttrav/public_html/core/app HTTP/1.1" 200 67138 "-" "Mozilla/5.0 AppleWebKit/537.36 (KHTML, like Gecko; compatible; Amazonbot/0.1; +https://developer.amazon.com/support/amazonbot) Chrome/119.0.6045.214 Safari/537.36"
3.224.215.150 - - [17/Jun/2025:11:42:59 +0800] "GET /blog/topic/74?path=/home/zuuttrav/public_html/uploads/settings HTTP/1.1" 200 64399 "-" "Mozilla/5.0 AppleWebKit/537.36 (KHTML, like Gecko; compatible; Amazonbot/0.1; +https://developer.amazon.com/support/amazonbot) Chrome/119.0.6045.214 Safari/537.36"
20.171.207.161 - - [17/Jun/2025:11:43:01 +0800] "GET /sitepages/topic/2?action=edit&file=537aa4a910a5ffb5d4c6b09b705a06b55cff77&path=%2F%2Flib%2F.build-id%2F67 HTTP/1.1" 200 186766 "-" "Mozilla/5.0 AppleWebKit/537.36 (KHTML, like Gecko; compatible; GPTBot/1.2; +https://openai.com/gptbot)"
114.119.150.208 - - [17/Jun/2025:11:43:03 +0800] "GET /services/topic/104?action=edit&file=passwd&path=/home/zuuttrav/etc/zuuttravel.mn HTTP/1.1" 200 65357 "https://zuuttravel.com/services/topic/104?path=/home/zuuttrav/etc/zuuttravel.mn" "Mozilla/5.0 (Linux; Android 7.0;) AppleWebKit/537.36 (KHTML, like Gecko) Mobile Safari/537.36 (compatible; PetalBot;+https://webmaster.petalsearch.com/site/petalbot)"
20.171.207.161 - - [17/Jun/2025:11:43:06 +0800] "GET /sitepages/topic/2?path=%2F%2Flib%2F.build-id%2F95 HTTP/1.1" 200 67283 "-" "Mozilla/5.0 AppleWebKit/537.36 (KHTML, like Gecko; compatible; GPTBot/1.2; +https://openai.com/gptbot)"
35.170.205.140 - - [17/Jun/2025:11:43:07 +0800] "GET /blog/topic/74?action=edit&file=.spamassassinenable&path=/home/zuuttrav HTTP/1.1" 200 60708 "-" "Mozilla/5.0 AppleWebKit/537.36 (KHTML, like Gecko; compatible; Amazonbot/0.1; +https://developer.amazon.com/support/amazonbot) Chrome/119.0.6045.214 Safari/537.36"
20.171.207.161 - - [17/Jun/2025:11:43:14 +0800] "GET /sitepages/topic/2?path=%2F%2Flib%2F.build-id%2Ff6 HTTP/1.1" 200 65823 "-" "Mozilla/5.0 AppleWebKit/537.36 (KHTML, like Gecko; compatible; GPTBot/1.2; +https://openai.com/gptbot)"
44.221.37.41 - - [17/Jun/2025:11:43:15 +0800] "GET /services/topic/100?path=/home/zuuttrav/public_html/uploads/users HTTP/1.1" 200 67066 "-" "Mozilla/5.0 AppleWebKit/537.36 (KHTML, like Gecko; compatible; Amazonbot/0.1; +https://developer.amazon.com/support/amazonbot) Chrome/119.0.6045.214 Safari/537.36"
3.90.73.206 - - [17/Jun/2025:11:43:19 +0800] "GET /blog/topic/75?action=edit&file=index.html&path=/home/zuuttrav/public_html/assets HTTP/1.1" 200 59336 "-" "Mozilla/5.0 AppleWebKit/537.36 (KHTML, like Gecko; compatible; Amazonbot/0.1; +https://developer.amazon.com/support/amazonbot) Chrome/119.0.6045.214 Safari/537.36"
23.21.179.120 - - [17/Jun/2025:11:43:19 +0800] "GET /?action=edit&file=artisan&path=/home/zuuttrav/public_html/core HTTP/1.1" 200 87221 "-" "Mozilla/5.0 AppleWebKit/537.36 (KHTML, like Gecko; compatible; Amazonbot/0.1; +https://developer.amazon.com/support/amazonbot) Chrome/119.0.6045.214 Safari/537.36"
20.171.207.161 - - [17/Jun/2025:11:43:23 +0800] "GET /sitepages/topic/2?path=%2F%2Flib%2F.build-id%2Ff4 HTTP/1.1" 200 69847 "-" "Mozilla/5.0 AppleWebKit/537.36 (KHTML, like Gecko; compatible; GPTBot/1.2; +https://openai.com/gptbot)"
50.16.248.61 - - [17/Jun/2025:11:43:26 +0800] "GET /services/topic/100?action=edit&file=.htaccess&path=/home/zuuttrav/public_html/core HTTP/1.1" 200 65568 "-" "Mozilla/5.0 AppleWebKit/537.36 (KHTML, like Gecko; compatible; Amazonbot/0.1; +https://developer.amazon.com/support/amazonbot) Chrome/119.0.6045.214 Safari/537.36"
54.147.80.137 - - [17/Jun/2025:11:43:28 +0800] "GET /services/topic/7?action=edit&file=.htaccess&path=/home/zuuttrav/public_html HTTP/1.1" 200 88632 "-" "Mozilla/5.0 AppleWebKit/537.36 (KHTML, like Gecko; compatible; Amazonbot/0.1; +https://developer.amazon.com/support/amazonbot) Chrome/119.0.6045.214 Safari/537.36"
20.171.207.161 - - [17/Jun/2025:11:43:30 +0800] "GET /sitepages/topic/2?path=%2F%2Flib%2F.build-id%2F1f HTTP/1.1" 200 65841 "-" "Mozilla/5.0 AppleWebKit/537.36 (KHTML, like Gecko; compatible; GPTBot/1.2; +https://openai.com/gptbot)"
3.229.95.193 - - [17/Jun/2025:11:43:31 +0800] "GET /services/topic/101?action=edit&file=.gitattributes&path=/home/zuuttrav/public_html/core HTTP/1.1" 200 65833 "-" "Mozilla/5.0 AppleWebKit/537.36 (KHTML, like Gecko; compatible; Amazonbot/0.1; +https://developer.amazon.com/support/amazonbot) Chrome/119.0.6045.214 Safari/537.36"
20.171.207.161 - - [17/Jun/2025:11:43:32 +0800] "GET /sitepages/topic/2?path=%2F%2Flib%2F.build-id%2F0f HTTP/1.1" 200 64400 "-" "Mozilla/5.0 AppleWebKit/537.36 (KHTML, like Gecko; compatible; GPTBot/1.2; +https://openai.com/gptbot)"
18.210.58.238 - - [17/Jun/2025:11:43:34 +0800] "GET /contact?action=edit&file=package.json&path=/home/zuuttrav/public_html/core HTTP/1.1" 200 64997 "-" "Mozilla/5.0 AppleWebKit/537.36 (KHTML, like Gecko; compatible; Amazonbot/0.1; +https://developer.amazon.com/support/amazonbot) Chrome/119.0.6045.214 Safari/537.36"
20.171.207.161 - - [17/Jun/2025:11:43:43 +0800] "GET /sitepages/topic/2?action=edit&file=c3f88f5908179d79c3b1bf01f3c0dc00224ffd&path=%2F%2Flib%2F.build-id%2F9f HTTP/1.1" 200 74398 "-" "Mozilla/5.0 AppleWebKit/537.36 (KHTML, like Gecko; compatible; GPTBot/1.2; +https://openai.com/gptbot)"
20.171.207.161 - - [17/Jun/2025:11:43:44 +0800] "GET /sitepages/topic/2?path=%2F%2Flib%2F.build-id%2Ff9 HTTP/1.1" 200 68021 "-" "Mozilla/5.0 AppleWebKit/537.36 (KHTML, like Gecko; compatible; GPTBot/1.2; +https://openai.com/gptbot)"
20.171.207.161 - - [17/Jun/2025:11:43:51 +0800] "GET /sitepages/topic/2?path=%2F%2Flib%2F.build-id%2Ff0 HTTP/1.1" 200 66176 "-" "Mozilla/5.0 AppleWebKit/537.36 (KHTML, like Gecko; compatible; GPTBot/1.2; +https://openai.com/gptbot)"
20.171.207.161 - - [17/Jun/2025:11:44:11 +0800] "GET /sitepages/topic/2?path=%2F%2Flib%2F.build-id%2F8f HTTP/1.1" 200 68364 "-" "Mozilla/5.0 AppleWebKit/537.36 (KHTML, like Gecko; compatible; GPTBot/1.2; +https://openai.com/gptbot)"
20.171.207.161 - - [17/Jun/2025:11:44:22 +0800] "GET /sitepages/topic/2?path=%2F%2Flib%2F.build-id%2F3f HTTP/1.1" 200 68744 "-" "Mozilla/5.0 AppleWebKit/537.36 (KHTML, like Gecko; compatible; GPTBot/1.2; +https://openai.com/gptbot)"
20.171.207.161 - - [17/Jun/2025:11:44:25 +0800] "GET /sitepages/topic/2?path=%2F%2Flib%2F.build-id%2Ff8 HTTP/1.1" 200 64387 "-" "Mozilla/5.0 AppleWebKit/537.36 (KHTML, like Gecko; compatible; GPTBot/1.2; +https://openai.com/gptbot)"
20.171.207.161 - - [17/Jun/2025:11:44:31 +0800] "GET /sitepages/topic/2?path=%2F%2Flib%2F.build-id%2F5f HTTP/1.1" 200 66561 "-" "Mozilla/5.0 AppleWebKit/537.36 (KHTML, like Gecko; compatible; GPTBot/1.2; +https://openai.com/gptbot)"
20.171.207.161 - - [17/Jun/2025:11:44:38 +0800] "GET /sitepages/topic/2?path=%2F%2Flib%2F.build-id%2F4f HTTP/1.1" 200 65462 "-" "Mozilla/5.0 AppleWebKit/537.36 (KHTML, like Gecko; compatible; GPTBot/1.2; +https://openai.com/gptbot)"
114.119.157.103 - - [17/Jun/2025:11:44:42 +0800] "GET /services/topic/104?action=edit&file=info@zuuttravel.com_personhood&path=/home/zuuttrav/.cpanel/nvdata HTTP/1.1" 200 65457 "https://zuuttravel.com/services/topic/104?path=/home/zuuttrav/.cpanel/nvdata" "Mozilla/5.0 (Linux; Android 7.0;) AppleWebKit/537.36 (KHTML, like Gecko) Mobile Safari/537.36 (compatible; PetalBot;+https://webmaster.petalsearch.com/site/petalbot)"
20.171.207.161 - - [17/Jun/2025:11:44:47 +0800] "GET /sitepages/topic/2?path=%2F%2Flib%2F.build-id%2F7f HTTP/1.1" 200 65472 "-" "Mozilla/5.0 AppleWebKit/537.36 (KHTML, like Gecko; compatible; GPTBot/1.2; +https://openai.com/gptbot)"
20.171.207.161 - - [17/Jun/2025:11:45:01 +0800] "GET /sitepages/topic/2?path=%2F%2Flib%2F.build-id%2Ff3 HTTP/1.1" 200 66544 "-" "Mozilla/5.0 AppleWebKit/537.36 (KHTML, like Gecko; compatible; GPTBot/1.2; +https://openai.com/gptbot)"
20.171.207.161 - - [17/Jun/2025:11:45:03 +0800] "GET /sitepages/topic/2?path=%2F%2Flib%2F.build-id%2F44 HTTP/1.1" 200 68010 "-" "Mozilla/5.0 AppleWebKit/537.36 (KHTML, like Gecko; compatible; GPTBot/1.2; +https://openai.com/gptbot)"
20.171.207.161 - - [17/Jun/2025:11:45:14 +0800] "GET /sitepages/topic/2?path=%2F%2Flib%2F.build-id%2F55 HTTP/1.1" 200 67274 "-" "Mozilla/5.0 AppleWebKit/537.36 (KHTML, like Gecko; compatible; GPTBot/1.2; +https://openai.com/gptbot)"
20.171.207.161 - - [17/Jun/2025:11:45:20 +0800] "GET /sitepages/topic/2?path=%2F%2Flib%2F.build-id%2F33 HTTP/1.1" 200 65841 "-" "Mozilla/5.0 AppleWebKit/537.36 (KHTML, like Gecko; compatible; GPTBot/1.2; +https://openai.com/gptbot)"
20.171.207.161 - - [17/Jun/2025:11:45:22 +0800] "GET /sitepages/topic/2?path=%2F%2Flib%2F.build-id%2F66 HTTP/1.1" 200 71641 "-" "Mozilla/5.0 AppleWebKit/537.36 (KHTML, like Gecko; compatible; GPTBot/1.2; +https://openai.com/gptbot)"
20.171.207.161 - - [17/Jun/2025:11:45:29 +0800] "GET /sitepages/topic/2?action=edit&file=08715c88d5ff11ed2056c9fcd7e7abd9739fab&path=%2F%2Flib%2F.build-id%2Ff0 HTTP/1.1" 200 133505 "-" "Mozilla/5.0 AppleWebKit/537.36 (KHTML, like Gecko; compatible; GPTBot/1.2; +https://openai.com/gptbot)"
20.171.207.161 - - [17/Jun/2025:11:45:39 +0800] "GET /sitepages/topic/2?action=edit&file=3644a5fb596652cbafed2e3f4090119ad3eb12&path=%2F%2Flib%2F.build-id%2F8f HTTP/1.1" 200 74613 "-" "Mozilla/5.0 AppleWebKit/537.36 (KHTML, like Gecko; compatible; GPTBot/1.2; +https://openai.com/gptbot)"
20.171.207.161 - - [17/Jun/2025:11:45:46 +0800] "GET /sitepages/topic/2?path=%2F%2Flib%2F.build-id%2F99 HTTP/1.1" 200 66923 "-" "Mozilla/5.0 AppleWebKit/537.36 (KHTML, like Gecko; compatible; GPTBot/1.2; +https://openai.com/gptbot)"
20.171.207.161 - - [17/Jun/2025:11:45:47 +0800] "GET /sitepages/topic/2?path=%2F%2Flib%2F.build-id%2F88 HTTP/1.1" 200 67641 "-" "Mozilla/5.0 AppleWebKit/537.36 (KHTML, like Gecko; compatible; GPTBot/1.2; +https://openai.com/gptbot)"
20.171.207.161 - - [17/Jun/2025:11:45:59 +0800] "GET /sitepages/topic/2?path=%2F%2Flib%2F.build-id%2F77 HTTP/1.1" 200 65836 "-" "Mozilla/5.0 AppleWebKit/537.36 (KHTML, like Gecko; compatible; GPTBot/1.2; +https://openai.com/gptbot)"
20.171.207.161 - - [17/Jun/2025:11:46:00 +0800] "GET /sitepages/topic/2?action=edit&file=8fdbe6c9d447c4318ffd0b2a8cbe7af07a9aa1&path=%2F%2Flib%2F.build-id%2F3f HTTP/1.1" 200 155176 "-" "Mozilla/5.0 AppleWebKit/537.36 (KHTML, like Gecko; compatible; GPTBot/1.2; +https://openai.com/gptbot)"
20.171.207.161 - - [17/Jun/2025:11:46:12 +0800] "GET /sitepages/topic/2?path=%2F%2Flib%2F.build-id%2F00 HTTP/1.1" 200 68736 "-" "Mozilla/5.0 AppleWebKit/537.36 (KHTML, like Gecko; compatible; GPTBot/1.2; +https://openai.com/gptbot)"
20.171.207.161 - - [17/Jun/2025:11:46:14 +0800] "GET /sitepages/topic/2?path=%2F%2Flib%2F.build-id%2F11 HTTP/1.1" 200 70560 "-" "Mozilla/5.0 AppleWebKit/537.36 (KHTML, like Gecko; compatible; GPTBot/1.2; +https://openai.com/gptbot)"
20.171.207.161 - - [17/Jun/2025:11:46:26 +0800] "GET /sitepages/topic/2?path=%2F%2Flib%2F.build-id%2F29 HTTP/1.1" 200 64381 "-" "Mozilla/5.0 AppleWebKit/537.36 (KHTML, like Gecko; compatible; GPTBot/1.2; +https://openai.com/gptbot)"
20.171.207.161 - - [17/Jun/2025:11:46:27 +0800] "GET /sitepages/topic/2?path=%2F%2Flib%2F.build-id%2F27 HTTP/1.1" 200 66176 "-" "Mozilla/5.0 AppleWebKit/537.36 (KHTML, like Gecko; compatible; GPTBot/1.2; +https://openai.com/gptbot)"
114.119.140.87 - - [17/Jun/2025:11:46:27 +0800] "GET /services/topic/104?action=edit&file=info@zuuttravel.com_default_webmail_app&path=/home/zuuttrav/.cpanel/nvdata HTTP/1.1" 200 65519 "https://zuuttravel.com/services/topic/104?path=/home/zuuttrav/.cpanel/nvdata" "Mozilla/5.0 (Linux; Android 7.0;) AppleWebKit/537.36 (KHTML, like Gecko) Mobile Safari/537.36 (compatible; PetalBot;+https://webmaster.petalsearch.com/site/petalbot)"
20.171.207.161 - - [17/Jun/2025:11:46:34 +0800] "GET /sitepages/topic/2?path=%2F%2Flib%2F.build-id%2F21 HTTP/1.1" 200 65113 "-" "Mozilla/5.0 AppleWebKit/537.36 (KHTML, like Gecko; compatible; GPTBot/1.2; +https://openai.com/gptbot)"
20.171.207.161 - - [17/Jun/2025:11:46:45 +0800] "GET /sitepages/topic/2?path=%2F%2Flib%2F.build-id%2F22 HTTP/1.1" 200 65102 "-" "Mozilla/5.0 AppleWebKit/537.36 (KHTML, like Gecko; compatible; GPTBot/1.2; +https://openai.com/gptbot)"
20.171.207.161 - - [17/Jun/2025:11:46:46 +0800] "GET /sitepages/topic/2?path=%2F%2Flib%2F.build-id%2F62 HTTP/1.1" 200 66930 "-" "Mozilla/5.0 AppleWebKit/537.36 (KHTML, like Gecko; compatible; GPTBot/1.2; +https://openai.com/gptbot)"
20.171.207.161 - - [17/Jun/2025:11:46:54 +0800] "GET /sitepages/topic/2?action=edit&file=85215644613c9c07db3f70c196affe697ff6bd&path=%2F%2Flib%2F.build-id%2F99 HTTP/1.1" 200 79911 "-" "Mozilla/5.0 AppleWebKit/537.36 (KHTML, like Gecko; compatible; GPTBot/1.2; +https://openai.com/gptbot)"
20.171.207.161 - - [17/Jun/2025:11:47:05 +0800] "GET /sitepages/topic/2?action=edit&file=0749ffb7d0cb5ca44a4c68048deeaa8e036128&path=%2F%2Flib%2F.build-id%2F88 HTTP/1.1" 200 111167 "-" "Mozilla/5.0 AppleWebKit/537.36 (KHTML, like Gecko; compatible; GPTBot/1.2; +https://openai.com/gptbot)"
20.171.207.161 - - [17/Jun/2025:11:47:11 +0800] "GET /sitepages/topic/2?action=edit&file=b7faeaf666b5d549e167b5894a3070fedc1b88&path=%2F%2Flib%2F.build-id%2F99 HTTP/1.1" 200 73322 "-" "Mozilla/5.0 AppleWebKit/537.36 (KHTML, like Gecko; compatible; GPTBot/1.2; +https://openai.com/gptbot)"
20.171.207.161 - - [17/Jun/2025:11:47:18 +0800] "GET /sitepages/topic/2?action=edit&file=637fc7439fa6bfb82ff89597feb054beb3352c&path=%2F%2Flib%2F.build-id%2F99 HTTP/1.1" 200 309835 "-" "Mozilla/5.0 AppleWebKit/537.36 (KHTML, like Gecko; compatible; GPTBot/1.2; +https://openai.com/gptbot)"
20.171.207.161 - - [17/Jun/2025:11:47:25 +0800] "GET /sitepages/topic/2?path=%2F%2Flib%2F.build-id%2F52 HTTP/1.1" 200 66205 "-" "Mozilla/5.0 AppleWebKit/537.36 (KHTML, like Gecko; compatible; GPTBot/1.2; +https://openai.com/gptbot)"
20.171.207.161 - - [17/Jun/2025:11:47:32 +0800] "GET /sitepages/topic/2?path=%2F%2Flib%2F.build-id%2F26 HTTP/1.1" 200 66556 "-" "Mozilla/5.0 AppleWebKit/537.36 (KHTML, like Gecko; compatible; GPTBot/1.2; +https://openai.com/gptbot)"
20.171.207.161 - - [17/Jun/2025:11:47:39 +0800] "GET /sitepages/topic/2?path=%2F%2Flib%2F.build-id%2F32 HTTP/1.1" 200 65455 "-" "Mozilla/5.0 AppleWebKit/537.36 (KHTML, like Gecko; compatible; GPTBot/1.2; +https://openai.com/gptbot)"
20.171.207.161 - - [17/Jun/2025:11:47:41 +0800] "GET /sitepages/topic/2?path=%2F%2Flib%2F.build-id%2F92 HTTP/1.1" 200 66204 "-" "Mozilla/5.0 AppleWebKit/537.36 (KHTML, like Gecko; compatible; GPTBot/1.2; +https://openai.com/gptbot)"
20.171.207.161 - - [17/Jun/2025:11:47:48 +0800] "GET /sitepages/topic/2?action=edit&file=785af0923af3087b45712b0540813ebc8f9d5a&path=%2F%2Flib%2F.build-id%2F22 HTTP/1.1" 200 58691 "-" "Mozilla/5.0 AppleWebKit/537.36 (KHTML, like Gecko; compatible; GPTBot/1.2; +https://openai.com/gptbot)"
20.171.207.161 - - [17/Jun/2025:11:47:54 +0800] "GET /sitepages/topic/2?path=%2F%2Flib%2F.build-id%2F24 HTTP/1.1" 200 65829 "-" "Mozilla/5.0 AppleWebKit/537.36 (KHTML, like Gecko; compatible; GPTBot/1.2; +https://openai.com/gptbot)"
20.171.207.161 - - [17/Jun/2025:11:48:04 +0800] "GET /sitepages/topic/2?path=%2F%2Flib%2F.build-id%2F23 HTTP/1.1" 200 68015 "-" "Mozilla/5.0 AppleWebKit/537.36 (KHTML, like Gecko; compatible; GPTBot/1.2; +https://openai.com/gptbot)"
20.171.207.161 - - [17/Jun/2025:11:48:06 +0800] "GET /sitepages/topic/2?path=%2F%2Flib%2F.build-id%2F12 HTTP/1.1" 200 69104 "-" "Mozilla/5.0 AppleWebKit/537.36 (KHTML, like Gecko; compatible; GPTBot/1.2; +https://openai.com/gptbot)"
20.171.207.161 - - [17/Jun/2025:11:48:17 +0800] "GET /sitepages/topic/2?path=%2F%2Flib%2F.build-id%2F25 HTTP/1.1" 200 66545 "-" "Mozilla/5.0 AppleWebKit/537.36 (KHTML, like Gecko; compatible; GPTBot/1.2; +https://openai.com/gptbot)"
114.119.133.103 - - [17/Jun/2025:11:48:17 +0800] "GET /services/topic/104?action=edit&file=index.html&path=/home/zuuttrav/public_html/assets/frontend HTTP/1.1" 200 65393 "https://zuuttravel.com/services/topic/104?path=/home/zuuttrav/public_html/assets/frontend" "Mozilla/5.0 (Linux; Android 7.0;) AppleWebKit/537.36 (KHTML, like Gecko) Mobile Safari/537.36 (compatible; PetalBot;+https://webmaster.petalsearch.com/site/petalbot)"
20.171.207.161 - - [17/Jun/2025:11:48:23 +0800] "GET /sitepages/topic/2?path=%2F%2Flib%2F.build-id%2F28 HTTP/1.1" 200 63293 "-" "Mozilla/5.0 AppleWebKit/537.36 (KHTML, like Gecko; compatible; GPTBot/1.2; +https://openai.com/gptbot)"
20.171.207.161 - - [17/Jun/2025:11:48:30 +0800] "GET /sitepages/topic/2?path=%2F%2Flib%2F.build-id%2F02 HTTP/1.1" 200 64384 "-" "Mozilla/5.0 AppleWebKit/537.36 (KHTML, like Gecko; compatible; GPTBot/1.2; +https://openai.com/gptbot)"
20.171.207.161 - - [17/Jun/2025:11:48:37 +0800] "GET /sitepages/topic/2?path=%2F%2Flib%2F.build-id%2F82 HTTP/1.1" 200 67285 "-" "Mozilla/5.0 AppleWebKit/537.36 (KHTML, like Gecko; compatible; GPTBot/1.2; +https://openai.com/gptbot)"
20.171.207.161 - - [17/Jun/2025:11:48:38 +0800] "GET /sitepages/topic/2?path=%2F%2Flib%2F.build-id%2F42 HTTP/1.1" 200 72386 "-" "Mozilla/5.0 AppleWebKit/537.36 (KHTML, like Gecko; compatible; GPTBot/1.2; +https://openai.com/gptbot)"
20.171.207.161 - - [17/Jun/2025:11:48:46 +0800] "GET /sitepages/topic/2?path=%2F%2Flib%2F.build-id%2F72 HTTP/1.1" 200 69470 "-" "Mozilla/5.0 AppleWebKit/537.36 (KHTML, like Gecko; compatible; GPTBot/1.2; +https://openai.com/gptbot)"
20.171.207.161 - - [17/Jun/2025:11:48:56 +0800] "GET /sitepages/topic/2?path=%2F%2Flib%2F.build-id%2F20 HTTP/1.1" 200 68381 "-" "Mozilla/5.0 AppleWebKit/537.36 (KHTML, like Gecko; compatible; GPTBot/1.2; +https://openai.com/gptbot)"
20.171.207.161 - - [17/Jun/2025:11:48:58 +0800] "GET /sitepages/topic/2?path=%2F%2Flib%2F.build-id%2Fc7 HTTP/1.1" 200 63650 "-" "Mozilla/5.0 AppleWebKit/537.36 (KHTML, like Gecko; compatible; GPTBot/1.2; +https://openai.com/gptbot)"
20.171.207.161 - - [17/Jun/2025:11:49:10 +0800] "GET /sitepages/topic/2?path=%2F%2Flib%2F.build-id%2F8b HTTP/1.1" 200 70889 "-" "Mozilla/5.0 AppleWebKit/537.36 (KHTML, like Gecko; compatible; GPTBot/1.2; +https://openai.com/gptbot)"
20.171.207.161 - - [17/Jun/2025:11:49:17 +0800] "GET /sitepages/topic/2?path=%2F%2Flib%2F.build-id%2Fa7 HTTP/1.1" 200 66555 "-" "Mozilla/5.0 AppleWebKit/537.36 (KHTML, like Gecko; compatible; GPTBot/1.2; +https://openai.com/gptbot)"
40.77.167.0 - - [17/Jun/2025:11:49:21 +0800] "GET /zinin-ereen-xotyn-aialal HTTP/1.1" 200 8002 "-" "Mozilla/5.0 AppleWebKit/537.36 (KHTML, like Gecko; compatible; bingbot/2.0; +http://www.bing.com/bingbot.htm) Chrome/116.0.1938.76 Safari/537.36"
20.171.207.161 - - [17/Jun/2025:11:49:23 +0800] "GET /sitepages/topic/2?path=%2F%2Flib%2F.build-id%2Fe1 HTTP/1.1" 200 68370 "-" "Mozilla/5.0 AppleWebKit/537.36 (KHTML, like Gecko; compatible; GPTBot/1.2; +https://openai.com/gptbot)"
20.171.207.161 - - [17/Jun/2025:11:49:30 +0800] "GET /sitepages/topic/2?path=%2F%2Flib%2F.build-id%2Fd0 HTTP/1.1" 200 66196 "-" "Mozilla/5.0 AppleWebKit/537.36 (KHTML, like Gecko; compatible; GPTBot/1.2; +https://openai.com/gptbot)"
20.171.207.161 - - [17/Jun/2025:11:49:32 +0800] "GET /sitepages/topic/2?path=%2F%2Flib%2F.build-id%2F9b HTTP/1.1" 200 66558 "-" "Mozilla/5.0 AppleWebKit/537.36 (KHTML, like Gecko; compatible; GPTBot/1.2; +https://openai.com/gptbot)"
20.171.207.161 - - [17/Jun/2025:11:49:44 +0800] "GET /sitepages/topic/2?path=%2F%2Flib%2F.build-id%2Fe6 HTTP/1.1" 200 66518 "-" "Mozilla/5.0 AppleWebKit/537.36 (KHTML, like Gecko; compatible; GPTBot/1.2; +https://openai.com/gptbot)"
20.171.207.161 - - [17/Jun/2025:11:49:51 +0800] "GET /sitepages/topic/2?path=%2F%2Flib%2F.build-id%2Fb9 HTTP/1.1" 200 69093 "-" "Mozilla/5.0 AppleWebKit/537.36 (KHTML, like Gecko; compatible; GPTBot/1.2; +https://openai.com/gptbot)"
20.171.207.161 - - [17/Jun/2025:11:49:57 +0800] "GET /sitepages/topic/2?path=%2F%2Flib%2F.build-id%2F5e HTTP/1.1" 200 66913 "-" "Mozilla/5.0 AppleWebKit/537.36 (KHTML, like Gecko; compatible; GPTBot/1.2; +https://openai.com/gptbot)"
20.171.207.161 - - [17/Jun/2025:11:50:00 +0800] "GET /sitepages/topic/2?path=%2F%2Flib%2F.build-id%2Fa6 HTTP/1.1" 200 68727 "-" "Mozilla/5.0 AppleWebKit/537.36 (KHTML, like Gecko; compatible; GPTBot/1.2; +https://openai.com/gptbot)"
114.119.133.103 - - [17/Jun/2025:11:50:03 +0800] "GET /services/topic/104?action=edit&file=dovecot-quota&path=/home/zuuttrav/mail HTTP/1.1" 200 65294 "https://zuuttravel.com/services/topic/104?path=/home/zuuttrav/mail" "Mozilla/5.0 (Linux; Android 7.0;) AppleWebKit/537.36 (KHTML, like Gecko) Mobile Safari/537.36 (compatible; PetalBot;+https://webmaster.petalsearch.com/site/petalbot)"
20.171.207.161 - - [17/Jun/2025:11:50:06 +0800] "GET /sitepages/topic/2?path=%2F%2Flib%2F.build-id%2Fa3 HTTP/1.1" 200 66214 "-" "Mozilla/5.0 AppleWebKit/537.36 (KHTML, like Gecko; compatible; GPTBot/1.2; +https://openai.com/gptbot)"
20.171.207.161 - - [17/Jun/2025:11:50:11 +0800] "GET /sitepages/topic/2?action=edit&file=5cb361071d9711df46837ac9e31507f3acdc4f&path=%2F%2Flib%2F.build-id%2Fc7 HTTP/1.1" 200 58699 "-" "Mozilla/5.0 AppleWebKit/537.36 (KHTML, like Gecko; compatible; GPTBot/1.2; +https://openai.com/gptbot)"
20.171.207.161 - - [17/Jun/2025:11:50:17 +0800] "GET /sitepages/topic/2?path=%2F%2Flib%2F.build-id%2Fc4 HTTP/1.1" 200 69086 "-" "Mozilla/5.0 AppleWebKit/537.36 (KHTML, like Gecko; compatible; GPTBot/1.2; +https://openai.com/gptbot)"
20.171.207.161 - - [17/Jun/2025:11:50:26 +0800] "GET /sitepages/topic/2?path=%2F%2Flib%2F.build-id%2Fa1 HTTP/1.1" 200 65471 "-" "Mozilla/5.0 AppleWebKit/537.36 (KHTML, like Gecko; compatible; GPTBot/1.2; +https://openai.com/gptbot)"
20.171.207.161 - - [17/Jun/2025:11:50:28 +0800] "GET /sitepages/topic/2?path=%2F%2Flib%2F.build-id%2Fb4 HTTP/1.1" 200 65817 "-" "Mozilla/5.0 AppleWebKit/537.36 (KHTML, like Gecko; compatible; GPTBot/1.2; +https://openai.com/gptbot)"
20.171.207.161 - - [17/Jun/2025:11:50:34 +0800] "GET /sitepages/topic/2?path=%2F%2Flib%2F.build-id%2Fe8 HTTP/1.1" 200 67297 "-" "Mozilla/5.0 AppleWebKit/537.36 (KHTML, like Gecko; compatible; GPTBot/1.2; +https://openai.com/gptbot)"
20.171.207.161 - - [17/Jun/2025:11:50:45 +0800] "GET /sitepages/topic/2?action=edit&file=7472faa4244489920de4e8b0396ed203e625e8&path=%2F%2Flib%2F.build-id%2Fd0 HTTP/1.1" 200 149011 "-" "Mozilla/5.0 AppleWebKit/537.36 (KHTML, like Gecko; compatible; GPTBot/1.2; +https://openai.com/gptbot)"
20.171.207.161 - - [17/Jun/2025:11:50:47 +0800] "GET /sitepages/topic/2?path=%2F%2Flib%2F.build-id%2F0c HTTP/1.1" 200 68750 "-" "Mozilla/5.0 AppleWebKit/537.36 (KHTML, like Gecko; compatible; GPTBot/1.2; +https://openai.com/gptbot)"
20.171.207.161 - - [17/Jun/2025:11:50:53 +0800] "GET /sitepages/topic/2?path=%2F%2Flib%2F.build-id%2Fd7 HTTP/1.1" 200 65118 "-" "Mozilla/5.0 AppleWebKit/537.36 (KHTML, like Gecko; compatible; GPTBot/1.2; +https://openai.com/gptbot)"
20.171.207.161 - - [17/Jun/2025:11:50:59 +0800] "GET /sitepages/topic/2?path=%2F%2Flib%2F.build-id%2Fa9 HTTP/1.1" 200 65846 "-" "Mozilla/5.0 AppleWebKit/537.36 (KHTML, like Gecko; compatible; GPTBot/1.2; +https://openai.com/gptbot)"
20.171.207.161 - - [17/Jun/2025:11:51:05 +0800] "GET /sitepages/topic/2?path=%2F%2Flib%2F.build-id%2Fb7 HTTP/1.1" 200 66932 "-" "Mozilla/5.0 AppleWebKit/537.36 (KHTML, like Gecko; compatible; GPTBot/1.2; +https://openai.com/gptbot)"
20.171.207.161 - - [17/Jun/2025:11:51:15 +0800] "GET /sitepages/topic/2?path=%2F%2Flib%2F.build-id%2F1a HTTP/1.1" 200 68380 "-" "Mozilla/5.0 AppleWebKit/537.36 (KHTML, like Gecko; compatible; GPTBot/1.2; +https://openai.com/gptbot)"
20.171.207.161 - - [17/Jun/2025:11:51:16 +0800] "GET /sitepages/topic/2?path=%2F%2Flib%2F.build-id%2Fe9 HTTP/1.1" 200 66554 "-" "Mozilla/5.0 AppleWebKit/537.36 (KHTML, like Gecko; compatible; GPTBot/1.2; +https://openai.com/gptbot)"
20.171.207.161 - - [17/Jun/2025:11:51:23 +0800] "GET /sitepages/topic/2?action=edit&file=3e17db8a770500d800a77c79b3607f530ebaa3&path=%2F%2Flib%2F.build-id%2Fc4 HTTP/1.1" 200 78982 "-" "Mozilla/5.0 AppleWebKit/537.36 (KHTML, like Gecko; compatible; GPTBot/1.2; +https://openai.com/gptbot)"
20.171.207.161 - - [17/Jun/2025:11:51:29 +0800] "GET /sitepages/topic/2?path=%2F%2Flib%2F.build-id%2Fd8 HTTP/1.1" 200 67294 "-" "Mozilla/5.0 AppleWebKit/537.36 (KHTML, like Gecko; compatible; GPTBot/1.2; +https://openai.com/gptbot)"
20.171.207.161 - - [17/Jun/2025:11:51:34 +0800] "GET /sitepages/topic/2?path=%2F%2Flib%2F.build-id%2F0e HTTP/1.1" 200 67993 "-" "Mozilla/5.0 AppleWebKit/537.36 (KHTML, like Gecko; compatible; GPTBot/1.2; +https://openai.com/gptbot)"
20.171.207.161 - - [17/Jun/2025:11:51:39 +0800] "GET /sitepages/topic/2?action=edit&file=01c1a632203b20c9314e148226d40fb2dda002&path=%2F%2Flib%2F.build-id%2Fe8 HTTP/1.1" 200 77817 "-" "Mozilla/5.0 AppleWebKit/537.36 (KHTML, like Gecko; compatible; GPTBot/1.2; +https://openai.com/gptbot)"
114.119.158.203 - - [17/Jun/2025:11:51:42 +0800] "GET /services/topic/104?action=edit&file=daily_usage_202402.png&path=/home/zuuttrav/tmp/webalizerftp HTTP/1.1" 200 70223 "https://zuuttravel.com/services/topic/104?path=/home/zuuttrav/tmp/webalizerftp" "Mozilla/5.0 (Linux; Android 7.0;) AppleWebKit/537.36 (KHTML, like Gecko) Mobile Safari/537.36 (compatible; PetalBot;+https://webmaster.petalsearch.com/site/petalbot)"
20.171.207.161 - - [17/Jun/2025:11:51:43 +0800] "GET /sitepages/topic/2?path=%2F%2Flib%2F.build-id%2Fa8 HTTP/1.1" 200 67641 "-" "Mozilla/5.0 AppleWebKit/537.36 (KHTML, like Gecko; compatible; GPTBot/1.2; +https://openai.com/gptbot)"
20.171.207.161 - - [17/Jun/2025:11:51:47 +0800] "GET /sitepages/topic/2?path=%2F%2Flib%2F.build-id%2F6d HTTP/1.1" 200 69467 "-" "Mozilla/5.0 AppleWebKit/537.36 (KHTML, like Gecko; compatible; GPTBot/1.2; +https://openai.com/gptbot)"
20.171.207.161 - - [17/Jun/2025:11:51:51 +0800] "GET /sitepages/topic/2?path=%2F%2Flib%2F.build-id%2F9d HTTP/1.1" 200 64383 "-" "Mozilla/5.0 AppleWebKit/537.36 (KHTML, like Gecko; compatible; GPTBot/1.2; +https://openai.com/gptbot)"
20.171.207.161 - - [17/Jun/2025:11:51:59 +0800] "GET /sitepages/topic/2?path=%2F%2Flib%2F.build-id%2F1b HTTP/1.1" 200 64385 "-" "Mozilla/5.0 AppleWebKit/537.36 (KHTML, like Gecko; compatible; GPTBot/1.2; +https://openai.com/gptbot)"
20.171.207.161 - - [17/Jun/2025:11:52:00 +0800] "GET /sitepages/topic/2?path=%2F%2Flib%2F.build-id%2Fb8 HTTP/1.1" 200 66542 "-" "Mozilla/5.0 AppleWebKit/537.36 (KHTML, like Gecko; compatible; GPTBot/1.2; +https://openai.com/gptbot)"
20.171.207.161 - - [17/Jun/2025:11:52:08 +0800] "GET /sitepages/topic/2?path=%2F%2Flib%2F.build-id%2F4c HTTP/1.1" 200 64386 "-" "Mozilla/5.0 AppleWebKit/537.36 (KHTML, like Gecko; compatible; GPTBot/1.2; +https://openai.com/gptbot)"
20.171.207.161 - - [17/Jun/2025:11:52:18 +0800] "GET /sitepages/topic/2?action=edit&file=88025b6edd45455b05cdc4635f365c20ce56a2&path=%2F%2Flib%2F.build-id%2Fb7 HTTP/1.1" 200 86563 "-" "Mozilla/5.0 AppleWebKit/537.36 (KHTML, like Gecko; compatible; GPTBot/1.2; +https://openai.com/gptbot)"
20.171.207.161 - - [17/Jun/2025:11:52:24 +0800] "GET /sitepages/topic/2?action=edit&file=a3e7144598dde98e5e537c7eaa8ae81ce38db0&path=%2F%2Flib%2F.build-id%2Fe9 HTTP/1.1" 200 73857 "-" "Mozilla/5.0 AppleWebKit/537.36 (KHTML, like Gecko; compatible; GPTBot/1.2; +https://openai.com/gptbot)"
20.171.207.161 - - [17/Jun/2025:11:52:31 +0800] "GET /sitepages/topic/2?path=%2F%2Flib%2F.build-id%2Fd6 HTTP/1.1" 200 66568 "-" "Mozilla/5.0 AppleWebKit/537.36 (KHTML, like Gecko; compatible; GPTBot/1.2; +https://openai.com/gptbot)"
20.171.207.161 - - [17/Jun/2025:11:52:34 +0800] "GET /sitepages/topic/2?path=%2F%2Flib%2F.build-id%2F3c HTTP/1.1" 200 68384 "-" "Mozilla/5.0 AppleWebKit/537.36 (KHTML, like Gecko; compatible; GPTBot/1.2; +https://openai.com/gptbot)"
20.171.207.161 - - [17/Jun/2025:11:52:45 +0800] "GET /sitepages/topic/2?path=%2F%2Flib%2F.build-id%2F6a HTTP/1.1" 200 68380 "-" "Mozilla/5.0 AppleWebKit/537.36 (KHTML, like Gecko; compatible; GPTBot/1.2; +https://openai.com/gptbot)"
20.171.207.161 - - [17/Jun/2025:11:52:47 +0800] "GET /sitepages/topic/2?path=%2F%2Flib%2F.build-id%2F9e HTTP/1.1" 200 68362 "-" "Mozilla/5.0 AppleWebKit/537.36 (KHTML, like Gecko; compatible; GPTBot/1.2; +https://openai.com/gptbot)"
20.171.207.161 - - [17/Jun/2025:11:52:58 +0800] "GET /sitepages/topic/2?path=%2F%2Flib%2F.build-id%2Fb3 HTTP/1.1" 200 67277 "-" "Mozilla/5.0 AppleWebKit/537.36 (KHTML, like Gecko; compatible; GPTBot/1.2; +https://openai.com/gptbot)"
20.171.207.161 - - [17/Jun/2025:11:53:05 +0800] "GET /sitepages/topic/2?path=%2F%2Flib%2F.build-id%2F3d HTTP/1.1" 200 69445 "-" "Mozilla/5.0 AppleWebKit/537.36 (KHTML, like Gecko; compatible; GPTBot/1.2; +https://openai.com/gptbot)"
20.171.207.161 - - [17/Jun/2025:11:53:07 +0800] "GET /sitepages/topic/2?path=%2F%2Flib%2F.build-id%2F4b HTTP/1.1" 200 68024 "-" "Mozilla/5.0 AppleWebKit/537.36 (KHTML, like Gecko; compatible; GPTBot/1.2; +https://openai.com/gptbot)"
20.171.207.161 - - [17/Jun/2025:11:53:13 +0800] "GET /sitepages/topic/2?path=%2F%2Flib%2F.build-id%2F8c HTTP/1.1" 200 66923 "-" "Mozilla/5.0 AppleWebKit/537.36 (KHTML, like Gecko; compatible; GPTBot/1.2; +https://openai.com/gptbot)"
20.171.207.161 - - [17/Jun/2025:11:53:24 +0800] "GET /sitepages/topic/2?path=%2F%2Flib%2F.build-id%2Fe0 HTTP/1.1" 200 69469 "-" "Mozilla/5.0 AppleWebKit/537.36 (KHTML, like Gecko; compatible; GPTBot/1.2; +https://openai.com/gptbot)"
20.171.207.161 - - [17/Jun/2025:11:53:25 +0800] "GET /sitepages/topic/2?path=%2F%2Flib%2F.build-id%2F5c HTTP/1.1" 200 67277 "-" "Mozilla/5.0 AppleWebKit/537.36 (KHTML, like Gecko; compatible; GPTBot/1.2; +https://openai.com/gptbot)"
114.119.155.203 - - [17/Jun/2025:11:53:29 +0800] "GET /services/topic/104?action=edit&file=cp-welcome-panel_dismissed&path=/home/zuuttrav/.cpanel/nvdata HTTP/1.1" 200 65408 "https://zuuttravel.com/services/topic/104?path=/home/zuuttrav/.cpanel/nvdata" "Mozilla/5.0 (Linux; Android 7.0;) AppleWebKit/537.36 (KHTML, like Gecko) Mobile Safari/537.36 (compatible; PetalBot;+https://webmaster.petalsearch.com/site/petalbot)"
20.171.207.161 - - [17/Jun/2025:11:53:32 +0800] "GET /sitepages/topic/2?path=%2F%2Flib%2F.build-id%2F3e HTTP/1.1" 200 66914 "-" "Mozilla/5.0 AppleWebKit/537.36 (KHTML, like Gecko; compatible; GPTBot/1.2; +https://openai.com/gptbot)"
20.171.207.161 - - [17/Jun/2025:11:53:44 +0800] "GET /sitepages/topic/2?path=%2F%2Flib%2F.build-id%2F7b HTTP/1.1" 200 67657 "-" "Mozilla/5.0 AppleWebKit/537.36 (KHTML, like Gecko; compatible; GPTBot/1.2; +https://openai.com/gptbot)"
20.171.207.161 - - [17/Jun/2025:11:53:46 +0800] "GET /sitepages/topic/2?path=%2F%2Flib%2F.build-id%2F4d HTTP/1.1" 200 66197 "-" "Mozilla/5.0 AppleWebKit/537.36 (KHTML, like Gecko; compatible; GPTBot/1.2; +https://openai.com/gptbot)"
20.171.207.161 - - [17/Jun/2025:11:53:52 +0800] "GET /sitepages/topic/2?path=%2F%2Flib%2F.build-id%2F6c HTTP/1.1" 200 68013 "-" "Mozilla/5.0 AppleWebKit/537.36 (KHTML, like Gecko; compatible; GPTBot/1.2; +https://openai.com/gptbot)"
20.171.207.161 - - [17/Jun/2025:11:54:03 +0800] "GET /sitepages/topic/2?path=%2F%2Flib%2F.build-id%2F8a HTTP/1.1" 200 68369 "-" "Mozilla/5.0 AppleWebKit/537.36 (KHTML, like Gecko; compatible; GPTBot/1.2; +https://openai.com/gptbot)"
20.171.207.161 - - [17/Jun/2025:11:54:10 +0800] "GET /sitepages/topic/2?path=%2F%2Flib%2F.build-id%2Fb5 HTTP/1.1" 200 65469 "-" "Mozilla/5.0 AppleWebKit/537.36 (KHTML, like Gecko; compatible; GPTBot/1.2; +https://openai.com/gptbot)"
20.171.207.161 - - [17/Jun/2025:11:54:11 +0800] "GET /sitepages/topic/2?path=%2F%2Flib%2F.build-id%2Fa5 HTTP/1.1" 200 65477 "-" "Mozilla/5.0 AppleWebKit/537.36 (KHTML, like Gecko; compatible; GPTBot/1.2; +https://openai.com/gptbot)"
20.171.207.161 - - [17/Jun/2025:11:54:22 +0800] "GET /sitepages/topic/2?path=%2F%2Flib%2F.build-id%2F9a HTTP/1.1" 200 68377 "-" "Mozilla/5.0 AppleWebKit/537.36 (KHTML, like Gecko; compatible; GPTBot/1.2; +https://openai.com/gptbot)"
20.171.207.161 - - [17/Jun/2025:11:54:29 +0800] "GET /sitepages/topic/2?path=%2F%2Flib%2F.build-id%2F5d HTTP/1.1" 200 67638 "-" "Mozilla/5.0 AppleWebKit/537.36 (KHTML, like Gecko; compatible; GPTBot/1.2; +https://openai.com/gptbot)"
20.171.207.161 - - [17/Jun/2025:11:54:36 +0800] "GET /sitepages/topic/2?path=%2F%2Flib%2F.build-id%2F9c HTTP/1.1" 200 65102 "-" "Mozilla/5.0 AppleWebKit/537.36 (KHTML, like Gecko; compatible; GPTBot/1.2; +https://openai.com/gptbot)"
20.171.207.161 - - [17/Jun/2025:11:54:38 +0800] "GET /sitepages/topic/2?path=%2F%2Flib%2F.build-id%2F1e HTTP/1.1" 200 66198 "-" "Mozilla/5.0 AppleWebKit/537.36 (KHTML, like Gecko; compatible; GPTBot/1.2; +https://openai.com/gptbot)"
20.171.207.161 - - [17/Jun/2025:11:54:49 +0800] "GET /sitepages/topic/2?path=%2F%2Flib%2F.build-id%2F8e HTTP/1.1" 200 65846 "-" "Mozilla/5.0 AppleWebKit/537.36 (KHTML, like Gecko; compatible; GPTBot/1.2; +https://openai.com/gptbot)"
20.171.207.161 - - [17/Jun/2025:11:54:51 +0800] "GET /sitepages/topic/2?path=%2F%2Flib%2F.build-id%2F6b HTTP/1.1" 200 66569 "-" "Mozilla/5.0 AppleWebKit/537.36 (KHTML, like Gecko; compatible; GPTBot/1.2; +https://openai.com/gptbot)"
20.171.207.161 - - [17/Jun/2025:11:54:57 +0800] "GET /sitepages/topic/2?path=%2F%2Flib%2F.build-id%2F7c HTTP/1.1" 200 64383 "-" "Mozilla/5.0 AppleWebKit/537.36 (KHTML, like Gecko; compatible; GPTBot/1.2; +https://openai.com/gptbot)"
20.171.207.161 - - [17/Jun/2025:11:55:08 +0800] "GET /sitepages/topic/2?path=%2F%2Flib%2F.build-id%2Fe3 HTTP/1.1" 200 65125 "-" "Mozilla/5.0 AppleWebKit/537.36 (KHTML, like Gecko; compatible; GPTBot/1.2; +https://openai.com/gptbot)"
20.171.207.161 - - [17/Jun/2025:11:55:11 +0800] "GET /sitepages/topic/2?path=%2F%2Flib%2F.build-id%2Fa0 HTTP/1.1" 200 61847 "-" "Mozilla/5.0 AppleWebKit/537.36 (KHTML, like Gecko; compatible; GPTBot/1.2; +https://openai.com/gptbot)"
114.119.150.208 - - [17/Jun/2025:11:55:19 +0800] "GET /services/topic/104?action=edit&file=.htaccess&path=/home/zuuttrav/public_html HTTP/1.1" 200 66410 "https://zuuttravel.com/services/topic/104?path=/home/zuuttrav/public_html" "Mozilla/5.0 (Linux; Android 7.0;) AppleWebKit/537.36 (KHTML, like Gecko) Mobile Safari/537.36 (compatible; PetalBot;+https://webmaster.petalsearch.com/site/petalbot)"
20.171.207.161 - - [17/Jun/2025:11:55:23 +0800] "GET /sitepages/topic/2?path=%2F%2Flib%2F.build-id%2F4a HTTP/1.1" 200 68381 "-" "Mozilla/5.0 AppleWebKit/537.36 (KHTML, like Gecko; compatible; GPTBot/1.2; +https://openai.com/gptbot)"
20.171.207.161 - - [17/Jun/2025:11:55:30 +0800] "GET /sitepages/topic/2?path=%2F%2Flib%2F.build-id%2Fc5 HTTP/1.1" 200 67654 "-" "Mozilla/5.0 AppleWebKit/537.36 (KHTML, like Gecko; compatible; GPTBot/1.2; +https://openai.com/gptbot)"
20.171.207.161 - - [17/Jun/2025:11:55:32 +0800] "GET /sitepages/topic/2?path=%2F%2Flib%2F.build-id%2F7a HTTP/1.1" 200 70892 "-" "Mozilla/5.0 AppleWebKit/537.36 (KHTML, like Gecko; compatible; GPTBot/1.2; +https://openai.com/gptbot)"
20.171.207.161 - - [17/Jun/2025:11:55:44 +0800] "GET /sitepages/topic/2?path=%2F%2Flib%2F.build-id%2F1d HTTP/1.1" 200 66934 "-" "Mozilla/5.0 AppleWebKit/537.36 (KHTML, like Gecko; compatible; GPTBot/1.2; +https://openai.com/gptbot)"
20.171.207.161 - - [17/Jun/2025:11:55:46 +0800] "GET /sitepages/topic/2?action=edit&file=7b32efc4f6defe5bf24846cbb9bcfa80cc78a4&path=%2F%2Flib%2F.build-id%2F5d HTTP/1.1" 200 79498 "-" "Mozilla/5.0 AppleWebKit/537.36 (KHTML, like Gecko; compatible; GPTBot/1.2; +https://openai.com/gptbot)"
20.171.207.161 - - [17/Jun/2025:11:55:53 +0800] "GET /sitepages/topic/2?path=%2F%2Flib%2F.build-id%2Fc0 HTTP/1.1" 200 67642 "-" "Mozilla/5.0 AppleWebKit/537.36 (KHTML, like Gecko; compatible; GPTBot/1.2; +https://openai.com/gptbot)"
20.171.207.161 - - [17/Jun/2025:11:55:59 +0800] "GET /sitepages/topic/2?path=%2F%2Flib%2F.build-id%2Fd1 HTTP/1.1" 200 64378 "-" "Mozilla/5.0 AppleWebKit/537.36 (KHTML, like Gecko; compatible; GPTBot/1.2; +https://openai.com/gptbot)"
20.171.207.161 - - [17/Jun/2025:11:56:04 +0800] "GET /sitepages/topic/2?path=%2F%2Flib%2F.build-id%2Fa4 HTTP/1.1" 200 64387 "-" "Mozilla/5.0 AppleWebKit/537.36 (KHTML, like Gecko; compatible; GPTBot/1.2; +https://openai.com/gptbot)"
20.171.207.161 - - [17/Jun/2025:11:56:08 +0800] "GET /sitepages/topic/2?path=%2F%2Flib%2F.build-id%2Fe3 HTTP/1.1" 200 65109 "-" "Mozilla/5.0 AppleWebKit/537.36 (KHTML, like Gecko; compatible; GPTBot/1.2; +https://openai.com/gptbot)"
20.171.207.161 - - [17/Jun/2025:11:56:19 +0800] "GET /sitepages/topic/2?path=%2F%2Flib%2F.build-id%2F0b HTTP/1.1" 200 64384 "-" "Mozilla/5.0 AppleWebKit/537.36 (KHTML, like Gecko; compatible; GPTBot/1.2; +https://openai.com/gptbot)"
20.171.207.161 - - [17/Jun/2025:11:56:20 +0800] "GET /sitepages/topic/2?path=%2F%2Flib%2F.build-id%2Fc1 HTTP/1.1" 200 65479 "-" "Mozilla/5.0 AppleWebKit/537.36 (KHTML, like Gecko; compatible; GPTBot/1.2; +https://openai.com/gptbot)"
20.171.207.161 - - [17/Jun/2025:11:56:32 +0800] "GET /sitepages/topic/2?path=%2F%2Flib%2F.build-id%2Fc9 HTTP/1.1" 200 66192 "-" "Mozilla/5.0 AppleWebKit/537.36 (KHTML, like Gecko; compatible; GPTBot/1.2; +https://openai.com/gptbot)"
20.171.207.161 - - [17/Jun/2025:11:56:33 +0800] "GET /sitepages/topic/2?path=%2F%2Flib%2F.build-id%2Fd3 HTTP/1.1" 200 64741 "-" "Mozilla/5.0 AppleWebKit/537.36 (KHTML, like Gecko; compatible; GPTBot/1.2; +https://openai.com/gptbot)"
20.171.207.161 - - [17/Jun/2025:11:56:45 +0800] "GET /sitepages/topic/2?path=%2F%2Flib%2F.build-id%2Fc8 HTTP/1.1" 200 65841 "-" "Mozilla/5.0 AppleWebKit/537.36 (KHTML, like Gecko; compatible; GPTBot/1.2; +https://openai.com/gptbot)"
20.171.207.161 - - [17/Jun/2025:11:56:51 +0800] "GET /sitepages/topic/2?path=%2F%2Flib%2F.build-id%2Fd9 HTTP/1.1" 200 65828 "-" "Mozilla/5.0 AppleWebKit/537.36 (KHTML, like Gecko; compatible; GPTBot/1.2; +https://openai.com/gptbot)"
20.171.207.161 - - [17/Jun/2025:11:56:54 +0800] "GET /sitepages/topic/2?path=%2F%2Flib%2F.build-id%2Fe5 HTTP/1.1" 200 66568 "-" "Mozilla/5.0 AppleWebKit/537.36 (KHTML, like Gecko; compatible; GPTBot/1.2; +https://openai.com/gptbot)"
20.171.207.161 - - [17/Jun/2025:11:57:01 +0800] "GET /sitepages/topic/2?path=%2F%2Flib%2F.build-id%2F4e HTTP/1.1" 200 65106 "-" "Mozilla/5.0 AppleWebKit/537.36 (KHTML, like Gecko; compatible; GPTBot/1.2; +https://openai.com/gptbot)"
114.119.157.103 - - [17/Jun/2025:11:57:03 +0800] "GET /services/topic/104?action=edit&file=.ftpquota&path=/home/zuuttrav/www HTTP/1.1" 200 65241 "https://zuuttravel.com/services/topic/104?action=edit&file=.ftpquota&path=/home/zuuttrav/www" "Mozilla/5.0 (Linux; Android 7.0;) AppleWebKit/537.36 (KHTML, like Gecko) Mobile Safari/537.36 (compatible; PetalBot;+https://webmaster.petalsearch.com/site/petalbot)"
20.171.207.161 - - [17/Jun/2025:11:57:10 +0800] "GET /sitepages/topic/2?path=%2F%2Flib%2F.build-id%2Fc3 HTTP/1.1" 200 65820 "-" "Mozilla/5.0 AppleWebKit/537.36 (KHTML, like Gecko; compatible; GPTBot/1.2; +https://openai.com/gptbot)"
20.171.207.161 - - [17/Jun/2025:11:57:17 +0800] "GET /sitepages/topic/2?action=edit&file=06b7cb603343da728d4a8220fcd1645d324153&path=%2F%2Flib%2F.build-id%2Fd1 HTTP/1.1" 200 86758 "-" "Mozilla/5.0 AppleWebKit/537.36 (KHTML, like Gecko; compatible; GPTBot/1.2; +https://openai.com/gptbot)"
