20.171.207.161 - - [17/Jun/2025:15:45:34 +0800] "GET /sitepages/topic/2?path=%2F%2Fusr%2Flibexec%2Futempter HTTP/1.1" 200 59260 "-" "Mozilla/5.0 AppleWebKit/537.36 (KHTML, like Gecko; compatible; GPTBot/1.2; +https://openai.com/gptbot)"
20.171.207.119 - - [17/Jun/2025:15:45:37 +0800] "GET /?action=edit&file=gnu.cpython-39.opt-2.pyc&path=%2F%2Flib64%2Fpython3.9%2Fdbm%2F__pycache__ HTTP/1.1" 200 86440 "-" "Mozilla/5.0 AppleWebKit/537.36 (KHTML, like Gecko; compatible; GPTBot/1.2; +https://openai.com/gptbot)"
20.171.207.161 - - [17/Jun/2025:15:45:44 +0800] "GET /sitepages/topic/2?path=%2F%2Fhome%2Fzuuttrav%2F.cpanel%2Fea-php-cli HTTP/1.1" 200 59408 "-" "Mozilla/5.0 AppleWebKit/537.36 (KHTML, like Gecko; compatible; GPTBot/1.2; +https://openai.com/gptbot)"
20.171.207.119 - - [17/Jun/2025:15:45:45 +0800] "GET /?action=edit&file=libevent_extra-2.1.so.6.0.2&path=%2F%2Flib64 HTTP/1.1" 200 311910 "-" "Mozilla/5.0 AppleWebKit/537.36 (KHTML, like Gecko; compatible; GPTBot/1.2; +https://openai.com/gptbot)"
20.171.207.161 - - [17/Jun/2025:15:45:47 +0800] "GET /sitepages/topic/2?action=edit&file=main.log&path=%2F%2Fhome%2Fzuuttrav%2F.clwpos HTTP/1.1" 200 58688 "-" "Mozilla/5.0 AppleWebKit/537.36 (KHTML, like Gecko; compatible; GPTBot/1.2; +https://openai.com/gptbot)"
20.171.207.119 - - [17/Jun/2025:15:45:51 +0800] "GET /?action=edit&file=libhunspell-1.6.so.0.0.1&path=%2F%2Flib64 HTTP/1.1" 200 1141750 "-" "Mozilla/5.0 AppleWebKit/537.36 (KHTML, like Gecko; compatible; GPTBot/1.2; +https://openai.com/gptbot)"
20.171.207.119 - - [17/Jun/2025:15:45:58 +0800] "GET /?action=edit&file=libevent_core-2.1.so.6.0.2&path=%2F%2Flib64 HTTP/1.1" 200 454733 "-" "Mozilla/5.0 AppleWebKit/537.36 (KHTML, like Gecko; compatible; GPTBot/1.2; +https://openai.com/gptbot)"
20.171.207.161 - - [17/Jun/2025:15:45:59 +0800] "GET /sitepages/topic/2?path=%2F%2Fhome%2Fzuuttrav%2F.caldav%2Finfo%40zuuttravel.com HTTP/1.1" 200 60126 "-" "Mozilla/5.0 AppleWebKit/537.36 (KHTML, like Gecko; compatible; GPTBot/1.2; +https://openai.com/gptbot)"
20.171.207.119 - - [17/Jun/2025:15:46:05 +0800] "GET /?action=edit&file=index.html&path=%2Fhome%2Fzuuttrav%2Fpublic_html%2Fuploads%2Fsections HTTP/1.1" 200 86238 "-" "Mozilla/5.0 AppleWebKit/537.36 (KHTML, like Gecko; compatible; GPTBot/1.2; +https://openai.com/gptbot)"
20.171.207.161 - - [17/Jun/2025:15:46:06 +0800] "GET /sitepages/topic/2?path=%2F%2Fhome%2Fzuuttrav%2F.cpanel%2Fnvdata HTTP/1.1" 200 65624 "-" "Mozilla/5.0 AppleWebKit/537.36 (KHTML, like Gecko; compatible; GPTBot/1.2; +https://openai.com/gptbot)"
20.171.207.119 - - [17/Jun/2025:15:46:08 +0800] "GET /?action=edit&file=gpg2&path=%2F%2Fbin HTTP/1.1" 200 1262312 "-" "Mozilla/5.0 AppleWebKit/537.36 (KHTML, like Gecko; compatible; GPTBot/1.2; +https://openai.com/gptbot)"
20.171.207.161 - - [17/Jun/2025:15:46:13 +0800] "GET /sitepages/topic/2?path=%2F%2Fhome%2Fzuuttrav%2F.cpanel%2Fvcards HTTP/1.1" 200 61219 "-" "Mozilla/5.0 AppleWebKit/537.36 (KHTML, like Gecko; compatible; GPTBot/1.2; +https://openai.com/gptbot)"
20.171.207.119 - - [17/Jun/2025:15:46:14 +0800] "GET /?action=edit&file=pip3&path=%2F%2Fbin HTTP/1.1" 200 86627 "-" "Mozilla/5.0 AppleWebKit/537.36 (KHTML, like Gecko; compatible; GPTBot/1.2; +https://openai.com/gptbot)"
20.171.207.119 - - [17/Jun/2025:15:46:19 +0800] "GET /?action=edit&file=ndbm.cpython-36.opt-2.pyc&path=%2F%2Flib64%2Fpython3.6%2Fdbm%2F__pycache__ HTTP/1.1" 200 86412 "-" "Mozilla/5.0 AppleWebKit/537.36 (KHTML, like Gecko; compatible; GPTBot/1.2; +https://openai.com/gptbot)"
20.171.207.161 - - [17/Jun/2025:15:46:20 +0800] "GET /sitepages/topic/2?action=edit&file=utils.cpython-36.pyc&path=%2F%2Fusr%2Flib64%2Fpython3.6%2Fsite-packages%2Fcryptography%2F__pycache__ HTTP/1.1" 200 64935 "-" "Mozilla/5.0 AppleWebKit/537.36 (KHTML, like Gecko; compatible; GPTBot/1.2; +https://openai.com/gptbot)"
20.171.207.161 - - [17/Jun/2025:15:46:22 +0800] "GET /sitepages/topic/2?path=%2F%2Flib64%2Fpython2.7%2Fsite-packages%2Flxml%2Fisoschematron%2Fresources HTTP/1.1" 200 60110 "-" "Mozilla/5.0 AppleWebKit/537.36 (KHTML, like Gecko; compatible; GPTBot/1.2; +https://openai.com/gptbot)"
20.171.207.119 - - [17/Jun/2025:15:46:25 +0800] "GET /?action=edit&file=base64&path=%2F%2Fbin HTTP/1.1" 200 147949 "-" "Mozilla/5.0 AppleWebKit/537.36 (KHTML, like Gecko; compatible; GPTBot/1.2; +https://openai.com/gptbot)"
114.119.155.203 - - [17/Jun/2025:15:46:26 +0800] "GET /services/topic/99?action=edit&file=.env&path=/home/zuuttrav/public_html/core HTTP/1.1" 200 85772 "https://zuuttravel.com/services/topic/99?path=/home/zuuttrav/public_html/core" "Mozilla/5.0 (Linux; Android 7.0;) AppleWebKit/537.36 (KHTML, like Gecko) Mobile Safari/537.36 (compatible; PetalBot;+https://webmaster.petalsearch.com/site/petalbot)"
20.171.207.161 - - [17/Jun/2025:15:46:30 +0800] "GET /sitepages/topic/2?path=%2F%2Fusr%2Flibexec%2Fgit-core HTTP/1.1" 200 110980 "-" "Mozilla/5.0 AppleWebKit/537.36 (KHTML, like Gecko; compatible; GPTBot/1.2; +https://openai.com/gptbot)"
20.171.207.119 - - [17/Jun/2025:15:46:35 +0800] "GET /?action=edit&file=p22.png&path=%2Fhome%2Fzuuttrav%2Fpublic_html%2Fuploads%2Fpattern HTTP/1.1" 200 86567 "-" "Mozilla/5.0 AppleWebKit/537.36 (KHTML, like Gecko; compatible; GPTBot/1.2; +https://openai.com/gptbot)"
20.171.207.119 - - [17/Jun/2025:15:46:36 +0800] "GET /?action=edit&file=_codecs_cn.so&path=%2F%2Flib64%2Fpython2.7%2Flib-dynload HTTP/1.1" 200 339943 "-" "Mozilla/5.0 AppleWebKit/537.36 (KHTML, like Gecko; compatible; GPTBot/1.2; +https://openai.com/gptbot)"
20.171.207.161 - - [17/Jun/2025:15:46:41 +0800] "GET /sitepages/topic/2?path=%2F%2Fhome%2Fzuuttrav%2F.razor HTTP/1.1" 200 61329 "-" "Mozilla/5.0 AppleWebKit/537.36 (KHTML, like Gecko; compatible; GPTBot/1.2; +https://openai.com/gptbot)"
20.171.207.161 - - [17/Jun/2025:15:46:43 +0800] "GET /sitepages/topic/2?path=%2F%2Fhome%2Fzuuttrav%2Fpublic_html%2F123 HTTP/1.1" 200 60018 "-" "Mozilla/5.0 AppleWebKit/537.36 (KHTML, like Gecko; compatible; GPTBot/1.2; +https://openai.com/gptbot)"
20.171.207.119 - - [17/Jun/2025:15:46:48 +0800] "GET /?action=edit&file=libisc-export.so&path=%2F%2Flib64%2Fbind9-export HTTP/1.1" 200 798893 "-" "Mozilla/5.0 AppleWebKit/537.36 (KHTML, like Gecko; compatible; GPTBot/1.2; +https://openai.com/gptbot)"
20.171.207.161 - - [17/Jun/2025:15:46:49 +0800] "GET /sitepages/topic/2?path=%2F%2Fhome%2Fzuuttrav%2Fpublic_html%2F.well-known HTTP/1.1" 200 60077 "-" "Mozilla/5.0 AppleWebKit/537.36 (KHTML, like Gecko; compatible; GPTBot/1.2; +https://openai.com/gptbot)"
20.171.207.119 - - [17/Jun/2025:15:46:55 +0800] "GET /?action=edit&file=libirs-export.so&path=%2F%2Flib64%2Fbind9-export HTTP/1.1" 200 154319 "-" "Mozilla/5.0 AppleWebKit/537.36 (KHTML, like Gecko; compatible; GPTBot/1.2; +https://openai.com/gptbot)"
20.171.207.161 - - [17/Jun/2025:15:47:00 +0800] "GET /sitepages/topic/2?path=%2F%2Fhome%2Fzuuttrav%2F.trash HTTP/1.1" 200 59262 "-" "Mozilla/5.0 AppleWebKit/537.36 (KHTML, like Gecko; compatible; GPTBot/1.2; +https://openai.com/gptbot)"
20.171.207.161 - - [17/Jun/2025:15:47:02 +0800] "GET /sitepages/topic/2?path=%2F%2Fhome%2Fzuuttrav%2F.caldav%2Finfo%40zuuttravel.com HTTP/1.1" 200 60134 "-" "Mozilla/5.0 AppleWebKit/537.36 (KHTML, like Gecko; compatible; GPTBot/1.2; +https://openai.com/gptbot)"
20.171.207.161 - - [17/Jun/2025:15:47:09 +0800] "GET /sitepages/topic/2?path=%2F%2Fhome%2Fzuuttrav%2F.cpanel%2Fea-php-cli%2Fpublic_html HTTP/1.1" 200 59671 "-" "Mozilla/5.0 AppleWebKit/537.36 (KHTML, like Gecko; compatible; GPTBot/1.2; +https://openai.com/gptbot)"
20.171.207.161 - - [17/Jun/2025:15:47:16 +0800] "GET /sitepages/topic/2?path=%2F%2Fetc%2Fsecurity%2Flimits.d HTTP/1.1" 403 64191 "-" "Mozilla/5.0 AppleWebKit/537.36 (KHTML, like Gecko; compatible; GPTBot/1.2; +https://openai.com/gptbot)"
20.171.207.161 - - [17/Jun/2025:15:47:26 +0800] "GET /sitepages/topic/2?action=edit&file=gcc-ar&path=%2F%2Fbin HTTP/1.1" 200 113990 "-" "Mozilla/5.0 AppleWebKit/537.36 (KHTML, like Gecko; compatible; GPTBot/1.2; +https://openai.com/gptbot)"
20.171.207.119 - - [17/Jun/2025:15:47:26 +0800] "GET /?action=edit&file=libdns-export.so&path=%2F%2Flib64%2Fbind9-export HTTP/1.1" 200 3407683 "-" "Mozilla/5.0 AppleWebKit/537.36 (KHTML, like Gecko; compatible; GPTBot/1.2; +https://openai.com/gptbot)"
20.171.207.119 - - [17/Jun/2025:15:47:28 +0800] "GET /?action=edit&file=p10.png&path=%2Fhome%2Fzuuttrav%2Fpublic_html%2Fuploads%2Fpattern HTTP/1.1" 200 91411 "-" "Mozilla/5.0 AppleWebKit/537.36 (KHTML, like Gecko; compatible; GPTBot/1.2; +https://openai.com/gptbot)"
20.171.207.161 - - [17/Jun/2025:15:47:29 +0800] "GET /sitepages/topic/2?action=edit&file=ld.bfd&path=%2F%2Fbin HTTP/1.1" 200 2170126 "-" "Mozilla/5.0 AppleWebKit/537.36 (KHTML, like Gecko; compatible; GPTBot/1.2; +https://openai.com/gptbot)"
20.171.207.161 - - [17/Jun/2025:15:47:35 +0800] "GET /sitepages/topic/2?action=edit&file=saslpasswd2&path=%2F%2Fsbin HTTP/1.1" 200 79396 "-" "Mozilla/5.0 AppleWebKit/537.36 (KHTML, like Gecko; compatible; GPTBot/1.2; +https://openai.com/gptbot)"
20.171.207.161 - - [17/Jun/2025:15:47:42 +0800] "GET /sitepages/topic/2?path=%2F%2Fusr%2Flib64%2FImageMagick-6.9.13%2Fconfig-Q16 HTTP/1.1" 200 59540 "-" "Mozilla/5.0 AppleWebKit/537.36 (KHTML, like Gecko; compatible; GPTBot/1.2; +https://openai.com/gptbot)"
20.171.207.161 - - [17/Jun/2025:15:47:49 +0800] "GET /sitepages/topic/2?path=%2F%2Fusr%2Flib64%2Fruby%2Frbconfig HTTP/1.1" 200 59351 "-" "Mozilla/5.0 AppleWebKit/537.36 (KHTML, like Gecko; compatible; GPTBot/1.2; +https://openai.com/gptbot)"
20.171.207.119 - - [17/Jun/2025:15:47:58 +0800] "GET /?action=edit&file=p11.png&path=%2Fhome%2Fzuuttrav%2Fpublic_html%2Fuploads%2Fpattern HTTP/1.1" 200 206829 "-" "Mozilla/5.0 AppleWebKit/537.36 (KHTML, like Gecko; compatible; GPTBot/1.2; +https://openai.com/gptbot)"
20.171.207.161 - - [17/Jun/2025:15:47:59 +0800] "GET /sitepages/topic/2?path=%2F%2Flib%2Ffirewalld%2Fipsets HTTP/1.1" 200 59262 "-" "Mozilla/5.0 AppleWebKit/537.36 (KHTML, like Gecko; compatible; GPTBot/1.2; +https://openai.com/gptbot)"
114.119.133.103 - - [17/Jun/2025:15:48:12 +0800] "GET /services/topic/77?path=/home/zuuttrav/zuuttravel.mn/core HTTP/1.1" 200 77673 "https://zuuttravel.com/services/topic/77?path=/home/zuuttrav/zuuttravel.mn" "Mozilla/5.0 (Linux; Android 7.0;) AppleWebKit/537.36 (KHTML, like Gecko) Mobile Safari/537.36 (compatible; PetalBot;+https://webmaster.petalsearch.com/site/petalbot)"
20.171.207.119 - - [17/Jun/2025:15:48:31 +0800] "GET /?action=edit&file=p12.png&path=%2Fhome%2Fzuuttrav%2Fpublic_html%2Fuploads%2Fpattern HTTP/1.1" 200 107686 "-" "Mozilla/5.0 AppleWebKit/537.36 (KHTML, like Gecko; compatible; GPTBot/1.2; +https://openai.com/gptbot)"
20.171.207.161 - - [17/Jun/2025:15:48:31 +0800] "GET /sitepages/topic/2?action=edit&file=git-read-tree&path=%2F%2Fusr%2Flibexec%2Fgit-core HTTP/1.1" 200 5848899 "-" "Mozilla/5.0 AppleWebKit/537.36 (KHTML, like Gecko; compatible; GPTBot/1.2; +https://openai.com/gptbot)"
4.227.36.84 - - [17/Jun/2025:15:48:47 +0800] "GET /robots.txt HTTP/1.1" 200 1112 "-" "Mozilla/5.0 AppleWebKit/537.36 (KHTML, like Gecko; compatible; GPTBot/1.2; +https://openai.com/gptbot)"
135.234.64.205 - - [17/Jun/2025:15:48:48 +0800] "GET /zanzazie-aialal HTTP/1.1" 200 8002 "-" "Mozilla/5.0 (Macintosh; Intel Mac OS X 10_15_7) AppleWebKit/537.36 (KHTML, like Gecko) Chrome/131.0.0.0 Safari/537.36; compatible; OAI-SearchBot/1.0; +https://openai.com/searchbot"
20.171.207.141 - - [17/Jun/2025:15:48:51 +0800] "GET /zanzazie-aialal?path=%2Fhome%2Fzuuttrav%2Fpublic_html%2F.wp-cli HTTP/1.1" 302 3073 "-" "Mozilla/5.0 AppleWebKit/537.36 (KHTML, like Gecko; compatible; GPTBot/1.2; +https://openai.com/gptbot)"
20.171.207.119 - - [17/Jun/2025:15:48:51 +0800] "GET /?action=edit&file=p15.png&path=%2Fhome%2Fzuuttrav%2Fpublic_html%2Fuploads%2Fpattern HTTP/1.1" 200 86591 "-" "Mozilla/5.0 AppleWebKit/537.36 (KHTML, like Gecko; compatible; GPTBot/1.2; +https://openai.com/gptbot)"
20.171.207.161 - - [17/Jun/2025:15:49:02 +0800] "GET /sitepages/topic/2?action=edit&file=git-show-ref&path=%2F%2Fusr%2Flibexec%2Fgit-core HTTP/1.1" 200 4194115 "-" "Mozilla/5.0 AppleWebKit/537.36 (KHTML, like Gecko; compatible; GPTBot/1.2; +https://openai.com/gptbot)"
20.171.207.141 - - [17/Jun/2025:15:49:02 +0800] "GET /404 HTTP/1.1" 200 57478 "-" "Mozilla/5.0 AppleWebKit/537.36 (KHTML, like Gecko; compatible; GPTBot/1.2; +https://openai.com/gptbot)"
20.171.207.119 - - [17/Jun/2025:15:49:22 +0800] "GET /?action=edit&file=p24.png&path=%2Fhome%2Fzuuttrav%2Fpublic_html%2Fuploads%2Fpattern HTTP/1.1" 200 452033 "-" "Mozilla/5.0 AppleWebKit/537.36 (KHTML, like Gecko; compatible; GPTBot/1.2; +https://openai.com/gptbot)"
66.249.79.166 - - [17/Jun/2025:15:49:23 +0800] "GET /?shopdetail/13628132 HTTP/1.1" 200 91197 "-" "Mozilla/5.0 (Linux; Android 6.0.1; Nexus 5X Build/MMB29P) AppleWebKit/537.36 (KHTML, like Gecko) Chrome/136.0.7103.113 Mobile Safari/537.36 (compatible; Googlebot/2.1; +http://www.google.com/bot.html)"
20.171.207.161 - - [17/Jun/2025:15:49:25 +0800] "GET /sitepages/topic/2?action=edit&file=git-show-index&path=%2F%2Fusr%2Flibexec%2Fgit-core HTTP/1.1" 200 5996450 "-" "Mozilla/5.0 AppleWebKit/537.36 (KHTML, like Gecko; compatible; GPTBot/1.2; +https://openai.com/gptbot)"
20.171.207.119 - - [17/Jun/2025:15:49:41 +0800] "GET /?action=edit&file=p19.png&path=%2Fhome%2Fzuuttrav%2Fpublic_html%2Fuploads%2Fpattern HTTP/1.1" 200 86441 "-" "Mozilla/5.0 AppleWebKit/537.36 (KHTML, like Gecko; compatible; GPTBot/1.2; +https://openai.com/gptbot)"
20.171.207.119 - - [17/Jun/2025:15:49:55 +0800] "GET /?action=edit&file=p13.png&path=%2Fhome%2Fzuuttrav%2Fpublic_html%2Fuploads%2Fpattern HTTP/1.1" 200 106913 "-" "Mozilla/5.0 AppleWebKit/537.36 (KHTML, like Gecko; compatible; GPTBot/1.2; +https://openai.com/gptbot)"
114.119.157.103 - - [17/Jun/2025:15:49:58 +0800] "GET /services/topic/77?path=/home/zuuttrav/public_html/core/routes HTTP/1.1" 200 73801 "https://zuuttravel.com/services/topic/77?path=/home/zuuttrav/public_html/core" "Mozilla/5.0 (Linux; Android 7.0;) AppleWebKit/537.36 (KHTML, like Gecko) Mobile Safari/537.36 (compatible; PetalBot;+https://webmaster.petalsearch.com/site/petalbot)"
20.171.207.119 - - [17/Jun/2025:15:50:16 +0800] "GET /?action=edit&file=p16.png&path=%2Fhome%2Fzuuttrav%2Fpublic_html%2Fuploads%2Fpattern HTTP/1.1" 200 123905 "-" "Mozilla/5.0 AppleWebKit/537.36 (KHTML, like Gecko; compatible; GPTBot/1.2; +https://openai.com/gptbot)"
20.171.207.119 - - [17/Jun/2025:15:50:26 +0800] "GET /?action=edit&file=p21.png&path=%2Fhome%2Fzuuttrav%2Fpublic_html%2Fuploads%2Fpattern HTTP/1.1" 200 108467 "-" "Mozilla/5.0 AppleWebKit/537.36 (KHTML, like Gecko; compatible; GPTBot/1.2; +https://openai.com/gptbot)"
20.171.207.161 - - [17/Jun/2025:15:50:36 +0800] "GET /sitepages/topic/2?action=edit&file=git-show-branch&path=%2F%2Fusr%2Flibexec%2Fgit-core HTTP/1.1" 200 5783363 "-" "Mozilla/5.0 AppleWebKit/537.36 (KHTML, like Gecko; compatible; GPTBot/1.2; +https://openai.com/gptbot)"
20.171.207.119 - - [17/Jun/2025:15:50:45 +0800] "GET /?action=edit&file=p14.png&path=%2Fhome%2Fzuuttrav%2Fpublic_html%2Fuploads%2Fpattern HTTP/1.1" 200 91664 "-" "Mozilla/5.0 AppleWebKit/537.36 (KHTML, like Gecko; compatible; GPTBot/1.2; +https://openai.com/gptbot)"
20.171.207.119 - - [17/Jun/2025:15:50:53 +0800] "GET /?action=edit&file=p18.png&path=%2Fhome%2Fzuuttrav%2Fpublic_html%2Fuploads%2Fpattern HTTP/1.1" 200 106921 "-" "Mozilla/5.0 AppleWebKit/537.36 (KHTML, like Gecko; compatible; GPTBot/1.2; +https://openai.com/gptbot)"
20.171.207.119 - - [17/Jun/2025:15:51:08 +0800] "GET /?action=edit&file=p17.png&path=%2Fhome%2Fzuuttrav%2Fpublic_html%2Fuploads%2Fpattern HTTP/1.1" 200 87446 "-" "Mozilla/5.0 AppleWebKit/537.36 (KHTML, like Gecko; compatible; GPTBot/1.2; +https://openai.com/gptbot)"
20.171.207.119 - - [17/Jun/2025:15:51:17 +0800] "GET /?action=edit&file=p20.png&path=%2Fhome%2Fzuuttrav%2Fpublic_html%2Fuploads%2Fpattern HTTP/1.1" 200 86707 "-" "Mozilla/5.0 AppleWebKit/537.36 (KHTML, like Gecko; compatible; GPTBot/1.2; +https://openai.com/gptbot)"
20.171.207.119 - - [17/Jun/2025:15:51:22 +0800] "GET /?action=edit&file=p23.png&path=%2Fhome%2Fzuuttrav%2Fpublic_html%2Fuploads%2Fpattern HTTP/1.1" 200 86519 "-" "Mozilla/5.0 AppleWebKit/537.36 (KHTML, like Gecko; compatible; GPTBot/1.2; +https://openai.com/gptbot)"
20.171.207.161 - - [17/Jun/2025:15:51:24 +0800] "GET /sitepages/topic/2?action=edit&file=git-show&path=%2F%2Fusr%2Flibexec%2Fgit-core HTTP/1.1" 200 5996435 "-" "Mozilla/5.0 AppleWebKit/537.36 (KHTML, like Gecko; compatible; GPTBot/1.2; +https://openai.com/gptbot)"
20.171.207.119 - - [17/Jun/2025:15:51:29 +0800] "GET /?action=edit&file=schedstat&path=%2F%2Fproc%2F1651728 HTTP/1.1" 200 86230 "-" "Mozilla/5.0 AppleWebKit/537.36 (KHTML, like Gecko; compatible; GPTBot/1.2; +https://openai.com/gptbot)"
114.119.155.203 - - [17/Jun/2025:15:51:36 +0800] "GET /services/topic/77?action=edit&file=unizuut.mn.zip&path=/home/zuuttrav/public_html HTTP/1.1" 500 5 "https://zuuttravel.com/services/topic/77?path=/home/zuuttrav/public_html" "Mozilla/5.0 (Linux; Android 7.0;) AppleWebKit/537.36 (KHTML, like Gecko) Mobile Safari/537.36 (compatible; PetalBot;+https://webmaster.petalsearch.com/site/petalbot)"
20.171.207.119 - - [17/Jun/2025:15:51:36 +0800] "GET /?action=edit&file=mountinfo&path=%2F%2Fproc%2F1651728 HTTP/1.1" 200 112857 "-" "Mozilla/5.0 AppleWebKit/537.36 (KHTML, like Gecko; compatible; GPTBot/1.2; +https://openai.com/gptbot)"
20.171.207.119 - - [17/Jun/2025:15:51:43 +0800] "GET /?action=edit&file=sessionid&path=%2F%2Fproc%2F1651728 HTTP/1.1" 200 86213 "-" "Mozilla/5.0 AppleWebKit/537.36 (KHTML, like Gecko; compatible; GPTBot/1.2; +https://openai.com/gptbot)"
20.171.207.119 - - [17/Jun/2025:15:51:51 +0800] "GET /?action=edit&file=p11-kit-trust.so&path=%2F%2Flib64%2Fpkcs11 HTTP/1.1" 200 434389 "-" "Mozilla/5.0 AppleWebKit/537.36 (KHTML, like Gecko; compatible; GPTBot/1.2; +https://openai.com/gptbot)"
20.171.207.119 - - [17/Jun/2025:15:51:59 +0800] "GET /?action=edit&file=mountstats&path=%2F%2Fproc%2F1651728 HTTP/1.1" 200 97372 "-" "Mozilla/5.0 AppleWebKit/537.36 (KHTML, like Gecko; compatible; GPTBot/1.2; +https://openai.com/gptbot)"
20.171.207.119 - - [17/Jun/2025:15:52:01 +0800] "GET /?action=edit&file=autogroup&path=%2F%2Fproc%2F1651728 HTTP/1.1" 200 86229 "-" "Mozilla/5.0 AppleWebKit/537.36 (KHTML, like Gecko; compatible; GPTBot/1.2; +https://openai.com/gptbot)"
20.171.207.161 - - [17/Jun/2025:15:52:03 +0800] "GET /sitepages/topic/2?path=%2F%2Fhome%2Fzuuttrav%2Fpublic_html%2F.well-known%2Fpki-validation HTTP/1.1" 200 60031 "-" "Mozilla/5.0 AppleWebKit/537.36 (KHTML, like Gecko; compatible; GPTBot/1.2; +https://openai.com/gptbot)"
20.171.207.119 - - [17/Jun/2025:15:52:08 +0800] "GET /?action=edit&file=libevent_openssl-2.1.so.6.0.2&path=%2F%2Flib64 HTTP/1.1" 200 125544 "-" "Mozilla/5.0 AppleWebKit/537.36 (KHTML, like Gecko; compatible; GPTBot/1.2; +https://openai.com/gptbot)"
20.171.207.119 - - [17/Jun/2025:15:52:15 +0800] "GET /?action=edit&file=libwmflite-0.2.so.7.0.2&path=%2F%2Flib64 HTTP/1.1" 200 288102 "-" "Mozilla/5.0 AppleWebKit/537.36 (KHTML, like Gecko; compatible; GPTBot/1.2; +https://openai.com/gptbot)"
20.171.207.119 - - [17/Jun/2025:15:52:39 +0800] "GET /?action=edit&file=libMagickWand-6.Q16.so.7&path=%2F%2Flib64 HTTP/1.1" 200 2068027 "-" "Mozilla/5.0 AppleWebKit/537.36 (KHTML, like Gecko; compatible; GPTBot/1.2; +https://openai.com/gptbot)"
20.171.207.119 - - [17/Jun/2025:15:52:57 +0800] "GET /?action=edit&file=libMagickCore-6.Q16.so.7&path=%2F%2Flib64 HTTP/1.1" 200 4463185 "-" "Mozilla/5.0 AppleWebKit/537.36 (KHTML, like Gecko; compatible; GPTBot/1.2; +https://openai.com/gptbot)"
20.171.207.119 - - [17/Jun/2025:15:53:01 +0800] "GET /?action=edit&file=rcrt1.o&path=%2F%2Flib64 HTTP/1.1" 200 94845 "-" "Mozilla/5.0 AppleWebKit/537.36 (KHTML, like Gecko; compatible; GPTBot/1.2; +https://openai.com/gptbot)"
20.171.207.161 - - [17/Jun/2025:15:53:07 +0800] "GET /sitepages/topic/2?path=%2F%2Fhome%2Fzuuttrav%2Fpublic_html%2F.well-known%2Facme-challenge HTTP/1.1" 200 60036 "-" "Mozilla/5.0 AppleWebKit/537.36 (KHTML, like Gecko; compatible; GPTBot/1.2; +https://openai.com/gptbot)"
66.249.79.167 - - [17/Jun/2025:15:53:16 +0800] "GET /?shopdetail/23844343 HTTP/1.1" 200 91197 "-" "Mozilla/5.0 (Linux; Android 6.0.1; Nexus 5X Build/MMB29P) AppleWebKit/537.36 (KHTML, like Gecko) Chrome/136.0.7103.113 Mobile Safari/537.36 (compatible; Googlebot/2.1; +http://www.google.com/bot.html)"
114.119.140.87 - - [17/Jun/2025:15:53:26 +0800] "GET /services/topic/77?action=edit&file=servers.discovery.lst&path=/home/zuuttrav/.razor HTTP/1.1" 200 70790 "https://zuuttravel.com/services/topic/77?path=/home/zuuttrav/.razor" "Mozilla/5.0 (Linux; Android 7.0;) AppleWebKit/537.36 (KHTML, like Gecko) Mobile Safari/537.36 (compatible; PetalBot;+https://webmaster.petalsearch.com/site/petalbot)"
20.171.207.119 - - [17/Jun/2025:15:53:26 +0800] "GET /?action=edit&file=libpixman-1.so.0.38.4&path=%2F%2Flib64 HTTP/1.1" 200 1202156 "-" "Mozilla/5.0 AppleWebKit/537.36 (KHTML, like Gecko; compatible; GPTBot/1.2; +https://openai.com/gptbot)"
20.171.207.119 - - [17/Jun/2025:15:53:43 +0800] "GET /?path=%2F%2Flib64%2Fpython3.6%2Flib-dynload HTTP/1.1" 200 109046 "-" "Mozilla/5.0 AppleWebKit/537.36 (KHTML, like Gecko; compatible; GPTBot/1.2; +https://openai.com/gptbot)"
20.171.207.119 - - [17/Jun/2025:15:53:55 +0800] "GET /?path=%2F%2Fetc%2Fmy.cnf.d HTTP/1.1" 403 91894 "-" "Mozilla/5.0 AppleWebKit/537.36 (KHTML, like Gecko; compatible; GPTBot/1.2; +https://openai.com/gptbot)"
66.249.79.165 - - [17/Jun/2025:15:54:03 +0800] "GET /?shopdetail/30259643 HTTP/1.1" 200 91197 "-" "Mozilla/5.0 (Linux; Android 6.0.1; Nexus 5X Build/MMB29P) AppleWebKit/537.36 (KHTML, like Gecko) Chrome/136.0.7103.113 Mobile Safari/537.36 (compatible; Googlebot/2.1; +http://www.google.com/bot.html)"
20.171.207.119 - - [17/Jun/2025:15:54:10 +0800] "GET /?path=%2F%2Flib64%2Fperl5 HTTP/1.1" 200 101898 "-" "Mozilla/5.0 AppleWebKit/537.36 (KHTML, like Gecko; compatible; GPTBot/1.2; +https://openai.com/gptbot)"
20.171.207.161 - - [17/Jun/2025:15:54:15 +0800] "GET /sitepages/topic/2?action=edit&file=git-symbolic-ref&path=%2F%2Fusr%2Flibexec%2Fgit-core HTTP/1.1" 200 5996598 "-" "Mozilla/5.0 AppleWebKit/537.36 (KHTML, like Gecko; compatible; GPTBot/1.2; +https://openai.com/gptbot)"
20.171.207.119 - - [17/Jun/2025:15:54:24 +0800] "GET /?action=edit&file=__future__.cpython-36.pyc&path=%2F%2Flib64%2Fpython3.6%2F__pycache__ HTTP/1.1" 200 90684 "-" "Mozilla/5.0 AppleWebKit/537.36 (KHTML, like Gecko; compatible; GPTBot/1.2; +https://openai.com/gptbot)"
20.171.207.119 - - [17/Jun/2025:15:54:42 +0800] "GET /?action=edit&file=__phello__.foo.cpython-39.pyc&path=%2F%2Flib64%2Fpython3.9%2F__pycache__ HTTP/1.1" 200 86411 "-" "Mozilla/5.0 AppleWebKit/537.36 (KHTML, like Gecko; compatible; GPTBot/1.2; +https://openai.com/gptbot)"
20.171.207.119 - - [17/Jun/2025:15:54:49 +0800] "GET /?action=edit&file=loaders.cache&path=%2F%2Flib64%2Fgdk-pixbuf-2.0%2F2.10.0 HTTP/1.1" 200 91976 "-" "Mozilla/5.0 AppleWebKit/537.36 (KHTML, like Gecko; compatible; GPTBot/1.2; +https://openai.com/gptbot)"
20.171.207.119 - - [17/Jun/2025:15:55:01 +0800] "GET /?action=edit&file=Grid.tcl&path=%2F%2Flib64%2Ftcl8.6%2FTix8.4.3 HTTP/1.1" 200 108686 "-" "Mozilla/5.0 AppleWebKit/537.36 (KHTML, like Gecko; compatible; GPTBot/1.2; +https://openai.com/gptbot)"
114.119.140.87 - - [17/Jun/2025:15:55:07 +0800] "GET /services/topic/77?action=edit&file=index.html&path=/home/zuuttrav/public_html/assets/file-manager HTTP/1.1" 200 70864 "https://zuuttravel.com/services/topic/77?path=/home/zuuttrav/public_html/assets/file-manager" "Mozilla/5.0 (Linux; Android 7.0;) AppleWebKit/537.36 (KHTML, like Gecko) Mobile Safari/537.36 (compatible; PetalBot;+https://webmaster.petalsearch.com/site/petalbot)"
20.171.207.161 - - [17/Jun/2025:15:55:08 +0800] "GET /sitepages/topic/2?action=edit&file=git-checkout-index&path=%2F%2Fusr%2Flibexec%2Fgit-core HTTP/1.1" 200 4046659 "-" "Mozilla/5.0 AppleWebKit/537.36 (KHTML, like Gecko; compatible; GPTBot/1.2; +https://openai.com/gptbot)"
20.171.207.119 - - [17/Jun/2025:15:55:15 +0800] "GET /?action=edit&file=libisc-export.so.1107.0.7&path=%2F%2Flib64%2Fbind9-export HTTP/1.1" 200 798727 "-" "Mozilla/5.0 AppleWebKit/537.36 (KHTML, like Gecko; compatible; GPTBot/1.2; +https://openai.com/gptbot)"
20.171.207.119 - - [17/Jun/2025:15:55:19 +0800] "GET /?path=%2F%2Flib64%2Fpython3.6%2Fxml%2Fparsers HTTP/1.1" 200 87638 "-" "Mozilla/5.0 AppleWebKit/537.36 (KHTML, like Gecko; compatible; GPTBot/1.2; +https://openai.com/gptbot)"
20.171.207.119 - - [17/Jun/2025:15:55:32 +0800] "GET /?action=edit&file=sha512sum&path=%2F%2Fbin HTTP/1.1" 200 152596 "-" "Mozilla/5.0 AppleWebKit/537.36 (KHTML, like Gecko; compatible; GPTBot/1.2; +https://openai.com/gptbot)"
20.171.207.119 - - [17/Jun/2025:15:55:34 +0800] "GET /?action=edit&file=sha256sum&path=%2F%2Fbin HTTP/1.1" 200 152494 "-" "Mozilla/5.0 AppleWebKit/537.36 (KHTML, like Gecko; compatible; GPTBot/1.2; +https://openai.com/gptbot)"
20.171.207.161 - - [17/Jun/2025:15:55:35 +0800] "GET /sitepages/topic/2?action=edit&file=git-checkout&path=%2F%2Fusr%2Flibexec%2Fgit-core HTTP/1.1" 200 5996434 "-" "Mozilla/5.0 AppleWebKit/537.36 (KHTML, like Gecko; compatible; GPTBot/1.2; +https://openai.com/gptbot)"
66.249.79.167 - - [17/Jun/2025:15:55:37 +0800] "GET /?shopdetail/17556354 HTTP/1.1" 200 91198 "-" "Mozilla/5.0 (Linux; Android 6.0.1; Nexus 5X Build/MMB29P) AppleWebKit/537.36 (KHTML, like Gecko) Chrome/136.0.7103.113 Mobile Safari/537.36 (compatible; Googlebot/2.1; +http://www.google.com/bot.html)"
20.171.207.119 - - [17/Jun/2025:15:55:45 +0800] "GET /?path=%2F%2Flib64%2Fgdk-pixbuf-2.0%2F2.10.0%2Floaders HTTP/1.1" 200 92087 "-" "Mozilla/5.0 AppleWebKit/537.36 (KHTML, like Gecko; compatible; GPTBot/1.2; +https://openai.com/gptbot)"
20.171.207.119 - - [17/Jun/2025:15:55:47 +0800] "GET /?action=edit&file=__phello__.foo.cpython-36.pyc&path=%2F%2Flib64%2Fpython3.6%2F__pycache__ HTTP/1.1" 200 86407 "-" "Mozilla/5.0 AppleWebKit/537.36 (KHTML, like Gecko; compatible; GPTBot/1.2; +https://openai.com/gptbot)"
52.44.148.203 - - [17/Jun/2025:15:55:49 +0800] "GET /robots.txt HTTP/1.1" 200 1112 "-" "Mozilla/5.0 AppleWebKit/537.36 (KHTML, like Gecko; compatible; Amazonbot/0.1; +https://developer.amazon.com/support/amazonbot) Chrome/119.0.6045.214 Safari/537.36"
20.171.207.119 - - [17/Jun/2025:15:55:54 +0800] "GET /?path=%2F%2Flib64%2Fperl5%2FIO HTTP/1.1" 200 89314 "-" "Mozilla/5.0 AppleWebKit/537.36 (KHTML, like Gecko; compatible; GPTBot/1.2; +https://openai.com/gptbot)"
3.212.205.90 - - [17/Jun/2025:15:55:54 +0800] "GET /services/topic/100?path=//etc HTTP/1.1" 200 84697 "-" "Mozilla/5.0 AppleWebKit/537.36 (KHTML, like Gecko; compatible; Amazonbot/0.1; +https://developer.amazon.com/support/amazonbot) Chrome/119.0.6045.214 Safari/537.36"
34.224.132.215 - - [17/Jun/2025:15:55:59 +0800] "GET /?path=//lib64 HTTP/1.1" 200 532067 "-" "Mozilla/5.0 AppleWebKit/537.36 (KHTML, like Gecko; compatible; Amazonbot/0.1; +https://developer.amazon.com/support/amazonbot) Chrome/119.0.6045.214 Safari/537.36"
20.171.207.119 - - [17/Jun/2025:15:56:00 +0800] "GET /?path=%2F%2Flib64%2Fperl5%2FB HTTP/1.1" 200 87856 "-" "Mozilla/5.0 AppleWebKit/537.36 (KHTML, like Gecko; compatible; GPTBot/1.2; +https://openai.com/gptbot)"
44.206.65.8 - - [17/Jun/2025:15:56:08 +0800] "GET /services/topic/101?path=//dev HTTP/1.1" 200 72109 "-" "Mozilla/5.0 AppleWebKit/537.36 (KHTML, like Gecko; compatible; Amazonbot/0.1; +https://developer.amazon.com/support/amazonbot) Chrome/119.0.6045.214 Safari/537.36"
20.171.207.119 - - [17/Jun/2025:15:56:10 +0800] "GET /?path=%2F%2Flib64%2Fperl5%2Fasm-generic HTTP/1.1" 200 89211 "-" "Mozilla/5.0 AppleWebKit/537.36 (KHTML, like Gecko; compatible; GPTBot/1.2; +https://openai.com/gptbot)"
100.28.44.58 - - [17/Jun/2025:15:56:15 +0800] "GET /blog/topic/75?path=//opt HTTP/1.1" 200 62103 "-" "Mozilla/5.0 AppleWebKit/537.36 (KHTML, like Gecko; compatible; Amazonbot/0.1; +https://developer.amazon.com/support/amazonbot) Chrome/119.0.6045.214 Safari/537.36"
20.171.207.119 - - [17/Jun/2025:15:56:16 +0800] "GET /?path=%2F%2Flib64%2Fperl5%2Fvendor_perl HTTP/1.1" 200 98278 "-" "Mozilla/5.0 AppleWebKit/537.36 (KHTML, like Gecko; compatible; GPTBot/1.2; +https://openai.com/gptbot)"
52.3.104.214 - - [17/Jun/2025:15:56:16 +0800] "GET /services/topic/16?path=//home HTTP/1.1" 200 83000 "-" "Mozilla/5.0 AppleWebKit/537.36 (KHTML, like Gecko; compatible; Amazonbot/0.1; +https://developer.amazon.com/support/amazonbot) Chrome/119.0.6045.214 Safari/537.36"
20.171.207.119 - - [17/Jun/2025:15:56:18 +0800] "GET /?path=%2F%2Flib64%2Fperl5%2FPerlIO HTTP/1.1" 200 87886 "-" "Mozilla/5.0 AppleWebKit/537.36 (KHTML, like Gecko; compatible; GPTBot/1.2; +https://openai.com/gptbot)"
98.83.226.125 - - [17/Jun/2025:15:56:21 +0800] "GET /services/topic/16?path=//proc HTTP/1.1" 200 101108 "-" "Mozilla/5.0 AppleWebKit/537.36 (KHTML, like Gecko; compatible; Amazonbot/0.1; +https://developer.amazon.com/support/amazonbot) Chrome/119.0.6045.214 Safari/537.36"
3.221.50.71 - - [17/Jun/2025:15:56:24 +0800] "GET /services/topic/101?path=/home/zuuttrav/wordpress-backups HTTP/1.1" 200 65909 "-" "Mozilla/5.0 AppleWebKit/537.36 (KHTML, like Gecko; compatible; Amazonbot/0.1; +https://developer.amazon.com/support/amazonbot) Chrome/119.0.6045.214 Safari/537.36"
20.171.207.161 - - [17/Jun/2025:15:56:26 +0800] "GET /sitepages/topic/2?action=edit&file=server.c301.cloudmark.com.conf&path=%2F%2Fhome%2Fzuuttrav%2F.razor HTTP/1.1" 200 59827 "-" "Mozilla/5.0 AppleWebKit/537.36 (KHTML, like Gecko; compatible; GPTBot/1.2; +https://openai.com/gptbot)"
100.24.149.244 - - [17/Jun/2025:15:56:28 +0800] "GET /blog/topic/75?path=/home/zuuttrav/.clwpos HTTP/1.1" 200 59825 "-" "Mozilla/5.0 AppleWebKit/537.36 (KHTML, like Gecko; compatible; Amazonbot/0.1; +https://developer.amazon.com/support/amazonbot) Chrome/119.0.6045.214 Safari/537.36"
20.171.207.119 - - [17/Jun/2025:15:56:30 +0800] "GET /?path=%2F%2Flib64%2Fperl5%2Fmachine HTTP/1.1" 200 86657 "-" "Mozilla/5.0 AppleWebKit/537.36 (KHTML, like Gecko; compatible; GPTBot/1.2; +https://openai.com/gptbot)"
107.20.224.184 - - [17/Jun/2025:15:56:31 +0800] "GET /services/topic/8?path=/home/zuuttrav/.trash HTTP/1.1" 200 81325 "-" "Mozilla/5.0 AppleWebKit/537.36 (KHTML, like Gecko; compatible; Amazonbot/0.1; +https://developer.amazon.com/support/amazonbot) Chrome/119.0.6045.214 Safari/537.36"
100.29.128.75 - - [17/Jun/2025:15:56:32 +0800] "GET /services/topic/101?path=/home/zuuttrav/.razor HTTP/1.1" 200 68173 "-" "Mozilla/5.0 AppleWebKit/537.36 (KHTML, like Gecko; compatible; Amazonbot/0.1; +https://developer.amazon.com/support/amazonbot) Chrome/119.0.6045.214 Safari/537.36"
20.171.207.119 - - [17/Jun/2025:15:56:32 +0800] "GET /?path=%2F%2Flib64%2Fpython3.6%2Fxml%2Fparsers%2F__pycache__ HTTP/1.1" 200 89039 "-" "Mozilla/5.0 AppleWebKit/537.36 (KHTML, like Gecko; compatible; GPTBot/1.2; +https://openai.com/gptbot)"
54.156.55.147 - - [17/Jun/2025:15:56:35 +0800] "GET /services/topic/16?path=/home/zuuttrav/public_html/core/bootstrap HTTP/1.1" 200 83877 "-" "Mozilla/5.0 AppleWebKit/537.36 (KHTML, like Gecko; compatible; Amazonbot/0.1; +https://developer.amazon.com/support/amazonbot) Chrome/119.0.6045.214 Safari/537.36"
23.21.179.27 - - [17/Jun/2025:15:56:38 +0800] "GET /services/topic/100?path=/home/zuuttrav/.cpanel HTTP/1.1" 200 69218 "-" "Mozilla/5.0 AppleWebKit/537.36 (KHTML, like Gecko; compatible; Amazonbot/0.1; +https://developer.amazon.com/support/amazonbot) Chrome/119.0.6045.214 Safari/537.36"
20.171.207.119 - - [17/Jun/2025:15:56:44 +0800] "GET /?path=%2F%2Flib64%2Fperl5%2FDevel HTTP/1.1" 200 86968 "-" "Mozilla/5.0 AppleWebKit/537.36 (KHTML, like Gecko; compatible; GPTBot/1.2; +https://openai.com/gptbot)"
34.225.24.180 - - [17/Jun/2025:15:56:47 +0800] "GET /sitepages/topic/9?action=edit&file=vivo.php&path=/home/zuuttrav/public_html HTTP/1.1" 200 94915 "-" "Mozilla/5.0 AppleWebKit/537.36 (KHTML, like Gecko; compatible; Amazonbot/0.1; +https://developer.amazon.com/support/amazonbot) Chrome/119.0.6045.214 Safari/537.36"
20.171.207.119 - - [17/Jun/2025:15:56:47 +0800] "GET /?path=%2F%2Flib64%2Fperl5%2FHash HTTP/1.1" 200 87203 "-" "Mozilla/5.0 AppleWebKit/537.36 (KHTML, like Gecko; compatible; GPTBot/1.2; +https://openai.com/gptbot)"
3.232.39.98 - - [17/Jun/2025:15:56:50 +0800] "GET /contact?path=/home/zuuttrav/public_html/core/storage HTTP/1.1" 200 66480 "-" "Mozilla/5.0 AppleWebKit/537.36 (KHTML, like Gecko; compatible; Amazonbot/0.1; +https://developer.amazon.com/support/amazonbot) Chrome/119.0.6045.214 Safari/537.36"
52.71.46.142 - - [17/Jun/2025:15:56:54 +0800] "GET /blog?path=/home/zuuttrav/public_html/uploads/settings HTTP/1.1" 200 82936 "-" "Mozilla/5.0 AppleWebKit/537.36 (KHTML, like Gecko; compatible; Amazonbot/0.1; +https://developer.amazon.com/support/amazonbot) Chrome/119.0.6045.214 Safari/537.36"
114.119.151.81 - - [17/Jun/2025:15:56:56 +0800] "GET /services/topic/77?action=edit&file=.htaccess&path=/home/zuuttrav/public_html/core HTTP/1.1" 200 71039 "https://zuuttravel.com/services/topic/77?path=/home/zuuttrav/public_html/core" "Mozilla/5.0 (Linux; Android 7.0;) AppleWebKit/537.36 (KHTML, like Gecko) Mobile Safari/537.36 (compatible; PetalBot;+https://webmaster.petalsearch.com/site/petalbot)"
20.171.207.119 - - [17/Jun/2025:15:56:57 +0800] "GET /?path=%2F%2Flib64%2Fperl5%2FTime HTTP/1.1" 200 87256 "-" "Mozilla/5.0 AppleWebKit/537.36 (KHTML, like Gecko; compatible; GPTBot/1.2; +https://openai.com/gptbot)"
20.171.207.119 - - [17/Jun/2025:15:57:04 +0800] "GET /?action=edit&file=libpixbufloader-gif.so&path=%2F%2Flib64%2Fgdk-pixbuf-2.0%2F2.10.0%2Floaders HTTP/1.1" 200 131588 "-" "Mozilla/5.0 AppleWebKit/537.36 (KHTML, like Gecko; compatible; GPTBot/1.2; +https://openai.com/gptbot)"
44.223.116.180 - - [17/Jun/2025:15:57:04 +0800] "GET /services/topic/16?action=edit&file=.imunify_patch_id&path=/home/zuuttrav HTTP/1.1" 200 82816 "-" "Mozilla/5.0 AppleWebKit/537.36 (KHTML, like Gecko; compatible; Amazonbot/0.1; +https://developer.amazon.com/support/amazonbot) Chrome/119.0.6045.214 Safari/537.36"
20.171.207.119 - - [17/Jun/2025:15:57:05 +0800] "GET /?action=edit&file=libpixbufloader-ico.so&path=%2F%2Flib64%2Fgdk-pixbuf-2.0%2F2.10.0%2Floaders HTTP/1.1" 200 114171 "-" "Mozilla/5.0 AppleWebKit/537.36 (KHTML, like Gecko; compatible; GPTBot/1.2; +https://openai.com/gptbot)"
18.232.11.247 - - [17/Jun/2025:15:57:10 +0800] "GET /blog/topic/75?action=edit&file=composer.lock&path=/home/zuuttrav/public_html/core HTTP/1.1" 200 517632 "-" "Mozilla/5.0 AppleWebKit/537.36 (KHTML, like Gecko; compatible; Amazonbot/0.1; +https://developer.amazon.com/support/amazonbot) Chrome/119.0.6045.214 Safari/537.36"
3.210.29.96 - - [17/Jun/2025:15:57:12 +0800] "GET /cultural-tips?action=edit&file=robots.txt&path=/home/zuuttrav/public_html HTTP/1.1" 200 64402 "-" "Mozilla/5.0 AppleWebKit/537.36 (KHTML, like Gecko; compatible; Amazonbot/0.1; +https://developer.amazon.com/support/amazonbot) Chrome/119.0.6045.214 Safari/537.36"
18.206.47.187 - - [17/Jun/2025:15:57:12 +0800] "GET /services/topic/100?action=edit&file=artisan&path=/home/zuuttrav/public_html/core HTTP/1.1" 200 67420 "-" "Mozilla/5.0 AppleWebKit/537.36 (KHTML, like Gecko; compatible; Amazonbot/0.1; +https://developer.amazon.com/support/amazonbot) Chrome/119.0.6045.214 Safari/537.36"
20.171.207.119 - - [17/Jun/2025:15:57:12 +0800] "GET /?action=edit&file=libpixbufloader-tga.so&path=%2F%2Flib64%2Fgdk-pixbuf-2.0%2F2.10.0%2Floaders HTTP/1.1" 200 113544 "-" "Mozilla/5.0 AppleWebKit/537.36 (KHTML, like Gecko; compatible; GPTBot/1.2; +https://openai.com/gptbot)"
18.211.148.239 - - [17/Jun/2025:15:57:14 +0800] "GET /blog/topic/79?path=/home/zuuttrav/public_html/.well-known/pki-validation HTTP/1.1" 200 64171 "-" "Mozilla/5.0 AppleWebKit/537.36 (KHTML, like Gecko; compatible; Amazonbot/0.1; +https://developer.amazon.com/support/amazonbot) Chrome/119.0.6045.214 Safari/537.36"
20.171.207.119 - - [17/Jun/2025:15:57:20 +0800] "GET /?action=edit&file=libpixbufloader-ani.so&path=%2F%2Flib64%2Fgdk-pixbuf-2.0%2F2.10.0%2Floaders HTTP/1.1" 200 113643 "-" "Mozilla/5.0 AppleWebKit/537.36 (KHTML, like Gecko; compatible; GPTBot/1.2; +https://openai.com/gptbot)"
3.229.2.217 - - [17/Jun/2025:15:57:22 +0800] "GET /blog/topic/75?action=edit&file=index.html&path=/home/zuuttrav/public_html/assets HTTP/1.1" 200 59720 "-" "Mozilla/5.0 AppleWebKit/537.36 (KHTML, like Gecko; compatible; Amazonbot/0.1; +https://developer.amazon.com/support/amazonbot) Chrome/119.0.6045.214 Safari/537.36"
20.171.207.119 - - [17/Jun/2025:15:57:24 +0800] "GET /?action=edit&file=libpixbufloader-icns.so&path=%2F%2Flib64%2Fgdk-pixbuf-2.0%2F2.10.0%2Floaders HTTP/1.1" 200 106309 "-" "Mozilla/5.0 AppleWebKit/537.36 (KHTML, like Gecko; compatible; GPTBot/1.2; +https://openai.com/gptbot)"
100.27.153.9 - - [17/Jun/2025:15:57:25 +0800] "GET /services/topic/100?action=edit&file=.zuuttravel.com&path=/home/zuuttrav HTTP/1.1" 200 65598 "-" "Mozilla/5.0 AppleWebKit/537.36 (KHTML, like Gecko; compatible; Amazonbot/0.1; +https://developer.amazon.com/support/amazonbot) Chrome/119.0.6045.214 Safari/537.36"
66.249.79.166 - - [17/Jun/2025:15:57:30 +0800] "GET /?shopdetail/26119732 HTTP/1.1" 200 91182 "-" "Mozilla/5.0 (compatible; Googlebot/2.1; +http://www.google.com/bot.html)"
54.88.84.219 - - [17/Jun/2025:15:57:31 +0800] "GET /blog/topic/75?action=edit&file=.env&path=/home/zuuttrav/public_html/core HTTP/1.1" 200 61557 "-" "Mozilla/5.0 AppleWebKit/537.36 (KHTML, like Gecko; compatible; Amazonbot/0.1; +https://developer.amazon.com/support/amazonbot) Chrome/119.0.6045.214 Safari/537.36"
20.171.207.119 - - [17/Jun/2025:15:57:34 +0800] "GET /?action=edit&file=libpixbufloader-qtif.so&path=%2F%2Flib64%2Fgdk-pixbuf-2.0%2F2.10.0%2Floaders HTTP/1.1" 200 106584 "-" "Mozilla/5.0 AppleWebKit/537.36 (KHTML, like Gecko; compatible; GPTBot/1.2; +https://openai.com/gptbot)"
34.197.28.78 - - [17/Jun/2025:15:57:35 +0800] "GET /blog?action=edit&file=.zuuttravel.com&path=/home/zuuttrav HTTP/1.1" 200 79180 "-" "Mozilla/5.0 AppleWebKit/537.36 (KHTML, like Gecko; compatible; Amazonbot/0.1; +https://developer.amazon.com/support/amazonbot) Chrome/119.0.6045.214 Safari/537.36"
184.73.47.24 - - [17/Jun/2025:15:57:39 +0800] "GET /blog/topic/75?action=edit&file=.htaccess&path=/home/zuuttrav/public_html/uploads HTTP/1.1" 200 59375 "-" "Mozilla/5.0 AppleWebKit/537.36 (KHTML, like Gecko; compatible; Amazonbot/0.1; +https://developer.amazon.com/support/amazonbot) Chrome/119.0.6045.214 Safari/537.36"
20.171.207.119 - - [17/Jun/2025:15:57:41 +0800] "GET /?action=edit&file=libpixbufloader-tiff.so&path=%2F%2Flib64%2Fgdk-pixbuf-2.0%2F2.10.0%2Floaders HTTP/1.1" 200 118071 "-" "Mozilla/5.0 AppleWebKit/537.36 (KHTML, like Gecko; compatible; GPTBot/1.2; +https://openai.com/gptbot)"
44.223.232.55 - - [17/Jun/2025:15:57:43 +0800] "GET /blog/topic/79?action=edit&file=.gitattributes&path=/home/zuuttrav/public_html/core HTTP/1.1" 200 63154 "-" "Mozilla/5.0 AppleWebKit/537.36 (KHTML, like Gecko; compatible; Amazonbot/0.1; +https://developer.amazon.com/support/amazonbot) Chrome/119.0.6045.214 Safari/537.36"
3.232.82.72 - - [17/Jun/2025:15:57:47 +0800] "GET /?action=edit&file=.editorconfig&path=/home/zuuttrav/public_html/core HTTP/1.1" 200 85761 "-" "Mozilla/5.0 AppleWebKit/537.36 (KHTML, like Gecko; compatible; Amazonbot/0.1; +https://developer.amazon.com/support/amazonbot) Chrome/119.0.6045.214 Safari/537.36"
20.171.207.119 - - [17/Jun/2025:15:57:49 +0800] "GET /?action=edit&file=__init__.cpython-36.opt-1.pyc&path=%2F%2Flib64%2Fpython3.6%2Fxml%2Fparsers%2F__pycache__ HTTP/1.1" 200 86608 "-" "Mozilla/5.0 AppleWebKit/537.36 (KHTML, like Gecko; compatible; GPTBot/1.2; +https://openai.com/gptbot)"
52.2.83.227 - - [17/Jun/2025:15:57:52 +0800] "GET /welcome-to-mongolia?action=edit&file=.htaccess&path=/home/zuuttrav/public_html/uploads HTTP/1.1" 200 83550 "-" "Mozilla/5.0 AppleWebKit/537.36 (KHTML, like Gecko; compatible; Amazonbot/0.1; +https://developer.amazon.com/support/amazonbot) Chrome/119.0.6045.214 Safari/537.36"
20.171.207.119 - - [17/Jun/2025:15:57:52 +0800] "GET /?action=edit&file=__init__.cpython-36.opt-2.pyc&path=%2F%2Flib64%2Fpython3.6%2Fxml%2Fparsers%2F__pycache__ HTTP/1.1" 200 86445 "-" "Mozilla/5.0 AppleWebKit/537.36 (KHTML, like Gecko; compatible; GPTBot/1.2; +https://openai.com/gptbot)"
20.171.207.161 - - [17/Jun/2025:15:57:52 +0800] "GET /sitepages/topic/2?action=edit&file=git-checkout--worker&path=%2F%2Fusr%2Flibexec%2Fgit-core HTTP/1.1" 200 3604291 "-" "Mozilla/5.0 AppleWebKit/537.36 (KHTML, like Gecko; compatible; GPTBot/1.2; +https://openai.com/gptbot)"
52.1.106.130 - - [17/Jun/2025:15:57:55 +0800] "GET /services/topic/100?action=edit&file=apapun.php&path=/home/zuuttrav/public_html/.well-known HTTP/1.1" 200 98172 "-" "Mozilla/5.0 AppleWebKit/537.36 (KHTML, like Gecko; compatible; Amazonbot/0.1; +https://developer.amazon.com/support/amazonbot) Chrome/119.0.6045.214 Safari/537.36"
20.171.207.119 - - [17/Jun/2025:15:58:03 +0800] "GET /?path=%2F%2Flib64%2Fperl5%2Fvendor_perl%2FIO HTTP/1.1" 200 87612 "-" "Mozilla/5.0 AppleWebKit/537.36 (KHTML, like Gecko; compatible; GPTBot/1.2; +https://openai.com/gptbot)"
20.171.207.119 - - [17/Jun/2025:15:58:11 +0800] "GET /?path=%2F%2Flib64%2Fperl5%2FCORE HTTP/1.1" 200 109595 "-" "Mozilla/5.0 AppleWebKit/537.36 (KHTML, like Gecko; compatible; GPTBot/1.2; +https://openai.com/gptbot)"
20.171.207.119 - - [17/Jun/2025:15:58:14 +0800] "GET /?path=%2F%2Flib64%2Fperl5%2Fbits HTTP/1.1" 200 98134 "-" "Mozilla/5.0 AppleWebKit/537.36 (KHTML, like Gecko; compatible; GPTBot/1.2; +https://openai.com/gptbot)"
20.171.207.119 - - [17/Jun/2025:15:58:25 +0800] "GET /?path=%2F%2Flib64%2Fperl5%2FFile HTTP/1.1" 200 87254 "-" "Mozilla/5.0 AppleWebKit/537.36 (KHTML, like Gecko; compatible; GPTBot/1.2; +https://openai.com/gptbot)"
20.171.207.161 - - [17/Jun/2025:15:58:29 +0800] "GET /sitepages/topic/2?action=edit&file=git-show-index&path=%2F%2Fusr%2Flibexec%2Fgit-core HTTP/1.1" 200 5996442 "-" "Mozilla/5.0 AppleWebKit/537.36 (KHTML, like Gecko; compatible; GPTBot/1.2; +https://openai.com/gptbot)"
20.171.207.119 - - [17/Jun/2025:15:58:32 +0800] "GET /?path=%2F%2Flib64%2Fperl5%2Fauto HTTP/1.1" 200 92154 "-" "Mozilla/5.0 AppleWebKit/537.36 (KHTML, like Gecko; compatible; GPTBot/1.2; +https://openai.com/gptbot)"
114.119.155.203 - - [17/Jun/2025:15:58:36 +0800] "GET /services/topic/111?path=/home/zuuttrav/public_html/core/vendor/vlucas HTTP/1.1" 200 66213 "https://zuuttravel.com/services/topic/111?path=/home/zuuttrav/public_html/core/vendor" "Mozilla/5.0 (Linux; Android 7.0;) AppleWebKit/537.36 (KHTML, like Gecko) Mobile Safari/537.36 (compatible; PetalBot;+https://webmaster.petalsearch.com/site/petalbot)"
20.171.207.119 - - [17/Jun/2025:15:58:40 +0800] "GET /?path=%2F%2Flib64%2Fperl5%2Flinux HTTP/1.1" 200 87577 "-" "Mozilla/5.0 AppleWebKit/537.36 (KHTML, like Gecko; compatible; GPTBot/1.2; +https://openai.com/gptbot)"
20.171.207.119 - - [17/Jun/2025:15:58:43 +0800] "GET /?action=edit&file=Mcrt1.o&path=%2F%2Flib64 HTTP/1.1" 200 93349 "-" "Mozilla/5.0 AppleWebKit/537.36 (KHTML, like Gecko; compatible; GPTBot/1.2; +https://openai.com/gptbot)"
20.171.207.119 - - [17/Jun/2025:15:58:50 +0800] "GET /?action=edit&file=Scrt1.o&path=%2F%2Flib64 HTTP/1.1" 200 94838 "-" "Mozilla/5.0 AppleWebKit/537.36 (KHTML, like Gecko; compatible; GPTBot/1.2; +https://openai.com/gptbot)"
20.171.207.119 - - [17/Jun/2025:15:59:01 +0800] "GET /?action=edit&file=gcrt1.o&path=%2F%2Flib64 HTTP/1.1" 200 108149 "-" "Mozilla/5.0 AppleWebKit/537.36 (KHTML, like Gecko; compatible; GPTBot/1.2; +https://openai.com/gptbot)"
20.171.207.119 - - [17/Jun/2025:15:59:08 +0800] "GET /?path=%2F%2Flib64%2Fpython2.7%2Fxml%2Fparsers HTTP/1.1" 200 88663 "-" "Mozilla/5.0 AppleWebKit/537.36 (KHTML, like Gecko; compatible; GPTBot/1.2; +https://openai.com/gptbot)"
20.171.207.119 - - [17/Jun/2025:15:59:15 +0800] "GET /?path=%2F%2Flib%2Fmotd.d HTTP/1.1" 200 86583 "-" "Mozilla/5.0 AppleWebKit/537.36 (KHTML, like Gecko; compatible; GPTBot/1.2; +https://openai.com/gptbot)"
20.171.207.119 - - [17/Jun/2025:15:59:16 +0800] "GET /?path=%2F%2Frun%2Fmotd.d HTTP/1.1" 200 86583 "-" "Mozilla/5.0 AppleWebKit/537.36 (KHTML, like Gecko; compatible; GPTBot/1.2; +https://openai.com/gptbot)"
20.171.207.119 - - [17/Jun/2025:15:59:22 +0800] "GET /?action=edit&file=Init.tcl&path=%2F%2Flib64%2Ftcl8.6%2FTix8.4.3 HTTP/1.1" 200 92674 "-" "Mozilla/5.0 AppleWebKit/537.36 (KHTML, like Gecko; compatible; GPTBot/1.2; +https://openai.com/gptbot)"
20.171.207.161 - - [17/Jun/2025:15:59:33 +0800] "GET /sitepages/topic/2?action=edit&file=git-for-each-ref&path=%2F%2Fusr%2Flibexec%2Fgit-core HTTP/1.1" 200 5996624 "-" "Mozilla/5.0 AppleWebKit/537.36 (KHTML, like Gecko; compatible; GPTBot/1.2; +https://openai.com/gptbot)"
20.171.207.119 - - [17/Jun/2025:15:59:33 +0800] "GET /?action=edit&file=hv.h&path=%2F%2Flib64%2Fperl5%2FCORE HTTP/1.1" 200 112668 "-" "Mozilla/5.0 AppleWebKit/537.36 (KHTML, like Gecko; compatible; GPTBot/1.2; +https://openai.com/gptbot)"
20.171.207.119 - - [17/Jun/2025:15:59:40 +0800] "GET /?action=edit&file=thread-shared-types.ph&path=%2F%2Flib64%2Fperl5%2Fbits HTTP/1.1" 200 88374 "-" "Mozilla/5.0 AppleWebKit/537.36 (KHTML, like Gecko; compatible; GPTBot/1.2; +https://openai.com/gptbot)"
20.171.207.119 - - [17/Jun/2025:15:59:42 +0800] "GET /?path=%2F%2Flib64%2Fperl5%2Fauto%2FGDBM_File HTTP/1.1" 200 87050 "-" "Mozilla/5.0 AppleWebKit/537.36 (KHTML, like Gecko; compatible; GPTBot/1.2; +https://openai.com/gptbot)"
20.171.207.119 - - [17/Jun/2025:15:59:54 +0800] "GET /?action=edit&file=siginfo-consts-arch.ph&path=%2F%2Flib64%2Fperl5%2Fbits HTTP/1.1" 200 86470 "-" "Mozilla/5.0 AppleWebKit/537.36 (KHTML, like Gecko; compatible; GPTBot/1.2; +https://openai.com/gptbot)"
20.171.207.119 - - [17/Jun/2025:16:00:01 +0800] "GET /?action=edit&file=pthreadtypes-arch.ph&path=%2F%2Flib64%2Fperl5%2Fbits HTTP/1.1" 200 90627 "-" "Mozilla/5.0 AppleWebKit/537.36 (KHTML, like Gecko; compatible; GPTBot/1.2; +https://openai.com/gptbot)"
20.171.207.119 - - [17/Jun/2025:16:00:08 +0800] "GET /?action=edit&file=Tree.tcl&path=%2F%2Flib64%2Ftcl8.6%2FTix8.4.3 HTTP/1.1" 200 91079 "-" "Mozilla/5.0 AppleWebKit/537.36 (KHTML, like Gecko; compatible; GPTBot/1.2; +https://openai.com/gptbot)"
20.171.207.119 - - [17/Jun/2025:16:00:15 +0800] "GET /?action=edit&file=Tix.tcl&path=%2F%2Flib64%2Ftcl8.6%2FTix8.4.3 HTTP/1.1" 200 96367 "-" "Mozilla/5.0 AppleWebKit/537.36 (KHTML, like Gecko; compatible; GPTBot/1.2; +https://openai.com/gptbot)"
20.171.207.119 - - [17/Jun/2025:16:00:18 +0800] "GET /?action=edit&file=base64.cpython-36.opt-1.pyc&path=%2F%2Flib64%2Fpython3.6%2F__pycache__ HTTP/1.1" 200 104955 "-" "Mozilla/5.0 AppleWebKit/537.36 (KHTML, like Gecko; compatible; GPTBot/1.2; +https://openai.com/gptbot)"
20.171.207.161 - - [17/Jun/2025:16:00:18 +0800] "GET /sitepages/topic/2?path=%2F%2Flib%2Fsystemd%2Fportable HTTP/1.1" 200 59206 "-" "Mozilla/5.0 AppleWebKit/537.36 (KHTML, like Gecko; compatible; GPTBot/1.2; +https://openai.com/gptbot)"
114.119.150.208 - - [17/Jun/2025:16:00:26 +0800] "GET /services/topic/111?path=/home/zuuttrav/public_html/core/vendor/league HTTP/1.1" 200 67657 "https://zuuttravel.com/services/topic/111?path=/home/zuuttrav/public_html/core/vendor" "Mozilla/5.0 (Linux; Android 7.0;) AppleWebKit/537.36 (KHTML, like Gecko) Mobile Safari/537.36 (compatible; PetalBot;+https://webmaster.petalsearch.com/site/petalbot)"
20.171.207.119 - - [17/Jun/2025:16:00:30 +0800] "GET /?action=edit&file=base64.cpython-39.opt-1.pyc&path=%2F%2Flib64%2Fpython3.9%2F__pycache__ HTTP/1.1" 200 104635 "-" "Mozilla/5.0 AppleWebKit/537.36 (KHTML, like Gecko; compatible; GPTBot/1.2; +https://openai.com/gptbot)"
20.171.207.119 - - [17/Jun/2025:16:00:36 +0800] "GET /?action=edit&file=base64.cpython-36.opt-2.pyc&path=%2F%2Flib64%2Fpython3.6%2F__pycache__ HTTP/1.1" 200 99116 "-" "Mozilla/5.0 AppleWebKit/537.36 (KHTML, like Gecko; compatible; GPTBot/1.2; +https://openai.com/gptbot)"
20.171.207.119 - - [17/Jun/2025:16:00:43 +0800] "GET /?action=edit&file=base64.cpython-39.opt-2.pyc&path=%2F%2Flib64%2Fpython3.9%2F__pycache__ HTTP/1.1" 200 98858 "-" "Mozilla/5.0 AppleWebKit/537.36 (KHTML, like Gecko; compatible; GPTBot/1.2; +https://openai.com/gptbot)"
20.171.207.119 - - [17/Jun/2025:16:00:45 +0800] "GET /?path=%2Fhome%2Fzuuttrav%2Fpublic_html%2Fassets%2Ffile-manager HTTP/1.1" 200 87737 "-" "Mozilla/5.0 AppleWebKit/537.36 (KHTML, like Gecko; compatible; GPTBot/1.2; +https://openai.com/gptbot)"
20.171.207.119 - - [17/Jun/2025:16:00:57 +0800] "GET /?path=%2F%2Flib64%2Fpython3.9%2Fvenv%2F__pycache__ HTTP/1.1" 200 88932 "-" "Mozilla/5.0 AppleWebKit/537.36 (KHTML, like Gecko; compatible; GPTBot/1.2; +https://openai.com/gptbot)"
20.171.207.119 - - [17/Jun/2025:16:00:59 +0800] "GET /?action=edit&file=libcollection.so.4&path=%2F%2Flib64 HTTP/1.1" 200 163384 "-" "Mozilla/5.0 AppleWebKit/537.36 (KHTML, like Gecko; compatible; GPTBot/1.2; +https://openai.com/gptbot)"
20.171.207.161 - - [17/Jun/2025:16:01:05 +0800] "GET /sitepages/topic/2?path=%2F%2Flib%2Fsystemd%2Fuser-preset HTTP/1.1" 200 59305 "-" "Mozilla/5.0 AppleWebKit/537.36 (KHTML, like Gecko; compatible; GPTBot/1.2; +https://openai.com/gptbot)"
20.171.207.119 - - [17/Jun/2025:16:01:07 +0800] "GET /?action=edit&file=libcairo-script-interpreter.so.2.11512.0&path=%2F%2Flib64 HTTP/1.1" 200 320426 "-" "Mozilla/5.0 AppleWebKit/537.36 (KHTML, like Gecko; compatible; GPTBot/1.2; +https://openai.com/gptbot)"
20.171.207.119 - - [17/Jun/2025:16:01:12 +0800] "GET /?path=%2F%2Flib64%2Fsasl2 HTTP/1.1" 200 90342 "-" "Mozilla/5.0 AppleWebKit/537.36 (KHTML, like Gecko; compatible; GPTBot/1.2; +https://openai.com/gptbot)"
20.171.207.119 - - [17/Jun/2025:16:01:18 +0800] "GET /?action=edit&file=proactor_events.py&path=%2F%2Flib64%2Fpython3.6%2Fasyncio HTTP/1.1" 200 107464 "-" "Mozilla/5.0 AppleWebKit/537.36 (KHTML, like Gecko; compatible; GPTBot/1.2; +https://openai.com/gptbot)"
