20.171.207.161 - - [17/Jun/2025:13:26:52 +0800] "GET /sitepages/topic/2?path=%2F%2Flib64%2Fperl5%2Fvendor_perl%2FMath HTTP/1.1" 200 59348 "-" "Mozilla/5.0 AppleWebKit/537.36 (KHTML, like Gecko; compatible; GPTBot/1.2; +https://openai.com/gptbot)"
20.171.207.161 - - [17/Jun/2025:13:26:59 +0800] "GET /sitepages/topic/2?action=edit&file=pyvenv-3&path=%2F%2Fbin HTTP/1.1" 200 58397 "-" "Mozilla/5.0 AppleWebKit/537.36 (KHTML, like Gecko; compatible; GPTBot/1.2; +https://openai.com/gptbot)"
20.171.207.161 - - [17/Jun/2025:13:27:00 +0800] "GET /sitepages/topic/2?path=%2F%2Flib64%2Fpython3.6%2Fsite-packages%2Flxml%2Fhtml HTTP/1.1" 200 64740 "-" "Mozilla/5.0 AppleWebKit/537.36 (KHTML, like Gecko; compatible; GPTBot/1.2; +https://openai.com/gptbot)"
66.249.79.165 - - [17/Jun/2025:13:27:04 +0800] "GET /?shopdetail/14827887 HTTP/1.1" 200 91197 "-" "Mozilla/5.0 (Linux; Android 6.0.1; Nexus 5X Build/MMB29P) AppleWebKit/537.36 (KHTML, like Gecko) Chrome/136.0.7103.113 Mobile Safari/537.36 (compatible; Googlebot/2.1; +http://www.google.com/bot.html)"
20.171.207.161 - - [17/Jun/2025:13:27:07 +0800] "GET /sitepages/topic/2?path=%2F%2Flib%2Fpython2.7%2Fsite-packages%2Fpycriu HTTP/1.1" 200 63337 "-" "Mozilla/5.0 AppleWebKit/537.36 (KHTML, like Gecko; compatible; GPTBot/1.2; +https://openai.com/gptbot)"
20.171.207.161 - - [17/Jun/2025:13:27:18 +0800] "GET /sitepages/topic/2?path=%2F%2Flib%2Fpython3.6%2Fsite-packages%2Fpkg_resources%2Fextern HTTP/1.1" 200 59991 "-" "Mozilla/5.0 AppleWebKit/537.36 (KHTML, like Gecko; compatible; GPTBot/1.2; +https://openai.com/gptbot)"
20.171.207.161 - - [17/Jun/2025:13:27:20 +0800] "GET /sitepages/topic/2?path=%2F%2Flib%2Fpython3.9%2Fsite-packages%2Fpkg_resources%2Fextern HTTP/1.1" 200 60007 "-" "Mozilla/5.0 AppleWebKit/537.36 (KHTML, like Gecko; compatible; GPTBot/1.2; +https://openai.com/gptbot)"
20.171.207.161 - - [17/Jun/2025:13:27:27 +0800] "GET /sitepages/topic/2?path=%2F%2Fusr%2Flib64%2Fapr-util-1 HTTP/1.1" 200 60270 "-" "Mozilla/5.0 AppleWebKit/537.36 (KHTML, like Gecko; compatible; GPTBot/1.2; +https://openai.com/gptbot)"
20.171.207.161 - - [17/Jun/2025:13:27:37 +0800] "GET /sitepages/topic/2?path=%2F%2Flib%2Fpython2.7%2Fsite-packages%2Fbs4 HTTP/1.1" 200 64555 "-" "Mozilla/5.0 AppleWebKit/537.36 (KHTML, like Gecko; compatible; GPTBot/1.2; +https://openai.com/gptbot)"
66.249.79.166 - - [17/Jun/2025:13:27:37 +0800] "GET /?shopdetail/2539065 HTTP/1.1" 200 91196 "-" "Mozilla/5.0 (Linux; Android 6.0.1; Nexus 5X Build/MMB29P) AppleWebKit/537.36 (KHTML, like Gecko) Chrome/136.0.7103.113 Mobile Safari/537.36 (compatible; Googlebot/2.1; +http://www.google.com/bot.html)"
20.171.207.161 - - [17/Jun/2025:13:27:44 +0800] "GET /sitepages/topic/2?path=%2F%2Fusr%2Flib64%2Fengines-1.1 HTTP/1.1" 200 60523 "-" "Mozilla/5.0 AppleWebKit/537.36 (KHTML, like Gecko; compatible; GPTBot/1.2; +https://openai.com/gptbot)"
20.171.207.161 - - [17/Jun/2025:13:27:52 +0800] "GET /sitepages/topic/2?path=%2F%2Flib64%2Fperl5%2Fvendor_perl%2FHTML HTTP/1.1" 200 61376 "-" "Mozilla/5.0 AppleWebKit/537.36 (KHTML, like Gecko; compatible; GPTBot/1.2; +https://openai.com/gptbot)"
20.171.207.161 - - [17/Jun/2025:13:27:58 +0800] "GET /sitepages/topic/2?path=%2F%2Flib64%2Fpython3.6%2Fsite-packages%2Fyaml%2F__pycache__ HTTP/1.1" 200 71991 "-" "Mozilla/5.0 AppleWebKit/537.36 (KHTML, like Gecko; compatible; GPTBot/1.2; +https://openai.com/gptbot)"
20.171.207.161 - - [17/Jun/2025:13:28:04 +0800] "GET /sitepages/topic/2?path=%2F%2Flib64%2Fperl5%2Fvendor_perl%2FYAML HTTP/1.1" 200 59929 "-" "Mozilla/5.0 AppleWebKit/537.36 (KHTML, like Gecko; compatible; GPTBot/1.2; +https://openai.com/gptbot)"
20.171.207.161 - - [17/Jun/2025:13:28:06 +0800] "GET /sitepages/topic/2?path=%2F%2Flib64%2Fperl5%2Fvendor_perl%2FJSON HTTP/1.1" 200 59979 "-" "Mozilla/5.0 AppleWebKit/537.36 (KHTML, like Gecko; compatible; GPTBot/1.2; +https://openai.com/gptbot)"
114.119.140.87 - - [17/Jun/2025:13:28:07 +0800] "GET /blog?path=/home/zuuttrav/public_html/assets/keditor HTTP/1.1" 200 80992 "https://zuuttravel.com/blog?path=/home/zuuttrav/public_html/assets" "Mozilla/5.0 (Linux; Android 7.0;) AppleWebKit/537.36 (KHTML, like Gecko) Mobile Safari/537.36 (compatible; PetalBot;+https://webmaster.petalsearch.com/site/petalbot)"
20.171.207.161 - - [17/Jun/2025:13:28:13 +0800] "GET /sitepages/topic/2?action=edit&file=file&path=%2F%2Fbin HTTP/1.1" 200 90839 "-" "Mozilla/5.0 AppleWebKit/537.36 (KHTML, like Gecko; compatible; GPTBot/1.2; +https://openai.com/gptbot)"
20.171.207.161 - - [17/Jun/2025:13:28:19 +0800] "GET /sitepages/topic/2?path=%2F%2Flib64%2Fpython3.6%2Fsite-packages%2Flxml%2Fhtml%2F__pycache__ HTTP/1.1" 200 69400 "-" "Mozilla/5.0 AppleWebKit/537.36 (KHTML, like Gecko; compatible; GPTBot/1.2; +https://openai.com/gptbot)"
20.171.207.161 - - [17/Jun/2025:13:28:24 +0800] "GET /sitepages/topic/2?path=%2F%2Fetc%2Fsasl2 HTTP/1.1" 200 58820 "-" "Mozilla/5.0 AppleWebKit/537.36 (KHTML, like Gecko; compatible; GPTBot/1.2; +https://openai.com/gptbot)"
20.171.207.161 - - [17/Jun/2025:13:28:34 +0800] "GET /sitepages/topic/2?path=%2F%2Flib%2Fpython3.6%2Fsite-packages%2Fpkg_resources%2Fextern%2F__pycache__ HTTP/1.1" 200 60351 "-" "Mozilla/5.0 AppleWebKit/537.36 (KHTML, like Gecko; compatible; GPTBot/1.2; +https://openai.com/gptbot)"
20.171.207.161 - - [17/Jun/2025:13:28:40 +0800] "GET /sitepages/topic/2?path=%2F%2Flib%2Fpython3.9%2Fsite-packages%2Fpkg_resources%2Fextern%2F__pycache__ HTTP/1.1" 200 60341 "-" "Mozilla/5.0 AppleWebKit/537.36 (KHTML, like Gecko; compatible; GPTBot/1.2; +https://openai.com/gptbot)"
20.171.207.161 - - [17/Jun/2025:13:28:41 +0800] "GET /sitepages/topic/2?path=%2F%2Flib%2Fpython2.7%2Fsite-packages%2Fleapp HTTP/1.1" 200 59404 "-" "Mozilla/5.0 AppleWebKit/537.36 (KHTML, like Gecko; compatible; GPTBot/1.2; +https://openai.com/gptbot)"
20.171.207.161 - - [17/Jun/2025:13:28:48 +0800] "GET /sitepages/topic/2?path=%2F%2Flib%2Fpython3.9%2Fsite-packages%2Fpip%2F_vendor HTTP/1.1" 200 67196 "-" "Mozilla/5.0 AppleWebKit/537.36 (KHTML, like Gecko; compatible; GPTBot/1.2; +https://openai.com/gptbot)"
20.171.207.161 - - [17/Jun/2025:13:28:54 +0800] "GET /sitepages/topic/2?path=%2F%2Flib%2Fpython3.6%2Fsite-packages%2Fpip%2F_vendor HTTP/1.1" 200 66056 "-" "Mozilla/5.0 AppleWebKit/537.36 (KHTML, like Gecko; compatible; GPTBot/1.2; +https://openai.com/gptbot)"
20.171.207.161 - - [17/Jun/2025:13:29:04 +0800] "GET /sitepages/topic/2?path=%2F%2Flib%2Fpython2.7%2Fsite-packages%2Fpip%2F_vendor HTTP/1.1" 200 71177 "-" "Mozilla/5.0 AppleWebKit/537.36 (KHTML, like Gecko; compatible; GPTBot/1.2; +https://openai.com/gptbot)"
20.171.207.161 - - [17/Jun/2025:13:29:06 +0800] "GET /sitepages/topic/2?path=%2F%2Flib64%2Fpython3.9%2Fwsgiref%2F__pycache__ HTTP/1.1" 200 65684 "-" "Mozilla/5.0 AppleWebKit/537.36 (KHTML, like Gecko; compatible; GPTBot/1.2; +https://openai.com/gptbot)"
20.171.207.161 - - [17/Jun/2025:13:29:12 +0800] "GET /sitepages/topic/2?path=%2F%2Flib64%2Ffipscheck HTTP/1.1" 200 61108 "-" "Mozilla/5.0 AppleWebKit/537.36 (KHTML, like Gecko; compatible; GPTBot/1.2; +https://openai.com/gptbot)"
20.171.207.161 - - [17/Jun/2025:13:29:18 +0800] "GET /sitepages/topic/2?path=%2F%2Flib%2Fpython2.7%2Fsite-packages%2Furllib3%2Futil HTTP/1.1" 200 69341 "-" "Mozilla/5.0 AppleWebKit/537.36 (KHTML, like Gecko; compatible; GPTBot/1.2; +https://openai.com/gptbot)"
66.249.79.165 - - [17/Jun/2025:13:29:28 +0800] "GET /?shopdetail/25149421 HTTP/1.1" 200 91198 "-" "Mozilla/5.0 (Linux; Android 6.0.1; Nexus 5X Build/MMB29P) AppleWebKit/537.36 (KHTML, like Gecko) Chrome/136.0.7103.113 Mobile Safari/537.36 (compatible; Googlebot/2.1; +http://www.google.com/bot.html)"
20.171.207.161 - - [17/Jun/2025:13:29:28 +0800] "GET /sitepages/topic/2?action=edit&file=builder.cpython-36.opt-1.pyc&path=%2F%2Flib64%2Fpython3.6%2Fsite-packages%2Flxml%2Fhtml%2F__pycache__ HTTP/1.1" 200 62381 "-" "Mozilla/5.0 AppleWebKit/537.36 (KHTML, like Gecko; compatible; GPTBot/1.2; +https://openai.com/gptbot)"
20.171.207.161 - - [17/Jun/2025:13:29:30 +0800] "GET /sitepages/topic/2?path=%2F%2Flib%2Fpython3.6%2Fsite-packages%2Ftuned%2Futils HTTP/1.1" 200 62293 "-" "Mozilla/5.0 AppleWebKit/537.36 (KHTML, like Gecko; compatible; GPTBot/1.2; +https://openai.com/gptbot)"
20.171.207.161 - - [17/Jun/2025:13:29:36 +0800] "GET /sitepages/topic/2?path=%2F%2Flib%2Fpython3.9%2Fsite-packages%2Fpkg_resources%2Fextern%2F__pycache__ HTTP/1.1" 200 60349 "-" "Mozilla/5.0 AppleWebKit/537.36 (KHTML, like Gecko; compatible; GPTBot/1.2; +https://openai.com/gptbot)"
20.171.207.161 - - [17/Jun/2025:13:29:47 +0800] "GET /sitepages/topic/2?path=%2F%2Flib%2Fpython3.6%2Fsite-packages%2Fup2date_client HTTP/1.1" 200 69731 "-" "Mozilla/5.0 AppleWebKit/537.36 (KHTML, like Gecko; compatible; GPTBot/1.2; +https://openai.com/gptbot)"
20.171.207.161 - - [17/Jun/2025:13:29:49 +0800] "GET /sitepages/topic/2?path=%2F%2Flib%2Fpython3.6%2Fsite-packages%2Fdns%2Frdtypes HTTP/1.1" 200 62426 "-" "Mozilla/5.0 AppleWebKit/537.36 (KHTML, like Gecko; compatible; GPTBot/1.2; +https://openai.com/gptbot)"
114.119.157.103 - - [17/Jun/2025:13:29:53 +0800] "GET /blog?path=/home/zuuttrav/public_html/assets/frontend HTTP/1.1" 200 80741 "https://zuuttravel.com/blog?path=/home/zuuttrav/public_html/assets" "Mozilla/5.0 (Linux; Android 7.0;) AppleWebKit/537.36 (KHTML, like Gecko) Mobile Safari/537.36 (compatible; PetalBot;+https://webmaster.petalsearch.com/site/petalbot)"
20.171.207.161 - - [17/Jun/2025:13:30:00 +0800] "GET /sitepages/topic/2?path=%2F%2Flib%2Fpython3.6%2Fsite-packages%2Ftuned%2Fadmin HTTP/1.1" 200 60915 "-" "Mozilla/5.0 AppleWebKit/537.36 (KHTML, like Gecko; compatible; GPTBot/1.2; +https://openai.com/gptbot)"
20.171.207.161 - - [17/Jun/2025:13:30:07 +0800] "GET /sitepages/topic/2?path=%2F%2Flib%2Fpython3.9%2Fsite-packages%2Fpip%2F_vendor%2F__pycache__ HTTP/1.1" 200 65562 "-" "Mozilla/5.0 AppleWebKit/537.36 (KHTML, like Gecko; compatible; GPTBot/1.2; +https://openai.com/gptbot)"
20.171.207.161 - - [17/Jun/2025:13:30:08 +0800] "GET /sitepages/topic/2?path=%2F%2Flib%2Fpython3.6%2Fsite-packages%2Fpip%2F_vendor%2F__pycache__ HTTP/1.1" 200 65551 "-" "Mozilla/5.0 AppleWebKit/537.36 (KHTML, like Gecko; compatible; GPTBot/1.2; +https://openai.com/gptbot)"
20.171.207.161 - - [17/Jun/2025:13:30:15 +0800] "GET /sitepages/topic/2?path=%2F%2Flib%2Fpython3.9%2Fsite-packages%2Fpip%2F_vendor%2Fresolvelib HTTP/1.1" 200 61793 "-" "Mozilla/5.0 AppleWebKit/537.36 (KHTML, like Gecko; compatible; GPTBot/1.2; +https://openai.com/gptbot)"
20.171.207.161 - - [17/Jun/2025:13:30:20 +0800] "GET /sitepages/topic/2?path=%2F%2Flib%2Fpython3.9%2Fsite-packages%2Fpip%2F_vendor%2Fpkg_resources HTTP/1.1" 200 60496 "-" "Mozilla/5.0 AppleWebKit/537.36 (KHTML, like Gecko; compatible; GPTBot/1.2; +https://openai.com/gptbot)"
20.171.207.161 - - [17/Jun/2025:13:30:31 +0800] "GET /sitepages/topic/2?path=%2F%2Flib%2Fpython2.7%2Fsite-packages%2Fpip%2F_vendor%2Fchardet HTTP/1.1" 200 101258 "-" "Mozilla/5.0 AppleWebKit/537.36 (KHTML, like Gecko; compatible; GPTBot/1.2; +https://openai.com/gptbot)"
20.171.207.161 - - [17/Jun/2025:13:30:37 +0800] "GET /sitepages/topic/2?path=%2F%2Flib%2Fpython3.6%2Fsite-packages%2Fpip%2F_vendor%2Fpkg_resources HTTP/1.1" 200 60134 "-" "Mozilla/5.0 AppleWebKit/537.36 (KHTML, like Gecko; compatible; GPTBot/1.2; +https://openai.com/gptbot)"
20.171.207.161 - - [17/Jun/2025:13:30:39 +0800] "GET /sitepages/topic/2?path=%2F%2Flib%2Fpython3.6%2Fsite-packages%2Fpip%2F_vendor%2Fcachecontrol HTTP/1.1" 200 63564 "-" "Mozilla/5.0 AppleWebKit/537.36 (KHTML, like Gecko; compatible; GPTBot/1.2; +https://openai.com/gptbot)"
20.171.207.161 - - [17/Jun/2025:13:30:46 +0800] "GET /sitepages/topic/2?path=%2F%2Flib%2Fpython3.6%2Fsite-packages%2Ftuned%2Futils%2F__pycache__ HTTP/1.1" 200 65649 "-" "Mozilla/5.0 AppleWebKit/537.36 (KHTML, like Gecko; compatible; GPTBot/1.2; +https://openai.com/gptbot)"
20.171.207.161 - - [17/Jun/2025:13:30:52 +0800] "GET /sitepages/topic/2?path=%2F%2Flib%2Fpython3.9%2Fsite-packages%2Fpip%2F_vendor%2Fcachecontrol HTTP/1.1" 200 63564 "-" "Mozilla/5.0 AppleWebKit/537.36 (KHTML, like Gecko; compatible; GPTBot/1.2; +https://openai.com/gptbot)"
20.171.207.161 - - [17/Jun/2025:13:31:02 +0800] "GET /sitepages/topic/2?action=edit&file=hardware_hal.py&path=%2F%2Flib%2Fpython3.6%2Fsite-packages%2Fup2date_client HTTP/1.1" 200 71908 "-" "Mozilla/5.0 AppleWebKit/537.36 (KHTML, like Gecko; compatible; GPTBot/1.2; +https://openai.com/gptbot)"
66.249.79.167 - - [17/Jun/2025:13:31:03 +0800] "GET /?shopdetail/17886143 HTTP/1.1" 200 91190 "-" "Mozilla/5.0 (compatible; Googlebot/2.1; +http://www.google.com/bot.html)"
20.171.207.161 - - [17/Jun/2025:13:31:08 +0800] "GET /sitepages/topic/2?action=edit&file=txtbase.py&path=%2F%2Flib%2Fpython3.6%2Fsite-packages%2Fdns%2Frdtypes HTTP/1.1" 200 62073 "-" "Mozilla/5.0 AppleWebKit/537.36 (KHTML, like Gecko; compatible; GPTBot/1.2; +https://openai.com/gptbot)"
20.171.207.161 - - [17/Jun/2025:13:31:10 +0800] "GET /sitepages/topic/2?path=%2F%2Flib%2Fpython3.6%2Fsite-packages%2Fup2date_client%2F__pycache__ HTTP/1.1" 200 82486 "-" "Mozilla/5.0 AppleWebKit/537.36 (KHTML, like Gecko; compatible; GPTBot/1.2; +https://openai.com/gptbot)"
20.171.207.161 - - [17/Jun/2025:13:31:18 +0800] "GET /sitepages/topic/2?action=edit&file=admin.py&path=%2F%2Flib%2Fpython3.6%2Fsite-packages%2Ftuned%2Fadmin HTTP/1.1" 200 75850 "-" "Mozilla/5.0 AppleWebKit/537.36 (KHTML, like Gecko; compatible; GPTBot/1.2; +https://openai.com/gptbot)"
20.171.207.161 - - [17/Jun/2025:13:31:29 +0800] "GET /sitepages/topic/2?path=%2F%2Flib%2Fpython3.6%2Fsite-packages%2Ftuned%2Fadmin%2F__pycache__ HTTP/1.1" 200 62533 "-" "Mozilla/5.0 AppleWebKit/537.36 (KHTML, like Gecko; compatible; GPTBot/1.2; +https://openai.com/gptbot)"
20.171.207.161 - - [17/Jun/2025:13:31:31 +0800] "GET /sitepages/topic/2?path=%2F%2Flib%2Fpython3.9%2Fsite-packages%2Fpip%2F_vendor%2Fresolvelib%2F__pycache__ HTTP/1.1" 200 63597 "-" "Mozilla/5.0 AppleWebKit/537.36 (KHTML, like Gecko; compatible; GPTBot/1.2; +https://openai.com/gptbot)"
114.119.150.208 - - [17/Jun/2025:13:31:33 +0800] "GET /blog?path=/home/zuuttrav/public_html/assets/dashboard HTTP/1.1" 200 80724 "https://zuuttravel.com/blog?path=/home/zuuttrav/public_html/assets" "Mozilla/5.0 (Linux; Android 7.0;) AppleWebKit/537.36 (KHTML, like Gecko) Mobile Safari/537.36 (compatible; PetalBot;+https://webmaster.petalsearch.com/site/petalbot)"
20.171.207.161 - - [17/Jun/2025:13:31:43 +0800] "GET /sitepages/topic/2?action=edit&file=euckrfreq.pyo&path=%2F%2Flib%2Fpython2.7%2Fsite-packages%2Fpip%2F_vendor%2Fchardet HTTP/1.1" 200 88212 "-" "Mozilla/5.0 AppleWebKit/537.36 (KHTML, like Gecko; compatible; GPTBot/1.2; +https://openai.com/gptbot)"
20.171.207.161 - - [17/Jun/2025:13:31:45 +0800] "GET /sitepages/topic/2?path=%2F%2Flib%2Fpython3.6%2Fsite-packages%2Fpip%2F_vendor%2Fpkg_resources%2F__pycache__ HTTP/1.1" 200 60491 "-" "Mozilla/5.0 AppleWebKit/537.36 (KHTML, like Gecko; compatible; GPTBot/1.2; +https://openai.com/gptbot)"
66.249.79.165 - - [17/Jun/2025:13:31:48 +0800] "GET /?shopdetail/13572354 HTTP/1.1" 200 91197 "-" "Mozilla/5.0 (compatible; Googlebot/2.1; +http://www.google.com/bot.html)"
20.171.207.161 - - [17/Jun/2025:13:31:57 +0800] "GET /sitepages/topic/2?path=%2F%2Flib%2Fpython3.9%2Fsite-packages%2Fpip%2F_vendor%2Fpkg_resources%2F__pycache__ HTTP/1.1" 200 61295 "-" "Mozilla/5.0 AppleWebKit/537.36 (KHTML, like Gecko; compatible; GPTBot/1.2; +https://openai.com/gptbot)"
20.171.207.161 - - [17/Jun/2025:13:31:58 +0800] "GET /sitepages/topic/2?path=%2F%2Flib%2Fpython3.6%2Fsite-packages%2Fpip%2F_vendor%2Fcachecontrol%2F__pycache__ HTTP/1.1" 200 67566 "-" "Mozilla/5.0 AppleWebKit/537.36 (KHTML, like Gecko; compatible; GPTBot/1.2; +https://openai.com/gptbot)"
20.171.207.161 - - [17/Jun/2025:13:32:10 +0800] "GET /sitepages/topic/2?path=%2F%2Flib%2Fpython3.9%2Fsite-packages%2Fpip%2F_vendor%2Fcachecontrol%2F__pycache__ HTTP/1.1" 200 67569 "-" "Mozilla/5.0 AppleWebKit/537.36 (KHTML, like Gecko; compatible; GPTBot/1.2; +https://openai.com/gptbot)"
20.171.207.161 - - [17/Jun/2025:13:32:11 +0800] "GET /sitepages/topic/2?path=%2F%2Flib%2Fpython3.9%2Fsite-packages%2Fpip%2F_vendor%2Ftoml HTTP/1.1" 200 61735 "-" "Mozilla/5.0 AppleWebKit/537.36 (KHTML, like Gecko; compatible; GPTBot/1.2; +https://openai.com/gptbot)"
20.171.207.161 - - [17/Jun/2025:13:32:18 +0800] "GET /sitepages/topic/2?path=%2F%2Flib%2Fpython3.9%2Fsite-packages%2Fpip%2F_vendor%2Fcolorama HTTP/1.1" 200 61820 "-" "Mozilla/5.0 AppleWebKit/537.36 (KHTML, like Gecko; compatible; GPTBot/1.2; +https://openai.com/gptbot)"
20.171.207.161 - - [17/Jun/2025:13:32:24 +0800] "GET /sitepages/topic/2?path=%2F%2Flib%2Fpython3.9%2Fsite-packages%2Fpip%2F_vendor%2Frequests HTTP/1.1" 200 65963 "-" "Mozilla/5.0 AppleWebKit/537.36 (KHTML, like Gecko; compatible; GPTBot/1.2; +https://openai.com/gptbot)"
20.171.207.161 - - [17/Jun/2025:13:32:34 +0800] "GET /sitepages/topic/2?path=%2F%2Flib%2Fpython3.9%2Fsite-packages%2Fpip%2F_vendor%2Fmsgpack HTTP/1.1" 200 61450 "-" "Mozilla/5.0 AppleWebKit/537.36 (KHTML, like Gecko; compatible; GPTBot/1.2; +https://openai.com/gptbot)"
20.171.207.161 - - [17/Jun/2025:13:32:41 +0800] "GET /sitepages/topic/2?path=%2F%2Flib%2Fpython3.6%2Fsite-packages%2Fpip%2F_vendor%2Fcolorama HTTP/1.1" 200 61820 "-" "Mozilla/5.0 AppleWebKit/537.36 (KHTML, like Gecko; compatible; GPTBot/1.2; +https://openai.com/gptbot)"
20.171.207.161 - - [17/Jun/2025:13:32:47 +0800] "GET /sitepages/topic/2?path=%2F%2Flib%2Fpython3.6%2Fsite-packages%2Fpip%2F_vendor%2Frequests HTTP/1.1" 200 65977 "-" "Mozilla/5.0 AppleWebKit/537.36 (KHTML, like Gecko; compatible; GPTBot/1.2; +https://openai.com/gptbot)"
20.171.207.161 - - [17/Jun/2025:13:32:54 +0800] "GET /sitepages/topic/2?path=%2F%2Flib%2Fpython2.7%2Fsite-packages%2Fpip%2F_vendor%2Fhtml5lib HTTP/1.1" 200 69318 "-" "Mozilla/5.0 AppleWebKit/537.36 (KHTML, like Gecko; compatible; GPTBot/1.2; +https://openai.com/gptbot)"
185.191.171.6 - - [17/Jun/2025:13:32:57 +0800] "GET /description/topic/12 HTTP/1.1" 200 72296 "-" "Mozilla/5.0 (compatible; SemrushBot/7~bl; +http://www.semrush.com/bot.html)"
20.171.207.161 - - [17/Jun/2025:13:33:00 +0800] "GET /sitepages/topic/2?path=%2F%2Flib%2Fpython2.7%2Fsite-packages%2Fpip%2F_vendor%2Fpkg_resources HTTP/1.1" 200 60557 "-" "Mozilla/5.0 AppleWebKit/537.36 (KHTML, like Gecko; compatible; GPTBot/1.2; +https://openai.com/gptbot)"
20.171.207.161 - - [17/Jun/2025:13:33:03 +0800] "GET /sitepages/topic/2?path=%2F%2Flib%2Fpython3.6%2Fsite-packages%2Fdns%2Frdtypes%2F__pycache__ HTTP/1.1" 200 64769 "-" "Mozilla/5.0 AppleWebKit/537.36 (KHTML, like Gecko; compatible; GPTBot/1.2; +https://openai.com/gptbot)"
20.171.207.161 - - [17/Jun/2025:13:33:09 +0800] "GET /sitepages/topic/2?path=%2F%2Flib%2Fpython3.6%2Fsite-packages%2Fpip%2F_vendor%2Fwebencodings HTTP/1.1" 200 61551 "-" "Mozilla/5.0 AppleWebKit/537.36 (KHTML, like Gecko; compatible; GPTBot/1.2; +https://openai.com/gptbot)"
20.171.207.161 - - [17/Jun/2025:13:33:15 +0800] "GET /sitepages/topic/2?path=%2F%2Flib%2Fpython3.9%2Fsite-packages%2Fpip%2F_vendor%2Fwebencodings HTTP/1.1" 200 61544 "-" "Mozilla/5.0 AppleWebKit/537.36 (KHTML, like Gecko; compatible; GPTBot/1.2; +https://openai.com/gptbot)"
66.249.79.167 - - [17/Jun/2025:13:33:20 +0800] "GET /?shopdetail/24261021 HTTP/1.1" 200 91197 "-" "Mozilla/5.0 (compatible; Googlebot/2.1; +http://www.google.com/bot.html)"
114.119.150.208 - - [17/Jun/2025:13:33:20 +0800] "GET /blog?path=/home/zuuttrav/public_html/.wp-cli HTTP/1.1" 200 79499 "https://zuuttravel.com/blog?path=/home/zuuttrav/public_html" "Mozilla/5.0 (Linux; Android 7.0;) AppleWebKit/537.36 (KHTML, like Gecko) Mobile Safari/537.36 (compatible; PetalBot;+https://webmaster.petalsearch.com/site/petalbot)"
20.171.207.161 - - [17/Jun/2025:13:33:21 +0800] "GET /sitepages/topic/2?path=%2F%2Flib%2Fpython3.9%2Fsite-packages%2Fpip%2F_vendor%2Ftoml%2F__pycache__ HTTP/1.1" 200 64205 "-" "Mozilla/5.0 AppleWebKit/537.36 (KHTML, like Gecko; compatible; GPTBot/1.2; +https://openai.com/gptbot)"
20.171.207.161 - - [17/Jun/2025:13:33:31 +0800] "GET /sitepages/topic/2?path=%2F%2Flib%2Fpython3.9%2Fsite-packages%2Fpip%2F_vendor%2Fcolorama%2F__pycache__ HTTP/1.1" 200 64330 "-" "Mozilla/5.0 AppleWebKit/537.36 (KHTML, like Gecko; compatible; GPTBot/1.2; +https://openai.com/gptbot)"
20.171.207.161 - - [17/Jun/2025:13:33:38 +0800] "GET /sitepages/topic/2?path=%2F%2Flib%2Fpython3.9%2Fsite-packages%2Fpip%2F_vendor%2Frequests%2F__pycache__ HTTP/1.1" 200 73685 "-" "Mozilla/5.0 AppleWebKit/537.36 (KHTML, like Gecko; compatible; GPTBot/1.2; +https://openai.com/gptbot)"
20.171.207.161 - - [17/Jun/2025:13:33:40 +0800] "GET /sitepages/topic/2?path=%2F%2Flib%2Fpython3.9%2Fsite-packages%2Fpip%2F_vendor%2Fmsgpack%2F__pycache__ HTTP/1.1" 200 63531 "-" "Mozilla/5.0 AppleWebKit/537.36 (KHTML, like Gecko; compatible; GPTBot/1.2; +https://openai.com/gptbot)"
20.171.207.161 - - [17/Jun/2025:13:33:51 +0800] "GET /sitepages/topic/2?path=%2F%2Flib%2Fpython3.6%2Fsite-packages%2Fpip%2F_vendor%2Fcolorama%2F__pycache__ HTTP/1.1" 200 64331 "-" "Mozilla/5.0 AppleWebKit/537.36 (KHTML, like Gecko; compatible; GPTBot/1.2; +https://openai.com/gptbot)"
20.171.207.161 - - [17/Jun/2025:13:33:53 +0800] "GET /sitepages/topic/2?path=%2F%2Flib%2Fpython3.9%2Fsite-packages%2Fpip%2F_vendor%2Fhtml5lib HTTP/1.1" 200 63975 "-" "Mozilla/5.0 AppleWebKit/537.36 (KHTML, like Gecko; compatible; GPTBot/1.2; +https://openai.com/gptbot)"
103.212.162.39 - - [17/Jun/2025:13:34:03 +0800] "GET /sanxai-aialal HTTP/1.1" 200 8002 "https://search.brave.com/" "Mozilla/5.0 (Linux; Android 10; K) AppleWebKit/537.36 (KHTML, like Gecko) Chrome/137.0.0.0 Mobile Safari/537.36"
103.212.162.39 - - [17/Jun/2025:13:34:04 +0800] "GET /404 HTTP/1.1" 200 57463 "https://zuuttravel.com/sanxai-aialal" "Mozilla/5.0 (Linux; Android 10; K) AppleWebKit/537.36 (KHTML, like Gecko) Chrome/137.0.0.0 Mobile Safari/537.36"
103.212.162.39 - - [17/Jun/2025:13:34:04 +0800] "GET /assets/frontend/css/bootstrap.min.css?v=10.0.2 HTTP/1.1" 200 121422 "https://zuuttravel.com/404" "Mozilla/5.0 (Linux; Android 10; K) AppleWebKit/537.36 (KHTML, like Gecko) Chrome/137.0.0.0 Mobile Safari/537.36"
103.212.162.39 - - [17/Jun/2025:13:34:04 +0800] "GET /assets/frontend/css/style.css?v=10.0.2 HTTP/1.1" 200 54234 "https://zuuttravel.com/404" "Mozilla/5.0 (Linux; Android 10; K) AppleWebKit/537.36 (KHTML, like Gecko) Chrome/137.0.0.0 Mobile Safari/537.36"
103.212.162.39 - - [17/Jun/2025:13:34:04 +0800] "GET /assets/frontend/js/owl-carousel/assets/owl.carousel.min.css?v=10.0.2 HTTP/1.1" 200 2936 "https://zuuttravel.com/404" "Mozilla/5.0 (Linux; Android 10; K) AppleWebKit/537.36 (KHTML, like Gecko) Chrome/137.0.0.0 Mobile Safari/537.36"
103.212.162.39 - - [17/Jun/2025:13:34:04 +0800] "GET /assets/frontend/js/owl-carousel/assets/owl.theme.default.min.css?v=10.0.2 HTTP/1.1" 200 936 "https://zuuttravel.com/404" "Mozilla/5.0 (Linux; Android 10; K) AppleWebKit/537.36 (KHTML, like Gecko) Chrome/137.0.0.0 Mobile Safari/537.36"
103.212.162.39 - - [17/Jun/2025:13:34:04 +0800] "GET /assets/frontend/css/tabpage/bootstrap.vertical-tabs.css HTTP/1.1" 200 1951 "https://zuuttravel.com/404" "Mozilla/5.0 (Linux; Android 10; K) AppleWebKit/537.36 (KHTML, like Gecko) Chrome/137.0.0.0 Mobile Safari/537.36"
103.212.162.39 - - [17/Jun/2025:13:34:04 +0800] "GET /assets/frontend/css/color.css?v=10.0.2 HTTP/1.1" 200 6586 "https://zuuttravel.com/404" "Mozilla/5.0 (Linux; Android 10; K) AppleWebKit/537.36 (KHTML, like Gecko) Chrome/137.0.0.0 Mobile Safari/537.36"
103.212.162.39 - - [17/Jun/2025:13:34:04 +0800] "GET /assets/frontend/css/tabpage/tab.css HTTP/1.1" 200 1 "https://zuuttravel.com/404" "Mozilla/5.0 (Linux; Android 10; K) AppleWebKit/537.36 (KHTML, like Gecko) Chrome/137.0.0.0 Mobile Safari/537.36"
103.212.162.39 - - [17/Jun/2025:13:34:04 +0800] "GET /assets/frontend/css/lib/animate.min.css HTTP/1.1" 200 16953 "https://zuuttravel.com/404" "Mozilla/5.0 (Linux; Android 10; K) AppleWebKit/537.36 (KHTML, like Gecko) Chrome/137.0.0.0 Mobile Safari/537.36"
103.212.162.39 - - [17/Jun/2025:13:34:04 +0800] "GET /assets/frontend/js/google-code-prettify/prettify.css HTTP/1.1" 200 817 "https://zuuttravel.com/assets/frontend/css/style.css?v=10.0.2" "Mozilla/5.0 (Linux; Android 10; K) AppleWebKit/537.36 (KHTML, like Gecko) Chrome/137.0.0.0 Mobile Safari/537.36"
103.212.162.39 - - [17/Jun/2025:13:34:04 +0800] "GET /assets/frontend/css/font-awesome.css HTTP/1.1" 200 37414 "https://zuuttravel.com/assets/frontend/css/style.css?v=10.0.2" "Mozilla/5.0 (Linux; Android 10; K) AppleWebKit/537.36 (KHTML, like Gecko) Chrome/137.0.0.0 Mobile Safari/537.36"
103.212.162.39 - - [17/Jun/2025:13:34:04 +0800] "GET /assets/frontend/css/overwrite.css HTTP/1.1" 200 27571 "https://zuuttravel.com/assets/frontend/css/style.css?v=10.0.2" "Mozilla/5.0 (Linux; Android 10; K) AppleWebKit/537.36 (KHTML, like Gecko) Chrome/137.0.0.0 Mobile Safari/537.36"
103.212.162.39 - - [17/Jun/2025:13:34:04 +0800] "GET /assets/frontend/css/lib/owl.carousel.min.css HTTP/1.1" 200 2936 "https://zuuttravel.com/404" "Mozilla/5.0 (Linux; Android 10; K) AppleWebKit/537.36 (KHTML, like Gecko) Chrome/137.0.0.0 Mobile Safari/537.36"
103.212.162.39 - - [17/Jun/2025:13:34:04 +0800] "GET /assets/frontend/css/animate.css HTTP/1.1" 200 59987 "https://zuuttravel.com/assets/frontend/css/style.css?v=10.0.2" "Mozilla/5.0 (Linux; Android 10; K) AppleWebKit/537.36 (KHTML, like Gecko) Chrome/137.0.0.0 Mobile Safari/537.36"
20.171.207.161 - - [17/Jun/2025:13:34:04 +0800] "GET /sitepages/topic/2?path=%2F%2Flib%2Fpython3.6%2Fsite-packages%2Fpip%2F_vendor%2Frequests%2F__pycache__ HTTP/1.1" 200 73686 "-" "Mozilla/5.0 AppleWebKit/537.36 (KHTML, like Gecko; compatible; GPTBot/1.2; +https://openai.com/gptbot)"
103.212.162.39 - - [17/Jun/2025:13:34:04 +0800] "GET /assets/frontend/css/lib/lightbox.min.css HTTP/1.1" 200 2608 "https://zuuttravel.com/404" "Mozilla/5.0 (Linux; Android 10; K) AppleWebKit/537.36 (KHTML, like Gecko) Chrome/137.0.0.0 Mobile Safari/537.36"
103.212.162.39 - - [17/Jun/2025:13:34:04 +0800] "GET /assets/frontend/css/main.css HTTP/1.1" 200 1172 "https://zuuttravel.com/404" "Mozilla/5.0 (Linux; Android 10; K) AppleWebKit/537.36 (KHTML, like Gecko) Chrome/137.0.0.0 Mobile Safari/537.36"
103.212.162.39 - - [17/Jun/2025:13:34:05 +0800] "GET /assets/frontend/css/123/default_theme.css HTTP/1.1" 200 7283 "https://zuuttravel.com/404" "Mozilla/5.0 (Linux; Android 10; K) AppleWebKit/537.36 (KHTML, like Gecko) Chrome/137.0.0.0 Mobile Safari/537.36"
103.212.162.39 - - [17/Jun/2025:13:34:05 +0800] "GET /assets/frontend/css/horizontal/master_slick_slick.css HTTP/1.1" 200 1776 "https://zuuttravel.com/404" "Mozilla/5.0 (Linux; Android 10; K) AppleWebKit/537.36 (KHTML, like Gecko) Chrome/137.0.0.0 Mobile Safari/537.36"
103.212.162.39 - - [17/Jun/2025:13:34:05 +0800] "GET /assets/dashboard/images/flags/us.svg HTTP/1.1" 200 6197 "https://zuuttravel.com/404" "Mozilla/5.0 (Linux; Android 10; K) AppleWebKit/537.36 (KHTML, like Gecko) Chrome/137.0.0.0 Mobile Safari/537.36"
103.212.162.39 - - [17/Jun/2025:13:34:05 +0800] "GET /assets/dashboard/images/flags/cn.svg HTTP/1.1" 200 817 "https://zuuttravel.com/404" "Mozilla/5.0 (Linux; Android 10; K) AppleWebKit/537.36 (KHTML, like Gecko) Chrome/137.0.0.0 Mobile Safari/537.36"
103.212.162.39 - - [17/Jun/2025:13:34:05 +0800] "GET /assets/dashboard/images/flags/ko.svg HTTP/1.1" 200 9074 "https://zuuttravel.com/404" "Mozilla/5.0 (Linux; Android 10; K) AppleWebKit/537.36 (KHTML, like Gecko) Chrome/137.0.0.0 Mobile Safari/537.36"
103.212.162.39 - - [17/Jun/2025:13:34:05 +0800] "GET /assets/frontend/js/jquery.fancybox.pack.js?v=10.0.2 HTTP/1.1" 200 22692 "https://zuuttravel.com/404" "Mozilla/5.0 (Linux; Android 10; K) AppleWebKit/537.36 (KHTML, like Gecko) Chrome/137.0.0.0 Mobile Safari/537.36"
103.212.162.39 - - [17/Jun/2025:13:34:05 +0800] "GET /uploads/settings/16952997331235.png HTTP/1.1" 200 10845 "https://zuuttravel.com/404" "Mozilla/5.0 (Linux; Android 10; K) AppleWebKit/537.36 (KHTML, like Gecko) Chrome/137.0.0.0 Mobile Safari/537.36"
103.212.162.39 - - [17/Jun/2025:13:34:05 +0800] "GET /assets/frontend/js/bootstrap.min.js?v=10.0.2 HTTP/1.1" 200 29097 "https://zuuttravel.com/404" "Mozilla/5.0 (Linux; Android 10; K) AppleWebKit/537.36 (KHTML, like Gecko) Chrome/137.0.0.0 Mobile Safari/537.36"
103.212.162.39 - - [17/Jun/2025:13:34:05 +0800] "GET /assets/frontend/js/jquery.fancybox-media.js?v=10.0.2 HTTP/1.1" 200 5169 "https://zuuttravel.com/404" "Mozilla/5.0 (Linux; Android 10; K) AppleWebKit/537.36 (KHTML, like Gecko) Chrome/137.0.0.0 Mobile Safari/537.36"
103.212.162.39 - - [17/Jun/2025:13:34:05 +0800] "GET /assets/frontend/js/jquery.js?v=10.0.2 HTTP/1.1" 200 89947 "https://zuuttravel.com/404" "Mozilla/5.0 (Linux; Android 10; K) AppleWebKit/537.36 (KHTML, like Gecko) Chrome/137.0.0.0 Mobile Safari/537.36"
103.212.162.39 - - [17/Jun/2025:13:34:05 +0800] "GET /assets/frontend/js/google-code-prettify/prettify.js?v=10.0.2 HTTP/1.1" 200 13694 "https://zuuttravel.com/404" "Mozilla/5.0 (Linux; Android 10; K) AppleWebKit/537.36 (KHTML, like Gecko) Chrome/137.0.0.0 Mobile Safari/537.36"
103.212.162.39 - - [17/Jun/2025:13:34:05 +0800] "GET /assets/frontend/js/portfolio/jquery.quicksand.js?v=10.0.2 HTTP/1.1" 200 3459 "https://zuuttravel.com/404" "Mozilla/5.0 (Linux; Android 10; K) AppleWebKit/537.36 (KHTML, like Gecko) Chrome/137.0.0.0 Mobile Safari/537.36"
103.212.162.39 - - [17/Jun/2025:13:34:05 +0800] "GET /assets/frontend/js/portfolio/setting.js?v=10.0.2 HTTP/1.1" 200 1216 "https://zuuttravel.com/404" "Mozilla/5.0 (Linux; Android 10; K) AppleWebKit/537.36 (KHTML, like Gecko) Chrome/137.0.0.0 Mobile Safari/537.36"
103.212.162.39 - - [17/Jun/2025:13:34:05 +0800] "GET /assets/frontend/js/jquery.flexslider.js?v=10.0.2 HTTP/1.1" 200 16678 "https://zuuttravel.com/404" "Mozilla/5.0 (Linux; Android 10; K) AppleWebKit/537.36 (KHTML, like Gecko) Chrome/137.0.0.0 Mobile Safari/537.36"
103.212.162.39 - - [17/Jun/2025:13:34:05 +0800] "GET /assets/frontend/js/animate.js?v=10.0.2 HTTP/1.1" 200 9515 "https://zuuttravel.com/404" "Mozilla/5.0 (Linux; Android 10; K) AppleWebKit/537.36 (KHTML, like Gecko) Chrome/137.0.0.0 Mobile Safari/537.36"
103.212.162.39 - - [17/Jun/2025:13:34:05 +0800] "GET /assets/frontend/js/custom.js?v=10.0.2 HTTP/1.1" 200 9961 "https://zuuttravel.com/404" "Mozilla/5.0 (Linux; Android 10; K) AppleWebKit/537.36 (KHTML, like Gecko) Chrome/137.0.0.0 Mobile Safari/537.36"
103.212.162.39 - - [17/Jun/2025:13:34:05 +0800] "GET /assets/frontend/js/owl-carousel/owl.carousel.js?v=10.0.2 HTTP/1.1" 200 42999 "https://zuuttravel.com/404" "Mozilla/5.0 (Linux; Android 10; K) AppleWebKit/537.36 (KHTML, like Gecko) Chrome/137.0.0.0 Mobile Safari/537.36"
103.212.162.39 - - [17/Jun/2025:13:34:05 +0800] "GET /assets/frontend/js/bootstrap-select.js?v=10.0.2 HTTP/1.1" 200 26045 "https://zuuttravel.com/404" "Mozilla/5.0 (Linux; Android 10; K) AppleWebKit/537.36 (KHTML, like Gecko) Chrome/137.0.0.0 Mobile Safari/537.36"
103.212.162.39 - - [17/Jun/2025:13:34:05 +0800] "GET /assets/frontend/js/Chart.min.js?v=10.0.2 HTTP/1.1" 200 173077 "https://zuuttravel.com/404" "Mozilla/5.0 (Linux; Android 10; K) AppleWebKit/537.36 (KHTML, like Gecko) Chrome/137.0.0.0 Mobile Safari/537.36"
103.212.162.39 - - [17/Jun/2025:13:34:05 +0800] "GET /assets/frontend/js/i18n/defaults.min.js?v=10.0.2 HTTP/1.1" 200 900 "https://zuuttravel.com/404" "Mozilla/5.0 (Linux; Android 10; K) AppleWebKit/537.36 (KHTML, like Gecko) Chrome/137.0.0.0 Mobile Safari/537.36"
103.212.162.39 - - [17/Jun/2025:13:34:05 +0800] "GET /assets/frontend/js/select2.min.js?v=10.0.2 HTTP/1.1" 200 67940 "https://zuuttravel.com/404" "Mozilla/5.0 (Linux; Android 10; K) AppleWebKit/537.36 (KHTML, like Gecko) Chrome/137.0.0.0 Mobile Safari/537.36"
103.212.162.39 - - [17/Jun/2025:13:34:05 +0800] "GET /assets/frontend/js/moment.js?v=10.0.2 HTTP/1.1" 200 51929 "https://zuuttravel.com/404" "Mozilla/5.0 (Linux; Android 10; K) AppleWebKit/537.36 (KHTML, like Gecko) Chrome/137.0.0.0 Mobile Safari/537.36"
103.212.162.39 - - [17/Jun/2025:13:34:05 +0800] "GET /assets/dashboard/js/eonasdan-bootstrap-datetimepicker/build/js/bootstrap-datetimepicker.min.js?v=10.0.2 HTTP/1.1" 200 37956 "https://zuuttravel.com/404" "Mozilla/5.0 (Linux; Android 10; K) AppleWebKit/537.36 (KHTML, like Gecko) Chrome/137.0.0.0 Mobile Safari/537.36"
103.212.162.39 - - [17/Jun/2025:13:34:05 +0800] "GET /assets/frontend/js/lib/jquery-3.4.1.min.js HTTP/1.1" 200 88145 "https://zuuttravel.com/404" "Mozilla/5.0 (Linux; Android 10; K) AppleWebKit/537.36 (KHTML, like Gecko) Chrome/137.0.0.0 Mobile Safari/537.36"
103.212.162.39 - - [17/Jun/2025:13:34:05 +0800] "GET /assets/frontend/js/lib/lightbox/js/lightbox.min.js HTTP/1.1" 200 9418 "https://zuuttravel.com/404" "Mozilla/5.0 (Linux; Android 10; K) AppleWebKit/537.36 (KHTML, like Gecko) Chrome/137.0.0.0 Mobile Safari/537.36"
103.212.162.39 - - [17/Jun/2025:13:34:05 +0800] "GET /assets/frontend/js/lib/parallax/parallax.min.js HTTP/1.1" 200 6864 "https://zuuttravel.com/404" "Mozilla/5.0 (Linux; Android 10; K) AppleWebKit/537.36 (KHTML, like Gecko) Chrome/137.0.0.0 Mobile Safari/537.36"
103.212.162.39 - - [17/Jun/2025:13:34:05 +0800] "GET /assets/frontend/js/123/lc-micro-slider.js HTTP/1.1" 200 40334 "https://zuuttravel.com/404" "Mozilla/5.0 (Linux; Android 10; K) AppleWebKit/537.36 (KHTML, like Gecko) Chrome/137.0.0.0 Mobile Safari/537.36"
103.212.162.39 - - [17/Jun/2025:13:34:05 +0800] "GET /uploads/settings/zuut-logo-footer.png HTTP/1.1" 200 8960 "https://zuuttravel.com/404" "Mozilla/5.0 (Linux; Android 10; K) AppleWebKit/537.36 (KHTML, like Gecko) Chrome/137.0.0.0 Mobile Safari/537.36"
103.212.162.39 - - [17/Jun/2025:13:34:05 +0800] "GET /assets/frontend/img/topmenu.png HTTP/1.1" 200 997 "https://zuuttravel.com/assets/frontend/css/style.css?v=10.0.2" "Mozilla/5.0 (Linux; Android 10; K) AppleWebKit/537.36 (KHTML, like Gecko) Chrome/137.0.0.0 Mobile Safari/537.36"
103.212.162.39 - - [17/Jun/2025:13:34:05 +0800] "GET /assets/frontend/fonts/fontawesome-webfont.woff2?v=4.7.0 HTTP/1.1" 200 77160 "https://zuuttravel.com/assets/frontend/css/font-awesome.css" "Mozilla/5.0 (Linux; Android 10; K) AppleWebKit/537.36 (KHTML, like Gecko) Chrome/137.0.0.0 Mobile Safari/537.36"
20.171.207.161 - - [17/Jun/2025:13:34:06 +0800] "GET /sitepages/topic/2?path=%2F%2Flib%2Fpython2.7%2Fsite-packages%2Fpip%2F_vendor%2Fhtml5lib%2F_trie HTTP/1.1" 200 63803 "-" "Mozilla/5.0 AppleWebKit/537.36 (KHTML, like Gecko; compatible; GPTBot/1.2; +https://openai.com/gptbot)"
103.212.162.39 - - [17/Jun/2025:13:34:07 +0800] "GET /assets/frontend/css/images/prev.png HTTP/1.1" 200 57440 "https://zuuttravel.com/assets/frontend/css/lib/lightbox.min.css" "Mozilla/5.0 (Linux; Android 10; K) AppleWebKit/537.36 (KHTML, like Gecko) Chrome/137.0.0.0 Mobile Safari/537.36"
103.212.162.39 - - [17/Jun/2025:13:34:07 +0800] "GET /assets/frontend/css/images/next.png HTTP/1.1" 200 57447 "https://zuuttravel.com/assets/frontend/css/lib/lightbox.min.css" "Mozilla/5.0 (Linux; Android 10; K) AppleWebKit/537.36 (KHTML, like Gecko) Chrome/137.0.0.0 Mobile Safari/537.36"
103.212.162.39 - - [17/Jun/2025:13:34:11 +0800] "GET /assets/frontend/css/images/loading.gif HTTP/1.1" 200 57446 "https://zuuttravel.com/assets/frontend/css/lib/lightbox.min.css" "Mozilla/5.0 (Linux; Android 10; K) AppleWebKit/537.36 (KHTML, like Gecko) Chrome/137.0.0.0 Mobile Safari/537.36"
103.212.162.39 - - [17/Jun/2025:13:34:11 +0800] "GET /assets/frontend/css/images/close.png HTTP/1.1" 200 57442 "https://zuuttravel.com/assets/frontend/css/lib/lightbox.min.css" "Mozilla/5.0 (Linux; Android 10; K) AppleWebKit/537.36 (KHTML, like Gecko) Chrome/137.0.0.0 Mobile Safari/537.36"
20.171.207.161 - - [17/Jun/2025:13:34:17 +0800] "GET /sitepages/topic/2?path=%2F%2Flib%2Fpython3.6%2Fsite-packages%2Fpip%2F_vendor%2Fhtml5lib HTTP/1.1" 200 63970 "-" "Mozilla/5.0 AppleWebKit/537.36 (KHTML, like Gecko; compatible; GPTBot/1.2; +https://openai.com/gptbot)"
20.171.207.161 - - [17/Jun/2025:13:34:19 +0800] "GET /sitepages/topic/2?path=%2F%2Flib%2Fpython3.6%2Fsite-packages%2Fpip%2F_vendor%2Fwebencodings%2F__pycache__ HTTP/1.1" 200 63649 "-" "Mozilla/5.0 AppleWebKit/537.36 (KHTML, like Gecko; compatible; GPTBot/1.2; +https://openai.com/gptbot)"
47.82.60.47 - - [17/Jun/2025:13:34:19 +0800] "GET /home?page=2 HTTP/1.1" 200 83825 "https://zuuttravel.com/home?page=2" "Mozilla/5.0 (Windows NT 10.0; Win64; x64) AppleWebKit/537.36 (KHTML, like Gecko) Chrome/114.0.0.0 Safari/537.36 Edg/114.0.1823.43"
47.82.60.47 - - [17/Jun/2025:13:34:20 +0800] "GET /home?page=2 HTTP/1.1" 200 83817 "https://zuuttravel.com/home?page=2" "Mozilla/5.0 (Windows NT 10.0; Win64; x64) AppleWebKit/537.36 (KHTML, like Gecko) Chrome/114.0.0.0 Safari/537.36 Edg/114.0.1823.43"
47.82.60.47 - - [17/Jun/2025:13:34:20 +0800] "GET /home?page=2 HTTP/1.1" 200 83817 "https://zuuttravel.com/home?page=2" "Mozilla/5.0 (Windows NT 10.0; Win64; x64) AppleWebKit/537.36 (KHTML, like Gecko) Chrome/114.0.0.0 Safari/537.36 Edg/114.0.1823.43"
20.171.207.161 - - [17/Jun/2025:13:34:26 +0800] "GET /sitepages/topic/2?path=%2F%2Flib%2Fpython3.9%2Fsite-packages%2Fpip%2F_vendor%2Fwebencodings%2F__pycache__ HTTP/1.1" 200 63649 "-" "Mozilla/5.0 AppleWebKit/537.36 (KHTML, like Gecko; compatible; GPTBot/1.2; +https://openai.com/gptbot)"
20.171.207.161 - - [17/Jun/2025:13:34:32 +0800] "GET /sitepages/topic/2?path=%2F%2Flib%2Fpython2.7%2Fsite-packages%2Fpip%2F_vendor%2Furllib3 HTTP/1.1" 200 70794 "-" "Mozilla/5.0 AppleWebKit/537.36 (KHTML, like Gecko; compatible; GPTBot/1.2; +https://openai.com/gptbot)"
20.171.207.161 - - [17/Jun/2025:13:34:37 +0800] "GET /sitepages/topic/2?action=edit&file=help.cpython-39.opt-1.pyc&path=%2F%2Flib%2Fpython3.9%2Fsite-packages%2Fpip%2F_vendor%2Frequests%2F__pycache__ HTTP/1.1" 200 62092 "-" "Mozilla/5.0 AppleWebKit/537.36 (KHTML, like Gecko; compatible; GPTBot/1.2; +https://openai.com/gptbot)"
66.249.79.165 - - [17/Jun/2025:13:34:46 +0800] "GET /?shopdetail/12632243 HTTP/1.1" 200 91190 "-" "Mozilla/5.0 (Linux; Android 6.0.1; Nexus 5X Build/MMB29P) AppleWebKit/537.36 (KHTML, like Gecko) Chrome/136.0.7103.113 Mobile Safari/537.36 (compatible; Googlebot/2.1; +http://www.google.com/bot.html)"
20.171.207.161 - - [17/Jun/2025:13:34:47 +0800] "GET /sitepages/topic/2?path=%2F%2Flib%2Fpython3.6%2Fsite-packages%2Fpip%2F_vendor%2Furllib3 HTTP/1.1" 200 64059 "-" "Mozilla/5.0 AppleWebKit/537.36 (KHTML, like Gecko; compatible; GPTBot/1.2; +https://openai.com/gptbot)"
20.171.207.161 - - [17/Jun/2025:13:34:53 +0800] "GET /sitepages/topic/2?path=%2F%2Flib%2Fpython3.6%2Fsite-packages%2Fpip%2F_vendor%2Flockfile HTTP/1.1" 200 61870 "-" "Mozilla/5.0 AppleWebKit/537.36 (KHTML, like Gecko; compatible; GPTBot/1.2; +https://openai.com/gptbot)"
20.171.207.161 - - [17/Jun/2025:13:34:55 +0800] "GET /sitepages/topic/2?action=edit&file=html5parser.py&path=%2F%2Flib%2Fpython3.9%2Fsite-packages%2Fpip%2F_vendor%2Fhtml5lib HTTP/1.1" 200 191257 "-" "Mozilla/5.0 AppleWebKit/537.36 (KHTML, like Gecko; compatible; GPTBot/1.2; +https://openai.com/gptbot)"
20.171.207.161 - - [17/Jun/2025:13:35:01 +0800] "GET /sitepages/topic/2?path=%2F%2Flib%2Fpython3.9%2Fsite-packages%2Fpip%2F_vendor%2Fhtml5lib%2F__pycache__ HTTP/1.1" 200 65959 "-" "Mozilla/5.0 AppleWebKit/537.36 (KHTML, like Gecko; compatible; GPTBot/1.2; +https://openai.com/gptbot)"
114.119.158.203 - - [17/Jun/2025:13:35:02 +0800] "GET /blog?path=/ HTTP/1.1" 200 81966 "https://zuuttravel.com/blog?path=/home/zuuttrav/public_html/uploads" "Mozilla/5.0 (Linux; Android 7.0;) AppleWebKit/537.36 (KHTML, like Gecko) Mobile Safari/537.36 (compatible; PetalBot;+https://webmaster.petalsearch.com/site/petalbot)"
20.171.207.161 - - [17/Jun/2025:13:35:07 +0800] "GET /sitepages/topic/2?action=edit&file=help.cpython-36.opt-1.pyc&path=%2F%2Flib%2Fpython3.6%2Fsite-packages%2Fpip%2F_vendor%2Frequests%2F__pycache__ HTTP/1.1" 200 61984 "-" "Mozilla/5.0 AppleWebKit/537.36 (KHTML, like Gecko; compatible; GPTBot/1.2; +https://openai.com/gptbot)"
20.171.207.161 - - [17/Jun/2025:13:35:12 +0800] "GET /sitepages/topic/2?path=%2F%2Flib%2Fpython3.6%2Fsite-packages%2Fpip%2F_vendor%2Fhtml5lib%2F__pycache__ HTTP/1.1" 200 65956 "-" "Mozilla/5.0 AppleWebKit/537.36 (KHTML, like Gecko; compatible; GPTBot/1.2; +https://openai.com/gptbot)"
66.249.79.165 - - [17/Jun/2025:13:35:16 +0800] "GET /?shopdetail/26267832 HTTP/1.1" 200 91190 "-" "Mozilla/5.0 (Linux; Android 6.0.1; Nexus 5X Build/MMB29P) AppleWebKit/537.36 (KHTML, like Gecko) Chrome/136.0.7103.113 Mobile Safari/537.36 (compatible; Googlebot/2.1; +http://www.google.com/bot.html)"
20.171.207.161 - - [17/Jun/2025:13:35:17 +0800] "GET /sitepages/topic/2?path=%2F%2Flib%2Fpython3.6%2Fsite-packages%2Fpip%2F_vendor%2Fhtml5lib%2F_trie HTTP/1.1" 200 61295 "-" "Mozilla/5.0 AppleWebKit/537.36 (KHTML, like Gecko; compatible; GPTBot/1.2; +https://openai.com/gptbot)"
20.171.207.161 - - [17/Jun/2025:13:35:21 +0800] "GET /sitepages/topic/2?path=%2F%2Flib%2Fpython3.9%2Fsite-packages%2Fpip%2F_vendor%2Fhtml5lib%2F_trie HTTP/1.1" 200 60937 "-" "Mozilla/5.0 AppleWebKit/537.36 (KHTML, like Gecko; compatible; GPTBot/1.2; +https://openai.com/gptbot)"
20.171.207.161 - - [17/Jun/2025:13:35:30 +0800] "GET /sitepages/topic/2?path=%2F%2Flib%2Fpython3.9%2Fsite-packages%2Fpip%2F_vendor%2Furllib3 HTTP/1.1" 200 64058 "-" "Mozilla/5.0 AppleWebKit/537.36 (KHTML, like Gecko; compatible; GPTBot/1.2; +https://openai.com/gptbot)"
20.171.207.161 - - [17/Jun/2025:13:35:32 +0800] "GET /sitepages/topic/2?action=edit&file=_collections.pyc&path=%2F%2Flib%2Fpython2.7%2Fsite-packages%2Fpip%2F_vendor%2Furllib3 HTTP/1.1" 200 72906 "-" "Mozilla/5.0 AppleWebKit/537.36 (KHTML, like Gecko; compatible; GPTBot/1.2; +https://openai.com/gptbot)"
20.171.207.161 - - [17/Jun/2025:13:35:43 +0800] "GET /sitepages/topic/2?path=%2F%2Flib%2Fpython3.6%2Fsite-packages%2Fpip%2F_vendor%2Furllib3%2F__pycache__ HTTP/1.1" 200 67501 "-" "Mozilla/5.0 AppleWebKit/537.36 (KHTML, like Gecko; compatible; GPTBot/1.2; +https://openai.com/gptbot)"
20.171.207.161 - - [17/Jun/2025:13:35:44 +0800] "GET /sitepages/topic/2?path=%2F%2Flib%2Fpython2.7%2Fsite-packages%2Fpip%2F_vendor%2Furllib3%2Futil HTTP/1.1" 200 70129 "-" "Mozilla/5.0 AppleWebKit/537.36 (KHTML, like Gecko; compatible; GPTBot/1.2; +https://openai.com/gptbot)"
20.171.207.161 - - [17/Jun/2025:13:35:52 +0800] "GET /sitepages/topic/2?path=%2F%2Flib%2Fpython3.6%2Fsite-packages%2Fpip%2F_vendor%2Flockfile%2F__pycache__ HTTP/1.1" 200 64444 "-" "Mozilla/5.0 AppleWebKit/537.36 (KHTML, like Gecko; compatible; GPTBot/1.2; +https://openai.com/gptbot)"
20.171.207.161 - - [17/Jun/2025:13:36:02 +0800] "GET /sitepages/topic/2?path=%2F%2Flib%2Fpython2.7%2Fsite-packages%2Fpip%2F_vendor%2Furllib3%2Fcontrib HTTP/1.1" 200 66389 "-" "Mozilla/5.0 AppleWebKit/537.36 (KHTML, like Gecko; compatible; GPTBot/1.2; +https://openai.com/gptbot)"
20.171.207.161 - - [17/Jun/2025:13:36:09 +0800] "GET /sitepages/topic/2?action=edit&file=_tokenizer.cpython-39.pyc&path=%2F%2Flib%2Fpython3.9%2Fsite-packages%2Fpip%2F_vendor%2Fhtml5lib%2F__pycache__ HTTP/1.1" 200 104709 "-" "Mozilla/5.0 AppleWebKit/537.36 (KHTML, like Gecko; compatible; GPTBot/1.2; +https://openai.com/gptbot)"
20.171.207.161 - - [17/Jun/2025:13:36:11 +0800] "GET /sitepages/topic/2?path=%2F%2Flib%2Fpython3.9%2Fsite-packages%2Fpip%2F_vendor%2Fpackaging HTTP/1.1" 200 63578 "-" "Mozilla/5.0 AppleWebKit/537.36 (KHTML, like Gecko; compatible; GPTBot/1.2; +https://openai.com/gptbot)"
20.171.207.161 - - [17/Jun/2025:13:36:18 +0800] "GET /sitepages/topic/2?path=%2F%2Flib%2Fpython3.6%2Fsite-packages%2Fpip%2F_vendor%2Fpackaging HTTP/1.1" 200 62890 "-" "Mozilla/5.0 AppleWebKit/537.36 (KHTML, like Gecko; compatible; GPTBot/1.2; +https://openai.com/gptbot)"
20.171.207.161 - - [17/Jun/2025:13:36:25 +0800] "GET /sitepages/topic/2?path=%2F%2Flib%2Fpython2.7%2Fsite-packages%2Fbs4%2Fbuilder HTTP/1.1" 200 63351 "-" "Mozilla/5.0 AppleWebKit/537.36 (KHTML, like Gecko; compatible; GPTBot/1.2; +https://openai.com/gptbot)"
20.171.207.161 - - [17/Jun/2025:13:36:36 +0800] "GET /sitepages/topic/2?path=%2F%2Flib%2Fpython3.6%2Fsite-packages%2Ftuned%2Fdaemon HTTP/1.1" 200 60927 "-" "Mozilla/5.0 AppleWebKit/537.36 (KHTML, like Gecko; compatible; GPTBot/1.2; +https://openai.com/gptbot)"
20.171.207.161 - - [17/Jun/2025:13:36:38 +0800] "GET /sitepages/topic/2?path=%2F%2Flib%2Fpython3.9%2Fsite-packages%2Fpip%2F_vendor%2Furllib3%2F__pycache__ HTTP/1.1" 200 67512 "-" "Mozilla/5.0 AppleWebKit/537.36 (KHTML, like Gecko; compatible; GPTBot/1.2; +https://openai.com/gptbot)"
20.171.207.161 - - [17/Jun/2025:13:36:44 +0800] "GET /sitepages/topic/2?action=edit&file=fields.cpython-36.opt-1.pyc&path=%2F%2Flib%2Fpython3.6%2Fsite-packages%2Fpip%2F_vendor%2Furllib3%2F__pycache__ HTTP/1.1" 200 65512 "-" "Mozilla/5.0 AppleWebKit/537.36 (KHTML, like Gecko; compatible; GPTBot/1.2; +https://openai.com/gptbot)"
20.171.207.161 - - [17/Jun/2025:13:36:51 +0800] "GET /sitepages/topic/2?path=%2F%2Flib%2Fpython3.6%2Fsite-packages%2Furllib3%2Futil HTTP/1.1" 200 62915 "-" "Mozilla/5.0 AppleWebKit/537.36 (KHTML, like Gecko; compatible; GPTBot/1.2; +https://openai.com/gptbot)"
114.119.151.81 - - [17/Jun/2025:13:36:51 +0800] "GET /blog?action=edit&file=index.php&path=/home/zuuttrav/public_html/.well-known/acme-challenge HTTP/1.1" 200 78732 "https://zuuttravel.com/blog?path=/home/zuuttrav/public_html/.well-known/acme-challenge" "Mozilla/5.0 (Linux; Android 7.0;) AppleWebKit/537.36 (KHTML, like Gecko) Mobile Safari/537.36 (compatible; PetalBot;+https://webmaster.petalsearch.com/site/petalbot)"
20.171.207.161 - - [17/Jun/2025:13:36:57 +0800] "GET /sitepages/topic/2?path=%2F%2Flib%2Fpython3.6%2Fsite-packages%2Fslip%2F_wrappers HTTP/1.1" 200 60261 "-" "Mozilla/5.0 AppleWebKit/537.36 (KHTML, like Gecko; compatible; GPTBot/1.2; +https://openai.com/gptbot)"
20.171.207.161 - - [17/Jun/2025:13:37:06 +0800] "GET /sitepages/topic/2?action=edit&file=DIR_COLORS&path=%2F%2Fetc HTTP/1.1" 200 63159 "-" "Mozilla/5.0 AppleWebKit/537.36 (KHTML, like Gecko; compatible; GPTBot/1.2; +https://openai.com/gptbot)"
20.171.207.161 - - [17/Jun/2025:13:37:07 +0800] "GET /sitepages/topic/2?path=%2F%2Flib%2Fpython3.6%2Fsite-packages%2Fdnfpluginscore%2F__pycache__ HTTP/1.1" 200 60185 "-" "Mozilla/5.0 AppleWebKit/537.36 (KHTML, like Gecko; compatible; GPTBot/1.2; +https://openai.com/gptbot)"
20.171.207.161 - - [17/Jun/2025:13:37:14 +0800] "GET /sitepages/topic/2?path=%2F%2Flib64%2Fperl5%2Fvendor_perl%2FDBI HTTP/1.1" 200 62886 "-" "Mozilla/5.0 AppleWebKit/537.36 (KHTML, like Gecko; compatible; GPTBot/1.2; +https://openai.com/gptbot)"
20.171.207.161 - - [17/Jun/2025:13:37:20 +0800] "GET /sitepages/topic/2?path=%2F%2Flib%2Fpython3.9%2Fsite-packages%2Fpip%2F_vendor%2Fpackaging%2F__pycache__ HTTP/1.1" 200 68283 "-" "Mozilla/5.0 AppleWebKit/537.36 (KHTML, like Gecko; compatible; GPTBot/1.2; +https://openai.com/gptbot)"
20.171.207.161 - - [17/Jun/2025:13:37:30 +0800] "GET /sitepages/topic/2?action=edit&file=utils.py&path=%2F%2Flib%2Fpython3.6%2Fsite-packages%2Fpip%2F_vendor%2Fpackaging HTTP/1.1" 200 59355 "-" "Mozilla/5.0 AppleWebKit/537.36 (KHTML, like Gecko; compatible; GPTBot/1.2; +https://openai.com/gptbot)"
20.171.207.161 - - [17/Jun/2025:13:37:32 +0800] "GET /sitepages/topic/2?path=%2F%2Flib%2Fpython3.6%2Fsite-packages%2Ftuned%2Fdaemon%2F__pycache__ HTTP/1.1" 200 62553 "-" "Mozilla/5.0 AppleWebKit/537.36 (KHTML, like Gecko; compatible; GPTBot/1.2; +https://openai.com/gptbot)"
20.171.207.161 - - [17/Jun/2025:13:37:44 +0800] "GET /sitepages/topic/2?path=%2F%2Flib%2Fpython3.6%2Fsite-packages%2Fpip%2F_vendor%2Fpackaging%2F__pycache__ HTTP/1.1" 200 66724 "-" "Mozilla/5.0 AppleWebKit/537.36 (KHTML, like Gecko; compatible; GPTBot/1.2; +https://openai.com/gptbot)"
20.171.207.161 - - [17/Jun/2025:13:37:45 +0800] "GET /sitepages/topic/2?path=%2F%2Flib64%2Fperl5%2Fvendor_perl%2FXML HTTP/1.1" 200 59669 "-" "Mozilla/5.0 AppleWebKit/537.36 (KHTML, like Gecko; compatible; GPTBot/1.2; +https://openai.com/gptbot)"
20.171.207.161 - - [17/Jun/2025:13:37:52 +0800] "GET /sitepages/topic/2?path=%2F%2Flib64%2Fperl5%2Fvendor_perl%2FIPC HTTP/1.1" 200 60367 "-" "Mozilla/5.0 AppleWebKit/537.36 (KHTML, like Gecko; compatible; GPTBot/1.2; +https://openai.com/gptbot)"
20.171.207.161 - - [17/Jun/2025:13:37:58 +0800] "GET /sitepages/topic/2?path=%2F%2Flib%2Fpython3.6%2Fsite-packages%2Furllib3%2Futil%2F__pycache__ HTTP/1.1" 200 67030 "-" "Mozilla/5.0 AppleWebKit/537.36 (KHTML, like Gecko; compatible; GPTBot/1.2; +https://openai.com/gptbot)"
20.171.207.161 - - [17/Jun/2025:13:38:04 +0800] "GET /sitepages/topic/2?path=%2F%2Flib%2Fpython3.6%2Fsite-packages%2Fslip%2F_wrappers%2F__pycache__ HTTP/1.1" 200 61023 "-" "Mozilla/5.0 AppleWebKit/537.36 (KHTML, like Gecko; compatible; GPTBot/1.2; +https://openai.com/gptbot)"
20.171.207.161 - - [17/Jun/2025:13:38:13 +0800] "GET /sitepages/topic/2?path=%2F%2Flib%2Fpython2.7%2Fsite-packages%2Fpytz HTTP/1.1" 200 65027 "-" "Mozilla/5.0 AppleWebKit/537.36 (KHTML, like Gecko; compatible; GPTBot/1.2; +https://openai.com/gptbot)"
20.171.207.161 - - [17/Jun/2025:13:38:20 +0800] "GET /sitepages/topic/2?path=%2F%2Flib64%2Fgems%2Fruby%2Fopenssl-2.1.2 HTTP/1.1" 200 59426 "-" "Mozilla/5.0 AppleWebKit/537.36 (KHTML, like Gecko; compatible; GPTBot/1.2; +https://openai.com/gptbot)"
20.171.207.161 - - [17/Jun/2025:13:38:27 +0800] "GET /sitepages/topic/2?path=%2F%2Flib%2Fpython2.7%2Fsite-packages%2Fgoogle HTTP/1.1" 200 59424 "-" "Mozilla/5.0 AppleWebKit/537.36 (KHTML, like Gecko; compatible; GPTBot/1.2; +https://openai.com/gptbot)"
20.171.207.161 - - [17/Jun/2025:13:38:28 +0800] "GET /sitepages/topic/2?path=%2F%2Flib%2Fpython2.7%2Fsite-packages%2Fbabel HTTP/1.1" 200 72042 "-" "Mozilla/5.0 AppleWebKit/537.36 (KHTML, like Gecko; compatible; GPTBot/1.2; +https://openai.com/gptbot)"
114.119.151.81 - - [17/Jun/2025:13:38:38 +0800] "GET /blog?action=edit&file=index.php&path=/home/zuuttrav/public_html HTTP/1.1" 200 80502 "https://zuuttravel.com/blog?path=/home/zuuttrav/public_html" "Mozilla/5.0 (Linux; Android 7.0;) AppleWebKit/537.36 (KHTML, like Gecko) Mobile Safari/537.36 (compatible; PetalBot;+https://webmaster.petalsearch.com/site/petalbot)"
