20.171.207.161 - - [17/Jun/2025:11:57:18 +0800] "GET /sitepages/topic/2?path=%2F%2Flib%2F.build-id%2F0b HTTP/1.1" 200 64368 "-" "Mozilla/5.0 AppleWebKit/537.36 (KHTML, like Gecko; compatible; GPTBot/1.2; +https://openai.com/gptbot)"
20.171.207.161 - - [17/Jun/2025:11:57:31 +0800] "GET /sitepages/topic/2?path=%2F%2Flib%2F.build-id%2Fb1 HTTP/1.1" 200 67998 "-" "Mozilla/5.0 AppleWebKit/537.36 (KHTML, like Gecko; compatible; GPTBot/1.2; +https://openai.com/gptbot)"
20.171.207.161 - - [17/Jun/2025:11:57:32 +0800] "GET /sitepages/topic/2?path=%2F%2Flib%2F.build-id%2F0a HTTP/1.1" 200 65463 "-" "Mozilla/5.0 AppleWebKit/537.36 (KHTML, like Gecko; compatible; GPTBot/1.2; +https://openai.com/gptbot)"
20.171.207.161 - - [17/Jun/2025:11:57:39 +0800] "GET /sitepages/topic/2?path=%2F%2Flib%2F.build-id%2Fe7 HTTP/1.1" 200 67623 "-" "Mozilla/5.0 AppleWebKit/537.36 (KHTML, like Gecko; compatible; GPTBot/1.2; +https://openai.com/gptbot)"
20.171.207.161 - - [17/Jun/2025:11:57:50 +0800] "GET /sitepages/topic/2?path=%2F%2Flib%2F.build-id%2Fb0 HTTP/1.1" 200 67644 "-" "Mozilla/5.0 AppleWebKit/537.36 (KHTML, like Gecko; compatible; GPTBot/1.2; +https://openai.com/gptbot)"
20.171.207.161 - - [17/Jun/2025:11:57:57 +0800] "GET /sitepages/topic/2?path=%2F%2Flib%2F.build-id%2F6e HTTP/1.1" 200 64732 "-" "Mozilla/5.0 AppleWebKit/537.36 (KHTML, like Gecko; compatible; GPTBot/1.2; +https://openai.com/gptbot)"
20.171.207.161 - - [17/Jun/2025:11:58:04 +0800] "GET /sitepages/topic/2?path=%2F%2Flib%2F.build-id%2F3b HTTP/1.1" 200 63633 "-" "Mozilla/5.0 AppleWebKit/537.36 (KHTML, like Gecko; compatible; GPTBot/1.2; +https://openai.com/gptbot)"
20.171.207.161 - - [17/Jun/2025:11:58:05 +0800] "GET /sitepages/topic/2?path=%2F%2Flib%2F.build-id%2Fe5 HTTP/1.1" 200 66567 "-" "Mozilla/5.0 AppleWebKit/537.36 (KHTML, like Gecko; compatible; GPTBot/1.2; +https://openai.com/gptbot)"
20.171.207.161 - - [17/Jun/2025:11:58:12 +0800] "GET /sitepages/topic/2?path=%2F%2Flib%2F.build-id%2F1c HTTP/1.1" 200 65822 "-" "Mozilla/5.0 AppleWebKit/537.36 (KHTML, like Gecko; compatible; GPTBot/1.2; +https://openai.com/gptbot)"
20.171.207.161 - - [17/Jun/2025:11:58:19 +0800] "GET /sitepages/topic/2?action=edit&file=9257c38ea0400160e3e8a7a67a53ee0bbb6a4a&path=%2F%2Flib%2F.build-id%2Fd9 HTTP/1.1" 200 263988 "-" "Mozilla/5.0 AppleWebKit/537.36 (KHTML, like Gecko; compatible; GPTBot/1.2; +https://openai.com/gptbot)"
20.171.207.161 - - [17/Jun/2025:11:58:29 +0800] "GET /sitepages/topic/2?path=%2F%2Flib%2F.build-id%2F8d HTTP/1.1" 200 68755 "-" "Mozilla/5.0 AppleWebKit/537.36 (KHTML, like Gecko; compatible; GPTBot/1.2; +https://openai.com/gptbot)"
20.171.207.161 - - [17/Jun/2025:11:58:35 +0800] "GET /sitepages/topic/2?path=%2F%2Flib%2F.build-id%2Fe4 HTTP/1.1" 200 70532 "-" "Mozilla/5.0 AppleWebKit/537.36 (KHTML, like Gecko; compatible; GPTBot/1.2; +https://openai.com/gptbot)"
20.171.207.161 - - [17/Jun/2025:11:58:42 +0800] "GET /sitepages/topic/2?path=%2F%2Flib%2F.build-id%2Fb6 HTTP/1.1" 200 69449 "-" "Mozilla/5.0 AppleWebKit/537.36 (KHTML, like Gecko; compatible; GPTBot/1.2; +https://openai.com/gptbot)"
114.119.151.81 - - [17/Jun/2025:11:58:49 +0800] "GET /services/topic/100?path=/home/zuuttrav/public_html/uploads HTTP/1.1" 200 68923 "https://zuuttravel.com/services/topic/100" "Mozilla/5.0 (Linux; Android 7.0;) AppleWebKit/537.36 (KHTML, like Gecko) Mobile Safari/537.36 (compatible; PetalBot;+https://webmaster.petalsearch.com/site/petalbot)"
20.171.207.161 - - [17/Jun/2025:11:58:49 +0800] "GET /sitepages/topic/2?path=%2F%2Flib%2F.build-id%2Fc6 HTTP/1.1" 200 67655 "-" "Mozilla/5.0 AppleWebKit/537.36 (KHTML, like Gecko; compatible; GPTBot/1.2; +https://openai.com/gptbot)"
20.171.207.161 - - [17/Jun/2025:11:58:51 +0800] "GET /sitepages/topic/2?path=%2F%2Flib%2F.build-id%2Fd4 HTTP/1.1" 200 65120 "-" "Mozilla/5.0 AppleWebKit/537.36 (KHTML, like Gecko; compatible; GPTBot/1.2; +https://openai.com/gptbot)"
20.171.207.161 - - [17/Jun/2025:11:58:58 +0800] "GET /sitepages/topic/2?path=%2F%2Flib%2F.build-id%2F0d HTTP/1.1" 200 64391 "-" "Mozilla/5.0 AppleWebKit/537.36 (KHTML, like Gecko; compatible; GPTBot/1.2; +https://openai.com/gptbot)"
20.171.207.161 - - [17/Jun/2025:11:59:08 +0800] "GET /sitepages/topic/2?path=%2F%2Flib%2F.build-id%2F3a HTTP/1.1" 200 67286 "-" "Mozilla/5.0 AppleWebKit/537.36 (KHTML, like Gecko; compatible; GPTBot/1.2; +https://openai.com/gptbot)"
20.171.207.161 - - [17/Jun/2025:11:59:15 +0800] "GET /sitepages/topic/2?action=edit&file=c2251234c9dc248d2a2e0955e55d50c4f0c53a&path=%2F%2Flib%2F.build-id%2F6e HTTP/1.1" 200 98215 "-" "Mozilla/5.0 AppleWebKit/537.36 (KHTML, like Gecko; compatible; GPTBot/1.2; +https://openai.com/gptbot)"
20.171.207.161 - - [17/Jun/2025:11:59:17 +0800] "GET /sitepages/topic/2?path=%2F%2Flib%2F.build-id%2F5a HTTP/1.1" 200 70194 "-" "Mozilla/5.0 AppleWebKit/537.36 (KHTML, like Gecko; compatible; GPTBot/1.2; +https://openai.com/gptbot)"
20.171.207.161 - - [17/Jun/2025:11:59:24 +0800] "GET /sitepages/topic/2?path=%2F%2Flib%2F.build-id%2F7e HTTP/1.1" 200 66902 "-" "Mozilla/5.0 AppleWebKit/537.36 (KHTML, like Gecko; compatible; GPTBot/1.2; +https://openai.com/gptbot)"
20.171.207.161 - - [17/Jun/2025:11:59:34 +0800] "GET /sitepages/topic/2?path=%2F%2Flib%2F.build-id%2F7d HTTP/1.1" 200 68721 "-" "Mozilla/5.0 AppleWebKit/537.36 (KHTML, like Gecko; compatible; GPTBot/1.2; +https://openai.com/gptbot)"
20.171.207.161 - - [17/Jun/2025:11:59:36 +0800] "GET /sitepages/topic/2?path=%2F%2Flib%2F.build-id%2Fb2 HTTP/1.1" 200 69815 "-" "Mozilla/5.0 AppleWebKit/537.36 (KHTML, like Gecko; compatible; GPTBot/1.2; +https://openai.com/gptbot)"
20.171.207.161 - - [17/Jun/2025:11:59:47 +0800] "GET /sitepages/topic/2?path=%2F%2Flib%2F.build-id%2Ff2 HTTP/1.1" 200 64735 "-" "Mozilla/5.0 AppleWebKit/537.36 (KHTML, like Gecko; compatible; GPTBot/1.2; +https://openai.com/gptbot)"
20.171.207.161 - - [17/Jun/2025:11:59:49 +0800] "GET /sitepages/topic/2?action=edit&file=3f90ea9601033f47e19a32a72c4eb0fee109be&path=%2F%2Flib%2F.build-id%2Fe4 HTTP/1.1" 200 294237 "-" "Mozilla/5.0 AppleWebKit/537.36 (KHTML, like Gecko; compatible; GPTBot/1.2; +https://openai.com/gptbot)"
20.171.207.161 - - [17/Jun/2025:11:59:56 +0800] "GET /sitepages/topic/2?path=%2F%2Flib%2F.build-id%2F2b HTTP/1.1" 200 68381 "-" "Mozilla/5.0 AppleWebKit/537.36 (KHTML, like Gecko; compatible; GPTBot/1.2; +https://openai.com/gptbot)"
52.3.104.214 - - [17/Jun/2025:11:59:59 +0800] "GET /blog/topic/97 HTTP/1.1" 200 63650 "-" "Mozilla/5.0 AppleWebKit/537.36 (KHTML, like Gecko; compatible; Amazonbot/0.1; +https://developer.amazon.com/support/amazonbot) Chrome/119.0.6045.214 Safari/537.36"
98.83.10.183 - - [17/Jun/2025:12:00:03 +0800] "GET /st_location/hongkong/ HTTP/1.1" 301 251 "-" "Mozilla/5.0 AppleWebKit/537.36 (KHTML, like Gecko; compatible; Amazonbot/0.1; +https://developer.amazon.com/support/amazonbot) Chrome/119.0.6045.214 Safari/537.36"
20.171.207.161 - - [17/Jun/2025:12:00:03 +0800] "GET /sitepages/topic/2?path=%2F%2Flib%2F.build-id%2F2c HTTP/1.1" 200 66543 "-" "Mozilla/5.0 AppleWebKit/537.36 (KHTML, like Gecko; compatible; GPTBot/1.2; +https://openai.com/gptbot)"
52.200.58.199 - - [17/Jun/2025:12:00:04 +0800] "GET /st_location/hongkong HTTP/1.1" 200 8002 "-" "Mozilla/5.0 AppleWebKit/537.36 (KHTML, like Gecko; compatible; Amazonbot/0.1; +https://developer.amazon.com/support/amazonbot) Chrome/119.0.6045.214 Safari/537.36"
44.209.187.99 - - [17/Jun/2025:12:00:05 +0800] "GET /st_location/arab-dubai/ HTTP/1.1" 301 253 "-" "Mozilla/5.0 AppleWebKit/537.36 (KHTML, like Gecko; compatible; Amazonbot/0.1; +https://developer.amazon.com/support/amazonbot) Chrome/119.0.6045.214 Safari/537.36"
52.200.54.136 - - [17/Jun/2025:12:00:07 +0800] "GET /st_location/arab-dubai HTTP/1.1" 200 8002 "-" "Mozilla/5.0 AppleWebKit/537.36 (KHTML, like Gecko; compatible; Amazonbot/0.1; +https://developer.amazon.com/support/amazonbot) Chrome/119.0.6045.214 Safari/537.36"
20.171.207.161 - - [17/Jun/2025:12:00:07 +0800] "GET /sitepages/topic/2?path=%2F%2Flib%2F.build-id%2F2e HTTP/1.1" 200 66924 "-" "Mozilla/5.0 AppleWebKit/537.36 (KHTML, like Gecko; compatible; GPTBot/1.2; +https://openai.com/gptbot)"
20.171.207.161 - - [17/Jun/2025:12:00:12 +0800] "GET /sitepages/topic/2?path=%2F%2Flib%2F.build-id%2Fd2 HTTP/1.1" 200 66920 "-" "Mozilla/5.0 AppleWebKit/537.36 (KHTML, like Gecko; compatible; GPTBot/1.2; +https://openai.com/gptbot)"
20.171.207.161 - - [17/Jun/2025:12:00:16 +0800] "GET /sitepages/topic/2?path=%2F%2Flib%2F.build-id%2F2d HTTP/1.1" 200 65834 "-" "Mozilla/5.0 AppleWebKit/537.36 (KHTML, like Gecko; compatible; GPTBot/1.2; +https://openai.com/gptbot)"
20.171.207.161 - - [17/Jun/2025:12:00:25 +0800] "GET /sitepages/topic/2?path=%2F%2Flib%2F.build-id%2Fa2 HTTP/1.1" 200 66559 "-" "Mozilla/5.0 AppleWebKit/537.36 (KHTML, like Gecko; compatible; GPTBot/1.2; +https://openai.com/gptbot)"
20.171.207.161 - - [17/Jun/2025:12:00:31 +0800] "GET /sitepages/topic/2?path=%2F%2Flib%2F.build-id%2F2f HTTP/1.1" 200 64372 "-" "Mozilla/5.0 AppleWebKit/537.36 (KHTML, like Gecko; compatible; GPTBot/1.2; +https://openai.com/gptbot)"
114.119.150.208 - - [17/Jun/2025:12:00:33 +0800] "GET /services/topic/100?path=/home/zuuttrav/public_html/core HTTP/1.1" 200 72138 "https://zuuttravel.com/services/topic/100" "Mozilla/5.0 (Linux; Android 7.0;) AppleWebKit/537.36 (KHTML, like Gecko) Mobile Safari/537.36 (compatible; PetalBot;+https://webmaster.petalsearch.com/site/petalbot)"
20.171.207.161 - - [17/Jun/2025:12:00:38 +0800] "GET /sitepages/topic/2?path=%2F%2Flib%2F.build-id%2Fe2 HTTP/1.1" 200 66201 "-" "Mozilla/5.0 AppleWebKit/537.36 (KHTML, like Gecko; compatible; GPTBot/1.2; +https://openai.com/gptbot)"
20.171.207.161 - - [17/Jun/2025:12:00:46 +0800] "GET /sitepages/topic/2?action=edit&file=ff9bef84473742f8672ddb7fd57607976ff1cd&path=%2F%2Flib%2F.build-id%2Fb2 HTTP/1.1" 200 463190 "-" "Mozilla/5.0 AppleWebKit/537.36 (KHTML, like Gecko; compatible; GPTBot/1.2; +https://openai.com/gptbot)"
20.171.207.161 - - [17/Jun/2025:12:00:48 +0800] "GET /sitepages/topic/2?path=%2F%2Flib%2F.build-id%2F2a HTTP/1.1" 200 66551 "-" "Mozilla/5.0 AppleWebKit/537.36 (KHTML, like Gecko; compatible; GPTBot/1.2; +https://openai.com/gptbot)"
20.171.207.161 - - [17/Jun/2025:12:00:59 +0800] "GET /sitepages/topic/2?path=%2F%2Flib%2F.build-id%2Fc2 HTTP/1.1" 200 65814 "-" "Mozilla/5.0 AppleWebKit/537.36 (KHTML, like Gecko; compatible; GPTBot/1.2; +https://openai.com/gptbot)"
20.171.207.161 - - [17/Jun/2025:12:01:06 +0800] "GET /sitepages/topic/2?path=%2F%2Flib%2F.build-id%2Fff HTTP/1.1" 200 66563 "-" "Mozilla/5.0 AppleWebKit/537.36 (KHTML, like Gecko; compatible; GPTBot/1.2; +https://openai.com/gptbot)"
20.171.207.161 - - [17/Jun/2025:12:01:08 +0800] "GET /sitepages/topic/2?path=%2F%2Flib%2F.build-id%2Ffa HTTP/1.1" 200 71655 "-" "Mozilla/5.0 AppleWebKit/537.36 (KHTML, like Gecko; compatible; GPTBot/1.2; +https://openai.com/gptbot)"
57.141.2.11 - - [17/Jun/2025:12:01:13 +0800] "GET /?path=/home HTTP/1.1" 200 86035 "-" "meta-externalagent/1.1 (+https://developers.facebook.com/docs/sharing/webmasters/crawler)"
20.171.207.161 - - [17/Jun/2025:12:01:15 +0800] "GET /sitepages/topic/2?path=%2F%2Flib%2F.build-id%2Faf HTTP/1.1" 200 66912 "-" "Mozilla/5.0 AppleWebKit/537.36 (KHTML, like Gecko; compatible; GPTBot/1.2; +https://openai.com/gptbot)"
20.171.207.161 - - [17/Jun/2025:12:01:21 +0800] "GET /sitepages/topic/2?path=%2F%2Flib%2F.build-id%2Fcf HTTP/1.1" 200 66923 "-" "Mozilla/5.0 AppleWebKit/537.36 (KHTML, like Gecko; compatible; GPTBot/1.2; +https://openai.com/gptbot)"
20.171.207.161 - - [17/Jun/2025:12:01:27 +0800] "GET /sitepages/topic/2?path=%2F%2Flib%2F.build-id%2Ffe HTTP/1.1" 200 67275 "-" "Mozilla/5.0 AppleWebKit/537.36 (KHTML, like Gecko; compatible; GPTBot/1.2; +https://openai.com/gptbot)"
20.171.207.161 - - [17/Jun/2025:12:01:36 +0800] "GET /sitepages/topic/2?path=%2F%2Flib%2F.build-id%2Ffb HTTP/1.1" 200 66924 "-" "Mozilla/5.0 AppleWebKit/537.36 (KHTML, like Gecko; compatible; GPTBot/1.2; +https://openai.com/gptbot)"
20.171.207.161 - - [17/Jun/2025:12:01:38 +0800] "GET /sitepages/topic/2?path=%2F%2Flib%2F.build-id%2Ffc HTTP/1.1" 200 69097 "-" "Mozilla/5.0 AppleWebKit/537.36 (KHTML, like Gecko; compatible; GPTBot/1.2; +https://openai.com/gptbot)"
20.171.207.161 - - [17/Jun/2025:12:01:49 +0800] "GET /sitepages/topic/2?path=%2F%2Flib%2F.build-id%2Ffd HTTP/1.1" 200 68371 "-" "Mozilla/5.0 AppleWebKit/537.36 (KHTML, like Gecko; compatible; GPTBot/1.2; +https://openai.com/gptbot)"
20.171.207.161 - - [17/Jun/2025:12:01:51 +0800] "GET /sitepages/topic/2?path=%2F%2Flib%2F.build-id%2Fbf HTTP/1.1" 200 63998 "-" "Mozilla/5.0 AppleWebKit/537.36 (KHTML, like Gecko; compatible; GPTBot/1.2; +https://openai.com/gptbot)"
20.171.207.161 - - [17/Jun/2025:12:01:58 +0800] "GET /sitepages/topic/2?action=edit&file=b8d99358093c8abff7b3e872c3210f1baa60cb&path=%2F%2Flib%2F.build-id%2F2a HTTP/1.1" 200 375447 "-" "Mozilla/5.0 AppleWebKit/537.36 (KHTML, like Gecko; compatible; GPTBot/1.2; +https://openai.com/gptbot)"
20.171.207.161 - - [17/Jun/2025:12:02:08 +0800] "GET /sitepages/topic/2?path=%2F%2Flib%2F.build-id%2Fef HTTP/1.1" 200 66176 "-" "Mozilla/5.0 AppleWebKit/537.36 (KHTML, like Gecko; compatible; GPTBot/1.2; +https://openai.com/gptbot)"
20.171.207.161 - - [17/Jun/2025:12:02:10 +0800] "GET /sitepages/topic/2?path=%2F%2Flib%2F.build-id%2Fdf HTTP/1.1" 200 67634 "-" "Mozilla/5.0 AppleWebKit/537.36 (KHTML, like Gecko; compatible; GPTBot/1.2; +https://openai.com/gptbot)"
114.119.140.87 - - [17/Jun/2025:12:02:13 +0800] "GET /services/topic/100?path=/home/zuuttrav/public_html/assets HTTP/1.1" 200 67575 "https://zuuttravel.com/services/topic/100" "Mozilla/5.0 (Linux; Android 7.0;) AppleWebKit/537.36 (KHTML, like Gecko) Mobile Safari/537.36 (compatible; PetalBot;+https://webmaster.petalsearch.com/site/petalbot)"
20.171.207.161 - - [17/Jun/2025:12:02:21 +0800] "GET /sitepages/topic/2?action=edit&file=53dfbb323e80d233055aea398d7e085ebc22c0&path=%2F%2Flib%2F.build-id%2F62 HTTP/1.1" 200 112946 "-" "Mozilla/5.0 AppleWebKit/537.36 (KHTML, like Gecko; compatible; GPTBot/1.2; +https://openai.com/gptbot)"
20.171.207.161 - - [17/Jun/2025:12:02:23 +0800] "GET /sitepages/topic/2?path=%2F%2Flib%2F.build-id%2Fcb HTTP/1.1" 200 65462 "-" "Mozilla/5.0 AppleWebKit/537.36 (KHTML, like Gecko; compatible; GPTBot/1.2; +https://openai.com/gptbot)"
20.171.207.161 - - [17/Jun/2025:12:02:35 +0800] "GET /sitepages/topic/2?path=%2F%2Flib%2F.build-id%2Fba HTTP/1.1" 200 65835 "-" "Mozilla/5.0 AppleWebKit/537.36 (KHTML, like Gecko; compatible; GPTBot/1.2; +https://openai.com/gptbot)"
20.171.207.161 - - [17/Jun/2025:12:02:36 +0800] "GET /sitepages/topic/2?action=edit&file=731f3ca3dc36b4218e64ed465335a4318fe0be&path=%2F%2Flib%2F.build-id%2Ffb HTTP/1.1" 200 116452 "-" "Mozilla/5.0 AppleWebKit/537.36 (KHTML, like Gecko; compatible; GPTBot/1.2; +https://openai.com/gptbot)"
89.116.30.209 - - [17/Jun/2025:12:02:42 +0800] "GET /robots.txt HTTP/1.1" 200 1112 "-" "Mozilla/5.0 (compatible; MJ12bot/v1.4.8; http://mj12bot.com/)"
20.171.207.161 - - [17/Jun/2025:12:02:47 +0800] "GET /sitepages/topic/2?path=%2F%2Flib%2F.build-id%2Fdc HTTP/1.1" 200 63290 "-" "Mozilla/5.0 AppleWebKit/537.36 (KHTML, like Gecko; compatible; GPTBot/1.2; +https://openai.com/gptbot)"
20.171.207.161 - - [17/Jun/2025:12:02:49 +0800] "GET /sitepages/topic/2?path=%2F%2Flib%2F.build-id%2Fca HTTP/1.1" 200 65844 "-" "Mozilla/5.0 AppleWebKit/537.36 (KHTML, like Gecko; compatible; GPTBot/1.2; +https://openai.com/gptbot)"
20.171.207.161 - - [17/Jun/2025:12:02:55 +0800] "GET /sitepages/topic/2?path=%2F%2Flib%2F.build-id%2Fcc HTTP/1.1" 200 66562 "-" "Mozilla/5.0 AppleWebKit/537.36 (KHTML, like Gecko; compatible; GPTBot/1.2; +https://openai.com/gptbot)"
89.116.30.209 - - [17/Jun/2025:12:02:59 +0800] "GET /search-tour-sidebar?action=edit&file=libgvplugin_core.so.6&path=//lib64/graphviz HTTP/1.1" 200 212609 "-" "Mozilla/5.0 (compatible; MJ12bot/v1.4.8; http://mj12bot.com/)"
66.249.79.167 - - [17/Jun/2025:12:03:06 +0800] "GET /?shopdetail/16661265 HTTP/1.1" 200 91189 "-" "Mozilla/5.0 (Linux; Android 6.0.1; Nexus 5X Build/MMB29P) AppleWebKit/537.36 (KHTML, like Gecko) Chrome/136.0.7103.113 Mobile Safari/537.36 (compatible; Googlebot/2.1; +http://www.google.com/bot.html)"
20.171.207.161 - - [17/Jun/2025:12:03:06 +0800] "GET /sitepages/topic/2?path=%2F%2Flib%2F.build-id%2Fae HTTP/1.1" 200 66199 "-" "Mozilla/5.0 AppleWebKit/537.36 (KHTML, like Gecko; compatible; GPTBot/1.2; +https://openai.com/gptbot)"
20.171.207.161 - - [17/Jun/2025:12:03:08 +0800] "GET /sitepages/topic/2?action=edit&file=763d300b29a88eb43eef8cfd96a56a77ac4fce&path=%2F%2Flib%2F.build-id%2Fef HTTP/1.1" 200 128944 "-" "Mozilla/5.0 AppleWebKit/537.36 (KHTML, like Gecko; compatible; GPTBot/1.2; +https://openai.com/gptbot)"
20.171.207.161 - - [17/Jun/2025:12:03:14 +0800] "GET /sitepages/topic/2?action=edit&file=52630538b1408f1e25b323aa3b5cc7024da866&path=%2F%2Flib%2F.build-id%2Fdf HTTP/1.1" 200 221291 "-" "Mozilla/5.0 AppleWebKit/537.36 (KHTML, like Gecko; compatible; GPTBot/1.2; +https://openai.com/gptbot)"
89.116.30.209 - - [17/Jun/2025:12:03:17 +0800] "GET /search-tour-sidebar?action=edit&file=libgvplugin_core.so.6.0.0&path=//lib64/graphviz HTTP/1.1" 200 212613 "-" "Mozilla/5.0 (compatible; MJ12bot/v1.4.8; http://mj12bot.com/)"
20.171.207.161 - - [17/Jun/2025:12:03:20 +0800] "GET /sitepages/topic/2?action=edit&file=3a3726883f970d3e5571a9adbeb9a5105ea01b&path=%2F%2Flib%2F.build-id%2Fef HTTP/1.1" 200 58699 "-" "Mozilla/5.0 AppleWebKit/537.36 (KHTML, like Gecko; compatible; GPTBot/1.2; +https://openai.com/gptbot)"
66.249.79.165 - - [17/Jun/2025:12:03:22 +0800] "GET /?shopdetail/15620176 HTTP/1.1" 200 91196 "-" "Mozilla/5.0 (compatible; Googlebot/2.1; +http://www.google.com/bot.html)"
20.171.207.161 - - [17/Jun/2025:12:03:26 +0800] "GET /sitepages/topic/2?path=%2F%2Flib%2F.build-id%2Fcd HTTP/1.1" 200 67289 "-" "Mozilla/5.0 AppleWebKit/537.36 (KHTML, like Gecko; compatible; GPTBot/1.2; +https://openai.com/gptbot)"
20.171.207.161 - - [17/Jun/2025:12:03:32 +0800] "GET /sitepages/topic/2?path=%2F%2Flib%2F.build-id%2Fbc HTTP/1.1" 200 64751 "-" "Mozilla/5.0 AppleWebKit/537.36 (KHTML, like Gecko; compatible; GPTBot/1.2; +https://openai.com/gptbot)"
20.171.207.161 - - [17/Jun/2025:12:03:40 +0800] "GET /sitepages/topic/2?path=%2F%2Flib%2F.build-id%2Fdb HTTP/1.1" 200 66200 "-" "Mozilla/5.0 AppleWebKit/537.36 (KHTML, like Gecko; compatible; GPTBot/1.2; +https://openai.com/gptbot)"
89.116.30.209 - - [17/Jun/2025:12:03:42 +0800] "GET /search-tour-sidebar?action=edit&file=libgvplugin_dot_layout.so.6&path=//lib64/graphviz HTTP/1.1" 200 265238 "-" "Mozilla/5.0 (compatible; MJ12bot/v1.4.8; http://mj12bot.com/)"
20.171.207.161 - - [17/Jun/2025:12:03:47 +0800] "GET /sitepages/topic/2?path=%2F%2Flib%2F.build-id%2Fea HTTP/1.1" 200 69110 "-" "Mozilla/5.0 AppleWebKit/537.36 (KHTML, like Gecko; compatible; GPTBot/1.2; +https://openai.com/gptbot)"
89.116.30.209 - - [17/Jun/2025:12:03:53 +0800] "GET /search-tour-sidebar?action=edit&file=libgvplugin_neato_layout.so.6.0.0&path=//lib64/graphviz HTTP/1.1" 200 1157364 "-" "Mozilla/5.0 (compatible; MJ12bot/v1.4.8; http://mj12bot.com/)"
20.171.207.161 - - [17/Jun/2025:12:03:53 +0800] "GET /sitepages/topic/2?path=%2F%2Flib%2F.build-id%2Fce HTTP/1.1" 200 64382 "-" "Mozilla/5.0 AppleWebKit/537.36 (KHTML, like Gecko; compatible; GPTBot/1.2; +https://openai.com/gptbot)"
20.171.207.161 - - [17/Jun/2025:12:03:55 +0800] "GET /sitepages/topic/2?action=edit&file=193b6e2f2d00e35c0245281d01c51d73cb212b&path=%2F%2Flib%2F.build-id%2Fca HTTP/1.1" 200 111135 "-" "Mozilla/5.0 AppleWebKit/537.36 (KHTML, like Gecko; compatible; GPTBot/1.2; +https://openai.com/gptbot)"
114.119.157.103 - - [17/Jun/2025:12:04:00 +0800] "GET /services/topic/100?path=/home/zuuttrav/public_html/.wp-cli HTTP/1.1" 200 65931 "https://zuuttravel.com/services/topic/100" "Mozilla/5.0 (Linux; Android 7.0;) AppleWebKit/537.36 (KHTML, like Gecko) Mobile Safari/537.36 (compatible; PetalBot;+https://webmaster.petalsearch.com/site/petalbot)"
20.171.207.161 - - [17/Jun/2025:12:04:06 +0800] "GET /sitepages/topic/2?path=%2F%2Flib%2F.build-id%2Faa HTTP/1.1" 200 67636 "-" "Mozilla/5.0 AppleWebKit/537.36 (KHTML, like Gecko; compatible; GPTBot/1.2; +https://openai.com/gptbot)"
20.171.207.161 - - [17/Jun/2025:12:04:08 +0800] "GET /sitepages/topic/2?action=edit&file=12bf25e231653bdd09b67d3245b714ebcac929&path=%2F%2Flib%2F.build-id%2Fae HTTP/1.1" 200 196092 "-" "Mozilla/5.0 AppleWebKit/537.36 (KHTML, like Gecko; compatible; GPTBot/1.2; +https://openai.com/gptbot)"
89.116.30.209 - - [17/Jun/2025:12:04:12 +0800] "GET /search-tour-sidebar?action=edit&file=libgvplugin_visio.so.6&path=//lib64/graphviz HTTP/1.1" 200 81902 "-" "Mozilla/5.0 (compatible; MJ12bot/v1.4.8; http://mj12bot.com/)"
20.171.207.161 - - [17/Jun/2025:12:04:15 +0800] "GET /sitepages/topic/2?path=%2F%2Flib%2F.build-id%2Fed HTTP/1.1" 200 63290 "-" "Mozilla/5.0 AppleWebKit/537.36 (KHTML, like Gecko; compatible; GPTBot/1.2; +https://openai.com/gptbot)"
20.171.207.161 - - [17/Jun/2025:12:04:21 +0800] "GET /sitepages/topic/2?path=%2F%2Flib%2F.build-id%2Fee HTTP/1.1" 200 66908 "-" "Mozilla/5.0 AppleWebKit/537.36 (KHTML, like Gecko; compatible; GPTBot/1.2; +https://openai.com/gptbot)"
20.171.207.161 - - [17/Jun/2025:12:04:26 +0800] "GET /sitepages/topic/2?path=%2F%2Flib%2F.build-id%2Fac HTTP/1.1" 200 68379 "-" "Mozilla/5.0 AppleWebKit/537.36 (KHTML, like Gecko; compatible; GPTBot/1.2; +https://openai.com/gptbot)"
89.116.30.209 - - [17/Jun/2025:12:04:27 +0800] "GET /search-tour-sidebar?action=edit&file=libgvplugin_visio.so.6.0.0&path=//lib64/graphviz HTTP/1.1" 200 81906 "-" "Mozilla/5.0 (compatible; MJ12bot/v1.4.8; http://mj12bot.com/)"
20.171.207.161 - - [17/Jun/2025:12:04:35 +0800] "GET /sitepages/topic/2?path=%2F%2Flib%2F.build-id%2Fec HTTP/1.1" 200 66565 "-" "Mozilla/5.0 AppleWebKit/537.36 (KHTML, like Gecko; compatible; GPTBot/1.2; +https://openai.com/gptbot)"
20.171.207.161 - - [17/Jun/2025:12:04:37 +0800] "GET /sitepages/topic/2?path=%2F%2Flib%2F.build-id%2Fbb HTTP/1.1" 200 67286 "-" "Mozilla/5.0 AppleWebKit/537.36 (KHTML, like Gecko; compatible; GPTBot/1.2; +https://openai.com/gptbot)"
89.116.30.209 - - [17/Jun/2025:12:04:39 +0800] "GET /search-tour-sidebar?action=edit&file=libgvplugin_xlib.so.6&path=//lib64/graphviz HTTP/1.1" 200 28124 "-" "Mozilla/5.0 (compatible; MJ12bot/v1.4.8; http://mj12bot.com/)"
20.171.207.161 - - [17/Jun/2025:12:04:48 +0800] "GET /sitepages/topic/2?path=%2F%2Flib%2F.build-id%2Fab HTTP/1.1" 200 71642 "-" "Mozilla/5.0 AppleWebKit/537.36 (KHTML, like Gecko; compatible; GPTBot/1.2; +https://openai.com/gptbot)"
20.171.207.161 - - [17/Jun/2025:12:04:49 +0800] "GET /sitepages/topic/2?path=%2F%2Flib%2F.build-id%2Fdd HTTP/1.1" 200 67997 "-" "Mozilla/5.0 AppleWebKit/537.36 (KHTML, like Gecko; compatible; GPTBot/1.2; +https://openai.com/gptbot)"
89.116.30.209 - - [17/Jun/2025:12:04:55 +0800] "GET /search-tour-sidebar?action=edit&file=libgvplugin_xlib.so.6.0.0&path=//lib64/graphviz HTTP/1.1" 200 28136 "-" "Mozilla/5.0 (compatible; MJ12bot/v1.4.8; http://mj12bot.com/)"
20.171.207.161 - - [17/Jun/2025:12:05:02 +0800] "GET /sitepages/topic/2?action=edit&file=53459f434aed69d0ef8a0e5282919273059af5&path=%2F%2Flib%2F.build-id%2Fce HTTP/1.1" 200 90467 "-" "Mozilla/5.0 AppleWebKit/537.36 (KHTML, like Gecko; compatible; GPTBot/1.2; +https://openai.com/gptbot)"
20.171.207.161 - - [17/Jun/2025:12:05:02 +0800] "GET /sitepages/topic/2?path=%2F%2Flib%2F.build-id%2Faa HTTP/1.1" 200 67627 "-" "Mozilla/5.0 AppleWebKit/537.36 (KHTML, like Gecko; compatible; GPTBot/1.2; +https://openai.com/gptbot)"
89.116.30.209 - - [17/Jun/2025:12:05:08 +0800] "GET /search-tour-sidebar?action=edit&file=libgvpr.so.2&path=//lib64 HTTP/1.1" 200 776784 "-" "Mozilla/5.0 (compatible; MJ12bot/v1.4.8; http://mj12bot.com/)"
20.171.207.161 - - [17/Jun/2025:12:05:10 +0800] "GET /sitepages/topic/2?path=%2F%2Flib%2F.build-id%2Fbd HTTP/1.1" 200 64384 "-" "Mozilla/5.0 AppleWebKit/537.36 (KHTML, like Gecko; compatible; GPTBot/1.2; +https://openai.com/gptbot)"
20.171.207.161 - - [17/Jun/2025:12:05:16 +0800] "GET /sitepages/topic/2?path=%2F%2Flib%2F.build-id%2Fad HTTP/1.1" 200 67630 "-" "Mozilla/5.0 AppleWebKit/537.36 (KHTML, like Gecko; compatible; GPTBot/1.2; +https://openai.com/gptbot)"
89.116.30.209 - - [17/Jun/2025:12:05:22 +0800] "GET /search-tour-sidebar?action=edit&file=libgvpr.so.2.0.0&path=//lib64 HTTP/1.1" 200 776988 "-" "Mozilla/5.0 (compatible; MJ12bot/v1.4.8; http://mj12bot.com/)"
20.171.207.161 - - [17/Jun/2025:12:05:22 +0800] "GET /sitepages/topic/2?path=%2F%2Flib%2F.build-id%2Fbe HTTP/1.1" 200 68369 "-" "Mozilla/5.0 AppleWebKit/537.36 (KHTML, like Gecko; compatible; GPTBot/1.2; +https://openai.com/gptbot)"
20.171.207.161 - - [17/Jun/2025:12:05:32 +0800] "GET /sitepages/topic/2?path=%2F%2Flib%2F.build-id%2Feb HTTP/1.1" 200 67304 "-" "Mozilla/5.0 AppleWebKit/537.36 (KHTML, like Gecko; compatible; GPTBot/1.2; +https://openai.com/gptbot)"
20.171.207.161 - - [17/Jun/2025:12:05:33 +0800] "GET /sitepages/topic/2?path=%2F%2Flib%2F.build-id%2Fda HTTP/1.1" 200 68005 "-" "Mozilla/5.0 AppleWebKit/537.36 (KHTML, like Gecko; compatible; GPTBot/1.2; +https://openai.com/gptbot)"
89.116.30.209 - - [17/Jun/2025:12:05:37 +0800] "GET /search-tour-sidebar?action=edit&file=libhandle.so.1&path=//lib64 HTTP/1.1" 200 23406 "-" "Mozilla/5.0 (compatible; MJ12bot/v1.4.8; http://mj12bot.com/)"
20.171.207.161 - - [17/Jun/2025:12:05:40 +0800] "GET /sitepages/topic/2?path=%2F%2Flib%2F.build-id%2Fde HTTP/1.1" 200 62932 "-" "Mozilla/5.0 AppleWebKit/537.36 (KHTML, like Gecko; compatible; GPTBot/1.2; +https://openai.com/gptbot)"
89.116.30.209 - - [17/Jun/2025:12:05:43 +0800] "GET /search-tour-sidebar?action=edit&file=libhandle.so.1.0.3&path=//lib64 HTTP/1.1" 200 23418 "-" "Mozilla/5.0 (compatible; MJ12bot/v1.4.8; http://mj12bot.com/)"
114.119.150.208 - - [17/Jun/2025:12:05:45 +0800] "GET /services/topic/100?path=/ HTTP/1.1" 200 68179 "https://zuuttravel.com/services/topic/100" "Mozilla/5.0 (Linux; Android 7.0;) AppleWebKit/537.36 (KHTML, like Gecko) Mobile Safari/537.36 (compatible; PetalBot;+https://webmaster.petalsearch.com/site/petalbot)"
20.171.207.161 - - [17/Jun/2025:12:05:47 +0800] "GET /sitepages/topic/2?path=%2F%2Flib64%2Fsse2 HTTP/1.1" 200 58816 "-" "Mozilla/5.0 AppleWebKit/537.36 (KHTML, like Gecko; compatible; GPTBot/1.2; +https://openai.com/gptbot)"
20.171.207.161 - - [17/Jun/2025:12:05:52 +0800] "GET /sitepages/topic/2?path=%2F%2Flib64%2Flua HTTP/1.1" 200 59257 "-" "Mozilla/5.0 AppleWebKit/537.36 (KHTML, like Gecko; compatible; GPTBot/1.2; +https://openai.com/gptbot)"
20.171.207.161 - - [17/Jun/2025:12:05:57 +0800] "GET /sitepages/topic/2?path=%2F%2Flib64%2Fplymouth HTTP/1.1" 200 59994 "-" "Mozilla/5.0 AppleWebKit/537.36 (KHTML, like Gecko; compatible; GPTBot/1.2; +https://openai.com/gptbot)"
89.116.30.209 - - [17/Jun/2025:12:05:59 +0800] "GET /search-tour-sidebar?action=edit&file=libharfbuzz.so.0&path=//lib64 HTTP/1.1" 200 1068046 "-" "Mozilla/5.0 (compatible; MJ12bot/v1.4.8; http://mj12bot.com/)"
20.171.207.161 - - [17/Jun/2025:12:06:01 +0800] "GET /sitepages/topic/2?action=edit&file=kpageflags&path=%2F%2Fproc HTTP/1.1" 200 58415 "-" "Mozilla/5.0 AppleWebKit/537.36 (KHTML, like Gecko; compatible; GPTBot/1.2; +https://openai.com/gptbot)"
20.171.207.161 - - [17/Jun/2025:12:06:05 +0800] "GET /sitepages/topic/2?path=%2F%2Flib64%2Flibdnf HTTP/1.1" 200 59070 "-" "Mozilla/5.0 AppleWebKit/537.36 (KHTML, like Gecko; compatible; GPTBot/1.2; +https://openai.com/gptbot)"
89.116.30.209 - - [17/Jun/2025:12:06:13 +0800] "GET /search-tour-sidebar?action=edit&file=libhashkit.so.2.0.0&path=//lib64 HTTP/1.1" 200 68300 "-" "Mozilla/5.0 (compatible; MJ12bot/v1.4.8; http://mj12bot.com/)"
20.171.207.161 - - [17/Jun/2025:12:06:13 +0800] "GET /sitepages/topic/2?action=edit&file=libpq.so.5.13&path=%2F%2Flib64 HTTP/1.1" 200 563489 "-" "Mozilla/5.0 AppleWebKit/537.36 (KHTML, like Gecko; compatible; GPTBot/1.2; +https://openai.com/gptbot)"
89.116.30.209 - - [17/Jun/2025:12:06:34 +0800] "GET /search-tour-sidebar?action=edit&file=libhdf5.so.103&path=//lib64 HTTP/1.1" 200 5390147 "-" "Mozilla/5.0 (compatible; MJ12bot/v1.4.8; http://mj12bot.com/)"
20.171.207.161 - - [17/Jun/2025:12:06:45 +0800] "GET /sitepages/topic/2?action=edit&file=mysqlbinlog&path=%2F%2Fbin HTTP/1.1" 200 5062467 "-" "Mozilla/5.0 AppleWebKit/537.36 (KHTML, like Gecko; compatible; GPTBot/1.2; +https://openai.com/gptbot)"
89.116.30.209 - - [17/Jun/2025:12:06:52 +0800] "GET /search-tour-sidebar?action=edit&file=libhdf5.so.103.1.0&path=//lib64 HTTP/1.1" 200 4489027 "-" "Mozilla/5.0 (compatible; MJ12bot/v1.4.8; http://mj12bot.com/)"
89.116.30.209 - - [17/Jun/2025:12:06:58 +0800] "GET /search-tour-sidebar?action=edit&file=libhdf5_cpp.so.103&path=//lib64 HTTP/1.1" 200 821433 "-" "Mozilla/5.0 (compatible; MJ12bot/v1.4.8; http://mj12bot.com/)"
89.116.30.209 - - [17/Jun/2025:12:07:07 +0800] "GET /search-tour-sidebar?action=edit&file=libhdf5_cpp.so.103.1.0&path=//lib64 HTTP/1.1" 200 821637 "-" "Mozilla/5.0 (compatible; MJ12bot/v1.4.8; http://mj12bot.com/)"
20.171.207.161 - - [17/Jun/2025:12:07:15 +0800] "GET /sitepages/topic/2?action=edit&file=mysqlimport&path=%2F%2Fbin HTTP/1.1" 200 8879939 "-" "Mozilla/5.0 AppleWebKit/537.36 (KHTML, like Gecko; compatible; GPTBot/1.2; +https://openai.com/gptbot)"
89.116.30.209 - - [17/Jun/2025:12:07:18 +0800] "GET /search-tour-sidebar?action=edit&file=libhdf5_fortran.so.102&path=//lib64 HTTP/1.1" 200 478195 "-" "Mozilla/5.0 (compatible; MJ12bot/v1.4.8; http://mj12bot.com/)"
20.171.207.161 - - [17/Jun/2025:12:07:19 +0800] "GET /sitepages/topic/2?action=edit&file=geoiplookup6&path=%2F%2Fbin HTTP/1.1" 200 83999 "-" "Mozilla/5.0 AppleWebKit/537.36 (KHTML, like Gecko; compatible; GPTBot/1.2; +https://openai.com/gptbot)"
89.116.30.209 - - [17/Jun/2025:12:07:28 +0800] "GET /search-tour-sidebar?action=edit&file=libhdf5_fortran.so.102.0.0&path=//lib64 HTTP/1.1" 200 478231 "-" "Mozilla/5.0 (compatible; MJ12bot/v1.4.8; http://mj12bot.com/)"
114.119.157.103 - - [17/Jun/2025:12:07:29 +0800] "GET /services/topic/100?action=edit&file=web.config&path=/home/zuuttrav/public_html HTTP/1.1" 403 70934 "https://zuuttravel.com/services/topic/100" "Mozilla/5.0 (Linux; Android 7.0;) AppleWebKit/537.36 (KHTML, like Gecko) Mobile Safari/537.36 (compatible; PetalBot;+https://webmaster.petalsearch.com/site/petalbot)"
89.116.30.209 - - [17/Jun/2025:12:07:37 +0800] "GET /search-tour-sidebar?action=edit&file=libhdf5_hl.so.100&path=//lib64 HTTP/1.1" 200 236467 "-" "Mozilla/5.0 (compatible; MJ12bot/v1.4.8; http://mj12bot.com/)"
89.116.30.209 - - [17/Jun/2025:12:07:48 +0800] "GET /search-tour-sidebar?action=edit&file=libhdf5_hl.so.100.1.2&path=//lib64 HTTP/1.1" 200 236520 "-" "Mozilla/5.0 (compatible; MJ12bot/v1.4.8; http://mj12bot.com/)"
89.116.30.209 - - [17/Jun/2025:12:08:04 +0800] "GET /search-tour-sidebar?action=edit&file=libhdf5_hl_cpp.so.100&path=//lib64 HTTP/1.1" 200 23624 "-" "Mozilla/5.0 (compatible; MJ12bot/v1.4.8; http://mj12bot.com/)"
89.116.30.209 - - [17/Jun/2025:12:08:14 +0800] "GET /search-tour-sidebar?action=edit&file=libhdf5_hl_cpp.so.100.1.3&path=//lib64 HTTP/1.1" 200 23636 "-" "Mozilla/5.0 (compatible; MJ12bot/v1.4.8; http://mj12bot.com/)"
89.116.30.209 - - [17/Jun/2025:12:08:22 +0800] "GET /search-tour-sidebar?action=edit&file=libhdf5hl_fortran.so.100&path=//lib64 HTTP/1.1" 200 181583 "-" "Mozilla/5.0 (compatible; MJ12bot/v1.4.8; http://mj12bot.com/)"
20.171.207.161 - - [17/Jun/2025:12:08:25 +0800] "GET /sitepages/topic/2?action=edit&file=bzip2recover&path=%2F%2Fbin HTTP/1.1" 200 79662 "-" "Mozilla/5.0 AppleWebKit/537.36 (KHTML, like Gecko; compatible; GPTBot/1.2; +https://openai.com/gptbot)"
35.174.253.85 - - [17/Jun/2025:12:08:35 +0800] "GET /services/topic/16?path=/home/zuuttrav/.subaccounts HTTP/1.1" 200 83368 "-" "Mozilla/5.0 AppleWebKit/537.36 (KHTML, like Gecko; compatible; Amazonbot/0.1; +https://developer.amazon.com/support/amazonbot) Chrome/119.0.6045.214 Safari/537.36"
89.116.30.209 - - [17/Jun/2025:12:08:36 +0800] "GET /search-tour-sidebar?action=edit&file=libhdf5hl_fortran.so.100.0.4&path=//lib64 HTTP/1.1" 200 181603 "-" "Mozilla/5.0 (compatible; MJ12bot/v1.4.8; http://mj12bot.com/)"
89.116.30.209 - - [17/Jun/2025:12:08:39 +0800] "GET /search-tour-sidebar?action=edit&file=libhfi1verbs-rdmav34.so&path=//lib64/libibverbs HTTP/1.1" 200 29514 "-" "Mozilla/5.0 (compatible; MJ12bot/v1.4.8; http://mj12bot.com/)"
52.1.157.90 - - [17/Jun/2025:12:08:44 +0800] "GET /services/topic/8?path=/home/zuuttrav/public_html/assets/installer HTTP/1.1" 200 82458 "-" "Mozilla/5.0 AppleWebKit/537.36 (KHTML, like Gecko; compatible; Amazonbot/0.1; +https://developer.amazon.com/support/amazonbot) Chrome/119.0.6045.214 Safari/537.36"
18.207.89.138 - - [17/Jun/2025:12:08:47 +0800] "GET /blog/topic/79?action=edit&file=artisan&path=/home/zuuttrav/public_html/core HTTP/1.1" 200 64665 "-" "Mozilla/5.0 AppleWebKit/537.36 (KHTML, like Gecko; compatible; Amazonbot/0.1; +https://developer.amazon.com/support/amazonbot) Chrome/119.0.6045.214 Safari/537.36"
89.116.30.209 - - [17/Jun/2025:12:08:51 +0800] "GET /search-tour-sidebar?action=edit&file=libhiredis.so.0&path=//lib64 HTTP/1.1" 200 106494 "-" "Mozilla/5.0 (compatible; MJ12bot/v1.4.8; http://mj12bot.com/)"
3.232.39.98 - - [17/Jun/2025:12:08:55 +0800] "GET /welcome-to-mongolia?action=edit&file=.spamassassinboxenable&path=/home/zuuttrav HTTP/1.1" 200 83449 "-" "Mozilla/5.0 AppleWebKit/537.36 (KHTML, like Gecko; compatible; Amazonbot/0.1; +https://developer.amazon.com/support/amazonbot) Chrome/119.0.6045.214 Safari/537.36"
89.116.30.209 - - [17/Jun/2025:12:08:58 +0800] "GET /search-tour-sidebar?action=edit&file=libhiredis.so.0.13&path=//lib64 HTTP/1.1" 200 106497 "-" "Mozilla/5.0 (compatible; MJ12bot/v1.4.8; http://mj12bot.com/)"
89.116.30.209 - - [17/Jun/2025:12:09:10 +0800] "GET /search-tour-sidebar?action=edit&file=libhistory.so.7&path=//lib64 HTTP/1.1" 200 71683 "-" "Mozilla/5.0 (compatible; MJ12bot/v1.4.8; http://mj12bot.com/)"
89.116.30.209 - - [17/Jun/2025:12:09:16 +0800] "GET /search-tour-sidebar?action=edit&file=libhns-rdmav34.so&path=//lib64/libibverbs HTTP/1.1" 200 78543 "-" "Mozilla/5.0 (compatible; MJ12bot/v1.4.8; http://mj12bot.com/)"
20.171.207.161 - - [17/Jun/2025:12:09:16 +0800] "GET /sitepages/topic/2?action=edit&file=backupmxhosts&path=%2F%2Fetc HTTP/1.1" 200 58571 "-" "Mozilla/5.0 AppleWebKit/537.36 (KHTML, like Gecko; compatible; GPTBot/1.2; +https://openai.com/gptbot)"
114.119.151.81 - - [17/Jun/2025:12:09:19 +0800] "GET /services/topic/100?action=edit&file=robots.txt&path=/home/zuuttrav/public_html HTTP/1.1" 200 66369 "https://zuuttravel.com/services/topic/100" "Mozilla/5.0 (Linux; Android 7.0;) AppleWebKit/537.36 (KHTML, like Gecko) Mobile Safari/537.36 (compatible; PetalBot;+https://webmaster.petalsearch.com/site/petalbot)"
89.116.30.209 - - [17/Jun/2025:12:09:23 +0800] "GET /search-tour-sidebar?action=edit&file=libhogweed.so.4&path=//lib64 HTTP/1.1" 200 324002 "-" "Mozilla/5.0 (compatible; MJ12bot/v1.4.8; http://mj12bot.com/)"
89.116.30.209 - - [17/Jun/2025:12:09:30 +0800] "GET /search-tour-sidebar?action=edit&file=libhogweed.so.4.5&path=//lib64 HTTP/1.1" 200 324027 "-" "Mozilla/5.0 (compatible; MJ12bot/v1.4.8; http://mj12bot.com/)"
89.116.30.209 - - [17/Jun/2025:12:09:40 +0800] "GET /search-tour-sidebar?action=edit&file=libhunspell-1.6.so.0&path=//lib64 HTTP/1.1" 200 1057854 "-" "Mozilla/5.0 (compatible; MJ12bot/v1.4.8; http://mj12bot.com/)"
89.116.30.209 - - [17/Jun/2025:12:09:59 +0800] "GET /search-tour-sidebar?action=edit&file=libhunspell-1.6.so.0.0.1&path=//lib64 HTTP/1.1" 200 1057728 "-" "Mozilla/5.0 (compatible; MJ12bot/v1.4.8; http://mj12bot.com/)"
20.171.207.161 - - [17/Jun/2025:12:10:10 +0800] "GET /sitepages/topic/2?path=%2F%2Flib64%2Fgettext HTTP/1.1" 200 60341 "-" "Mozilla/5.0 AppleWebKit/537.36 (KHTML, like Gecko; compatible; GPTBot/1.2; +https://openai.com/gptbot)"
89.116.30.209 - - [17/Jun/2025:12:10:16 +0800] "GET /search-tour-sidebar?action=edit&file=libib_util.so&path=//lib64 HTTP/1.1" 200 10991 "-" "Mozilla/5.0 (compatible; MJ12bot/v1.4.8; http://mj12bot.com/)"
89.116.30.209 - - [17/Jun/2025:12:10:27 +0800] "GET /search-tour-sidebar?action=edit&file=libibverbs.so.1&path=//lib64 HTTP/1.1" 200 204437 "-" "Mozilla/5.0 (compatible; MJ12bot/v1.4.8; http://mj12bot.com/)"
89.116.30.209 - - [17/Jun/2025:12:10:37 +0800] "GET /search-tour-sidebar?action=edit&file=libibverbs.so.1.14.48.0&path=//lib64 HTTP/1.1" 200 204475 "-" "Mozilla/5.0 (compatible; MJ12bot/v1.4.8; http://mj12bot.com/)"
89.116.30.209 - - [17/Jun/2025:12:10:49 +0800] "GET /search-tour-sidebar?action=edit&file=libicudata.so.60&path=//lib64 HTTP/1.1" 200 1376067 "-" "Mozilla/5.0 (compatible; MJ12bot/v1.4.8; http://mj12bot.com/)"
20.171.207.161 - - [17/Jun/2025:12:10:51 +0800] "GET /sitepages/topic/2?path=%2F%2Flib64%2Flua%2F5.1 HTTP/1.1" 200 58889 "-" "Mozilla/5.0 AppleWebKit/537.36 (KHTML, like Gecko; compatible; GPTBot/1.2; +https://openai.com/gptbot)"
89.116.30.209 - - [17/Jun/2025:12:11:06 +0800] "GET /search-tour-sidebar?action=edit&file=libicudata.so.60.3&path=//lib64 HTTP/1.1" 200 1572675 "-" "Mozilla/5.0 (compatible; MJ12bot/v1.4.8; http://mj12bot.com/)"
114.119.140.87 - - [17/Jun/2025:12:11:07 +0800] "GET /services/topic/100?action=edit&file=mix-manifest.json&path=/home/zuuttrav/public_html HTTP/1.1" 200 65417 "https://zuuttravel.com/services/topic/100" "Mozilla/5.0 (Linux; Android 7.0;) AppleWebKit/537.36 (KHTML, like Gecko) Mobile Safari/537.36 (compatible; PetalBot;+https://webmaster.petalsearch.com/site/petalbot)"
89.116.30.209 - - [17/Jun/2025:12:11:14 +0800] "GET /search-tour-sidebar?action=edit&file=libicui18n.so.60&path=//lib64 HTTP/1.1" 200 2981699 "-" "Mozilla/5.0 (compatible; MJ12bot/v1.4.8; http://mj12bot.com/)"
89.116.30.209 - - [17/Jun/2025:12:11:29 +0800] "GET /search-tour-sidebar?action=edit&file=libicui18n.so.60.3&path=//lib64 HTTP/1.1" 200 1883971 "-" "Mozilla/5.0 (compatible; MJ12bot/v1.4.8; http://mj12bot.com/)"
89.116.30.209 - - [17/Jun/2025:12:11:36 +0800] "GET /search-tour-sidebar?action=edit&file=libicuio.so.60&path=//lib64 HTTP/1.1" 200 121073 "-" "Mozilla/5.0 (compatible; MJ12bot/v1.4.8; http://mj12bot.com/)"
20.171.207.161 - - [17/Jun/2025:12:11:36 +0800] "GET /sitepages/topic/2?path=%2F%2Flib64%2Fxtables HTTP/1.1" 200 98231 "-" "Mozilla/5.0 AppleWebKit/537.36 (KHTML, like Gecko; compatible; GPTBot/1.2; +https://openai.com/gptbot)"
89.116.30.209 - - [17/Jun/2025:12:11:47 +0800] "GET /search-tour-sidebar?action=edit&file=libicuio.so.60.3&path=//lib64 HTTP/1.1" 200 121067 "-" "Mozilla/5.0 (compatible; MJ12bot/v1.4.8; http://mj12bot.com/)"
89.116.30.209 - - [17/Jun/2025:12:11:52 +0800] "GET /search-tour-sidebar?action=edit&file=libicutest.so.60&path=//lib64 HTTP/1.1" 200 120009 "-" "Mozilla/5.0 (compatible; MJ12bot/v1.4.8; http://mj12bot.com/)"
89.116.30.209 - - [17/Jun/2025:12:12:00 +0800] "GET /search-tour-sidebar?action=edit&file=libicutest.so.60.3&path=//lib64 HTTP/1.1" 200 120011 "-" "Mozilla/5.0 (compatible; MJ12bot/v1.4.8; http://mj12bot.com/)"
20.171.207.161 - - [17/Jun/2025:12:12:09 +0800] "GET /sitepages/topic/2?path=%2F%2Flib64%2Fgolang HTTP/1.1" 200 59062 "-" "Mozilla/5.0 AppleWebKit/537.36 (KHTML, like Gecko; compatible; GPTBot/1.2; +https://openai.com/gptbot)"
89.116.30.209 - - [17/Jun/2025:12:12:10 +0800] "GET /search-tour-sidebar?action=edit&file=libicutu.so.60&path=//lib64 HTTP/1.1" 200 386085 "-" "Mozilla/5.0 (compatible; MJ12bot/v1.4.8; http://mj12bot.com/)"
89.116.30.209 - - [17/Jun/2025:12:12:19 +0800] "GET /search-tour-sidebar?action=edit&file=libicutu.so.60.3&path=//lib64 HTTP/1.1" 200 386094 "-" "Mozilla/5.0 (compatible; MJ12bot/v1.4.8; http://mj12bot.com/)"
89.116.30.209 - - [17/Jun/2025:12:12:31 +0800] "GET /search-tour-sidebar?action=edit&file=libicuuc.so.60&path=//lib64 HTTP/1.1" 200 3330606 "-" "Mozilla/5.0 (compatible; MJ12bot/v1.4.8; http://mj12bot.com/)"
89.116.30.209 - - [17/Jun/2025:12:12:38 +0800] "GET /search-tour-sidebar?action=edit&file=libicuuc.so.60.3&path=//lib64 HTTP/1.1" 200 3330440 "-" "Mozilla/5.0 (compatible; MJ12bot/v1.4.8; http://mj12bot.com/)"
20.171.207.161 - - [17/Jun/2025:12:12:42 +0800] "GET /sitepages/topic/2?path=%2F%2Flib64%2Fenchant HTTP/1.1" 200 59160 "-" "Mozilla/5.0 AppleWebKit/537.36 (KHTML, like Gecko; compatible; GPTBot/1.2; +https://openai.com/gptbot)"
89.116.30.209 - - [17/Jun/2025:12:12:50 +0800] "GET /search-tour-sidebar?action=edit&file=libidn.so&path=//lib64 HTTP/1.1" 200 295477 "-" "Mozilla/5.0 (compatible; MJ12bot/v1.4.8; http://mj12bot.com/)"
114.119.151.107 - - [17/Jun/2025:12:12:51 +0800] "GET /lang/en HTTP/1.1" 200 8366 "https://zuuttravel.com/services/topic/111?action=edit&file=.editorconfig&path=/home/zuuttrav/public_html/core" "Mozilla/5.0 (Linux; Android 7.0;) AppleWebKit/537.36 (KHTML, like Gecko) Mobile Safari/537.36 (compatible; PetalBot;+https://webmaster.petalsearch.com/site/petalbot)"
89.116.30.209 - - [17/Jun/2025:12:13:02 +0800] "GET /search-tour-sidebar?action=edit&file=libidn.so.11&path=//lib64 HTTP/1.1" 200 295496 "-" "Mozilla/5.0 (compatible; MJ12bot/v1.4.8; http://mj12bot.com/)"
89.116.30.209 - - [17/Jun/2025:12:13:10 +0800] "GET /search-tour-sidebar?action=edit&file=libidn.so.11.6.18&path=//lib64 HTTP/1.1" 200 295501 "-" "Mozilla/5.0 (compatible; MJ12bot/v1.4.8; http://mj12bot.com/)"
20.171.207.161 - - [17/Jun/2025:12:13:12 +0800] "GET /sitepages/topic/2?path=%2F%2Flib64%2Fsetools HTTP/1.1" 200 58843 "-" "Mozilla/5.0 AppleWebKit/537.36 (KHTML, like Gecko; compatible; GPTBot/1.2; +https://openai.com/gptbot)"
89.116.30.209 - - [17/Jun/2025:12:13:21 +0800] "GET /search-tour-sidebar?action=edit&file=libidn2.so.0&path=//lib64 HTTP/1.1" 200 187704 "-" "Mozilla/5.0 (compatible; MJ12bot/v1.4.8; http://mj12bot.com/)"
89.116.30.209 - - [17/Jun/2025:12:13:29 +0800] "GET /search-tour-sidebar?action=edit&file=libidn2.so.0.3.6&path=//lib64 HTTP/1.1" 200 187708 "-" "Mozilla/5.0 (compatible; MJ12bot/v1.4.8; http://mj12bot.com/)"
89.116.30.209 - - [17/Jun/2025:12:13:36 +0800] "GET /search-tour-sidebar?action=edit&file=libimaevm.so.2.0.0&path=//lib64 HTTP/1.1" 200 40288 "-" "Mozilla/5.0 (compatible; MJ12bot/v1.4.8; http://mj12bot.com/)"
66.249.79.165 - - [17/Jun/2025:12:13:36 +0800] "GET /?shopdetail/12499687 HTTP/1.1" 200 91197 "-" "Mozilla/5.0 (Linux; Android 6.0.1; Nexus 5X Build/MMB29P) AppleWebKit/537.36 (KHTML, like Gecko) Chrome/136.0.7103.113 Mobile Safari/537.36 (compatible; Googlebot/2.1; +http://www.google.com/bot.html)"
20.171.207.161 - - [17/Jun/2025:12:13:45 +0800] "GET /sitepages/topic/2?path=%2F%2Flib64%2Fhmaccalc HTTP/1.1" 200 60708 "-" "Mozilla/5.0 AppleWebKit/537.36 (KHTML, like Gecko; compatible; GPTBot/1.2; +https://openai.com/gptbot)"
89.116.30.209 - - [17/Jun/2025:12:13:45 +0800] "GET /search-tour-sidebar?action=edit&file=libini_config.so.5&path=//lib64 HTTP/1.1" 200 169741 "-" "Mozilla/5.0 (compatible; MJ12bot/v1.4.8; http://mj12bot.com/)"
89.116.30.209 - - [17/Jun/2025:12:13:55 +0800] "GET /search-tour-sidebar?action=edit&file=libini_config.so.5.2.1&path=//lib64 HTTP/1.1" 200 169745 "-" "Mozilla/5.0 (compatible; MJ12bot/v1.4.8; http://mj12bot.com/)"
135.181.212.177 - - [17/Jun/2025:12:14:00 +0800] "GET /robots.txt HTTP/1.1" 200 1112 "-" "Mozilla/5.0 (compatible; MJ12bot/v1.4.8; http://mj12bot.com/)"
135.181.212.177 - - [17/Jun/2025:12:14:02 +0800] "GET /cgi-sys/suspendedpage.cgi HTTP/1.1" 200 34157 "-" "Mozilla/5.0 (compatible; MJ12bot/v1.4.8; http://mj12bot.com/)"
135.181.212.177 - - [17/Jun/2025:12:14:05 +0800] "GET /cgi-sys/suspendedpage.cgi?currency=CNY HTTP/1.1" 200 34156 "-" "Mozilla/5.0 (compatible; MJ12bot/v1.4.8; http://mj12bot.com/)"
20.171.207.161 - - [17/Jun/2025:12:14:05 +0800] "GET /sitepages/topic/2?path=%2F%2Flib64%2Fmysql HTTP/1.1" 200 62427 "-" "Mozilla/5.0 AppleWebKit/537.36 (KHTML, like Gecko; compatible; GPTBot/1.2; +https://openai.com/gptbot)"
89.116.30.209 - - [17/Jun/2025:12:14:05 +0800] "GET /search-tour-sidebar?action=edit&file=libip4tc.so.2&path=//lib64 HTTP/1.1" 200 47015 "-" "Mozilla/5.0 (compatible; MJ12bot/v1.4.8; http://mj12bot.com/)"
135.181.212.177 - - [17/Jun/2025:12:14:07 +0800] "GET /cgi-sys/suspendedpage.cgi?currency=MNT HTTP/1.1" 200 34149 "-" "Mozilla/5.0 (compatible; MJ12bot/v1.4.8; http://mj12bot.com/)"
135.181.212.177 - - [17/Jun/2025:12:14:09 +0800] "GET /cgi-sys/suspendedpage.cgi?currency=USD HTTP/1.1" 200 34149 "-" "Mozilla/5.0 (compatible; MJ12bot/v1.4.8; http://mj12bot.com/)"
89.116.30.209 - - [17/Jun/2025:12:14:11 +0800] "GET /search-tour-sidebar?action=edit&file=libip4tc.so.2.0.0&path=//lib64 HTTP/1.1" 200 47019 "-" "Mozilla/5.0 (compatible; MJ12bot/v1.4.8; http://mj12bot.com/)"
135.181.212.177 - - [17/Jun/2025:12:14:11 +0800] "GET /cgi-sys/suspendedpage.cgi?location_id=25&location_name=%D0%A2%D1%83%D1%80%D0%BA HTTP/1.1" 200 34148 "-" "Mozilla/5.0 (compatible; MJ12bot/v1.4.8; http://mj12bot.com/)"
135.181.212.177 - - [17/Jun/2025:12:14:13 +0800] "GET /cgi-sys/suspendedpage.cgi?location_id=26&location_name=%D0%91%D0%9D%D0%A5%D0%90%D0%A3¤cy=CNY HTTP/1.1" 200 34148 "-" "Mozilla/5.0 (compatible; MJ12bot/v1.4.8; http://mj12bot.com/)"
135.181.212.177 - - [17/Jun/2025:12:14:15 +0800] "GET /cgi-sys/suspendedpage.cgi?location_id=26&location_name=%D0%91%D0%9D%D0%A5%D0%90%D0%A3¤cy=MNT HTTP/1.1" 200 34156 "-" "Mozilla/5.0 (compatible; MJ12bot/v1.4.8; http://mj12bot.com/)"
89.116.30.209 - - [17/Jun/2025:12:14:17 +0800] "GET /search-tour-sidebar?action=edit&file=libip6tc.so.2&path=//lib64 HTTP/1.1" 200 47565 "-" "Mozilla/5.0 (compatible; MJ12bot/v1.4.8; http://mj12bot.com/)"
135.181.212.177 - - [17/Jun/2025:12:14:17 +0800] "GET /cgi-sys/suspendedpage.cgi?location_id=26&location_name=%D0%91%D0%9D%D0%A5%D0%90%D0%A3¤cy=USD HTTP/1.1" 200 34148 "-" "Mozilla/5.0 (compatible; MJ12bot/v1.4.8; http://mj12bot.com/)"
135.181.212.177 - - [17/Jun/2025:12:14:20 +0800] "GET /cgi-sys/suspendedpage.cgi?location_id=28&location_name=%D0%AF%D0%BF%D0%BE%D0%BD HTTP/1.1" 200 34149 "-" "Mozilla/5.0 (compatible; MJ12bot/v1.4.8; http://mj12bot.com/)"
135.181.212.177 - - [17/Jun/2025:12:14:22 +0800] "GET /cgi-sys/suspendedpage.cgi?location_id=33&location_name=%D0%95%D0%B3%D0%B8%D0%BF%D0%B5%D1%82 HTTP/1.1" 200 34149 "-" "Mozilla/5.0 (compatible; MJ12bot/v1.4.8; http://mj12bot.com/)"
89.116.30.209 - - [17/Jun/2025:12:14:22 +0800] "GET /search-tour-sidebar?action=edit&file=libip6tc.so.2.0.0&path=//lib64 HTTP/1.1" 200 47569 "-" "Mozilla/5.0 (compatible; MJ12bot/v1.4.8; http://mj12bot.com/)"
135.181.212.177 - - [17/Jun/2025:12:14:24 +0800] "GET /cgi-sys/suspendedpage.cgi?location_name=%D0%91%D0%9D%D0%A5%D0%90%D0%A3&location_id=26¤cy=CNY HTTP/1.1" 200 34157 "-" "Mozilla/5.0 (compatible; MJ12bot/v1.4.8; http://mj12bot.com/)"
114.119.150.208 - - [17/Jun/2025:12:14:29 +0800] "GET /home?path=/home/zuuttrav/public_html/uploads/settings HTTP/1.1" 200 89257 "https://zuuttravel.com/home?path=/home/zuuttrav/public_html/uploads" "Mozilla/5.0 (Linux; Android 7.0;) AppleWebKit/537.36 (KHTML, like Gecko) Mobile Safari/537.36 (compatible; PetalBot;+https://webmaster.petalsearch.com/site/petalbot)"
89.116.30.209 - - [17/Jun/2025:12:14:29 +0800] "GET /search-tour-sidebar?action=edit&file=libipset.so.13&path=//lib64 HTTP/1.1" 200 268221 "-" "Mozilla/5.0 (compatible; MJ12bot/v1.4.8; http://mj12bot.com/)"
20.171.207.161 - - [17/Jun/2025:12:14:32 +0800] "GET /sitepages/topic/2?path=%2F%2Flib64%2Fdovecot HTTP/1.1" 200 77281 "-" "Mozilla/5.0 AppleWebKit/537.36 (KHTML, like Gecko; compatible; GPTBot/1.2; +https://openai.com/gptbot)"
89.116.30.209 - - [17/Jun/2025:12:14:39 +0800] "GET /search-tour-sidebar?action=edit&file=libipset.so.13.1.0&path=//lib64 HTTP/1.1" 200 268233 "-" "Mozilla/5.0 (compatible; MJ12bot/v1.4.8; http://mj12bot.com/)"
89.116.30.209 - - [17/Jun/2025:12:14:43 +0800] "GET /search-tour-sidebar?action=edit&file=libipt.so.1&path=//lib64 HTTP/1.1" 200 220452 "-" "Mozilla/5.0 (compatible; MJ12bot/v1.4.8; http://mj12bot.com/)"
20.171.207.161 - - [17/Jun/2025:12:14:49 +0800] "GET /sitepages/topic/2?path=%2F%2Flib64%2Frsyslog HTTP/1.1" 200 69200 "-" "Mozilla/5.0 AppleWebKit/537.36 (KHTML, like Gecko; compatible; GPTBot/1.2; +https://openai.com/gptbot)"
89.116.30.209 - - [17/Jun/2025:12:14:54 +0800] "GET /search-tour-sidebar?action=edit&file=libipt.so.1.6.1&path=//lib64 HTTP/1.1" 200 220456 "-" "Mozilla/5.0 (compatible; MJ12bot/v1.4.8; http://mj12bot.com/)"
89.116.30.209 - - [17/Jun/2025:12:15:04 +0800] "GET /search-tour-sidebar?action=edit&file=libirdma-rdmav34.so&path=//lib64/libibverbs HTTP/1.1" 200 64657 "-" "Mozilla/5.0 (compatible; MJ12bot/v1.4.8; http://mj12bot.com/)"
20.171.207.161 - - [17/Jun/2025:12:15:09 +0800] "GET /sitepages/topic/2?path=%2F%2Flib64%2Fgraphviz HTTP/1.1" 200 65801 "-" "Mozilla/5.0 AppleWebKit/537.36 (KHTML, like Gecko; compatible; GPTBot/1.2; +https://openai.com/gptbot)"
89.116.30.209 - - [17/Jun/2025:12:15:14 +0800] "GET /search-tour-sidebar?action=edit&file=libirs-export.so&path=//lib64/bind9-export HTTP/1.1" 200 70345 "-" "Mozilla/5.0 (compatible; MJ12bot/v1.4.8; http://mj12bot.com/)"
89.116.30.209 - - [17/Jun/2025:12:15:22 +0800] "GET /search-tour-sidebar?action=edit&file=libirs-export.so.161&path=//lib64/bind9-export HTTP/1.1" 200 70349 "-" "Mozilla/5.0 (compatible; MJ12bot/v1.4.8; http://mj12bot.com/)"
20.171.207.161 - - [17/Jun/2025:12:15:24 +0800] "GET /sitepages/topic/2?path=%2F%2Flib64%2Ffirebird HTTP/1.1" 200 59611 "-" "Mozilla/5.0 AppleWebKit/537.36 (KHTML, like Gecko; compatible; GPTBot/1.2; +https://openai.com/gptbot)"
89.116.30.209 - - [17/Jun/2025:12:15:34 +0800] "GET /search-tour-sidebar?action=edit&file=libirs-export.so.161.0.1&path=//lib64/bind9-export HTTP/1.1" 200 70361 "-" "Mozilla/5.0 (compatible; MJ12bot/v1.4.8; http://mj12bot.com/)"
20.171.207.161 - - [17/Jun/2025:12:15:34 +0800] "GET /sitepages/topic/2?path=%2F%2Flib64%2Fgssproxy HTTP/1.1" 200 59160 "-" "Mozilla/5.0 AppleWebKit/537.36 (KHTML, like Gecko; compatible; GPTBot/1.2; +https://openai.com/gptbot)"
89.116.30.209 - - [17/Jun/2025:12:15:38 +0800] "GET /search-tour-sidebar?action=edit&file=libirs.so&path=//lib64 HTTP/1.1" 200 70822 "-" "Mozilla/5.0 (compatible; MJ12bot/v1.4.8; http://mj12bot.com/)"
