20.171.207.119 - - [17/Jun/2025:16:01:23 +0800] "GET /?action=edit&file=base_subprocess.py&path=%2F%2Flib64%2Fpython3.6%2Fasyncio HTTP/1.1" 200 95568 "-" "Mozilla/5.0 AppleWebKit/537.36 (KHTML, like Gecko; compatible; GPTBot/1.2; +https://openai.com/gptbot)"
20.171.207.119 - - [17/Jun/2025:16:01:27 +0800] "GET /?action=edit&file=libncurses%2B%2B.so.6.1&path=%2F%2Flib64 HTTP/1.1" 200 186248 "-" "Mozilla/5.0 AppleWebKit/537.36 (KHTML, like Gecko; compatible; GPTBot/1.2; +https://openai.com/gptbot)"
20.171.207.119 - - [17/Jun/2025:16:01:31 +0800] "GET /?action=edit&file=libncurses%2B%2B.so.5.9&path=%2F%2Flib64 HTTP/1.1" 200 186278 "-" "Mozilla/5.0 AppleWebKit/537.36 (KHTML, like Gecko; compatible; GPTBot/1.2; +https://openai.com/gptbot)"
20.171.207.119 - - [17/Jun/2025:16:01:35 +0800] "GET /?action=edit&file=_pyio.cpython-39.opt-1.pyc&path=%2F%2Flib64%2Fpython3.9%2F__pycache__ HTTP/1.1" 200 167827 "-" "Mozilla/5.0 AppleWebKit/537.36 (KHTML, like Gecko; compatible; GPTBot/1.2; +https://openai.com/gptbot)"
20.171.207.119 - - [17/Jun/2025:16:01:38 +0800] "GET /?action=edit&file=_pyio.cpython-39.opt-2.pyc&path=%2F%2Flib64%2Fpython3.9%2F__pycache__ HTTP/1.1" 200 144277 "-" "Mozilla/5.0 AppleWebKit/537.36 (KHTML, like Gecko; compatible; GPTBot/1.2; +https://openai.com/gptbot)"
20.171.207.119 - - [17/Jun/2025:16:01:41 +0800] "GET /?action=edit&file=sha384sum&path=%2F%2Fbin HTTP/1.1" 200 152659 "-" "Mozilla/5.0 AppleWebKit/537.36 (KHTML, like Gecko; compatible; GPTBot/1.2; +https://openai.com/gptbot)"
20.171.207.119 - - [17/Jun/2025:16:01:44 +0800] "GET /?path=%2Fhome%2Fzuuttrav%2Fpublic_html%2Fuploads%2Fsettings HTTP/1.1" 200 89970 "-" "Mozilla/5.0 AppleWebKit/537.36 (KHTML, like Gecko; compatible; GPTBot/1.2; +https://openai.com/gptbot)"
20.171.207.119 - - [17/Jun/2025:16:01:46 +0800] "GET /?path=%2Fhome%2Fzuuttrav%2Fpublic_html%2Fassets%2Ffrontend HTTP/1.1" 200 88231 "-" "Mozilla/5.0 AppleWebKit/537.36 (KHTML, like Gecko; compatible; GPTBot/1.2; +https://openai.com/gptbot)"
20.171.207.119 - - [17/Jun/2025:16:01:48 +0800] "GET /?path=%2Fhome%2Fzuuttrav%2Fpublic_html%2Fuploads%2Fbanners HTTP/1.1" 200 92460 "-" "Mozilla/5.0 AppleWebKit/537.36 (KHTML, like Gecko; compatible; GPTBot/1.2; +https://openai.com/gptbot)"
20.171.207.119 - - [17/Jun/2025:16:01:50 +0800] "GET /?action=edit&file=libsasldb.so.3.0.0&path=%2F%2Flib64%2Fsasl2 HTTP/1.1" 200 126465 "-" "Mozilla/5.0 AppleWebKit/537.36 (KHTML, like Gecko; compatible; GPTBot/1.2; +https://openai.com/gptbot)"
20.171.207.161 - - [17/Jun/2025:16:01:51 +0800] "GET /sitepages/topic/2?path=%2F%2Fusr%2Finclude%2Fnetatalk HTTP/1.1" 200 59256 "-" "Mozilla/5.0 AppleWebKit/537.36 (KHTML, like Gecko; compatible; GPTBot/1.2; +https://openai.com/gptbot)"
20.171.207.119 - - [17/Jun/2025:16:01:51 +0800] "GET /?action=edit&file=libanonymous.so.3.0.0&path=%2F%2Flib64%2Fsasl2 HTTP/1.1" 200 114739 "-" "Mozilla/5.0 AppleWebKit/537.36 (KHTML, like Gecko; compatible; GPTBot/1.2; +https://openai.com/gptbot)"
20.171.207.119 - - [17/Jun/2025:16:01:58 +0800] "GET /?action=edit&file=GDBM_File.so&path=%2F%2Flib64%2Fperl5%2Fauto%2FGDBM_File HTTP/1.1" 200 123985 "-" "Mozilla/5.0 AppleWebKit/537.36 (KHTML, like Gecko; compatible; GPTBot/1.2; +https://openai.com/gptbot)"
20.171.207.119 - - [17/Jun/2025:16:02:00 +0800] "GET /?path=%2F%2Fetc%2Fmotd.d HTTP/1.1" 403 91901 "-" "Mozilla/5.0 AppleWebKit/537.36 (KHTML, like Gecko; compatible; GPTBot/1.2; +https://openai.com/gptbot)"
114.119.151.81 - - [17/Jun/2025:16:02:05 +0800] "GET /services/topic/111?path=/home/zuuttrav/public_html/core/vendor/fakerphp HTTP/1.1" 200 66233 "https://zuuttravel.com/services/topic/111?path=/home/zuuttrav/public_html/core/vendor" "Mozilla/5.0 (Linux; Android 7.0;) AppleWebKit/537.36 (KHTML, like Gecko) Mobile Safari/537.36 (compatible; PetalBot;+https://webmaster.petalsearch.com/site/petalbot)"
20.171.207.119 - - [17/Jun/2025:16:02:13 +0800] "GET /?action=edit&file=_codecs_hk.cpython-36m-x86_64-linux-gnu.so&path=%2F%2Flib64%2Fpython3.6%2Flib-dynload HTTP/1.1" 200 479159 "-" "Mozilla/5.0 AppleWebKit/537.36 (KHTML, like Gecko; compatible; GPTBot/1.2; +https://openai.com/gptbot)"
20.171.207.119 - - [17/Jun/2025:16:02:18 +0800] "GET /?action=edit&file=_codecs_jp.cpython-36m-x86_64-linux-gnu.so&path=%2F%2Flib64%2Fpython3.6%2Flib-dynload HTTP/1.1" 200 631616 "-" "Mozilla/5.0 AppleWebKit/537.36 (KHTML, like Gecko; compatible; GPTBot/1.2; +https://openai.com/gptbot)"
20.171.207.119 - - [17/Jun/2025:16:02:21 +0800] "GET /?action=edit&file=_codecs_tw.cpython-36m-x86_64-linux-gnu.so&path=%2F%2Flib64%2Fpython3.6%2Flib-dynload HTTP/1.1" 200 295834 "-" "Mozilla/5.0 AppleWebKit/537.36 (KHTML, like Gecko; compatible; GPTBot/1.2; +https://openai.com/gptbot)"
20.171.207.119 - - [17/Jun/2025:16:02:28 +0800] "GET /?action=edit&file=libmozjs-60.so.0.0.0&path=%2F%2Flib64 HTTP/1.1" 500 5 "-" "Mozilla/5.0 AppleWebKit/537.36 (KHTML, like Gecko; compatible; GPTBot/1.2; +https://openai.com/gptbot)"
20.171.207.161 - - [17/Jun/2025:16:02:36 +0800] "GET /sitepages/topic/2?path=%2F%2Fusr%2Finclude%2Fnetinet HTTP/1.1" 200 62904 "-" "Mozilla/5.0 AppleWebKit/537.36 (KHTML, like Gecko; compatible; GPTBot/1.2; +https://openai.com/gptbot)"
20.171.207.119 - - [17/Jun/2025:16:02:37 +0800] "GET /?action=edit&file=ld-linux-x86-64.so.2&path=%2F%2Flib64 HTTP/1.1" 200 1469952 "-" "Mozilla/5.0 AppleWebKit/537.36 (KHTML, like Gecko; compatible; GPTBot/1.2; +https://openai.com/gptbot)"
20.171.207.119 - - [17/Jun/2025:16:02:54 +0800] "GET /?action=edit&file=libgamin-1.so.0.1.10&path=%2F%2Flib64 HTTP/1.1" 200 137491 "-" "Mozilla/5.0 AppleWebKit/537.36 (KHTML, like Gecko; compatible; GPTBot/1.2; +https://openai.com/gptbot)"
20.171.207.161 - - [17/Jun/2025:16:03:08 +0800] "GET /sitepages/topic/2?path=%2F%2Fusr%2Finclude%2Fncursesw HTTP/1.1" 200 65126 "-" "Mozilla/5.0 AppleWebKit/537.36 (KHTML, like Gecko; compatible; GPTBot/1.2; +https://openai.com/gptbot)"
20.171.207.119 - - [17/Jun/2025:16:03:10 +0800] "GET /?action=edit&file=index.html&path=%2Fhome%2Fzuuttrav%2Fpublic_html%2Fassets%2Ffrontend HTTP/1.1" 200 86245 "-" "Mozilla/5.0 AppleWebKit/537.36 (KHTML, like Gecko; compatible; GPTBot/1.2; +https://openai.com/gptbot)"
47.82.60.11 - - [17/Jun/2025:16:03:16 +0800] "GET /aiallyn-xuvaar-2023-2023 HTTP/1.1" 200 8002 "https://zuuttravel.com/aiallyn-xuvaar-2023-2023" "Mozilla/5.0 (Windows NT 10.0; Win64; x64) AppleWebKit/537.36 (KHTML, like Gecko) Chrome/114.0.0.0 Safari/537.36 Edg/114.0.1823.43"
47.82.60.11 - - [17/Jun/2025:16:03:16 +0800] "GET /aiallyn-xuvaar-2023-2023 HTTP/1.1" 200 7995 "https://zuuttravel.com/aiallyn-xuvaar-2023-2023" "Mozilla/5.0 (Windows NT 10.0; Win64; x64) AppleWebKit/537.36 (KHTML, like Gecko) Chrome/114.0.0.0 Safari/537.36 Edg/114.0.1823.43"
47.82.60.11 - - [17/Jun/2025:16:03:16 +0800] "GET /aiallyn-xuvaar-2023-2023 HTTP/1.1" 200 7995 "https://zuuttravel.com/aiallyn-xuvaar-2023-2023" "Mozilla/5.0 (Windows NT 10.0; Win64; x64) AppleWebKit/537.36 (KHTML, like Gecko) Chrome/114.0.0.0 Safari/537.36 Edg/114.0.1823.43"
20.171.207.119 - - [17/Jun/2025:16:03:30 +0800] "GET /?path=%2F%2Flib64%2Flibdnf HTTP/1.1" 200 86853 "-" "Mozilla/5.0 AppleWebKit/537.36 (KHTML, like Gecko; compatible; GPTBot/1.2; +https://openai.com/gptbot)"
20.171.207.119 - - [17/Jun/2025:16:03:38 +0800] "GET /?action=edit&file=README.txt&path=%2F%2Flib64%2Ftcl8.6%2FTix8.4.3 HTTP/1.1" 200 87218 "-" "Mozilla/5.0 AppleWebKit/537.36 (KHTML, like Gecko; compatible; GPTBot/1.2; +https://openai.com/gptbot)"
20.171.207.161 - - [17/Jun/2025:16:03:49 +0800] "GET /sitepages/topic/2?path=%2F%2Flib%2Feclipse%2Ffeatures HTTP/1.1" 200 58952 "-" "Mozilla/5.0 AppleWebKit/537.36 (KHTML, like Gecko; compatible; GPTBot/1.2; +https://openai.com/gptbot)"
114.119.144.15 - - [17/Jun/2025:16:03:52 +0800] "GET /services/topic/111?path=/home/zuuttrav/public_html/core/vendor/ezyang HTTP/1.1" 200 66211 "https://zuuttravel.com/services/topic/111?path=/home/zuuttrav/public_html/core/vendor" "Mozilla/5.0 (Linux; Android 7.0;) AppleWebKit/537.36 (KHTML, like Gecko) Mobile Safari/537.36 (compatible; PetalBot;+https://webmaster.petalsearch.com/site/petalbot)"
20.171.207.119 - - [17/Jun/2025:16:03:54 +0800] "GET /?action=edit&file=CObjView.tcl&path=%2F%2Flib64%2Ftcl8.6%2FTix8.4.3 HTTP/1.1" 200 94137 "-" "Mozilla/5.0 AppleWebKit/537.36 (KHTML, like Gecko; compatible; GPTBot/1.2; +https://openai.com/gptbot)"
20.171.207.119 - - [17/Jun/2025:16:04:02 +0800] "GET /?action=edit&file=__init__.cpython-39.opt-2.pyc&path=%2F%2Flib64%2Fpython3.9%2Fvenv%2F__pycache__ HTTP/1.1" 200 99037 "-" "Mozilla/5.0 AppleWebKit/537.36 (KHTML, like Gecko; compatible; GPTBot/1.2; +https://openai.com/gptbot)"
20.171.207.119 - - [17/Jun/2025:16:04:10 +0800] "GET /?action=edit&file=_codecs_jp.cpython-36m-x86_64-linux-gnu.so&path=%2F%2Flib64%2Fpython3.6%2Flib-dynload HTTP/1.1" 200 631560 "-" "Mozilla/5.0 AppleWebKit/537.36 (KHTML, like Gecko; compatible; GPTBot/1.2; +https://openai.com/gptbot)"
20.171.207.161 - - [17/Jun/2025:16:04:18 +0800] "GET /sitepages/topic/2?path=%2F%2Flib%2Feclipse%2Fdroplets HTTP/1.1" 200 58952 "-" "Mozilla/5.0 AppleWebKit/537.36 (KHTML, like Gecko; compatible; GPTBot/1.2; +https://openai.com/gptbot)"
20.171.207.119 - - [17/Jun/2025:16:04:24 +0800] "GET /?action=edit&file=__main__.cpython-39.opt-1.pyc&path=%2F%2Flib64%2Fpython3.9%2Fvenv%2F__pycache__ HTTP/1.1" 200 86666 "-" "Mozilla/5.0 AppleWebKit/537.36 (KHTML, like Gecko; compatible; GPTBot/1.2; +https://openai.com/gptbot)"
20.171.207.119 - - [17/Jun/2025:16:04:27 +0800] "GET /?action=edit&file=__init__.cpython-39.opt-1.pyc&path=%2F%2Flib64%2Fpython3.9%2Fvenv%2F__pycache__ HTTP/1.1" 200 103270 "-" "Mozilla/5.0 AppleWebKit/537.36 (KHTML, like Gecko; compatible; GPTBot/1.2; +https://openai.com/gptbot)"
66.249.79.166 - - [17/Jun/2025:16:04:31 +0800] "GET /?shopdetail/7584365 HTTP/1.1" 200 91189 "-" "Mozilla/5.0 (Linux; Android 6.0.1; Nexus 5X Build/MMB29P) AppleWebKit/537.36 (KHTML, like Gecko) Chrome/136.0.7103.113 Mobile Safari/537.36 (compatible; Googlebot/2.1; +http://www.google.com/bot.html)"
20.171.207.119 - - [17/Jun/2025:16:04:34 +0800] "GET /?action=edit&file=__main__.cpython-39.opt-2.pyc&path=%2F%2Flib64%2Fpython3.9%2Fvenv%2F__pycache__ HTTP/1.1" 200 86658 "-" "Mozilla/5.0 AppleWebKit/537.36 (KHTML, like Gecko; compatible; GPTBot/1.2; +https://openai.com/gptbot)"
20.171.207.161 - - [17/Jun/2025:16:04:41 +0800] "GET /sitepages/topic/2?path=%2F%2Fusr%2Finclude%2Fsecurity HTTP/1.1" 200 62117 "-" "Mozilla/5.0 AppleWebKit/537.36 (KHTML, like Gecko; compatible; GPTBot/1.2; +https://openai.com/gptbot)"
20.171.207.119 - - [17/Jun/2025:16:04:42 +0800] "GET /?action=edit&file=libisc-export.so.1107&path=%2F%2Flib64%2Fbind9-export HTTP/1.1" 200 798833 "-" "Mozilla/5.0 AppleWebKit/537.36 (KHTML, like Gecko; compatible; GPTBot/1.2; +https://openai.com/gptbot)"
20.171.207.119 - - [17/Jun/2025:16:04:52 +0800] "GET /?action=edit&file=__main__.py&path=%2F%2Flib64%2Fpython3.9%2Fvenv HTTP/1.1" 200 86388 "-" "Mozilla/5.0 AppleWebKit/537.36 (KHTML, like Gecko; compatible; GPTBot/1.2; +https://openai.com/gptbot)"
20.171.207.119 - - [17/Jun/2025:16:04:59 +0800] "GET /?path=%2F%2Fetc%2Fpam.d HTTP/1.1" 200 90972 "-" "Mozilla/5.0 AppleWebKit/537.36 (KHTML, like Gecko; compatible; GPTBot/1.2; +https://openai.com/gptbot)"
20.171.207.119 - - [17/Jun/2025:16:05:02 +0800] "GET /?action=edit&file=zipsplit&path=%2F%2Fbin HTTP/1.1" 200 235486 "-" "Mozilla/5.0 AppleWebKit/537.36 (KHTML, like Gecko; compatible; GPTBot/1.2; +https://openai.com/gptbot)"
20.171.207.161 - - [17/Jun/2025:16:05:05 +0800] "GET /sitepages/topic/2?path=%2F%2Flib%2Ffirmware%2Frtlwifi HTTP/1.1" 200 72670 "-" "Mozilla/5.0 AppleWebKit/537.36 (KHTML, like Gecko; compatible; GPTBot/1.2; +https://openai.com/gptbot)"
20.171.207.119 - - [17/Jun/2025:16:05:13 +0800] "GET /?path=%2F%2Flib64%2Flibdnf%2Fplugins HTTP/1.1" 200 86987 "-" "Mozilla/5.0 AppleWebKit/537.36 (KHTML, like Gecko; compatible; GPTBot/1.2; +https://openai.com/gptbot)"
20.171.207.119 - - [17/Jun/2025:16:05:14 +0800] "GET /?action=edit&file=realpath&path=%2F%2Fbin HTTP/1.1" 200 161133 "-" "Mozilla/5.0 AppleWebKit/537.36 (KHTML, like Gecko; compatible; GPTBot/1.2; +https://openai.com/gptbot)"
20.171.207.119 - - [17/Jun/2025:16:05:21 +0800] "GET /?action=edit&file=selector_events.py&path=%2F%2Flib64%2Fpython3.6%2Fasyncio HTTP/1.1" 200 129234 "-" "Mozilla/5.0 AppleWebKit/537.36 (KHTML, like Gecko; compatible; GPTBot/1.2; +https://openai.com/gptbot)"
20.171.207.161 - - [17/Jun/2025:16:05:28 +0800] "GET /sitepages/topic/2?path=%2F%2Flib%2Ffirmware%2Fadaptec HTTP/1.1" 200 59591 "-" "Mozilla/5.0 AppleWebKit/537.36 (KHTML, like Gecko; compatible; GPTBot/1.2; +https://openai.com/gptbot)"
20.171.207.119 - - [17/Jun/2025:16:05:32 +0800] "GET /?action=edit&file=fc-pattern&path=%2F%2Fbin HTTP/1.1" 200 101696 "-" "Mozilla/5.0 AppleWebKit/537.36 (KHTML, like Gecko; compatible; GPTBot/1.2; +https://openai.com/gptbot)"
20.171.207.119 - - [17/Jun/2025:16:05:34 +0800] "GET /?action=edit&file=gpgsplit&path=%2F%2Fbin HTTP/1.1" 200 220870 "-" "Mozilla/5.0 AppleWebKit/537.36 (KHTML, like Gecko; compatible; GPTBot/1.2; +https://openai.com/gptbot)"
114.119.151.107 - - [17/Jun/2025:16:05:36 +0800] "GET /services/topic/111?path=/home/zuuttrav/public_html/core/vendor/egulias HTTP/1.1" 200 66242 "https://zuuttravel.com/services/topic/111?path=/home/zuuttrav/public_html/core/vendor" "Mozilla/5.0 (Linux; Android 7.0;) AppleWebKit/537.36 (KHTML, like Gecko) Mobile Safari/537.36 (compatible; PetalBot;+https://webmaster.petalsearch.com/site/petalbot)"
20.171.207.161 - - [17/Jun/2025:16:05:49 +0800] "GET /sitepages/topic/2?path=%2F%2Flib%2Ffirmware%2Frealtek HTTP/1.1" 200 59197 "-" "Mozilla/5.0 AppleWebKit/537.36 (KHTML, like Gecko; compatible; GPTBot/1.2; +https://openai.com/gptbot)"
20.171.207.161 - - [17/Jun/2025:16:06:07 +0800] "GET /sitepages/topic/2?path=%2F%2Flib%2Ffirmware%2Fslicoss HTTP/1.1" 200 60581 "-" "Mozilla/5.0 AppleWebKit/537.36 (KHTML, like Gecko; compatible; GPTBot/1.2; +https://openai.com/gptbot)"
20.171.207.119 - - [17/Jun/2025:16:06:10 +0800] "GET /?action=edit&file=libSvtAv1Enc.so.0.8.7&path=%2F%2Flib64 HTTP/1.1" 200 6242115 "-" "Mozilla/5.0 AppleWebKit/537.36 (KHTML, like Gecko; compatible; GPTBot/1.2; +https://openai.com/gptbot)"
20.171.207.161 - - [17/Jun/2025:16:06:23 +0800] "GET /sitepages/topic/2?path=%2F%2Flib%2Ffirmware%2Fmwlwifi HTTP/1.1" 200 59591 "-" "Mozilla/5.0 AppleWebKit/537.36 (KHTML, like Gecko; compatible; GPTBot/1.2; +https://openai.com/gptbot)"
20.171.207.161 - - [17/Jun/2025:16:06:38 +0800] "GET /sitepages/topic/2?path=%2F%2Fusr%2Flib64%2Fpython3.9%2Flib-dynload HTTP/1.1" 200 83630 "-" "Mozilla/5.0 AppleWebKit/537.36 (KHTML, like Gecko; compatible; GPTBot/1.2; +https://openai.com/gptbot)"
20.171.207.119 - - [17/Jun/2025:16:06:39 +0800] "GET /?action=edit&file=libSvtAv1Dec.so.0.8.7&path=%2F%2Flib64 HTTP/1.1" 200 3356160 "-" "Mozilla/5.0 AppleWebKit/537.36 (KHTML, like Gecko; compatible; GPTBot/1.2; +https://openai.com/gptbot)"
20.171.207.119 - - [17/Jun/2025:16:06:43 +0800] "GET /?action=edit&file=pathchk&path=%2F%2Fbin HTTP/1.1" 200 139186 "-" "Mozilla/5.0 AppleWebKit/537.36 (KHTML, like Gecko; compatible; GPTBot/1.2; +https://openai.com/gptbot)"
20.171.207.161 - - [17/Jun/2025:16:06:56 +0800] "GET /sitepages/topic/2?path=%2F%2Fusr%2Flib64%2Fpython3.6%2Flib-dynload HTTP/1.1" 200 81812 "-" "Mozilla/5.0 AppleWebKit/537.36 (KHTML, like Gecko; compatible; GPTBot/1.2; +https://openai.com/gptbot)"
20.171.207.161 - - [17/Jun/2025:16:07:03 +0800] "GET /sitepages/topic/2?action=edit&file=unix_update&path=%2F%2Fsbin HTTP/1.1" 200 58563 "-" "Mozilla/5.0 AppleWebKit/537.36 (KHTML, like Gecko; compatible; GPTBot/1.2; +https://openai.com/gptbot)"
20.171.207.161 - - [17/Jun/2025:16:07:12 +0800] "GET /sitepages/topic/2?action=edit&file=resolv.conf&path=%2F%2Fetc HTTP/1.1" 200 58665 "-" "Mozilla/5.0 AppleWebKit/537.36 (KHTML, like Gecko; compatible; GPTBot/1.2; +https://openai.com/gptbot)"
20.171.207.161 - - [17/Jun/2025:16:07:26 +0800] "GET /sitepages/topic/2?action=edit&file=ssh-keyscan&path=%2F%2Fbin HTTP/1.1" 200 709313 "-" "Mozilla/5.0 AppleWebKit/537.36 (KHTML, like Gecko; compatible; GPTBot/1.2; +https://openai.com/gptbot)"
20.171.207.161 - - [17/Jun/2025:16:07:30 +0800] "GET /sitepages/topic/2?action=edit&file=tsig-keygen&path=%2F%2Fsbin HTTP/1.1" 200 85358 "-" "Mozilla/5.0 AppleWebKit/537.36 (KHTML, like Gecko; compatible; GPTBot/1.2; +https://openai.com/gptbot)"
114.119.158.203 - - [17/Jun/2025:16:07:30 +0800] "GET /services/topic/111?path=/home/zuuttrav/public_html/core/database/factories HTTP/1.1" 200 66958 "https://zuuttravel.com/services/topic/111?path=/home/zuuttrav/public_html/core/database" "Mozilla/5.0 (Linux; Android 7.0;) AppleWebKit/537.36 (KHTML, like Gecko) Mobile Safari/537.36 (compatible; PetalBot;+https://webmaster.petalsearch.com/site/petalbot)"
20.171.207.161 - - [17/Jun/2025:16:07:42 +0800] "GET /sitepages/topic/2?action=edit&file=rtl8192defw.bin&path=%2F%2Flib%2Ffirmware%2Frtlwifi HTTP/1.1" 200 119892 "-" "Mozilla/5.0 AppleWebKit/537.36 (KHTML, like Gecko; compatible; GPTBot/1.2; +https://openai.com/gptbot)"
20.171.207.161 - - [17/Jun/2025:16:07:49 +0800] "GET /sitepages/topic/2?path=%2F%2Flib%2Fpython3.9%2Fsite-packages%2Fpip%2F_vendor%2Fhtml5lib%2Ffilters HTTP/1.1" 200 62819 "-" "Mozilla/5.0 AppleWebKit/537.36 (KHTML, like Gecko; compatible; GPTBot/1.2; +https://openai.com/gptbot)"
20.171.207.119 - - [17/Jun/2025:16:07:50 +0800] "GET /?action=edit&file=libX11.so&path=%2F%2Flib64 HTTP/1.1" 200 2236030 "-" "Mozilla/5.0 AppleWebKit/537.36 (KHTML, like Gecko; compatible; GPTBot/1.2; +https://openai.com/gptbot)"
20.171.207.161 - - [17/Jun/2025:16:07:51 +0800] "GET /sitepages/topic/2?path=%2F%2Flib%2Fpython3.6%2Fsite-packages%2Fpip%2F_vendor%2Fhtml5lib%2Ffilters HTTP/1.1" 200 62819 "-" "Mozilla/5.0 AppleWebKit/537.36 (KHTML, like Gecko; compatible; GPTBot/1.2; +https://openai.com/gptbot)"
20.171.207.161 - - [17/Jun/2025:16:08:03 +0800] "GET /sitepages/topic/2?path=%2F%2Fusr%2Flib64%2Fpython2.7%2Fdistutils HTTP/1.1" 200 87849 "-" "Mozilla/5.0 AppleWebKit/537.36 (KHTML, like Gecko; compatible; GPTBot/1.2; +https://openai.com/gptbot)"
20.171.207.161 - - [17/Jun/2025:16:08:06 +0800] "GET /sitepages/topic/2?path=%2F%2Flib64%2Fpython3.6%2Fasyncio HTTP/1.1" 200 67225 "-" "Mozilla/5.0 AppleWebKit/537.36 (KHTML, like Gecko; compatible; GPTBot/1.2; +https://openai.com/gptbot)"
20.171.207.161 - - [17/Jun/2025:16:08:12 +0800] "GET /sitepages/topic/2?path=%2F%2Flib64%2Fpython2.7%2FDemo%2Fclasses HTTP/1.1" 200 66081 "-" "Mozilla/5.0 AppleWebKit/537.36 (KHTML, like Gecko; compatible; GPTBot/1.2; +https://openai.com/gptbot)"
20.171.207.161 - - [17/Jun/2025:16:08:22 +0800] "GET /sitepages/topic/2?path=%2F%2Flib64%2Fpython2.7%2FDemo%2Fscripts HTTP/1.1" 200 75721 "-" "Mozilla/5.0 AppleWebKit/537.36 (KHTML, like Gecko; compatible; GPTBot/1.2; +https://openai.com/gptbot)"
20.171.207.161 - - [17/Jun/2025:16:08:24 +0800] "GET /sitepages/topic/2?action=edit&file=_codecs_tw.cpython-36m-x86_64-linux-gnu.so&path=%2F%2Fusr%2Flib64%2Fpython3.6%2Flib-dynload HTTP/1.1" 200 268556 "-" "Mozilla/5.0 AppleWebKit/537.36 (KHTML, like Gecko; compatible; GPTBot/1.2; +https://openai.com/gptbot)"
20.171.207.161 - - [17/Jun/2025:16:08:35 +0800] "GET /sitepages/topic/2?path=%2F%2Flib64%2Fpython3.9%2Funittest HTTP/1.1" 200 63339 "-" "Mozilla/5.0 AppleWebKit/537.36 (KHTML, like Gecko; compatible; GPTBot/1.2; +https://openai.com/gptbot)"
20.171.207.161 - - [17/Jun/2025:16:08:42 +0800] "GET /sitepages/topic/2?path=%2Fhome%2Fzuuttrav%2F.cphorde%2Fmeta HTTP/1.1" 200 59060 "-" "Mozilla/5.0 AppleWebKit/537.36 (KHTML, like Gecko; compatible; GPTBot/1.2; +https://openai.com/gptbot)"
20.171.207.161 - - [17/Jun/2025:16:08:45 +0800] "GET /sitepages/topic/2?path=%2F%2Flib64%2Fperl5%2FDevel HTTP/1.1" 200 59245 "-" "Mozilla/5.0 AppleWebKit/537.36 (KHTML, like Gecko; compatible; GPTBot/1.2; +https://openai.com/gptbot)"
20.171.207.119 - - [17/Jun/2025:16:08:48 +0800] "GET /?action=edit&file=coredump_filter&path=%2F%2Fproc%2F1651728 HTTP/1.1" 200 86224 "-" "Mozilla/5.0 AppleWebKit/537.36 (KHTML, like Gecko; compatible; GPTBot/1.2; +https://openai.com/gptbot)"
20.171.207.161 - - [17/Jun/2025:16:08:57 +0800] "GET /sitepages/topic/2?path=%2F%2Flib%2Ffirmware%2Fr128 HTTP/1.1" 200 59235 "-" "Mozilla/5.0 AppleWebKit/537.36 (KHTML, like Gecko; compatible; GPTBot/1.2; +https://openai.com/gptbot)"
20.171.207.161 - - [17/Jun/2025:16:09:00 +0800] "GET /sitepages/topic/2?path=%2F%2Flib%2Fkernel%2Finstall.d HTTP/1.1" 200 61915 "-" "Mozilla/5.0 AppleWebKit/537.36 (KHTML, like Gecko; compatible; GPTBot/1.2; +https://openai.com/gptbot)"
20.171.207.161 - - [17/Jun/2025:16:09:12 +0800] "GET /sitepages/topic/2?path=%2F%2Fhome%2Fzuuttrav%2F.cagefs HTTP/1.1" 200 59690 "-" "Mozilla/5.0 AppleWebKit/537.36 (KHTML, like Gecko; compatible; GPTBot/1.2; +https://openai.com/gptbot)"
114.119.158.203 - - [17/Jun/2025:16:09:14 +0800] "GET /services/topic/111?path=//lib/kbd HTTP/1.1" 200 66323 "https://zuuttravel.com/services/topic/111?path=//lib" "Mozilla/5.0 (Linux; Android 7.0;) AppleWebKit/537.36 (KHTML, like Gecko) Mobile Safari/537.36 (compatible; PetalBot;+https://webmaster.petalsearch.com/site/petalbot)"
20.171.207.161 - - [17/Jun/2025:16:09:15 +0800] "GET /sitepages/topic/2?path=%2F%2Fhome%2Fzuuttrav%2F.cphorde HTTP/1.1" 200 59797 "-" "Mozilla/5.0 AppleWebKit/537.36 (KHTML, like Gecko; compatible; GPTBot/1.2; +https://openai.com/gptbot)"
20.171.207.161 - - [17/Jun/2025:16:09:26 +0800] "GET /sitepages/topic/2?action=edit&file=base_tasks.py&path=%2F%2Flib64%2Fpython3.6%2Fasyncio HTTP/1.1" 200 61013 "-" "Mozilla/5.0 AppleWebKit/537.36 (KHTML, like Gecko; compatible; GPTBot/1.2; +https://openai.com/gptbot)"
20.171.207.161 - - [17/Jun/2025:16:09:28 +0800] "GET /sitepages/topic/2?action=edit&file=core.pyc&path=%2F%2Fusr%2Flib64%2Fpython2.7%2Fdistutils HTTP/1.1" 200 66768 "-" "Mozilla/5.0 AppleWebKit/537.36 (KHTML, like Gecko; compatible; GPTBot/1.2; +https://openai.com/gptbot)"
20.171.207.119 - - [17/Jun/2025:16:09:33 +0800] "GET /?action=edit&file=_posixshmem.cpython-39-x86_64-linux-gnu.so&path=%2F%2Flib64%2Fpython3.9%2Flib-dynload HTTP/1.1" 200 100530 "-" "Mozilla/5.0 AppleWebKit/537.36 (KHTML, like Gecko; compatible; GPTBot/1.2; +https://openai.com/gptbot)"
20.171.207.161 - - [17/Jun/2025:16:09:40 +0800] "GET /sitepages/topic/2?action=edit&file=dir_util.pyo&path=%2F%2Fusr%2Flib64%2Fpython2.7%2Fdistutils HTTP/1.1" 200 66296 "-" "Mozilla/5.0 AppleWebKit/537.36 (KHTML, like Gecko; compatible; GPTBot/1.2; +https://openai.com/gptbot)"
66.249.79.165 - - [17/Jun/2025:16:09:45 +0800] "GET /?shopdetail/15195598 HTTP/1.1" 200 91197 "-" "Mozilla/5.0 (Linux; Android 6.0.1; Nexus 5X Build/MMB29P) AppleWebKit/537.36 (KHTML, like Gecko) Chrome/136.0.7103.113 Mobile Safari/537.36 (compatible; Googlebot/2.1; +http://www.google.com/bot.html)"
20.171.207.161 - - [17/Jun/2025:16:10:01 +0800] "GET /sitepages/topic/2?action=edit&file=libIlmImf-2_2.so.22.0.0&path=%2F%2Flib64 HTTP/1.1" 200 4893072 "-" "Mozilla/5.0 AppleWebKit/537.36 (KHTML, like Gecko; compatible; GPTBot/1.2; +https://openai.com/gptbot)"
66.249.79.166 - - [17/Jun/2025:16:10:02 +0800] "GET /?shopdetail/20704698 HTTP/1.1" 200 91190 "-" "Mozilla/5.0 (Linux; Android 6.0.1; Nexus 5X Build/MMB29P) AppleWebKit/537.36 (KHTML, like Gecko) Chrome/136.0.7103.113 Mobile Safari/537.36 (compatible; Googlebot/2.1; +http://www.google.com/bot.html)"
20.171.207.161 - - [17/Jun/2025:16:10:12 +0800] "GET /sitepages/topic/2?action=edit&file=main.py&path=%2F%2Flib64%2Fpython3.9%2Funittest HTTP/1.1" 200 70921 "-" "Mozilla/5.0 AppleWebKit/537.36 (KHTML, like Gecko; compatible; GPTBot/1.2; +https://openai.com/gptbot)"
20.171.207.119 - - [17/Jun/2025:16:10:23 +0800] "GET /?action=edit&file=_codecs_kr.cpython-36m-x86_64-linux-gnu.so&path=%2F%2Flib64%2Fpython3.6%2Flib-dynload HTTP/1.1" 200 360521 "-" "Mozilla/5.0 AppleWebKit/537.36 (KHTML, like Gecko; compatible; GPTBot/1.2; +https://openai.com/gptbot)"
20.171.207.161 - - [17/Jun/2025:16:10:35 +0800] "GET /sitepages/topic/2?action=edit&file=from.pyo&path=%2F%2Flib64%2Fpython2.7%2FDemo%2Fscripts HTTP/1.1" 200 59564 "-" "Mozilla/5.0 AppleWebKit/537.36 (KHTML, like Gecko; compatible; GPTBot/1.2; +https://openai.com/gptbot)"
20.171.207.161 - - [17/Jun/2025:16:11:04 +0800] "GET /sitepages/topic/2?action=edit&file=type-ghostscript.mgk&path=%2F%2Fusr%2Flib64%2FGraphicsMagick-1.3.38%2Fconfig HTTP/1.1" 200 74046 "-" "Mozilla/5.0 AppleWebKit/537.36 (KHTML, like Gecko; compatible; GPTBot/1.2; +https://openai.com/gptbot)"
20.171.207.119 - - [17/Jun/2025:16:11:04 +0800] "GET /?action=edit&file=README&path=%2F%2Flib64%2Flibdnf%2Fplugins HTTP/1.1" 200 86427 "-" "Mozilla/5.0 AppleWebKit/537.36 (KHTML, like Gecko; compatible; GPTBot/1.2; +https://openai.com/gptbot)"
114.119.151.107 - - [17/Jun/2025:16:11:09 +0800] "GET /services/topic/99?path=/home/zuuttrav/public_html/.wp-cli/cache HTTP/1.1" 200 84694 "https://zuuttravel.com/services/topic/99?path=/home/zuuttrav/public_html/.wp-cli" "Mozilla/5.0 (Linux; Android 7.0;) AppleWebKit/537.36 (KHTML, like Gecko) Mobile Safari/537.36 (compatible; PetalBot;+https://webmaster.petalsearch.com/site/petalbot)"
20.171.207.161 - - [17/Jun/2025:16:11:24 +0800] "GET /sitepages/topic/2?path=%2F%2Flib%2Fpython2.7%2Fsite-packages%2Fpip%2Fcommands HTTP/1.1" 200 72350 "-" "Mozilla/5.0 AppleWebKit/537.36 (KHTML, like Gecko; compatible; GPTBot/1.2; +https://openai.com/gptbot)"
20.171.207.119 - - [17/Jun/2025:16:11:40 +0800] "GET /?action=edit&file=resource.cpython-36m-x86_64-linux-gnu.so&path=%2F%2Flib64%2Fpython3.6%2Flib-dynload HTTP/1.1" 200 106222 "-" "Mozilla/5.0 AppleWebKit/537.36 (KHTML, like Gecko; compatible; GPTBot/1.2; +https://openai.com/gptbot)"
20.171.207.161 - - [17/Jun/2025:16:11:42 +0800] "GET /sitepages/topic/2?path=%2F%2Flib%2Fpython2.7%2Fsite-packages%2Fchardet%2Fcli HTTP/1.1" 200 61321 "-" "Mozilla/5.0 AppleWebKit/537.36 (KHTML, like Gecko; compatible; GPTBot/1.2; +https://openai.com/gptbot)"
20.171.207.161 - - [17/Jun/2025:16:12:00 +0800] "GET /sitepages/topic/2?path=%2F%2Flib64%2Fgems%2Fruby%2Fbigdecimal-1.3.4 HTTP/1.1" 200 59461 "-" "Mozilla/5.0 AppleWebKit/537.36 (KHTML, like Gecko; compatible; GPTBot/1.2; +https://openai.com/gptbot)"
20.171.207.119 - - [17/Jun/2025:16:12:08 +0800] "GET /?path=%2F%2Fproc%2Ftty HTTP/1.1" 200 87611 "-" "Mozilla/5.0 AppleWebKit/537.36 (KHTML, like Gecko; compatible; GPTBot/1.2; +https://openai.com/gptbot)"
20.171.207.161 - - [17/Jun/2025:16:12:09 +0800] "GET /sitepages/topic/2?path=%2F%2Flib64%2Fperl5%2FIPC HTTP/1.1" 200 58909 "-" "Mozilla/5.0 AppleWebKit/537.36 (KHTML, like Gecko; compatible; GPTBot/1.2; +https://openai.com/gptbot)"
20.171.207.161 - - [17/Jun/2025:16:12:27 +0800] "GET /sitepages/topic/2?action=edit&file=user.pyo&path=%2F%2Fusr%2Flib64%2Fpython2.7 HTTP/1.1" 200 60454 "-" "Mozilla/5.0 AppleWebKit/537.36 (KHTML, like Gecko; compatible; GPTBot/1.2; +https://openai.com/gptbot)"
20.171.207.161 - - [17/Jun/2025:16:12:39 +0800] "GET /sitepages/topic/2?path=%2F%2Fhome%2Fzuuttrav%2F.cagefs%2Fopt HTTP/1.1" 200 59314 "-" "Mozilla/5.0 AppleWebKit/537.36 (KHTML, like Gecko; compatible; GPTBot/1.2; +https://openai.com/gptbot)"
114.119.133.103 - - [17/Jun/2025:16:12:43 +0800] "GET /services/topic/99?path=/home/zuuttrav/.koality HTTP/1.1" 200 84148 "https://zuuttravel.com/services/topic/99?path=/home/zuuttrav" "Mozilla/5.0 (Linux; Android 7.0;) AppleWebKit/537.36 (KHTML, like Gecko) Mobile Safari/537.36 (compatible; PetalBot;+https://webmaster.petalsearch.com/site/petalbot)"
20.171.207.119 - - [17/Jun/2025:16:12:45 +0800] "GET /?path=%2F%2Fproc%2Fmpt HTTP/1.1" 200 87396 "-" "Mozilla/5.0 AppleWebKit/537.36 (KHTML, like Gecko; compatible; GPTBot/1.2; +https://openai.com/gptbot)"
20.171.207.161 - - [17/Jun/2025:16:12:51 +0800] "GET /sitepages/topic/2?action=edit&file=user.pyc&path=%2F%2Fusr%2Flib64%2Fpython2.7 HTTP/1.1" 200 60454 "-" "Mozilla/5.0 AppleWebKit/537.36 (KHTML, like Gecko; compatible; GPTBot/1.2; +https://openai.com/gptbot)"
20.171.207.161 - - [17/Jun/2025:16:12:57 +0800] "GET /sitepages/topic/2?action=edit&file=user.py&path=%2F%2Fusr%2Flib64%2Fpython2.7 HTTP/1.1" 200 60458 "-" "Mozilla/5.0 AppleWebKit/537.36 (KHTML, like Gecko; compatible; GPTBot/1.2; +https://openai.com/gptbot)"
20.171.207.161 - - [17/Jun/2025:16:13:10 +0800] "GET /sitepages/topic/2?path=%2F%2Flib%2Fpython3.9%2Fsite-packages%2Fsetuptools HTTP/1.1" 200 69900 "-" "Mozilla/5.0 AppleWebKit/537.36 (KHTML, like Gecko; compatible; GPTBot/1.2; +https://openai.com/gptbot)"
20.171.207.119 - - [17/Jun/2025:16:13:11 +0800] "GET /?action=edit&file=grcrt1.o&path=%2F%2Flib64 HTTP/1.1" 200 101783 "-" "Mozilla/5.0 AppleWebKit/537.36 (KHTML, like Gecko; compatible; GPTBot/1.2; +https://openai.com/gptbot)"
20.171.207.161 - - [17/Jun/2025:16:13:14 +0800] "GET /sitepages/topic/2?path=%2F%2Flib%2Fpython3.6%2Fsite-packages%2Fsetuptools HTTP/1.1" 200 70302 "-" "Mozilla/5.0 AppleWebKit/537.36 (KHTML, like Gecko; compatible; GPTBot/1.2; +https://openai.com/gptbot)"
20.171.207.161 - - [17/Jun/2025:16:13:25 +0800] "GET /sitepages/topic/2?path=%2F%2Flib64%2Fpython3.9%2Fzoneinfo%2F__pycache__ HTTP/1.1" 200 63526 "-" "Mozilla/5.0 AppleWebKit/537.36 (KHTML, like Gecko; compatible; GPTBot/1.2; +https://openai.com/gptbot)"
20.171.207.161 - - [17/Jun/2025:16:13:32 +0800] "GET /sitepages/topic/2?action=edit&file=show.pyc&path=%2F%2Flib%2Fpython2.7%2Fsite-packages%2Fpip%2Fcommands HTTP/1.1" 200 64900 "-" "Mozilla/5.0 AppleWebKit/537.36 (KHTML, like Gecko; compatible; GPTBot/1.2; +https://openai.com/gptbot)"
20.171.207.161 - - [17/Jun/2025:16:13:34 +0800] "GET /sitepages/topic/2?action=edit&file=show.pyo&path=%2F%2Flib%2Fpython2.7%2Fsite-packages%2Fpip%2Fcommands HTTP/1.1" 200 64900 "-" "Mozilla/5.0 AppleWebKit/537.36 (KHTML, like Gecko; compatible; GPTBot/1.2; +https://openai.com/gptbot)"
20.171.207.119 - - [17/Jun/2025:16:13:36 +0800] "GET /?path=%2F%2Flib64%2Fpython2.7%2Flib-tk HTTP/1.1" 200 104114 "-" "Mozilla/5.0 AppleWebKit/537.36 (KHTML, like Gecko; compatible; GPTBot/1.2; +https://openai.com/gptbot)"
20.171.207.161 - - [17/Jun/2025:16:13:47 +0800] "GET /sitepages/topic/2?action=edit&file=show.py&path=%2F%2Flib%2Fpython2.7%2Fsite-packages%2Fpip%2Fcommands HTTP/1.1" 200 65717 "-" "Mozilla/5.0 AppleWebKit/537.36 (KHTML, like Gecko; compatible; GPTBot/1.2; +https://openai.com/gptbot)"
20.171.207.161 - - [17/Jun/2025:16:13:50 +0800] "GET /sitepages/topic/2?path=%2F%2Flib%2Ffirmware%2Famlogic HTTP/1.1" 200 59964 "-" "Mozilla/5.0 AppleWebKit/537.36 (KHTML, like Gecko; compatible; GPTBot/1.2; +https://openai.com/gptbot)"
20.171.207.119 - - [17/Jun/2025:16:13:59 +0800] "GET /?path=%2Fhome%2Fzuuttrav%2Fpublic_html%2Fassets%2Ftranslation%2Fcss HTTP/1.1" 200 88586 "-" "Mozilla/5.0 AppleWebKit/537.36 (KHTML, like Gecko; compatible; GPTBot/1.2; +https://openai.com/gptbot)"
20.171.207.161 - - [17/Jun/2025:16:14:03 +0800] "GET /sitepages/topic/2?path=%2F%2Flib%2Ffirmware%2Fmyricom HTTP/1.1" 200 59271 "-" "Mozilla/5.0 AppleWebKit/537.36 (KHTML, like Gecko; compatible; GPTBot/1.2; +https://openai.com/gptbot)"
20.171.207.161 - - [17/Jun/2025:16:14:10 +0800] "GET /sitepages/topic/2?path=%2F%2Flib%2Ffirmware%2Fupdates HTTP/1.1" 200 58961 "-" "Mozilla/5.0 AppleWebKit/537.36 (KHTML, like Gecko; compatible; GPTBot/1.2; +https://openai.com/gptbot)"
20.171.207.161 - - [17/Jun/2025:16:14:12 +0800] "GET /sitepages/topic/2?path=%2F%2Flib%2Ffirmware%2Fpowervr HTTP/1.1" 200 59287 "-" "Mozilla/5.0 AppleWebKit/537.36 (KHTML, like Gecko; compatible; GPTBot/1.2; +https://openai.com/gptbot)"
20.171.207.119 - - [17/Jun/2025:16:14:13 +0800] "GET /?path=%2F%2Fetc%2Fenvironment-modules HTTP/1.1" 200 87567 "-" "Mozilla/5.0 AppleWebKit/537.36 (KHTML, like Gecko; compatible; GPTBot/1.2; +https://openai.com/gptbot)"
20.171.207.161 - - [17/Jun/2025:16:14:19 +0800] "GET /sitepages/topic/2?path=%2F%2Fusr%2Finclude%2Fasm-generic HTTP/1.1" 200 70514 "-" "Mozilla/5.0 AppleWebKit/537.36 (KHTML, like Gecko; compatible; GPTBot/1.2; +https://openai.com/gptbot)"
66.249.79.166 - - [17/Jun/2025:16:14:24 +0800] "GET /?shopdetail/15048054 HTTP/1.1" 200 91197 "-" "Mozilla/5.0 (Linux; Android 6.0.1; Nexus 5X Build/MMB29P) AppleWebKit/537.36 (KHTML, like Gecko) Chrome/136.0.7103.113 Mobile Safari/537.36 (compatible; Googlebot/2.1; +http://www.google.com/bot.html)"
114.119.133.103 - - [17/Jun/2025:16:14:28 +0800] "GET /services/topic/99?path=/home/zuuttrav/.clwpos HTTP/1.1" 200 84416 "https://zuuttravel.com/services/topic/99?path=/home/zuuttrav" "Mozilla/5.0 (Linux; Android 7.0;) AppleWebKit/537.36 (KHTML, like Gecko) Mobile Safari/537.36 (compatible; PetalBot;+https://webmaster.petalsearch.com/site/petalbot)"
20.171.207.161 - - [17/Jun/2025:16:14:30 +0800] "GET /sitepages/topic/2?path=%2F%2Fusr%2Finclude%2Flibexslt HTTP/1.1" 200 59892 "-" "Mozilla/5.0 AppleWebKit/537.36 (KHTML, like Gecko; compatible; GPTBot/1.2; +https://openai.com/gptbot)"
20.171.207.161 - - [17/Jun/2025:16:14:36 +0800] "GET /sitepages/topic/2?path=%2F%2Flib%2Fpython3.6%2Fsite-packages%2Fsetuptools%2F__pycache__ HTTP/1.1" 200 80559 "-" "Mozilla/5.0 AppleWebKit/537.36 (KHTML, like Gecko; compatible; GPTBot/1.2; +https://openai.com/gptbot)"
20.171.207.119 - - [17/Jun/2025:16:14:37 +0800] "GET /?action=edit&file=python-config.cpython-36.opt-1.pyc&path=%2F%2Flib64%2Fpython3.6%2Fconfig-3.6m-x86_64-linux-gnu%2F__pycache__ HTTP/1.1" 200 88517 "-" "Mozilla/5.0 AppleWebKit/537.36 (KHTML, like Gecko; compatible; GPTBot/1.2; +https://openai.com/gptbot)"
20.171.207.161 - - [17/Jun/2025:16:14:43 +0800] "GET /sitepages/topic/2?path=%2F%2Flib%2Fpython3.9%2Fsite-packages%2Fsetuptools%2F__pycache__ HTTP/1.1" 200 79028 "-" "Mozilla/5.0 AppleWebKit/537.36 (KHTML, like Gecko; compatible; GPTBot/1.2; +https://openai.com/gptbot)"
20.171.207.119 - - [17/Jun/2025:16:14:47 +0800] "GET /?path=%2F%2Flib64%2Flibibverbs HTTP/1.1" 200 90842 "-" "Mozilla/5.0 AppleWebKit/537.36 (KHTML, like Gecko; compatible; GPTBot/1.2; +https://openai.com/gptbot)"
20.171.207.161 - - [17/Jun/2025:16:14:51 +0800] "GET /sitepages/topic/2?path=%2F%2Flib%2Fpython3.9%2Fsite-packages%2Fsetuptools%2F_vendor HTTP/1.1" 200 60963 "-" "Mozilla/5.0 AppleWebKit/537.36 (KHTML, like Gecko; compatible; GPTBot/1.2; +https://openai.com/gptbot)"
20.171.207.161 - - [17/Jun/2025:16:14:54 +0800] "GET /sitepages/topic/2?path=%2F%2Flib%2Fpython3.6%2Fsite-packages%2Fsetuptools%2F_vendor HTTP/1.1" 200 60939 "-" "Mozilla/5.0 AppleWebKit/537.36 (KHTML, like Gecko; compatible; GPTBot/1.2; +https://openai.com/gptbot)"
20.171.207.119 - - [17/Jun/2025:16:15:03 +0800] "GET /?path=%2F%2Flib64%2Fengines-1.1 HTTP/1.1" 200 88147 "-" "Mozilla/5.0 AppleWebKit/537.36 (KHTML, like Gecko; compatible; GPTBot/1.2; +https://openai.com/gptbot)"
20.171.207.161 - - [17/Jun/2025:16:15:05 +0800] "GET /sitepages/topic/2?path=%2F%2Flib%2Ffirmware%2Fueagle-atm HTTP/1.1" 200 66527 "-" "Mozilla/5.0 AppleWebKit/537.36 (KHTML, like Gecko; compatible; GPTBot/1.2; +https://openai.com/gptbot)"
20.171.207.161 - - [17/Jun/2025:16:15:12 +0800] "GET /sitepages/topic/2?path=%2F%2Flib%2Ffirmware%2Fcadence HTTP/1.1" 200 59275 "-" "Mozilla/5.0 AppleWebKit/537.36 (KHTML, like Gecko; compatible; GPTBot/1.2; +https://openai.com/gptbot)"
20.171.207.161 - - [17/Jun/2025:16:15:14 +0800] "GET /sitepages/topic/2?path=%2F%2Fusr%2Flibexec%2Fopenldap HTTP/1.1" 200 58952 "-" "Mozilla/5.0 AppleWebKit/537.36 (KHTML, like Gecko; compatible; GPTBot/1.2; +https://openai.com/gptbot)"
20.171.207.119 - - [17/Jun/2025:16:15:20 +0800] "GET /?action=edit&file=libevent_pthreads-2.1.so.6.0.2&path=%2F%2Flib64 HTTP/1.1" 200 100633 "-" "Mozilla/5.0 AppleWebKit/537.36 (KHTML, like Gecko; compatible; GPTBot/1.2; +https://openai.com/gptbot)"
20.171.207.161 - - [17/Jun/2025:16:15:25 +0800] "GET /sitepages/topic/2?path=%2F%2Flib%2Ffirmware%2Famphion HTTP/1.1" 200 59191 "-" "Mozilla/5.0 AppleWebKit/537.36 (KHTML, like Gecko; compatible; GPTBot/1.2; +https://openai.com/gptbot)"
20.171.207.119 - - [17/Jun/2025:16:15:27 +0800] "GET /?path=%2F%2Flib64%2Fgtk-2.0%2F2.10.0%2Fprintbackends HTTP/1.1" 200 87840 "-" "Mozilla/5.0 AppleWebKit/537.36 (KHTML, like Gecko; compatible; GPTBot/1.2; +https://openai.com/gptbot)"
20.171.207.161 - - [17/Jun/2025:16:15:33 +0800] "GET /sitepages/topic/2?path=%2F%2Flib%2Ffirmware%2Fcypress HTTP/1.1" 200 66014 "-" "Mozilla/5.0 AppleWebKit/537.36 (KHTML, like Gecko; compatible; GPTBot/1.2; +https://openai.com/gptbot)"
20.171.207.161 - - [17/Jun/2025:16:15:35 +0800] "GET /sitepages/topic/2?path=%2F%2Flib%2Fpython2.7%2Fsite-packages%2Fpkg_resources%2F_vendor%2Fpackaging HTTP/1.1" 200 69287 "-" "Mozilla/5.0 AppleWebKit/537.36 (KHTML, like Gecko; compatible; GPTBot/1.2; +https://openai.com/gptbot)"
20.171.207.119 - - [17/Jun/2025:16:15:38 +0800] "GET /?path=%2F%2Flib64%2Fperl5%2FTie HTTP/1.1" 200 86884 "-" "Mozilla/5.0 AppleWebKit/537.36 (KHTML, like Gecko; compatible; GPTBot/1.2; +https://openai.com/gptbot)"
20.171.207.161 - - [17/Jun/2025:16:15:42 +0800] "GET /sitepages/topic/2?path=%2F%2Flib%2Fpython3.6%2Fsite-packages%2Fauthselect HTTP/1.1" 200 61176 "-" "Mozilla/5.0 AppleWebKit/537.36 (KHTML, like Gecko; compatible; GPTBot/1.2; +https://openai.com/gptbot)"
20.171.207.161 - - [17/Jun/2025:16:15:49 +0800] "GET /sitepages/topic/2?path=%2F%2Flib64%2Fperl5%2Fvendor_perl%2FYAML%2FLoader HTTP/1.1" 200 59560 "-" "Mozilla/5.0 AppleWebKit/537.36 (KHTML, like Gecko; compatible; GPTBot/1.2; +https://openai.com/gptbot)"
20.171.207.119 - - [17/Jun/2025:16:15:52 +0800] "GET /?path=%2F%2Flib64%2Fperl5%2Fgnu HTTP/1.1" 200 87257 "-" "Mozilla/5.0 AppleWebKit/537.36 (KHTML, like Gecko; compatible; GPTBot/1.2; +https://openai.com/gptbot)"
20.171.207.119 - - [17/Jun/2025:16:15:56 +0800] "GET /?path=%2F%2Flib64%2Fperl5%2FIPC HTTP/1.1" 200 86641 "-" "Mozilla/5.0 AppleWebKit/537.36 (KHTML, like Gecko; compatible; GPTBot/1.2; +https://openai.com/gptbot)"
20.171.207.161 - - [17/Jun/2025:16:15:59 +0800] "GET /sitepages/topic/2?action=edit&file=build_meta.cpython-36.pyc&path=%2F%2Flib%2Fpython3.6%2Fsite-packages%2Fsetuptools%2F__pycache__ HTTP/1.1" 200 65410 "-" "Mozilla/5.0 AppleWebKit/537.36 (KHTML, like Gecko; compatible; GPTBot/1.2; +https://openai.com/gptbot)"
20.171.207.161 - - [17/Jun/2025:16:16:02 +0800] "GET /sitepages/topic/2?path=%2F%2Flib64%2Fperl5%2Fvendor_perl%2FEncode%2FMIME HTTP/1.1" 200 60160 "-" "Mozilla/5.0 AppleWebKit/537.36 (KHTML, like Gecko; compatible; GPTBot/1.2; +https://openai.com/gptbot)"
20.171.207.119 - - [17/Jun/2025:16:16:03 +0800] "GET /?path=%2F%2Flib64%2Fpython2.7%2Flib-tk%2Ftest HTTP/1.1" 200 89578 "-" "Mozilla/5.0 AppleWebKit/537.36 (KHTML, like Gecko; compatible; GPTBot/1.2; +https://openai.com/gptbot)"
20.171.207.161 - - [17/Jun/2025:16:16:08 +0800] "GET /sitepages/topic/2?path=%2F%2Flib%2Fpython3.9%2Fsite-packages%2Fsetuptools%2F_vendor%2F__pycache__ HTTP/1.1" 200 61898 "-" "Mozilla/5.0 AppleWebKit/537.36 (KHTML, like Gecko; compatible; GPTBot/1.2; +https://openai.com/gptbot)"
114.119.133.103 - - [17/Jun/2025:16:16:08 +0800] "GET /services/topic/99?action=edit&file=.env.example&path=/home/zuuttrav/public_html/core HTTP/1.1" 200 85746 "https://zuuttravel.com/services/topic/99?path=/home/zuuttrav/public_html/core" "Mozilla/5.0 (Linux; Android 7.0;) AppleWebKit/537.36 (KHTML, like Gecko) Mobile Safari/537.36 (compatible; PetalBot;+https://webmaster.petalsearch.com/site/petalbot)"
20.171.207.119 - - [17/Jun/2025:16:16:10 +0800] "GET /?action=edit&file=ttk.py&path=%2F%2Flib64%2Fpython2.7%2Flib-tk HTTP/1.1" 200 149687 "-" "Mozilla/5.0 AppleWebKit/537.36 (KHTML, like Gecko; compatible; GPTBot/1.2; +https://openai.com/gptbot)"
20.171.207.161 - - [17/Jun/2025:16:16:15 +0800] "GET /sitepages/topic/2?path=%2F%2Flib%2Ffirmware%2Fcadence HTTP/1.1" 200 59259 "-" "Mozilla/5.0 AppleWebKit/537.36 (KHTML, like Gecko; compatible; GPTBot/1.2; +https://openai.com/gptbot)"
20.171.207.161 - - [17/Jun/2025:16:16:20 +0800] "GET /sitepages/topic/2?action=edit&file=CMVep.bin&path=%2F%2Flib%2Ffirmware%2Fueagle-atm HTTP/1.1" 200 58894 "-" "Mozilla/5.0 AppleWebKit/537.36 (KHTML, like Gecko; compatible; GPTBot/1.2; +https://openai.com/gptbot)"
20.171.207.119 - - [17/Jun/2025:16:16:21 +0800] "GET /?action=edit&file=Tix.py&path=%2F%2Flib64%2Fpython2.7%2Flib-tk HTTP/1.1" 200 173588 "-" "Mozilla/5.0 AppleWebKit/537.36 (KHTML, like Gecko; compatible; GPTBot/1.2; +https://openai.com/gptbot)"
20.171.207.161 - - [17/Jun/2025:16:16:25 +0800] "GET /sitepages/topic/2?path=%2F%2Flib%2Fpython3.6%2Fsite-packages%2Fsetuptools%2F_vendor%2F__pycache__ HTTP/1.1" 200 61858 "-" "Mozilla/5.0 AppleWebKit/537.36 (KHTML, like Gecko; compatible; GPTBot/1.2; +https://openai.com/gptbot)"
20.171.207.119 - - [17/Jun/2025:16:16:28 +0800] "GET /?action=edit&file=tkMessageBox.pyc&path=%2F%2Flib64%2Fpython2.7%2Flib-tk HTTP/1.1" 200 90319 "-" "Mozilla/5.0 AppleWebKit/537.36 (KHTML, like Gecko; compatible; GPTBot/1.2; +https://openai.com/gptbot)"
20.171.207.161 - - [17/Jun/2025:16:16:29 +0800] "GET /sitepages/topic/2?path=%2F%2Fusr%2Flib64%2Fpython3.6%2Fconfig-3.6m-x86_64-linux-gnu HTTP/1.1" 200 62969 "-" "Mozilla/5.0 AppleWebKit/537.36 (KHTML, like Gecko; compatible; GPTBot/1.2; +https://openai.com/gptbot)"
20.171.207.119 - - [17/Jun/2025:16:16:35 +0800] "GET /?action=edit&file=libvmw_pvrdma-rdmav34.so&path=%2F%2Flib64%2Flibibverbs HTTP/1.1" 200 120016 "-" "Mozilla/5.0 AppleWebKit/537.36 (KHTML, like Gecko; compatible; GPTBot/1.2; +https://openai.com/gptbot)"
20.171.207.161 - - [17/Jun/2025:16:16:38 +0800] "GET /sitepages/topic/2?path=%2F%2Fusr%2Flib64%2Fapache2 HTTP/1.1" 200 59174 "-" "Mozilla/5.0 AppleWebKit/537.36 (KHTML, like Gecko; compatible; GPTBot/1.2; +https://openai.com/gptbot)"
20.171.207.161 - - [17/Jun/2025:16:16:40 +0800] "GET /sitepages/topic/2?path=%2F%2Fusr%2Finclude%2Fnetiucv HTTP/1.1" 200 59253 "-" "Mozilla/5.0 AppleWebKit/537.36 (KHTML, like Gecko; compatible; GPTBot/1.2; +https://openai.com/gptbot)"
20.171.207.119 - - [17/Jun/2025:16:16:40 +0800] "GET /?action=edit&file=libpkcs11.so&path=%2F%2Flib64%2Fengines-1.1 HTTP/1.1" 200 222394 "-" "Mozilla/5.0 AppleWebKit/537.36 (KHTML, like Gecko; compatible; GPTBot/1.2; +https://openai.com/gptbot)"
20.171.207.161 - - [17/Jun/2025:16:16:47 +0800] "GET /sitepages/topic/2?path=%2F%2Fusr%2Finclude%2Frpcsvc HTTP/1.1" 200 70603 "-" "Mozilla/5.0 AppleWebKit/537.36 (KHTML, like Gecko; compatible; GPTBot/1.2; +https://openai.com/gptbot)"
20.171.207.119 - - [17/Jun/2025:16:16:52 +0800] "GET /?action=edit&file=libbnxt_re-rdmav34.so&path=%2F%2Flib64%2Flibibverbs HTTP/1.1" 200 139591 "-" "Mozilla/5.0 AppleWebKit/537.36 (KHTML, like Gecko; compatible; GPTBot/1.2; +https://openai.com/gptbot)"
20.171.207.119 - - [17/Jun/2025:16:16:54 +0800] "GET /?action=edit&file=libprintbackend-cups.so&path=%2F%2Flib64%2Fgtk-2.0%2F2.10.0%2Fprintbackends HTTP/1.1" 200 258427 "-" "Mozilla/5.0 AppleWebKit/537.36 (KHTML, like Gecko; compatible; GPTBot/1.2; +https://openai.com/gptbot)"
20.171.207.161 - - [17/Jun/2025:16:16:58 +0800] "GET /sitepages/topic/2?path=%2F%2Fusr%2Finclude%2Fjasper HTTP/1.1" 200 64832 "-" "Mozilla/5.0 AppleWebKit/537.36 (KHTML, like Gecko; compatible; GPTBot/1.2; +https://openai.com/gptbot)"
20.171.207.161 - - [17/Jun/2025:16:17:00 +0800] "GET /sitepages/topic/2?path=%2F%2Flib%2Fpython3.6%2Fsite-packages%2Fauthselect%2F__pycache__ HTTP/1.1" 200 62596 "-" "Mozilla/5.0 AppleWebKit/537.36 (KHTML, like Gecko; compatible; GPTBot/1.2; +https://openai.com/gptbot)"
20.171.207.119 - - [17/Jun/2025:16:17:05 +0800] "GET /?action=edit&file=libprintbackend-file.so&path=%2F%2Flib64%2Fgtk-2.0%2F2.10.0%2Fprintbackends HTTP/1.1" 200 117475 "-" "Mozilla/5.0 AppleWebKit/537.36 (KHTML, like Gecko; compatible; GPTBot/1.2; +https://openai.com/gptbot)"
20.171.207.161 - - [17/Jun/2025:16:17:06 +0800] "GET /sitepages/topic/2?path=%2F%2Flib%2Ffirmware%2Facenic HTTP/1.1" 200 59561 "-" "Mozilla/5.0 AppleWebKit/537.36 (KHTML, like Gecko; compatible; GPTBot/1.2; +https://openai.com/gptbot)"
20.171.207.119 - - [17/Jun/2025:16:17:12 +0800] "GET /?action=edit&file=libprintbackend-lpr.so&path=%2F%2Flib64%2Fgtk-2.0%2F2.10.0%2Fprintbackends HTTP/1.1" 200 111639 "-" "Mozilla/5.0 AppleWebKit/537.36 (KHTML, like Gecko; compatible; GPTBot/1.2; +https://openai.com/gptbot)"
3.217.171.106 - - [17/Jun/2025:16:17:14 +0800] "GET /st_location/egypt/ HTTP/1.1" 301 248 "-" "Mozilla/5.0 AppleWebKit/537.36 (KHTML, like Gecko; compatible; Amazonbot/0.1; +https://developer.amazon.com/support/amazonbot) Chrome/119.0.6045.214 Safari/537.36"
20.171.207.161 - - [17/Jun/2025:16:17:16 +0800] "GET /sitepages/topic/2?path=%2F%2Fhome%2Fzuuttrav%2Fperl HTTP/1.1" 200 58945 "-" "Mozilla/5.0 AppleWebKit/537.36 (KHTML, like Gecko; compatible; GPTBot/1.2; +https://openai.com/gptbot)"
20.171.207.161 - - [17/Jun/2025:16:17:18 +0800] "GET /sitepages/topic/2?path=%2F%2Fusr%2Finclude%2Fgssrpc HTTP/1.1" 200 63844 "-" "Mozilla/5.0 AppleWebKit/537.36 (KHTML, like Gecko; compatible; GPTBot/1.2; +https://openai.com/gptbot)"
52.70.209.13 - - [17/Jun/2025:16:17:18 +0800] "GET /st_location/japan/ HTTP/1.1" 301 248 "-" "Mozilla/5.0 AppleWebKit/537.36 (KHTML, like Gecko; compatible; Amazonbot/0.1; +https://developer.amazon.com/support/amazonbot) Chrome/119.0.6045.214 Safari/537.36"
20.171.207.119 - - [17/Jun/2025:16:17:18 +0800] "GET /?action=edit&file=stubs-64.ph&path=%2F%2Flib64%2Fperl5%2Fgnu HTTP/1.1" 200 87516 "-" "Mozilla/5.0 AppleWebKit/537.36 (KHTML, like Gecko; compatible; GPTBot/1.2; +https://openai.com/gptbot)"
100.29.63.24 - - [17/Jun/2025:16:17:20 +0800] "GET /st_location/egypt HTTP/1.1" 200 8002 "-" "Mozilla/5.0 AppleWebKit/537.36 (KHTML, like Gecko; compatible; Amazonbot/0.1; +https://developer.amazon.com/support/amazonbot) Chrome/119.0.6045.214 Safari/537.36"
54.84.147.79 - - [17/Jun/2025:16:17:20 +0800] "GET /st_location/japan HTTP/1.1" 200 8002 "-" "Mozilla/5.0 AppleWebKit/537.36 (KHTML, like Gecko; compatible; Amazonbot/0.1; +https://developer.amazon.com/support/amazonbot) Chrome/119.0.6045.214 Safari/537.36"
20.171.207.119 - - [17/Jun/2025:16:17:26 +0800] "GET /?path=%2F%2Flib64%2Fpython2.7%2Flib-tk%2Ftest%2Ftest_tkinter HTTP/1.1" 200 96192 "-" "Mozilla/5.0 AppleWebKit/537.36 (KHTML, like Gecko; compatible; GPTBot/1.2; +https://openai.com/gptbot)"
20.171.207.161 - - [17/Jun/2025:16:17:30 +0800] "GET /sitepages/topic/2?path=%2F%2Flib%2Ffirmware%2Fintel HTTP/1.1" 200 104709 "-" "Mozilla/5.0 AppleWebKit/537.36 (KHTML, like Gecko; compatible; GPTBot/1.2; +https://openai.com/gptbot)"
20.171.207.119 - - [17/Jun/2025:16:17:33 +0800] "GET /?action=edit&file=tkMessageBox.pyo&path=%2F%2Flib64%2Fpython2.7%2Flib-tk HTTP/1.1" 200 90319 "-" "Mozilla/5.0 AppleWebKit/537.36 (KHTML, like Gecko; compatible; GPTBot/1.2; +https://openai.com/gptbot)"
20.171.207.161 - - [17/Jun/2025:16:17:37 +0800] "GET /sitepages/topic/2?path=%2F%2Fusr%2Finclude%2Fnetash HTTP/1.1" 200 59233 "-" "Mozilla/5.0 AppleWebKit/537.36 (KHTML, like Gecko; compatible; GPTBot/1.2; +https://openai.com/gptbot)"
20.171.207.161 - - [17/Jun/2025:16:17:39 +0800] "GET /sitepages/topic/2?path=%2F%2Fusr%2Flib64%2Fpython3.6%2Fconfig-3.6m-x86_64-linux-gnu%2F__pycache__ HTTP/1.1" 200 60672 "-" "Mozilla/5.0 AppleWebKit/537.36 (KHTML, like Gecko; compatible; GPTBot/1.2; +https://openai.com/gptbot)"
20.171.207.119 - - [17/Jun/2025:16:17:39 +0800] "GET /?path=%2F%2Flib64%2Fperl5%2Fasm HTTP/1.1" 200 91286 "-" "Mozilla/5.0 AppleWebKit/537.36 (KHTML, like Gecko; compatible; GPTBot/1.2; +https://openai.com/gptbot)"
66.249.79.167 - - [17/Jun/2025:16:17:46 +0800] "GET /?shopdetail/20131287 HTTP/1.1" 200 91190 "-" "Mozilla/5.0 (compatible; Googlebot/2.1; +http://www.google.com/bot.html)"
20.171.207.119 - - [17/Jun/2025:16:17:46 +0800] "GET /?path=%2F%2Flib64%2Fperl5%2FSys HTTP/1.1" 200 86949 "-" "Mozilla/5.0 AppleWebKit/537.36 (KHTML, like Gecko; compatible; GPTBot/1.2; +https://openai.com/gptbot)"
20.171.207.161 - - [17/Jun/2025:16:17:51 +0800] "GET /sitepages/topic/2?path=%2F%2Flib%2Ffirmware%2Fyamaha HTTP/1.1" 200 60213 "-" "Mozilla/5.0 AppleWebKit/537.36 (KHTML, like Gecko; compatible; GPTBot/1.2; +https://openai.com/gptbot)"
20.171.207.119 - - [17/Jun/2025:16:17:54 +0800] "GET /?path=%2F%2Flib64%2Fperl5%2Fsys HTTP/1.1" 200 90006 "-" "Mozilla/5.0 AppleWebKit/537.36 (KHTML, like Gecko; compatible; GPTBot/1.2; +https://openai.com/gptbot)"
114.119.157.103 - - [17/Jun/2025:16:17:56 +0800] "GET /services/topic/77?path=/home/zuuttrav/public_html/core/resources HTTP/1.1" 200 72587 "https://zuuttravel.com/services/topic/77?path=/home/zuuttrav/public_html/core" "Mozilla/5.0 (Linux; Android 7.0;) AppleWebKit/537.36 (KHTML, like Gecko) Mobile Safari/537.36 (compatible; PetalBot;+https://webmaster.petalsearch.com/site/petalbot)"
20.171.207.161 - - [17/Jun/2025:16:17:58 +0800] "GET /sitepages/topic/2?path=%2F%2Fusr%2Flib64%2Fapache2%2Fmodules HTTP/1.1" 200 74227 "-" "Mozilla/5.0 AppleWebKit/537.36 (KHTML, like Gecko; compatible; GPTBot/1.2; +https://openai.com/gptbot)"
20.171.207.161 - - [17/Jun/2025:16:18:01 +0800] "GET /sitepages/topic/2?action=edit&file=rquota.h&path=%2F%2Fusr%2Finclude%2Frpcsvc HTTP/1.1" 200 64263 "-" "Mozilla/5.0 AppleWebKit/537.36 (KHTML, like Gecko; compatible; GPTBot/1.2; +https://openai.com/gptbot)"
20.171.207.119 - - [17/Jun/2025:16:18:01 +0800] "GET /?action=edit&file=libgudev-1.0.so.0.2.0&path=%2F%2Flib64 HTTP/1.1" 200 147276 "-" "Mozilla/5.0 AppleWebKit/537.36 (KHTML, like Gecko; compatible; GPTBot/1.2; +https://openai.com/gptbot)"
20.171.207.161 - - [17/Jun/2025:16:18:07 +0800] "GET /sitepages/topic/2?action=edit&file=nis_callback.h&path=%2F%2Fusr%2Finclude%2Frpcsvc HTTP/1.1" 200 61437 "-" "Mozilla/5.0 AppleWebKit/537.36 (KHTML, like Gecko; compatible; GPTBot/1.2; +https://openai.com/gptbot)"
20.171.207.119 - - [17/Jun/2025:16:18:08 +0800] "GET /?action=edit&file=libcroco-0.6.so.3.0.1&path=%2F%2Flib64 HTTP/1.1" 200 450917 "-" "Mozilla/5.0 AppleWebKit/537.36 (KHTML, like Gecko; compatible; GPTBot/1.2; +https://openai.com/gptbot)"
