20.171.207.161 - - [17/Jun/2025:15:09:35 +0800] "GET /sitepages/topic/2?action=edit&file=drv_libxml2.py&path=%2F%2Fusr%2Flib64%2Fpython3.6%2Fsite-packages HTTP/1.1" 200 74457 "-" "Mozilla/5.0 AppleWebKit/537.36 (KHTML, like Gecko; compatible; GPTBot/1.2; +https://openai.com/gptbot)"
114.119.133.103 - - [17/Jun/2025:15:09:40 +0800] "GET /blog/topic/81?path=//var/cpanel HTTP/1.1" 200 60111 "https://zuuttravel.com/blog/topic/81?path=//var" "Mozilla/5.0 (Linux; Android 7.0;) AppleWebKit/537.36 (KHTML, like Gecko) Mobile Safari/537.36 (compatible; PetalBot;+https://webmaster.petalsearch.com/site/petalbot)"
20.171.207.119 - - [17/Jun/2025:15:09:40 +0800] "GET /?path=%2F%2Flib64%2Fgdk-pixbuf-2.0 HTTP/1.1" 200 86867 "-" "Mozilla/5.0 AppleWebKit/537.36 (KHTML, like Gecko; compatible; GPTBot/1.2; +https://openai.com/gptbot)"
20.171.207.161 - - [17/Jun/2025:15:09:42 +0800] "GET /sitepages/topic/2?path=%2F%2Fusr%2Flib64%2Fpython3.6%2Fsite-packages%2Flxml HTTP/1.1" 200 66332 "-" "Mozilla/5.0 AppleWebKit/537.36 (KHTML, like Gecko; compatible; GPTBot/1.2; +https://openai.com/gptbot)"
20.171.207.161 - - [17/Jun/2025:15:09:45 +0800] "GET /sitepages/topic/2?path=%2F%2Fusr%2Flib64%2Fpython3.6%2Fsite-packages%2F__pycache__ HTTP/1.1" 200 65299 "-" "Mozilla/5.0 AppleWebKit/537.36 (KHTML, like Gecko; compatible; GPTBot/1.2; +https://openai.com/gptbot)"
20.171.207.161 - - [17/Jun/2025:15:09:51 +0800] "GET /sitepages/topic/2?path=%2F%2Fusr%2Flib64%2Fpython3.6%2Fsite-packages%2Fcffi HTTP/1.1" 200 65963 "-" "Mozilla/5.0 AppleWebKit/537.36 (KHTML, like Gecko; compatible; GPTBot/1.2; +https://openai.com/gptbot)"
20.171.207.161 - - [17/Jun/2025:15:09:57 +0800] "GET /sitepages/topic/2?path=%2F%2Fusr%2Flib64%2Fpython3.6%2Fsite-packages%2Fcurl HTTP/1.1" 200 59869 "-" "Mozilla/5.0 AppleWebKit/537.36 (KHTML, like Gecko; compatible; GPTBot/1.2; +https://openai.com/gptbot)"
20.171.207.161 - - [17/Jun/2025:15:10:06 +0800] "GET /sitepages/topic/2?path=%2F%2Fusr%2Flib64%2Fpython3.6%2Fsite-packages%2Fyaml HTTP/1.1" 200 65219 "-" "Mozilla/5.0 AppleWebKit/537.36 (KHTML, like Gecko; compatible; GPTBot/1.2; +https://openai.com/gptbot)"
20.171.207.161 - - [17/Jun/2025:15:10:13 +0800] "GET /sitepages/topic/2?action=edit&file=sre_constants.cpython-36.opt-2.pyc&path=%2F%2Fusr%2Flib64%2Fpython3.6%2F__pycache__ HTTP/1.1" 200 64979 "-" "Mozilla/5.0 AppleWebKit/537.36 (KHTML, like Gecko; compatible; GPTBot/1.2; +https://openai.com/gptbot)"
20.171.207.161 - - [17/Jun/2025:15:10:19 +0800] "GET /sitepages/topic/2?action=edit&file=_sysconfigdata_dm_linux_x86_64-linux-gnu.cpython-36.opt-2.pyc&path=%2F%2Fusr%2Flib64%2Fpython3.6%2F__pycache__ HTTP/1.1" 200 86199 "-" "Mozilla/5.0 AppleWebKit/537.36 (KHTML, like Gecko; compatible; GPTBot/1.2; +https://openai.com/gptbot)"
20.171.207.119 - - [17/Jun/2025:15:10:20 +0800] "GET /?path=%2F%2Fvar%2Fphp HTTP/1.1" 200 86794 "-" "Mozilla/5.0 AppleWebKit/537.36 (KHTML, like Gecko; compatible; GPTBot/1.2; +https://openai.com/gptbot)"
20.171.207.161 - - [17/Jun/2025:15:10:25 +0800] "GET /sitepages/topic/2?action=edit&file=stringprep.cpython-36.opt-2.pyc&path=%2F%2Fusr%2Flib64%2Fpython3.6%2F__pycache__ HTTP/1.1" 200 71410 "-" "Mozilla/5.0 AppleWebKit/537.36 (KHTML, like Gecko; compatible; GPTBot/1.2; +https://openai.com/gptbot)"
20.171.207.161 - - [17/Jun/2025:15:10:28 +0800] "GET /sitepages/topic/2?action=edit&file=modulefinder.cpython-36.opt-2.pyc&path=%2F%2Fusr%2Flib64%2Fpython3.6%2F__pycache__ HTTP/1.1" 200 74984 "-" "Mozilla/5.0 AppleWebKit/537.36 (KHTML, like Gecko; compatible; GPTBot/1.2; +https://openai.com/gptbot)"
20.171.207.161 - - [17/Jun/2025:15:10:40 +0800] "GET /sitepages/topic/2?action=edit&file=base64.cpython-36.opt-2.pyc&path=%2F%2Fusr%2Flib64%2Fpython3.6%2F__pycache__ HTTP/1.1" 200 71740 "-" "Mozilla/5.0 AppleWebKit/537.36 (KHTML, like Gecko; compatible; GPTBot/1.2; +https://openai.com/gptbot)"
20.171.207.161 - - [17/Jun/2025:15:10:43 +0800] "GET /sitepages/topic/2?action=edit&file=string.cpython-36.opt-2.pyc&path=%2F%2Fusr%2Flib64%2Fpython3.6%2F__pycache__ HTTP/1.1" 200 66536 "-" "Mozilla/5.0 AppleWebKit/537.36 (KHTML, like Gecko; compatible; GPTBot/1.2; +https://openai.com/gptbot)"
20.171.207.119 - - [17/Jun/2025:15:10:44 +0800] "GET /?action=edit&file=c99&path=%2F%2Fbin HTTP/1.1" 200 86460 "-" "Mozilla/5.0 AppleWebKit/537.36 (KHTML, like Gecko; compatible; GPTBot/1.2; +https://openai.com/gptbot)"
20.171.207.161 - - [17/Jun/2025:15:10:50 +0800] "GET /sitepages/topic/2?action=edit&file=secrets.cpython-36.opt-1.pyc&path=%2F%2Fusr%2Flib64%2Fpython3.6%2F__pycache__ HTTP/1.1" 200 61253 "-" "Mozilla/5.0 AppleWebKit/537.36 (KHTML, like Gecko; compatible; GPTBot/1.2; +https://openai.com/gptbot)"
20.171.207.161 - - [17/Jun/2025:15:10:57 +0800] "GET /sitepages/topic/2?action=edit&file=drv_libxml2.cpython-36.pyc&path=%2F%2Fusr%2Flib64%2Fpython3.6%2Fsite-packages%2F__pycache__ HTTP/1.1" 200 69295 "-" "Mozilla/5.0 AppleWebKit/537.36 (KHTML, like Gecko; compatible; GPTBot/1.2; +https://openai.com/gptbot)"
20.171.207.161 - - [17/Jun/2025:15:11:02 +0800] "GET /sitepages/topic/2?action=edit&file=error.py&path=%2F%2Fusr%2Flib64%2Fpython3.6%2Fsite-packages%2Fcffi HTTP/1.1" 200 59590 "-" "Mozilla/5.0 AppleWebKit/537.36 (KHTML, like Gecko; compatible; GPTBot/1.2; +https://openai.com/gptbot)"
20.171.207.161 - - [17/Jun/2025:15:11:07 +0800] "GET /sitepages/topic/2?path=%2F%2Fusr%2Flib64%2Fpython3.6%2Fsite-packages%2Fcffi%2F__pycache__ HTTP/1.1" 200 70886 "-" "Mozilla/5.0 AppleWebKit/537.36 (KHTML, like Gecko; compatible; GPTBot/1.2; +https://openai.com/gptbot)"
20.171.207.119 - - [17/Jun/2025:15:11:11 +0800] "GET /?action=edit&file=%5B&path=%2F%2Fbin HTTP/1.1" 200 170858 "-" "Mozilla/5.0 AppleWebKit/537.36 (KHTML, like Gecko; compatible; GPTBot/1.2; +https://openai.com/gptbot)"
66.249.79.166 - - [17/Jun/2025:15:11:13 +0800] "GET /?shopdetail/15423554 HTTP/1.1" 200 91197 "-" "Mozilla/5.0 (Linux; Android 6.0.1; Nexus 5X Build/MMB29P) AppleWebKit/537.36 (KHTML, like Gecko) Chrome/136.0.7103.113 Mobile Safari/537.36 (compatible; Googlebot/2.1; +http://www.google.com/bot.html)"
20.171.207.161 - - [17/Jun/2025:15:11:16 +0800] "GET /sitepages/topic/2?action=edit&file=emitter.py&path=%2F%2Fusr%2Flib64%2Fpython3.6%2Fsite-packages%2Fyaml HTTP/1.1" 200 104575 "-" "Mozilla/5.0 AppleWebKit/537.36 (KHTML, like Gecko; compatible; GPTBot/1.2; +https://openai.com/gptbot)"
20.171.207.161 - - [17/Jun/2025:15:11:22 +0800] "GET /sitepages/topic/2?path=%2F%2Fusr%2Flib64%2Fpython3.6%2Fsite-packages%2Fyaml%2F__pycache__ HTTP/1.1" 200 72295 "-" "Mozilla/5.0 AppleWebKit/537.36 (KHTML, like Gecko; compatible; GPTBot/1.2; +https://openai.com/gptbot)"
20.171.207.161 - - [17/Jun/2025:15:11:29 +0800] "GET /sitepages/topic/2?path=%2F%2Fusr%2Flib64%2Fpython3.6%2Fsite-packages%2Fcurl%2F__pycache__ HTTP/1.1" 200 60203 "-" "Mozilla/5.0 AppleWebKit/537.36 (KHTML, like Gecko; compatible; GPTBot/1.2; +https://openai.com/gptbot)"
20.171.207.161 - - [17/Jun/2025:15:11:35 +0800] "GET /sitepages/topic/2?path=%2F%2Fusr%2Flib64%2Fpython3.6%2Fsite-packages%2Flxml%2F__pycache__ HTTP/1.1" 200 66337 "-" "Mozilla/5.0 AppleWebKit/537.36 (KHTML, like Gecko; compatible; GPTBot/1.2; +https://openai.com/gptbot)"
20.171.207.161 - - [17/Jun/2025:15:11:37 +0800] "GET /sitepages/topic/2?path=%2F%2Fusr%2Flib64%2Fpython3.6%2Fsite-packages%2Fdbus HTTP/1.1" 200 64851 "-" "Mozilla/5.0 AppleWebKit/537.36 (KHTML, like Gecko; compatible; GPTBot/1.2; +https://openai.com/gptbot)"
20.171.207.119 - - [17/Jun/2025:15:11:40 +0800] "GET /?action=edit&file=libg.a&path=%2F%2Flib64 HTTP/1.1" 200 94134 "-" "Mozilla/5.0 AppleWebKit/537.36 (KHTML, like Gecko; compatible; GPTBot/1.2; +https://openai.com/gptbot)"
20.171.207.161 - - [17/Jun/2025:15:11:44 +0800] "GET /sitepages/topic/2?path=%2F%2Fusr%2Flib64%2Fpython3.6%2Fsite-packages%2Fhawkey HTTP/1.1" 200 60493 "-" "Mozilla/5.0 AppleWebKit/537.36 (KHTML, like Gecko; compatible; GPTBot/1.2; +https://openai.com/gptbot)"
20.171.207.161 - - [17/Jun/2025:15:11:55 +0800] "GET /sitepages/topic/2?path=%2F%2Fusr%2Flib64%2Fpython3.6%2Fencodings%2F__pycache__ HTTP/1.1" 200 197858 "-" "Mozilla/5.0 AppleWebKit/537.36 (KHTML, like Gecko; compatible; GPTBot/1.2; +https://openai.com/gptbot)"
20.171.207.161 - - [17/Jun/2025:15:11:57 +0800] "GET /sitepages/topic/2?path=%2F%2Fusr%2Flib64%2Fpython3.6%2Fconcurrent HTTP/1.1" 200 59946 "-" "Mozilla/5.0 AppleWebKit/537.36 (KHTML, like Gecko; compatible; GPTBot/1.2; +https://openai.com/gptbot)"
20.171.207.119 - - [17/Jun/2025:15:11:59 +0800] "GET /?action=edit&file=c89&path=%2F%2Fbin HTTP/1.1" 200 86469 "-" "Mozilla/5.0 AppleWebKit/537.36 (KHTML, like Gecko; compatible; GPTBot/1.2; +https://openai.com/gptbot)"
20.171.207.161 - - [17/Jun/2025:15:12:09 +0800] "GET /sitepages/topic/2?path=%2F%2Fusr%2Flib64%2Fpython2.7%2Fencodings HTTP/1.1" 200 176177 "-" "Mozilla/5.0 AppleWebKit/537.36 (KHTML, like Gecko; compatible; GPTBot/1.2; +https://openai.com/gptbot)"
114.119.150.208 - - [17/Jun/2025:15:12:15 +0800] "GET /blog/topic/81?path=//var/.cagefs HTTP/1.1" 200 59743 "https://zuuttravel.com/blog/topic/81?path=//var" "Mozilla/5.0 (Linux; Android 7.0;) AppleWebKit/537.36 (KHTML, like Gecko) Mobile Safari/537.36 (compatible; PetalBot;+https://webmaster.petalsearch.com/site/petalbot)"
20.171.207.161 - - [17/Jun/2025:15:12:16 +0800] "GET /sitepages/topic/2?path=%2F%2Fusr%2Flib64%2Fpython2.7%2Fimportlib HTTP/1.1" 200 60078 "-" "Mozilla/5.0 AppleWebKit/537.36 (KHTML, like Gecko; compatible; GPTBot/1.2; +https://openai.com/gptbot)"
20.171.207.161 - - [17/Jun/2025:15:12:18 +0800] "GET /sitepages/topic/2?path=%2F%2Fusr%2Flib64%2Fpython2.7%2Fcompiler HTTP/1.1" 200 69725 "-" "Mozilla/5.0 AppleWebKit/537.36 (KHTML, like Gecko; compatible; GPTBot/1.2; +https://openai.com/gptbot)"
20.171.207.119 - - [17/Jun/2025:15:12:18 +0800] "GET /?action=edit&file=pip-3&path=%2F%2Fbin HTTP/1.1" 200 86072 "-" "Mozilla/5.0 AppleWebKit/537.36 (KHTML, like Gecko; compatible; GPTBot/1.2; +https://openai.com/gptbot)"
20.171.207.161 - - [17/Jun/2025:15:12:29 +0800] "GET /sitepages/topic/2?path=%2F%2Fusr%2Flib64%2Fpython3.6%2Fdistutils HTTP/1.1" 200 69064 "-" "Mozilla/5.0 AppleWebKit/537.36 (KHTML, like Gecko; compatible; GPTBot/1.2; +https://openai.com/gptbot)"
66.249.79.165 - - [17/Jun/2025:15:12:29 +0800] "GET /?shopdetail/11234832 HTTP/1.1" 200 91197 "-" "Mozilla/5.0 (compatible; Googlebot/2.1; +http://www.google.com/bot.html)"
20.171.207.161 - - [17/Jun/2025:15:12:36 +0800] "GET /sitepages/topic/2?path=%2F%2Fusr%2Flib64%2Fpython3.6%2Fensurepip HTTP/1.1" 200 60335 "-" "Mozilla/5.0 AppleWebKit/537.36 (KHTML, like Gecko; compatible; GPTBot/1.2; +https://openai.com/gptbot)"
20.171.207.119 - - [17/Jun/2025:15:12:37 +0800] "GET /?action=edit&file=m4&path=%2F%2Fbin HTTP/1.1" 200 371983 "-" "Mozilla/5.0 AppleWebKit/537.36 (KHTML, like Gecko; compatible; GPTBot/1.2; +https://openai.com/gptbot)"
20.171.207.161 - - [17/Jun/2025:15:12:43 +0800] "GET /sitepages/topic/2?path=%2F%2Fusr%2Flib64%2Fpython3.6%2Fimportlib HTTP/1.1" 200 61334 "-" "Mozilla/5.0 AppleWebKit/537.36 (KHTML, like Gecko; compatible; GPTBot/1.2; +https://openai.com/gptbot)"
20.171.207.161 - - [17/Jun/2025:15:12:50 +0800] "GET /sitepages/topic/2?path=%2F%2Fusr%2Flib64%2Fpython3.6%2Funittest HTTP/1.1" 200 62871 "-" "Mozilla/5.0 AppleWebKit/537.36 (KHTML, like Gecko; compatible; GPTBot/1.2; +https://openai.com/gptbot)"
20.171.207.119 - - [17/Jun/2025:15:12:51 +0800] "GET /?path=%2F%2Flib64%2FNetworkManager HTTP/1.1" 200 86897 "-" "Mozilla/5.0 AppleWebKit/537.36 (KHTML, like Gecko; compatible; GPTBot/1.2; +https://openai.com/gptbot)"
20.171.207.161 - - [17/Jun/2025:15:12:53 +0800] "GET /sitepages/topic/2?action=edit&file=connection.py&path=%2F%2Fusr%2Flib64%2Fpython3.6%2Fsite-packages%2Fdbus HTTP/1.1" 200 88080 "-" "Mozilla/5.0 AppleWebKit/537.36 (KHTML, like Gecko; compatible; GPTBot/1.2; +https://openai.com/gptbot)"
20.171.207.161 - - [17/Jun/2025:15:13:04 +0800] "GET /sitepages/topic/2?path=%2F%2Fusr%2Flib64%2Fpython3.6%2Fsite-packages%2Fhawkey%2F__pycache__ HTTP/1.1" 200 60237 "-" "Mozilla/5.0 AppleWebKit/537.36 (KHTML, like Gecko; compatible; GPTBot/1.2; +https://openai.com/gptbot)"
20.171.207.161 - - [17/Jun/2025:15:13:07 +0800] "GET /sitepages/topic/2?path=%2F%2Fusr%2Flib64%2Fpython3.6%2Fsite-packages%2Fdbus%2F__pycache__ HTTP/1.1" 200 70841 "-" "Mozilla/5.0 AppleWebKit/537.36 (KHTML, like Gecko; compatible; GPTBot/1.2; +https://openai.com/gptbot)"
20.171.207.119 - - [17/Jun/2025:15:13:11 +0800] "GET /?path=%2F%2Flib64%2Fc%2B%2B-plesk-12.2.0 HTTP/1.1" 200 86891 "-" "Mozilla/5.0 AppleWebKit/537.36 (KHTML, like Gecko; compatible; GPTBot/1.2; +https://openai.com/gptbot)"
20.171.207.161 - - [17/Jun/2025:15:13:18 +0800] "GET /sitepages/topic/2?action=edit&file=big5.cpython-36.opt-2.pyc&path=%2F%2Fusr%2Flib64%2Fpython3.6%2Fencodings%2F__pycache__ HTTP/1.1" 200 60505 "-" "Mozilla/5.0 AppleWebKit/537.36 (KHTML, like Gecko; compatible; GPTBot/1.2; +https://openai.com/gptbot)"
20.171.207.119 - - [17/Jun/2025:15:13:23 +0800] "GET /?path=%2F%2Flib64%2FX11 HTTP/1.1" 200 86589 "-" "Mozilla/5.0 AppleWebKit/537.36 (KHTML, like Gecko; compatible; GPTBot/1.2; +https://openai.com/gptbot)"
20.171.207.161 - - [17/Jun/2025:15:13:24 +0800] "GET /sitepages/topic/2?action=edit&file=cp720.cpython-36.pyc&path=%2F%2Fusr%2Flib64%2Fpython3.6%2Fencodings%2F__pycache__ HTTP/1.1" 200 61601 "-" "Mozilla/5.0 AppleWebKit/537.36 (KHTML, like Gecko; compatible; GPTBot/1.2; +https://openai.com/gptbot)"
114.119.151.81 - - [17/Jun/2025:15:13:27 +0800] "GET /blog/topic/81?path=//usr/share HTTP/1.1" 200 71013 "https://zuuttravel.com/blog/topic/81?path=//usr" "Mozilla/5.0 (Linux; Android 7.0;) AppleWebKit/537.36 (KHTML, like Gecko) Mobile Safari/537.36 (compatible; PetalBot;+https://webmaster.petalsearch.com/site/petalbot)"
20.171.207.161 - - [17/Jun/2025:15:13:30 +0800] "GET /sitepages/topic/2?action=edit&file=kz1048.cpython-36.opt-1.pyc&path=%2F%2Fusr%2Flib64%2Fpython3.6%2Fencodings%2F__pycache__ HTTP/1.1" 200 61572 "-" "Mozilla/5.0 AppleWebKit/537.36 (KHTML, like Gecko; compatible; GPTBot/1.2; +https://openai.com/gptbot)"
20.171.207.161 - - [17/Jun/2025:15:13:33 +0800] "GET /sitepages/topic/2?action=edit&file=cp500.cpython-36.opt-2.pyc&path=%2F%2Fusr%2Flib64%2Fpython3.6%2Fencodings%2F__pycache__ HTTP/1.1" 200 61412 "-" "Mozilla/5.0 AppleWebKit/537.36 (KHTML, like Gecko; compatible; GPTBot/1.2; +https://openai.com/gptbot)"
20.171.207.119 - - [17/Jun/2025:15:13:34 +0800] "GET /?path=%2F%2Flib64%2Fgdk-pixbuf-2.0%2F2.10.0 HTTP/1.1" 200 87287 "-" "Mozilla/5.0 AppleWebKit/537.36 (KHTML, like Gecko; compatible; GPTBot/1.2; +https://openai.com/gptbot)"
20.171.207.161 - - [17/Jun/2025:15:13:40 +0800] "GET /sitepages/topic/2?path=%2F%2Fusr%2Flib64%2Fpython3.6%2Fconcurrent%2F__pycache__ HTTP/1.1" 200 60394 "-" "Mozilla/5.0 AppleWebKit/537.36 (KHTML, like Gecko; compatible; GPTBot/1.2; +https://openai.com/gptbot)"
20.171.207.119 - - [17/Jun/2025:15:13:45 +0800] "GET /?path=%2F%2Flib64%2Ftk8.6 HTTP/1.1" 200 86899 "-" "Mozilla/5.0 AppleWebKit/537.36 (KHTML, like Gecko; compatible; GPTBot/1.2; +https://openai.com/gptbot)"
20.171.207.161 - - [17/Jun/2025:15:13:45 +0800] "GET /sitepages/topic/2?path=%2F%2Fusr%2Flib64%2Fpython3.6%2Fensurepip%2F__pycache__ HTTP/1.1" 200 62615 "-" "Mozilla/5.0 AppleWebKit/537.36 (KHTML, like Gecko; compatible; GPTBot/1.2; +https://openai.com/gptbot)"
20.171.207.119 - - [17/Jun/2025:15:13:50 +0800] "GET /?action=edit&file=profile&path=%2F%2Fetc HTTP/1.1" 200 89009 "-" "Mozilla/5.0 AppleWebKit/537.36 (KHTML, like Gecko; compatible; GPTBot/1.2; +https://openai.com/gptbot)"
20.171.207.161 - - [17/Jun/2025:15:13:56 +0800] "GET /sitepages/topic/2?path=%2F%2Fusr%2Flib64%2Fpython3.6%2Fdistutils%2F__pycache__ HTTP/1.1" 200 90498 "-" "Mozilla/5.0 AppleWebKit/537.36 (KHTML, like Gecko; compatible; GPTBot/1.2; +https://openai.com/gptbot)"
20.171.207.119 - - [17/Jun/2025:15:13:57 +0800] "GET /?action=edit&file=crti.o&path=%2F%2Flib64 HTTP/1.1" 200 88074 "-" "Mozilla/5.0 AppleWebKit/537.36 (KHTML, like Gecko; compatible; GPTBot/1.2; +https://openai.com/gptbot)"
20.171.207.161 - - [17/Jun/2025:15:13:58 +0800] "GET /sitepages/topic/2?path=%2F%2Fusr%2Flib64%2Fpython3.6%2Fimportlib%2F__pycache__ HTTP/1.1" 200 65984 "-" "Mozilla/5.0 AppleWebKit/537.36 (KHTML, like Gecko; compatible; GPTBot/1.2; +https://openai.com/gptbot)"
66.249.79.166 - - [17/Jun/2025:15:14:03 +0800] "GET /?shopdetail/16640465 HTTP/1.1" 200 91197 "-" "Mozilla/5.0 (compatible; Googlebot/2.1; +http://www.google.com/bot.html)"
20.171.207.119 - - [17/Jun/2025:15:14:05 +0800] "GET /?path=%2F%2Flib64%2Fpkcs11 HTTP/1.1" 200 86932 "-" "Mozilla/5.0 AppleWebKit/537.36 (KHTML, like Gecko; compatible; GPTBot/1.2; +https://openai.com/gptbot)"
20.171.207.161 - - [17/Jun/2025:15:14:09 +0800] "GET /sitepages/topic/2?path=%2F%2Fusr%2Flib64%2Fpython3.6%2Funittest%2F__pycache__ HTTP/1.1" 200 71303 "-" "Mozilla/5.0 AppleWebKit/537.36 (KHTML, like Gecko; compatible; GPTBot/1.2; +https://openai.com/gptbot)"
20.171.207.161 - - [17/Jun/2025:15:14:11 +0800] "GET /sitepages/topic/2?path=%2F%2Fusr%2Flib64%2Fpython3.6%2Fsite-packages%2Fsystemd HTTP/1.1" 200 62821 "-" "Mozilla/5.0 AppleWebKit/537.36 (KHTML, like Gecko; compatible; GPTBot/1.2; +https://openai.com/gptbot)"
20.171.207.119 - - [17/Jun/2025:15:14:12 +0800] "GET /?path=%2F%2Flib64%2Fbind9-export HTTP/1.1" 200 90606 "-" "Mozilla/5.0 AppleWebKit/537.36 (KHTML, like Gecko; compatible; GPTBot/1.2; +https://openai.com/gptbot)"
20.171.207.161 - - [17/Jun/2025:15:14:23 +0800] "GET /sitepages/topic/2?path=%2F%2Fusr%2Flib64%2Fpython3.6%2Fsite-packages%2Fselinux HTTP/1.1" 200 60312 "-" "Mozilla/5.0 AppleWebKit/537.36 (KHTML, like Gecko; compatible; GPTBot/1.2; +https://openai.com/gptbot)"
20.171.207.119 - - [17/Jun/2025:15:14:23 +0800] "GET /?path=%2F%2Flib64%2Fgirepository-1.0 HTTP/1.1" 200 98431 "-" "Mozilla/5.0 AppleWebKit/537.36 (KHTML, like Gecko; compatible; GPTBot/1.2; +https://openai.com/gptbot)"
20.171.207.161 - - [17/Jun/2025:15:14:24 +0800] "GET /sitepages/topic/2?path=%2F%2Fusr%2Flib64%2Fpython3.9%2Fxmlrpc%2F__pycache__ HTTP/1.1" 200 62539 "-" "Mozilla/5.0 AppleWebKit/537.36 (KHTML, like Gecko; compatible; GPTBot/1.2; +https://openai.com/gptbot)"
20.171.207.161 - - [17/Jun/2025:15:14:31 +0800] "GET /sitepages/topic/2?path=%2F%2Fusr%2Flib64%2Fpython2.7%2Flib-tk HTTP/1.1" 200 76831 "-" "Mozilla/5.0 AppleWebKit/537.36 (KHTML, like Gecko; compatible; GPTBot/1.2; +https://openai.com/gptbot)"
20.171.207.119 - - [17/Jun/2025:15:14:31 +0800] "GET /?action=edit&file=python2.7&path=%2F%2Fbin HTTP/1.1" 200 95754 "-" "Mozilla/5.0 AppleWebKit/537.36 (KHTML, like Gecko; compatible; GPTBot/1.2; +https://openai.com/gptbot)"
20.171.207.119 - - [17/Jun/2025:15:14:33 +0800] "GET /?path=%2F%2Flib64%2FNetworkManager%2F1.40.16-19.el8_10 HTTP/1.1" 200 87848 "-" "Mozilla/5.0 AppleWebKit/537.36 (KHTML, like Gecko; compatible; GPTBot/1.2; +https://openai.com/gptbot)"
20.171.207.119 - - [17/Jun/2025:15:14:40 +0800] "GET /?action=edit&file=tclsh8.6&path=%2F%2Fbin HTTP/1.1" 200 97175 "-" "Mozilla/5.0 AppleWebKit/537.36 (KHTML, like Gecko; compatible; GPTBot/1.2; +https://openai.com/gptbot)"
20.171.207.161 - - [17/Jun/2025:15:14:42 +0800] "GET /sitepages/topic/2?path=%2F%2Fusr%2Flib64%2Fpython2.7%2Fsite-packages HTTP/1.1" 200 64949 "-" "Mozilla/5.0 AppleWebKit/537.36 (KHTML, like Gecko; compatible; GPTBot/1.2; +https://openai.com/gptbot)"
20.171.207.161 - - [17/Jun/2025:15:14:43 +0800] "GET /sitepages/topic/2?path=%2F%2Fusr%2Flib64%2Fpython3.6%2Fsite-packages%2Frpm HTTP/1.1" 200 62355 "-" "Mozilla/5.0 AppleWebKit/537.36 (KHTML, like Gecko; compatible; GPTBot/1.2; +https://openai.com/gptbot)"
20.171.207.119 - - [17/Jun/2025:15:14:48 +0800] "GET /?action=edit&file=crtn.o&path=%2F%2Flib64 HTTP/1.1" 200 87774 "-" "Mozilla/5.0 AppleWebKit/537.36 (KHTML, like Gecko; compatible; GPTBot/1.2; +https://openai.com/gptbot)"
20.171.207.161 - - [17/Jun/2025:15:14:55 +0800] "GET /sitepages/topic/2?path=%2F%2Fusr%2Flib64%2Fpython3.6%2Fsite-packages%2Flibrepo HTTP/1.1" 200 60242 "-" "Mozilla/5.0 AppleWebKit/537.36 (KHTML, like Gecko; compatible; GPTBot/1.2; +https://openai.com/gptbot)"
20.171.207.161 - - [17/Jun/2025:15:14:57 +0800] "GET /sitepages/topic/2?path=%2F%2Fusr%2Flib64%2Fpython3.6%2Fdistutils%2F__pycache__ HTTP/1.1" 200 90482 "-" "Mozilla/5.0 AppleWebKit/537.36 (KHTML, like Gecko; compatible; GPTBot/1.2; +https://openai.com/gptbot)"
20.171.207.119 - - [17/Jun/2025:15:14:58 +0800] "GET /?path=%2F%2Flib64%2Fc%2B%2B-plesk-12.2.0%2Flib64 HTTP/1.1" 200 87735 "-" "Mozilla/5.0 AppleWebKit/537.36 (KHTML, like Gecko; compatible; GPTBot/1.2; +https://openai.com/gptbot)"
20.171.207.119 - - [17/Jun/2025:15:15:02 +0800] "GET /?path=%2F%2Flib64%2Fpython3.9 HTTP/1.1" 200 147833 "-" "Mozilla/5.0 AppleWebKit/537.36 (KHTML, like Gecko; compatible; GPTBot/1.2; +https://openai.com/gptbot)"
20.171.207.119 - - [17/Jun/2025:15:15:08 +0800] "GET /?path=%2F%2Flib64%2Fpython3.6 HTTP/1.1" 200 145822 "-" "Mozilla/5.0 AppleWebKit/537.36 (KHTML, like Gecko; compatible; GPTBot/1.2; +https://openai.com/gptbot)"
20.171.207.161 - - [17/Jun/2025:15:15:10 +0800] "GET /sitepages/topic/2?path=%2F%2Fusr%2Flib64%2Fpython3.6%2Fxmlrpc HTTP/1.1" 200 60296 "-" "Mozilla/5.0 AppleWebKit/537.36 (KHTML, like Gecko; compatible; GPTBot/1.2; +https://openai.com/gptbot)"
66.249.79.167 - - [17/Jun/2025:15:15:10 +0800] "GET /?shopdetail/20577632 HTTP/1.1" 200 91190 "-" "Mozilla/5.0 (Linux; Android 6.0.1; Nexus 5X Build/MMB29P) AppleWebKit/537.36 (KHTML, like Gecko) Chrome/136.0.7103.113 Mobile Safari/537.36 (compatible; Googlebot/2.1; +http://www.google.com/bot.html)"
20.171.207.119 - - [17/Jun/2025:15:15:14 +0800] "GET /?path=%2F%2Flib64%2Fpython2.7 HTTP/1.1" 200 284418 "-" "Mozilla/5.0 AppleWebKit/537.36 (KHTML, like Gecko; compatible; GPTBot/1.2; +https://openai.com/gptbot)"
20.171.207.161 - - [17/Jun/2025:15:15:16 +0800] "GET /sitepages/topic/2?path=%2F%2Flib%2Fpython3.6%2Fsite-packages%2Fhtml2text HTTP/1.1" 200 61099 "-" "Mozilla/5.0 AppleWebKit/537.36 (KHTML, like Gecko; compatible; GPTBot/1.2; +https://openai.com/gptbot)"
20.171.207.161 - - [17/Jun/2025:15:15:18 +0800] "GET /sitepages/topic/2?action=edit&file=my.cnf&path=%2F%2Fetc HTTP/1.1" 200 59805 "-" "Mozilla/5.0 AppleWebKit/537.36 (KHTML, like Gecko; compatible; GPTBot/1.2; +https://openai.com/gptbot)"
66.249.79.166 - - [17/Jun/2025:15:15:22 +0800] "GET /?shopdetail/16101943 HTTP/1.1" 200 91197 "-" "Mozilla/5.0 (compatible; Googlebot/2.1; +http://www.google.com/bot.html)"
20.171.207.119 - - [17/Jun/2025:15:15:23 +0800] "GET /?action=edit&file=dnstap-read&path=%2F%2Fbin HTTP/1.1" 200 111761 "-" "Mozilla/5.0 AppleWebKit/537.36 (KHTML, like Gecko; compatible; GPTBot/1.2; +https://openai.com/gptbot)"
20.171.207.119 - - [17/Jun/2025:15:15:25 +0800] "GET /?action=edit&file=libirs-export.so.161.0.1&path=%2F%2Flib64%2Fbind9-export HTTP/1.1" 200 154335 "-" "Mozilla/5.0 AppleWebKit/537.36 (KHTML, like Gecko; compatible; GPTBot/1.2; +https://openai.com/gptbot)"
20.171.207.161 - - [17/Jun/2025:15:15:30 +0800] "GET /sitepages/topic/2?path=%2F%2Flib%2Flocale HTTP/1.1" 200 68416 "-" "Mozilla/5.0 AppleWebKit/537.36 (KHTML, like Gecko; compatible; GPTBot/1.2; +https://openai.com/gptbot)"
20.171.207.119 - - [17/Jun/2025:15:15:32 +0800] "GET /?path=%2F%2Flib64%2Fgtk-2.0 HTTP/1.1" 200 87318 "-" "Mozilla/5.0 AppleWebKit/537.36 (KHTML, like Gecko; compatible; GPTBot/1.2; +https://openai.com/gptbot)"
114.119.133.103 - - [17/Jun/2025:15:15:32 +0800] "GET /blog/topic/81?path=//usr/lib64 HTTP/1.1" 200 425800 "https://zuuttravel.com/blog/topic/81?path=//usr" "Mozilla/5.0 (Linux; Android 7.0;) AppleWebKit/537.36 (KHTML, like Gecko) Mobile Safari/537.36 (compatible; PetalBot;+https://webmaster.petalsearch.com/site/petalbot)"
20.171.207.161 - - [17/Jun/2025:15:15:33 +0800] "GET /sitepages/topic/2?action=edit&file=id128.cpython-36m-x86_64-linux-gnu.so&path=%2F%2Fusr%2Flib64%2Fpython3.6%2Fsite-packages%2Fsystemd HTTP/1.1" 200 80784 "-" "Mozilla/5.0 AppleWebKit/537.36 (KHTML, like Gecko; compatible; GPTBot/1.2; +https://openai.com/gptbot)"
20.171.207.119 - - [17/Jun/2025:15:15:38 +0800] "GET /?action=edit&file=libxml2-2.0.typelib&path=%2F%2Flib64%2Fgirepository-1.0 HTTP/1.1" 200 86941 "-" "Mozilla/5.0 AppleWebKit/537.36 (KHTML, like Gecko; compatible; GPTBot/1.2; +https://openai.com/gptbot)"
20.171.207.161 - - [17/Jun/2025:15:15:43 +0800] "GET /sitepages/topic/2?path=%2F%2Fusr%2Flib64%2Fpython3.6%2Fsite-packages%2Fsystemd%2F__pycache__ HTTP/1.1" 200 61768 "-" "Mozilla/5.0 AppleWebKit/537.36 (KHTML, like Gecko; compatible; GPTBot/1.2; +https://openai.com/gptbot)"
20.171.207.161 - - [17/Jun/2025:15:15:45 +0800] "GET /sitepages/topic/2?path=%2F%2Fusr%2Flib64%2Fpython2.7%2Flib-tk HTTP/1.1" 200 76824 "-" "Mozilla/5.0 AppleWebKit/537.36 (KHTML, like Gecko; compatible; GPTBot/1.2; +https://openai.com/gptbot)"
20.171.207.119 - - [17/Jun/2025:15:15:48 +0800] "GET /?action=edit&file=cpu_resctrl_groups&path=%2F%2Fproc%2F1651728 HTTP/1.1" 200 86263 "-" "Mozilla/5.0 AppleWebKit/537.36 (KHTML, like Gecko; compatible; GPTBot/1.2; +https://openai.com/gptbot)"
20.171.207.119 - - [17/Jun/2025:15:15:50 +0800] "GET /?path=%2F%2Flib64%2Flibnl HTTP/1.1" 200 86824 "-" "Mozilla/5.0 AppleWebKit/537.36 (KHTML, like Gecko; compatible; GPTBot/1.2; +https://openai.com/gptbot)"
20.171.207.119 - - [17/Jun/2025:15:15:57 +0800] "GET /?path=%2F%2Flib64%2Flibboost-plesk-1.82 HTTP/1.1" 200 89223 "-" "Mozilla/5.0 AppleWebKit/537.36 (KHTML, like Gecko; compatible; GPTBot/1.2; +https://openai.com/gptbot)"
20.171.207.161 - - [17/Jun/2025:15:15:59 +0800] "GET /sitepages/topic/2?path=%2F%2Fusr%2Flib64%2Fpython3.6%2Fsite-packages%2Fselinux%2F__pycache__ HTTP/1.1" 200 60241 "-" "Mozilla/5.0 AppleWebKit/537.36 (KHTML, like Gecko; compatible; GPTBot/1.2; +https://openai.com/gptbot)"
20.171.207.161 - - [17/Jun/2025:15:16:06 +0800] "GET /sitepages/topic/2?action=edit&file=Dialog.pyo&path=%2F%2Fusr%2Flib64%2Fpython2.7%2Flib-tk HTTP/1.1" 200 60743 "-" "Mozilla/5.0 AppleWebKit/537.36 (KHTML, like Gecko; compatible; GPTBot/1.2; +https://openai.com/gptbot)"
20.171.207.119 - - [17/Jun/2025:15:16:08 +0800] "GET /?action=edit&file=eps2eps&path=%2F%2Fbin HTTP/1.1" 200 86982 "-" "Mozilla/5.0 AppleWebKit/537.36 (KHTML, like Gecko; compatible; GPTBot/1.2; +https://openai.com/gptbot)"
20.171.207.161 - - [17/Jun/2025:15:16:09 +0800] "GET /sitepages/topic/2?action=edit&file=ttk.pyc&path=%2F%2Fusr%2Flib64%2Fpython2.7%2Flib-tk HTTP/1.1" 200 125344 "-" "Mozilla/5.0 AppleWebKit/537.36 (KHTML, like Gecko; compatible; GPTBot/1.2; +https://openai.com/gptbot)"
20.171.207.161 - - [17/Jun/2025:15:16:15 +0800] "GET /sitepages/topic/2?action=edit&file=tkCommonDialog.pyo&path=%2F%2Fusr%2Flib64%2Fpython2.7%2Flib-tk HTTP/1.1" 200 60391 "-" "Mozilla/5.0 AppleWebKit/537.36 (KHTML, like Gecko; compatible; GPTBot/1.2; +https://openai.com/gptbot)"
20.171.207.161 - - [17/Jun/2025:15:16:21 +0800] "GET /sitepages/topic/2?action=edit&file=server.cpython-39.opt-2.pyc&path=%2F%2Fusr%2Flib64%2Fpython3.9%2Fxmlrpc%2F__pycache__ HTTP/1.1" 200 79811 "-" "Mozilla/5.0 AppleWebKit/537.36 (KHTML, like Gecko; compatible; GPTBot/1.2; +https://openai.com/gptbot)"
20.171.207.161 - - [17/Jun/2025:15:16:32 +0800] "GET /sitepages/topic/2?path=%2F%2Fusr%2Flib64%2Fpython3.6%2Fsite-packages%2Frpm%2F__pycache__ HTTP/1.1" 200 60975 "-" "Mozilla/5.0 AppleWebKit/537.36 (KHTML, like Gecko; compatible; GPTBot/1.2; +https://openai.com/gptbot)"
20.171.207.161 - - [17/Jun/2025:15:16:34 +0800] "GET /sitepages/topic/2?path=%2F%2Fusr%2Flib64%2Fpython3.6%2Fsite-packages%2Flibrepo%2F__pycache__ HTTP/1.1" 200 60241 "-" "Mozilla/5.0 AppleWebKit/537.36 (KHTML, like Gecko; compatible; GPTBot/1.2; +https://openai.com/gptbot)"
20.171.207.119 - - [17/Jun/2025:15:16:36 +0800] "GET /?action=edit&file=libstdc%2B%2B.so.6&path=%2F%2Flib64%2Fc%2B%2B-plesk-12.2.0%2Flib64 HTTP/1.1" 200 3428902 "-" "Mozilla/5.0 AppleWebKit/537.36 (KHTML, like Gecko; compatible; GPTBot/1.2; +https://openai.com/gptbot)"
20.171.207.119 - - [17/Jun/2025:15:16:38 +0800] "GET /?action=edit&file=copyreg.py&path=%2F%2Flib64%2Fpython3.9 HTTP/1.1" 200 94028 "-" "Mozilla/5.0 AppleWebKit/537.36 (KHTML, like Gecko; compatible; GPTBot/1.2; +https://openai.com/gptbot)"
20.171.207.161 - - [17/Jun/2025:15:16:46 +0800] "GET /sitepages/topic/2?path=%2F%2Flib%2Fpython3.6%2Fsite-packages%2Fhtml2text%2F__pycache__ HTTP/1.1" 200 63103 "-" "Mozilla/5.0 AppleWebKit/537.36 (KHTML, like Gecko; compatible; GPTBot/1.2; +https://openai.com/gptbot)"
20.171.207.161 - - [17/Jun/2025:15:16:49 +0800] "GET /sitepages/topic/2?path=%2F%2Fusr%2Flib64%2Fpython2.7%2Fsite-packages%2Fyaml HTTP/1.1" 200 76346 "-" "Mozilla/5.0 AppleWebKit/537.36 (KHTML, like Gecko; compatible; GPTBot/1.2; +https://openai.com/gptbot)"
114.119.150.208 - - [17/Jun/2025:15:16:55 +0800] "GET /blog/topic/81?path=//usr/lib HTTP/1.1" 200 70717 "https://zuuttravel.com/blog/topic/81?path=//usr" "Mozilla/5.0 (Linux; Android 7.0;) AppleWebKit/537.36 (KHTML, like Gecko) Mobile Safari/537.36 (compatible; PetalBot;+https://webmaster.petalsearch.com/site/petalbot)"
20.171.207.161 - - [17/Jun/2025:15:16:55 +0800] "GET /sitepages/topic/2?path=%2F%2Flib%2Flocale%2Fen_GB.utf8 HTTP/1.1" 200 62654 "-" "Mozilla/5.0 AppleWebKit/537.36 (KHTML, like Gecko; compatible; GPTBot/1.2; +https://openai.com/gptbot)"
20.171.207.161 - - [17/Jun/2025:15:17:07 +0800] "GET /sitepages/topic/2?path=%2F%2Flib%2Flocale%2Fen_PH.utf8 HTTP/1.1" 200 62656 "-" "Mozilla/5.0 AppleWebKit/537.36 (KHTML, like Gecko; compatible; GPTBot/1.2; +https://openai.com/gptbot)"
20.171.207.119 - - [17/Jun/2025:15:17:07 +0800] "GET /?action=edit&file=wave.py&path=%2F%2Flib64%2Fpython2.7 HTTP/1.1" 200 105686 "-" "Mozilla/5.0 AppleWebKit/537.36 (KHTML, like Gecko; compatible; GPTBot/1.2; +https://openai.com/gptbot)"
20.171.207.161 - - [17/Jun/2025:15:17:13 +0800] "GET /sitepages/topic/2?path=%2F%2Flib%2Flocale%2Fen_NZ.utf8 HTTP/1.1" 200 62656 "-" "Mozilla/5.0 AppleWebKit/537.36 (KHTML, like Gecko; compatible; GPTBot/1.2; +https://openai.com/gptbot)"
20.171.207.161 - - [17/Jun/2025:15:17:21 +0800] "GET /sitepages/topic/2?path=%2F%2Flib%2Flocale%2Fen_AU.utf8 HTTP/1.1" 200 62656 "-" "Mozilla/5.0 AppleWebKit/537.36 (KHTML, like Gecko; compatible; GPTBot/1.2; +https://openai.com/gptbot)"
20.171.207.161 - - [17/Jun/2025:15:17:27 +0800] "GET /sitepages/topic/2?path=%2F%2Flib%2Flocale%2Fen_ZW.utf8 HTTP/1.1" 200 62648 "-" "Mozilla/5.0 AppleWebKit/537.36 (KHTML, like Gecko; compatible; GPTBot/1.2; +https://openai.com/gptbot)"
20.171.207.161 - - [17/Jun/2025:15:17:34 +0800] "GET /sitepages/topic/2?path=%2F%2Flib%2Flocale%2Fen_BW.utf8 HTTP/1.1" 200 62654 "-" "Mozilla/5.0 AppleWebKit/537.36 (KHTML, like Gecko; compatible; GPTBot/1.2; +https://openai.com/gptbot)"
20.171.207.119 - - [17/Jun/2025:15:17:40 +0800] "GET /?action=edit&file=fnmatch.py&path=%2F%2Flib64%2Fpython3.6 HTTP/1.1" 200 89821 "-" "Mozilla/5.0 AppleWebKit/537.36 (KHTML, like Gecko; compatible; GPTBot/1.2; +https://openai.com/gptbot)"
20.171.207.161 - - [17/Jun/2025:15:17:41 +0800] "GET /sitepages/topic/2?path=%2F%2Flib%2Flocale%2Fen_US.utf8 HTTP/1.1" 200 62656 "-" "Mozilla/5.0 AppleWebKit/537.36 (KHTML, like Gecko; compatible; GPTBot/1.2; +https://openai.com/gptbot)"
20.171.207.161 - - [17/Jun/2025:15:17:43 +0800] "GET /sitepages/topic/2?path=%2F%2Flib%2Flocale%2Fen_CA.utf8 HTTP/1.1" 200 62654 "-" "Mozilla/5.0 AppleWebKit/537.36 (KHTML, like Gecko; compatible; GPTBot/1.2; +https://openai.com/gptbot)"
20.171.207.161 - - [17/Jun/2025:15:17:56 +0800] "GET /sitepages/topic/2?path=%2F%2Flib%2Flocale%2Fen_SC.utf8 HTTP/1.1" 200 62656 "-" "Mozilla/5.0 AppleWebKit/537.36 (KHTML, like Gecko; compatible; GPTBot/1.2; +https://openai.com/gptbot)"
20.171.207.119 - - [17/Jun/2025:15:17:59 +0800] "GET /?action=edit&file=bisect.py&path=%2F%2Flib64%2Fpython2.7 HTTP/1.1" 200 89055 "-" "Mozilla/5.0 AppleWebKit/537.36 (KHTML, like Gecko; compatible; GPTBot/1.2; +https://openai.com/gptbot)"
20.171.207.161 - - [17/Jun/2025:15:18:03 +0800] "GET /sitepages/topic/2?path=%2F%2Flib%2Flocale%2Fen_HK.utf8 HTTP/1.1" 200 62656 "-" "Mozilla/5.0 AppleWebKit/537.36 (KHTML, like Gecko; compatible; GPTBot/1.2; +https://openai.com/gptbot)"
20.171.207.161 - - [17/Jun/2025:15:18:06 +0800] "GET /sitepages/topic/2?path=%2F%2Flib%2Flocale%2Fen_DK.utf8 HTTP/1.1" 200 62654 "-" "Mozilla/5.0 AppleWebKit/537.36 (KHTML, like Gecko; compatible; GPTBot/1.2; +https://openai.com/gptbot)"
20.171.207.161 - - [17/Jun/2025:15:18:12 +0800] "GET /sitepages/topic/2?path=%2F%2Flib%2Flocale%2Fen_GB.utf8%2FLC_MESSAGES HTTP/1.1" 200 59467 "-" "Mozilla/5.0 AppleWebKit/537.36 (KHTML, like Gecko; compatible; GPTBot/1.2; +https://openai.com/gptbot)"
20.171.207.161 - - [17/Jun/2025:15:18:18 +0800] "GET /sitepages/topic/2?path=%2F%2Flib%2Flocale%2Fen_PH.utf8%2FLC_MESSAGES HTTP/1.1" 200 59475 "-" "Mozilla/5.0 AppleWebKit/537.36 (KHTML, like Gecko; compatible; GPTBot/1.2; +https://openai.com/gptbot)"
20.171.207.119 - - [17/Jun/2025:15:18:19 +0800] "GET /?action=edit&file=pickle.py&path=%2F%2Flib64%2Fpython2.7 HTTP/1.1" 200 134765 "-" "Mozilla/5.0 AppleWebKit/537.36 (KHTML, like Gecko; compatible; GPTBot/1.2; +https://openai.com/gptbot)"
66.249.79.167 - - [17/Jun/2025:15:18:22 +0800] "GET /?shopdetail/15008421 HTTP/1.1" 200 91197 "-" "Mozilla/5.0 (Linux; Android 6.0.1; Nexus 5X Build/MMB29P) AppleWebKit/537.36 (KHTML, like Gecko) Chrome/136.0.7103.113 Mobile Safari/537.36 (compatible; Googlebot/2.1; +http://www.google.com/bot.html)"
20.171.207.161 - - [17/Jun/2025:15:18:23 +0800] "GET /sitepages/topic/2?path=%2F%2Flib%2Flocale%2Fen_NZ.utf8%2FLC_MESSAGES HTTP/1.1" 200 59467 "-" "Mozilla/5.0 AppleWebKit/537.36 (KHTML, like Gecko; compatible; GPTBot/1.2; +https://openai.com/gptbot)"
114.119.140.87 - - [17/Jun/2025:15:18:25 +0800] "GET /blog/topic/81?path=//tmp HTTP/1.1" 200 66446 "https://zuuttravel.com/blog/topic/81?path=/" "Mozilla/5.0 (Linux; Android 7.0;) AppleWebKit/537.36 (KHTML, like Gecko) Mobile Safari/537.36 (compatible; PetalBot;+https://webmaster.petalsearch.com/site/petalbot)"
20.171.207.161 - - [17/Jun/2025:15:18:33 +0800] "GET /sitepages/topic/2?path=%2F%2Flib%2Flocale%2Fen_AU.utf8%2FLC_MESSAGES HTTP/1.1" 200 59467 "-" "Mozilla/5.0 AppleWebKit/537.36 (KHTML, like Gecko; compatible; GPTBot/1.2; +https://openai.com/gptbot)"
20.171.207.161 - - [17/Jun/2025:15:18:35 +0800] "GET /sitepages/topic/2?path=%2F%2Flib%2Flocale%2Fen_ZW.utf8%2FLC_MESSAGES HTTP/1.1" 200 59475 "-" "Mozilla/5.0 AppleWebKit/537.36 (KHTML, like Gecko; compatible; GPTBot/1.2; +https://openai.com/gptbot)"
20.171.207.119 - - [17/Jun/2025:15:18:39 +0800] "GET /?action=edit&file=warnings.pyc&path=%2F%2Flib64%2Fpython2.7 HTTP/1.1" 200 100685 "-" "Mozilla/5.0 AppleWebKit/537.36 (KHTML, like Gecko; compatible; GPTBot/1.2; +https://openai.com/gptbot)"
20.171.207.161 - - [17/Jun/2025:15:18:42 +0800] "GET /sitepages/topic/2?path=%2F%2Flib%2Flocale%2Fen_BW.utf8%2FLC_MESSAGES HTTP/1.1" 200 59467 "-" "Mozilla/5.0 AppleWebKit/537.36 (KHTML, like Gecko; compatible; GPTBot/1.2; +https://openai.com/gptbot)"
20.171.207.161 - - [17/Jun/2025:15:18:53 +0800] "GET /sitepages/topic/2?path=%2F%2Flib%2Flocale%2Fen_ZA.utf8 HTTP/1.1" 200 62656 "-" "Mozilla/5.0 AppleWebKit/537.36 (KHTML, like Gecko; compatible; GPTBot/1.2; +https://openai.com/gptbot)"
20.171.207.161 - - [17/Jun/2025:15:18:55 +0800] "GET /sitepages/topic/2?path=%2F%2Flib%2Flocale%2Fen_CA.utf8%2FLC_MESSAGES HTTP/1.1" 200 59467 "-" "Mozilla/5.0 AppleWebKit/537.36 (KHTML, like Gecko; compatible; GPTBot/1.2; +https://openai.com/gptbot)"
20.171.207.119 - - [17/Jun/2025:15:18:57 +0800] "GET /?action=edit&file=pdb.py&path=%2F%2Flib64%2Fpython3.6 HTTP/1.1" 200 152326 "-" "Mozilla/5.0 AppleWebKit/537.36 (KHTML, like Gecko; compatible; GPTBot/1.2; +https://openai.com/gptbot)"
20.171.207.161 - - [17/Jun/2025:15:19:08 +0800] "GET /sitepages/topic/2?path=%2F%2Flib%2Flocale%2Fen_SC.utf8%2FLC_MESSAGES HTTP/1.1" 200 59467 "-" "Mozilla/5.0 AppleWebKit/537.36 (KHTML, like Gecko; compatible; GPTBot/1.2; +https://openai.com/gptbot)"
20.171.207.119 - - [17/Jun/2025:15:19:14 +0800] "GET /?action=edit&file=_weakrefset.py&path=%2F%2Flib64%2Fpython3.9 HTTP/1.1" 200 92203 "-" "Mozilla/5.0 AppleWebKit/537.36 (KHTML, like Gecko; compatible; GPTBot/1.2; +https://openai.com/gptbot)"
20.171.207.161 - - [17/Jun/2025:15:19:15 +0800] "GET /sitepages/topic/2?path=%2F%2Flib%2Flocale%2Fen_US.utf8%2FLC_MESSAGES HTTP/1.1" 200 59459 "-" "Mozilla/5.0 AppleWebKit/537.36 (KHTML, like Gecko; compatible; GPTBot/1.2; +https://openai.com/gptbot)"
20.171.207.161 - - [17/Jun/2025:15:19:21 +0800] "GET /sitepages/topic/2?path=%2F%2Flib%2Flocale%2Fen_HK.utf8%2FLC_MESSAGES HTTP/1.1" 200 59482 "-" "Mozilla/5.0 AppleWebKit/537.36 (KHTML, like Gecko; compatible; GPTBot/1.2; +https://openai.com/gptbot)"
20.171.207.119 - - [17/Jun/2025:15:19:27 +0800] "GET /?action=edit&file=glob.py&path=%2F%2Flib64%2Fpython3.9 HTTP/1.1" 200 92386 "-" "Mozilla/5.0 AppleWebKit/537.36 (KHTML, like Gecko; compatible; GPTBot/1.2; +https://openai.com/gptbot)"
20.171.207.161 - - [17/Jun/2025:15:19:28 +0800] "GET /sitepages/topic/2?path=%2F%2Flib%2Flocale%2Fen_DK.utf8%2FLC_MESSAGES HTTP/1.1" 200 59467 "-" "Mozilla/5.0 AppleWebKit/537.36 (KHTML, like Gecko; compatible; GPTBot/1.2; +https://openai.com/gptbot)"
20.171.207.161 - - [17/Jun/2025:15:19:34 +0800] "GET /sitepages/topic/2?path=%2F%2Flib%2Flocale%2Fen_SG.utf8 HTTP/1.1" 200 62648 "-" "Mozilla/5.0 AppleWebKit/537.36 (KHTML, like Gecko; compatible; GPTBot/1.2; +https://openai.com/gptbot)"
20.171.207.161 - - [17/Jun/2025:15:19:38 +0800] "GET /sitepages/topic/2?path=%2F%2Flib%2Flocale%2Fen_IE.utf8 HTTP/1.1" 200 62656 "-" "Mozilla/5.0 AppleWebKit/537.36 (KHTML, like Gecko; compatible; GPTBot/1.2; +https://openai.com/gptbot)"
20.171.207.119 - - [17/Jun/2025:15:19:40 +0800] "GET /?path=%2F%2Flib64%2Fpython3.9%2Fvenv HTTP/1.1" 200 87833 "-" "Mozilla/5.0 AppleWebKit/537.36 (KHTML, like Gecko; compatible; GPTBot/1.2; +https://openai.com/gptbot)"
20.171.207.161 - - [17/Jun/2025:15:19:49 +0800] "GET /sitepages/topic/2?path=%2F%2Flib%2Flocale%2Fen_IE%40euro HTTP/1.1" 200 62701 "-" "Mozilla/5.0 AppleWebKit/537.36 (KHTML, like Gecko; compatible; GPTBot/1.2; +https://openai.com/gptbot)"
20.171.207.161 - - [17/Jun/2025:15:19:52 +0800] "GET /sitepages/topic/2?path=%2F%2Flib%2Flocale%2Fen_US%40ampm HTTP/1.1" 200 62702 "-" "Mozilla/5.0 AppleWebKit/537.36 (KHTML, like Gecko; compatible; GPTBot/1.2; +https://openai.com/gptbot)"
20.171.207.119 - - [17/Jun/2025:15:19:56 +0800] "GET /?action=edit&file=pydoc.py&path=%2F%2Flib64%2Fpython3.6 HTTP/1.1" 200 206777 "-" "Mozilla/5.0 AppleWebKit/537.36 (KHTML, like Gecko; compatible; GPTBot/1.2; +https://openai.com/gptbot)"
20.171.207.119 - - [17/Jun/2025:15:20:02 +0800] "GET /?path=%2F%2Flib64%2Fpython3.6%2Fasyncio HTTP/1.1" 200 94925 "-" "Mozilla/5.0 AppleWebKit/537.36 (KHTML, like Gecko; compatible; GPTBot/1.2; +https://openai.com/gptbot)"
20.171.207.161 - - [17/Jun/2025:15:20:03 +0800] "GET /sitepages/topic/2?path=%2F%2Flib%2Flocale%2Fen_US.utf8%40ampm HTTP/1.1" 200 62799 "-" "Mozilla/5.0 AppleWebKit/537.36 (KHTML, like Gecko; compatible; GPTBot/1.2; +https://openai.com/gptbot)"
20.171.207.161 - - [17/Jun/2025:15:20:05 +0800] "GET /sitepages/topic/2?path=%2F%2Flib%2Flocale%2Fen_US.iso885915 HTTP/1.1" 200 62760 "-" "Mozilla/5.0 AppleWebKit/537.36 (KHTML, like Gecko; compatible; GPTBot/1.2; +https://openai.com/gptbot)"
20.171.207.119 - - [17/Jun/2025:15:20:11 +0800] "GET /?action=edit&file=ntpath.py&path=%2F%2Flib64%2Fpython2.7 HTTP/1.1" 200 108020 "-" "Mozilla/5.0 AppleWebKit/537.36 (KHTML, like Gecko; compatible; GPTBot/1.2; +https://openai.com/gptbot)"
114.119.157.103 - - [17/Jun/2025:15:20:14 +0800] "GET /blog/topic/81?path=//sbin HTTP/1.1" 200 72999 "https://zuuttravel.com/blog/topic/81?path=/" "Mozilla/5.0 (Linux; Android 7.0;) AppleWebKit/537.36 (KHTML, like Gecko) Mobile Safari/537.36 (compatible; PetalBot;+https://webmaster.petalsearch.com/site/petalbot)"
20.171.207.161 - - [17/Jun/2025:15:20:16 +0800] "GET /sitepages/topic/2?path=%2F%2Flib%2Flocale%2Fen_ZA.utf8%2FLC_MESSAGES HTTP/1.1" 200 59475 "-" "Mozilla/5.0 AppleWebKit/537.36 (KHTML, like Gecko; compatible; GPTBot/1.2; +https://openai.com/gptbot)"
20.171.207.161 - - [17/Jun/2025:15:20:18 +0800] "GET /sitepages/topic/2?path=%2F%2Flib%2Flocale%2Fen_GB.iso885915 HTTP/1.1" 200 62760 "-" "Mozilla/5.0 AppleWebKit/537.36 (KHTML, like Gecko; compatible; GPTBot/1.2; +https://openai.com/gptbot)"
20.171.207.119 - - [17/Jun/2025:15:20:20 +0800] "GET /?action=edit&file=sre_constants.pyc&path=%2F%2Flib64%2Fpython2.7 HTTP/1.1" 200 92632 "-" "Mozilla/5.0 AppleWebKit/537.36 (KHTML, like Gecko; compatible; GPTBot/1.2; +https://openai.com/gptbot)"
66.249.79.167 - - [17/Jun/2025:15:20:25 +0800] "GET /?shopdetail/20804898 HTTP/1.1" 200 91197 "-" "Mozilla/5.0 (compatible; Googlebot/2.1; +http://www.google.com/bot.html)"
20.171.207.119 - - [17/Jun/2025:15:20:27 +0800] "GET /?path=%2F%2Flib64%2Fgtk-2.0%2F2.10.0 HTTP/1.1" 200 88010 "-" "Mozilla/5.0 AppleWebKit/537.36 (KHTML, like Gecko; compatible; GPTBot/1.2; +https://openai.com/gptbot)"
20.171.207.161 - - [17/Jun/2025:15:20:30 +0800] "GET /sitepages/topic/2?path=%2F%2Flib%2Flocale%2FC.utf8 HTTP/1.1" 200 62570 "-" "Mozilla/5.0 AppleWebKit/537.36 (KHTML, like Gecko; compatible; GPTBot/1.2; +https://openai.com/gptbot)"
20.171.207.161 - - [17/Jun/2025:15:20:37 +0800] "GET /sitepages/topic/2?action=edit&file=main.cpython-36.opt-1.pyc&path=%2F%2Fusr%2Flib64%2Fpython3.6%2Funittest%2F__pycache__ HTTP/1.1" 200 66585 "-" "Mozilla/5.0 AppleWebKit/537.36 (KHTML, like Gecko; compatible; GPTBot/1.2; +https://openai.com/gptbot)"
20.171.207.161 - - [17/Jun/2025:15:20:39 +0800] "GET /sitepages/topic/2?path=%2F%2Fusr%2Flib64%2Fpython2.7%2Fsite-packages%2Flxml HTTP/1.1" 200 71945 "-" "Mozilla/5.0 AppleWebKit/537.36 (KHTML, like Gecko; compatible; GPTBot/1.2; +https://openai.com/gptbot)"
20.171.207.119 - - [17/Jun/2025:15:20:39 +0800] "GET /?path=%2F%2Flib64%2Fc++-plesk-12.2.0%2Flib64 HTTP/1.1" 200 86724 "-" "Mozilla/5.0 AppleWebKit/537.36 (KHTML, like Gecko; compatible; GPTBot/1.2; +https://openai.com/gptbot)"
20.171.207.161 - - [17/Jun/2025:15:20:45 +0800] "GET /sitepages/topic/2?path=%2F%2Fusr%2Flib64%2Fpython2.7%2Fsite-packages%2Fgobject HTTP/1.1" 200 62732 "-" "Mozilla/5.0 AppleWebKit/537.36 (KHTML, like Gecko; compatible; GPTBot/1.2; +https://openai.com/gptbot)"
20.171.207.119 - - [17/Jun/2025:15:20:46 +0800] "GET /?action=edit&file=libgcc_s.so.1&path=%2F%2Flib64%2Fc%2B%2B-plesk-12.2.0%2Flib64 HTTP/1.1" 200 291526 "-" "Mozilla/5.0 AppleWebKit/537.36 (KHTML, like Gecko; compatible; GPTBot/1.2; +https://openai.com/gptbot)"
20.171.207.161 - - [17/Jun/2025:15:20:52 +0800] "GET /sitepages/topic/2?action=edit&file=LC_TIME&path=%2F%2Flib%2Flocale%2Fen_SG.utf8 HTTP/1.1" 200 62167 "-" "Mozilla/5.0 AppleWebKit/537.36 (KHTML, like Gecko; compatible; GPTBot/1.2; +https://openai.com/gptbot)"
20.171.207.119 - - [17/Jun/2025:15:20:53 +0800] "GET /?path=%2F%2Flib64%2Fpython3.9%2Fconfig-3.9-x86_64-linux-gnu HTTP/1.1" 200 87088 "-" "Mozilla/5.0 AppleWebKit/537.36 (KHTML, like Gecko; compatible; GPTBot/1.2; +https://openai.com/gptbot)"
20.171.207.161 - - [17/Jun/2025:15:20:57 +0800] "GET /sitepages/topic/2?action=edit&file=LC_NAME&path=%2F%2Flib%2Flocale%2Fen_IE.utf8 HTTP/1.1" 200 58735 "-" "Mozilla/5.0 AppleWebKit/537.36 (KHTML, like Gecko; compatible; GPTBot/1.2; +https://openai.com/gptbot)"
20.171.207.161 - - [17/Jun/2025:15:21:06 +0800] "GET /sitepages/topic/2?path=%2F%2Flib%2Flocale%2Fen_IE.utf8%2FLC_MESSAGES HTTP/1.1" 200 59475 "-" "Mozilla/5.0 AppleWebKit/537.36 (KHTML, like Gecko; compatible; GPTBot/1.2; +https://openai.com/gptbot)"
20.171.207.161 - - [17/Jun/2025:15:21:08 +0800] "GET /sitepages/topic/2?path=%2F%2Flib%2Flocale%2Fen_SG.utf8%2FLC_MESSAGES HTTP/1.1" 200 59467 "-" "Mozilla/5.0 AppleWebKit/537.36 (KHTML, like Gecko; compatible; GPTBot/1.2; +https://openai.com/gptbot)"
66.249.79.167 - - [17/Jun/2025:15:21:15 +0800] "GET /?shopdetail/30560898 HTTP/1.1" 200 91190 "-" "Mozilla/5.0 (Linux; Android 6.0.1; Nexus 5X Build/MMB29P) AppleWebKit/537.36 (KHTML, like Gecko) Chrome/136.0.7103.113 Mobile Safari/537.36 (compatible; Googlebot/2.1; +http://www.google.com/bot.html)"
20.171.207.161 - - [17/Jun/2025:15:21:19 +0800] "GET /sitepages/topic/2?path=%2F%2Flib%2Flocale%2Fen_US.iso885915%2FLC_MESSAGES HTTP/1.1" 200 59522 "-" "Mozilla/5.0 AppleWebKit/537.36 (KHTML, like Gecko; compatible; GPTBot/1.2; +https://openai.com/gptbot)"
20.171.207.119 - - [17/Jun/2025:15:21:20 +0800] "GET /?action=edit&file=libstdc%2B%2B.so.6.0.30&path=%2F%2Flib64%2Fc%2B%2B-plesk-12.2.0%2Flib64 HTTP/1.1" 200 3428946 "-" "Mozilla/5.0 AppleWebKit/537.36 (KHTML, like Gecko; compatible; GPTBot/1.2; +https://openai.com/gptbot)"
20.171.207.119 - - [17/Jun/2025:15:21:26 +0800] "GET /?action=edit&file=profile.py&path=%2F%2Flib64%2Fpython3.9 HTTP/1.1" 200 110079 "-" "Mozilla/5.0 AppleWebKit/537.36 (KHTML, like Gecko; compatible; GPTBot/1.2; +https://openai.com/gptbot)"
20.171.207.161 - - [17/Jun/2025:15:21:27 +0800] "GET /sitepages/topic/2?path=%2F%2Flib%2Flocale%2Fen_US.utf8%40ampm%2FLC_MESSAGES HTTP/1.1" 200 59546 "-" "Mozilla/5.0 AppleWebKit/537.36 (KHTML, like Gecko; compatible; GPTBot/1.2; +https://openai.com/gptbot)"
20.171.207.161 - - [17/Jun/2025:15:21:34 +0800] "GET /sitepages/topic/2?path=%2F%2Flib%2Flocale%2Fen_GB.iso885915%2FLC_MESSAGES HTTP/1.1" 200 59522 "-" "Mozilla/5.0 AppleWebKit/537.36 (KHTML, like Gecko; compatible; GPTBot/1.2; +https://openai.com/gptbot)"
20.171.207.161 - - [17/Jun/2025:15:21:36 +0800] "GET /sitepages/topic/2?path=%2F%2Flib%2Flocale%2FC.utf8%2FLC_MESSAGES HTTP/1.1" 200 59431 "-" "Mozilla/5.0 AppleWebKit/537.36 (KHTML, like Gecko; compatible; GPTBot/1.2; +https://openai.com/gptbot)"
20.171.207.161 - - [17/Jun/2025:15:21:43 +0800] "GET /sitepages/topic/2?path=%2F%2Flib%2Flocale%2Fen_IE%40euro%2FLC_MESSAGES HTTP/1.1" 200 59499 "-" "Mozilla/5.0 AppleWebKit/537.36 (KHTML, like Gecko; compatible; GPTBot/1.2; +https://openai.com/gptbot)"
20.171.207.161 - - [17/Jun/2025:15:21:49 +0800] "GET /sitepages/topic/2?path=%2F%2Flib%2Flocale%2Fen_US%40ampm%2FLC_MESSAGES HTTP/1.1" 200 59483 "-" "Mozilla/5.0 AppleWebKit/537.36 (KHTML, like Gecko; compatible; GPTBot/1.2; +https://openai.com/gptbot)"
20.171.207.119 - - [17/Jun/2025:15:21:50 +0800] "GET /?action=edit&file=profile.py&path=%2F%2Flib64%2Fpython3.6 HTTP/1.1" 200 109126 "-" "Mozilla/5.0 AppleWebKit/537.36 (KHTML, like Gecko; compatible; GPTBot/1.2; +https://openai.com/gptbot)"
114.119.151.107 - - [17/Jun/2025:15:21:52 +0800] "GET /blog/topic/81?path=//run HTTP/1.1" 200 59778 "https://zuuttravel.com/blog/topic/81?path=/" "Mozilla/5.0 (Linux; Android 7.0;) AppleWebKit/537.36 (KHTML, like Gecko) Mobile Safari/537.36 (compatible; PetalBot;+https://webmaster.petalsearch.com/site/petalbot)"
66.249.79.166 - - [17/Jun/2025:15:21:52 +0800] "GET /?shopdetail/19347043 HTTP/1.1" 200 91190 "-" "Mozilla/5.0 (compatible; Googlebot/2.1; +http://www.google.com/bot.html)"
20.171.207.161 - - [17/Jun/2025:15:21:54 +0800] "GET /sitepages/topic/2?action=edit&file=locale-archive&path=%2F%2Flib%2Flocale HTTP/1.1" 500 5 "-" "Mozilla/5.0 AppleWebKit/537.36 (KHTML, like Gecko; compatible; GPTBot/1.2; +https://openai.com/gptbot)"
20.171.207.161 - - [17/Jun/2025:15:22:04 +0800] "GET /sitepages/topic/2?action=edit&file=main.cpython-36.opt-2.pyc&path=%2F%2Fusr%2Flib64%2Fpython3.6%2Funittest%2F__pycache__ HTTP/1.1" 200 66401 "-" "Mozilla/5.0 AppleWebKit/537.36 (KHTML, like Gecko; compatible; GPTBot/1.2; +https://openai.com/gptbot)"
66.249.79.165 - - [17/Jun/2025:15:22:04 +0800] "GET /?shopdetail/4652587 HTTP/1.1" 200 91196 "-" "Mozilla/5.0 (Linux; Android 6.0.1; Nexus 5X Build/MMB29P) AppleWebKit/537.36 (KHTML, like Gecko) Chrome/136.0.7103.113 Mobile Safari/537.36 (compatible; Googlebot/2.1; +http://www.google.com/bot.html)"
20.171.207.119 - - [17/Jun/2025:15:22:14 +0800] "GET /?action=edit&file=profile.py&path=%2F%2Flib64%2Fpython2.7 HTTP/1.1" 200 109943 "-" "Mozilla/5.0 AppleWebKit/537.36 (KHTML, like Gecko; compatible; GPTBot/1.2; +https://openai.com/gptbot)"
20.171.207.161 - - [17/Jun/2025:15:22:17 +0800] "GET /sitepages/topic/2?path=%2F%2Fusr%2Flib64%2Fpython3.6%2Fxmlrpc%2F__pycache__ HTTP/1.1" 200 62540 "-" "Mozilla/5.0 AppleWebKit/537.36 (KHTML, like Gecko; compatible; GPTBot/1.2; +https://openai.com/gptbot)"
20.171.207.161 - - [17/Jun/2025:15:22:30 +0800] "GET /sitepages/topic/2?path=%2F%2Fusr%2Flib64%2Fpython3.6%2Fwsgiref HTTP/1.1" 200 61291 "-" "Mozilla/5.0 AppleWebKit/537.36 (KHTML, like Gecko; compatible; GPTBot/1.2; +https://openai.com/gptbot)"
20.171.207.119 - - [17/Jun/2025:15:22:40 +0800] "GET /?path=%2F%2Flib64%2Fpython3.9%2F__pycache__ HTTP/1.1" 200 270199 "-" "Mozilla/5.0 AppleWebKit/537.36 (KHTML, like Gecko; compatible; GPTBot/1.2; +https://openai.com/gptbot)"
20.171.207.161 - - [17/Jun/2025:15:22:42 +0800] "GET /sitepages/topic/2?path=%2F%2Fusr%2Flib64%2Fpython3.9%2Fwsgiref HTTP/1.1" 200 61292 "-" "Mozilla/5.0 AppleWebKit/537.36 (KHTML, like Gecko; compatible; GPTBot/1.2; +https://openai.com/gptbot)"
20.171.207.161 - - [17/Jun/2025:15:22:47 +0800] "GET /sitepages/topic/2?path=%2F%2Flib64%2FX11 HTTP/1.1" 200 58799 "-" "Mozilla/5.0 AppleWebKit/537.36 (KHTML, like Gecko; compatible; GPTBot/1.2; +https://openai.com/gptbot)"
20.171.207.119 - - [17/Jun/2025:15:23:00 +0800] "GET /?action=edit&file=libboost_regex-plesk.so.1.82.0&path=%2F%2Flib64%2Flibboost-plesk-1.82 HTTP/1.1" 200 613489 "-" "Mozilla/5.0 AppleWebKit/537.36 (KHTML, like Gecko; compatible; GPTBot/1.2; +https://openai.com/gptbot)"
20.171.207.161 - - [17/Jun/2025:15:23:02 +0800] "GET /sitepages/topic/2?action=edit&file=odbc_config&path=%2F%2Fbin HTTP/1.1" 200 74448 "-" "Mozilla/5.0 AppleWebKit/537.36 (KHTML, like Gecko; compatible; GPTBot/1.2; +https://openai.com/gptbot)"
20.171.207.161 - - [17/Jun/2025:15:23:05 +0800] "GET /sitepages/topic/2?action=edit&file=fc-validate&path=%2F%2Fbin HTTP/1.1" 200 78567 "-" "Mozilla/5.0 AppleWebKit/537.36 (KHTML, like Gecko; compatible; GPTBot/1.2; +https://openai.com/gptbot)"
