20.171.207.161 - - [17/Jun/2025:12:52:24 +0800] "GET /sitepages/topic/2?path=%2F%2Fusr%2Flib64%2Fpm-utils%2Fpower.d HTTP/1.1" 200 59075 "-" "Mozilla/5.0 AppleWebKit/537.36 (KHTML, like Gecko; compatible; GPTBot/1.2; +https://openai.com/gptbot)"
20.171.207.161 - - [17/Jun/2025:12:52:26 +0800] "GET /sitepages/topic/2?path=%2F%2Fusr%2Flib64%2Flibboost-plesk-1.82 HTTP/1.1" 200 61627 "-" "Mozilla/5.0 AppleWebKit/537.36 (KHTML, like Gecko; compatible; GPTBot/1.2; +https://openai.com/gptbot)"
20.171.207.161 - - [17/Jun/2025:12:52:31 +0800] "GET /sitepages/topic/2?path=%2F%2Flib%2Fpython3.6%2Fsite-packages%2Fpyudev%2F__pycache__ HTTP/1.1" 200 65265 "-" "Mozilla/5.0 AppleWebKit/537.36 (KHTML, like Gecko; compatible; GPTBot/1.2; +https://openai.com/gptbot)"
20.171.207.161 - - [17/Jun/2025:12:52:43 +0800] "GET /sitepages/topic/2?path=%2F%2Flib64%2Fpython3.9%2Flib-dynload HTTP/1.1" 200 83154 "-" "Mozilla/5.0 AppleWebKit/537.36 (KHTML, like Gecko; compatible; GPTBot/1.2; +https://openai.com/gptbot)"
20.171.207.161 - - [17/Jun/2025:12:52:44 +0800] "GET /sitepages/topic/2?path=%2F%2Flib64%2Fpython3.6%2Flib-dynload HTTP/1.1" 200 81374 "-" "Mozilla/5.0 AppleWebKit/537.36 (KHTML, like Gecko; compatible; GPTBot/1.2; +https://openai.com/gptbot)"
20.171.207.161 - - [17/Jun/2025:12:52:51 +0800] "GET /sitepages/topic/2?path=%2F%2Flib64%2Fgtk-2.0 HTTP/1.1" 200 59556 "-" "Mozilla/5.0 AppleWebKit/537.36 (KHTML, like Gecko; compatible; GPTBot/1.2; +https://openai.com/gptbot)"
20.171.207.161 - - [17/Jun/2025:12:53:02 +0800] "GET /sitepages/topic/2?action=edit&file=pod2text&path=%2F%2Fbin HTTP/1.1" 200 70521 "-" "Mozilla/5.0 AppleWebKit/537.36 (KHTML, like Gecko; compatible; GPTBot/1.2; +https://openai.com/gptbot)"
20.171.207.161 - - [17/Jun/2025:12:53:04 +0800] "GET /sitepages/topic/2?action=edit&file=id&path=%2F%2Fbin HTTP/1.1" 200 124562 "-" "Mozilla/5.0 AppleWebKit/537.36 (KHTML, like Gecko; compatible; GPTBot/1.2; +https://openai.com/gptbot)"
114.119.157.103 - - [17/Jun/2025:12:53:04 +0800] "GET /cultural-tips?path=/home/zuuttrav/public_html/uploads/users HTTP/1.1" 200 65076 "https://zuuttravel.com/cultural-tips?path=/home/zuuttrav/public_html/uploads" "Mozilla/5.0 (Linux; Android 7.0;) AppleWebKit/537.36 (KHTML, like Gecko) Mobile Safari/537.36 (compatible; PetalBot;+https://webmaster.petalsearch.com/site/petalbot)"
20.171.207.161 - - [17/Jun/2025:12:53:15 +0800] "GET /sitepages/topic/2?action=edit&file=IBM930.so&path=%2F%2Flib64%2Fgconv HTTP/1.1" 200 238692 "-" "Mozilla/5.0 AppleWebKit/537.36 (KHTML, like Gecko; compatible; GPTBot/1.2; +https://openai.com/gptbot)"
20.171.207.161 - - [17/Jun/2025:12:53:18 +0800] "GET /sitepages/topic/2?action=edit&file=gcov-dump&path=%2F%2Fbin HTTP/1.1" 200 991571 "-" "Mozilla/5.0 AppleWebKit/537.36 (KHTML, like Gecko; compatible; GPTBot/1.2; +https://openai.com/gptbot)"
20.171.207.161 - - [17/Jun/2025:12:53:23 +0800] "GET /sitepages/topic/2?action=edit&file=i18n.cpython-36.opt-1.pyc&path=%2F%2Flib%2Fpython3.6%2Fsite-packages%2Frhn%2F__pycache__ HTTP/1.1" 200 59968 "-" "Mozilla/5.0 AppleWebKit/537.36 (KHTML, like Gecko; compatible; GPTBot/1.2; +https://openai.com/gptbot)"
66.249.79.167 - - [17/Jun/2025:12:53:40 +0800] "GET /?shopdetail/26133887 HTTP/1.1" 200 91190 "-" "Mozilla/5.0 (Linux; Android 6.0.1; Nexus 5X Build/MMB29P) AppleWebKit/537.36 (KHTML, like Gecko) Chrome/136.0.7103.113 Mobile Safari/537.36 (compatible; Googlebot/2.1; +http://www.google.com/bot.html)"
54.204.62.163 - - [17/Jun/2025:12:53:50 +0800] "GET /robots.txt HTTP/1.1" 200 1112 "-" "Mozilla/5.0 AppleWebKit/537.36 (KHTML, like Gecko; compatible; Amazonbot/0.1; +https://developer.amazon.com/support/amazonbot) Chrome/119.0.6045.214 Safari/537.36"
20.171.207.161 - - [17/Jun/2025:12:53:50 +0800] "GET /sitepages/topic/2?action=edit&file=mysqldump&path=%2F%2Fbin HTTP/1.1" 200 10048736 "-" "Mozilla/5.0 AppleWebKit/537.36 (KHTML, like Gecko; compatible; GPTBot/1.2; +https://openai.com/gptbot)"
50.17.193.48 - - [17/Jun/2025:12:53:55 +0800] "GET /?path=//root HTTP/1.1" 200 85804 "-" "Mozilla/5.0 AppleWebKit/537.36 (KHTML, like Gecko; compatible; Amazonbot/0.1; +https://developer.amazon.com/support/amazonbot) Chrome/119.0.6045.214 Safari/537.36"
184.73.35.182 - - [17/Jun/2025:12:54:03 +0800] "GET /services/topic/8?path=//root HTTP/1.1" 200 80797 "-" "Mozilla/5.0 AppleWebKit/537.36 (KHTML, like Gecko; compatible; Amazonbot/0.1; +https://developer.amazon.com/support/amazonbot) Chrome/119.0.6045.214 Safari/537.36"
44.215.210.112 - - [17/Jun/2025:12:54:04 +0800] "GET /contact?path=//etc HTTP/1.1" 200 84152 "-" "Mozilla/5.0 AppleWebKit/537.36 (KHTML, like Gecko; compatible; Amazonbot/0.1; +https://developer.amazon.com/support/amazonbot) Chrome/119.0.6045.214 Safari/537.36"
107.20.224.184 - - [17/Jun/2025:12:54:10 +0800] "GET /services/topic/16?path=/home/zuuttrav/php HTTP/1.1" 200 84993 "-" "Mozilla/5.0 AppleWebKit/537.36 (KHTML, like Gecko; compatible; Amazonbot/0.1; +https://developer.amazon.com/support/amazonbot) Chrome/119.0.6045.214 Safari/537.36"
3.220.148.166 - - [17/Jun/2025:12:54:11 +0800] "GET /cultural-tips?path=/home/zuuttrav/public_html HTTP/1.1" 200 68817 "-" "Mozilla/5.0 AppleWebKit/537.36 (KHTML, like Gecko; compatible; Amazonbot/0.1; +https://developer.amazon.com/support/amazonbot) Chrome/119.0.6045.214 Safari/537.36"
20.171.207.161 - - [17/Jun/2025:12:54:13 +0800] "GET /sitepages/topic/2?action=edit&file=mysqlshow&path=%2F%2Fbin HTTP/1.1" 200 9918826 "-" "Mozilla/5.0 AppleWebKit/537.36 (KHTML, like Gecko; compatible; GPTBot/1.2; +https://openai.com/gptbot)"
34.236.41.241 - - [17/Jun/2025:12:54:18 +0800] "GET /services/topic/100?path=/home/zuuttrav/public_html/core/public HTTP/1.1" 200 65766 "-" "Mozilla/5.0 AppleWebKit/537.36 (KHTML, like Gecko; compatible; Amazonbot/0.1; +https://developer.amazon.com/support/amazonbot) Chrome/119.0.6045.214 Safari/537.36"
54.91.122.193 - - [17/Jun/2025:12:54:19 +0800] "GET /services/topic/8?path=/home/zuuttrav/tmp HTTP/1.1" 200 87533 "-" "Mozilla/5.0 AppleWebKit/537.36 (KHTML, like Gecko; compatible; Amazonbot/0.1; +https://developer.amazon.com/support/amazonbot) Chrome/119.0.6045.214 Safari/537.36"
52.3.127.170 - - [17/Jun/2025:12:54:22 +0800] "GET /contact?path=/home/zuuttrav/.cl.selector HTTP/1.1" 200 65858 "-" "Mozilla/5.0 AppleWebKit/537.36 (KHTML, like Gecko; compatible; Amazonbot/0.1; +https://developer.amazon.com/support/amazonbot) Chrome/119.0.6045.214 Safari/537.36"
54.197.82.195 - - [17/Jun/2025:12:54:32 +0800] "GET /contact?path=/home/zuuttrav/public_html/assets/translation HTTP/1.1" 200 66277 "-" "Mozilla/5.0 AppleWebKit/537.36 (KHTML, like Gecko; compatible; Amazonbot/0.1; +https://developer.amazon.com/support/amazonbot) Chrome/119.0.6045.214 Safari/537.36"
3.215.221.125 - - [17/Jun/2025:12:54:36 +0800] "GET /services/topic/8?action=edit&file=.bashrc&path=/home/zuuttrav HTTP/1.1" 403 86380 "-" "Mozilla/5.0 AppleWebKit/537.36 (KHTML, like Gecko; compatible; Amazonbot/0.1; +https://developer.amazon.com/support/amazonbot) Chrome/119.0.6045.214 Safari/537.36"
3.222.85.38 - - [17/Jun/2025:12:54:37 +0800] "GET /sitepages/topic/9?action=edit&file=package.json&path=/home/zuuttrav/public_html/core HTTP/1.1" 200 84066 "-" "Mozilla/5.0 AppleWebKit/537.36 (KHTML, like Gecko; compatible; Amazonbot/0.1; +https://developer.amazon.com/support/amazonbot) Chrome/119.0.6045.214 Safari/537.36"
20.171.207.161 - - [17/Jun/2025:12:54:41 +0800] "GET /sitepages/topic/2?action=edit&file=mysqlcheck&path=%2F%2Fbin HTTP/1.1" 200 9954464 "-" "Mozilla/5.0 AppleWebKit/537.36 (KHTML, like Gecko; compatible; GPTBot/1.2; +https://openai.com/gptbot)"
3.223.134.5 - - [17/Jun/2025:12:54:42 +0800] "GET /contact?path=/home/zuuttrav/public_html/.well-known/acme-challenge HTTP/1.1" 200 65721 "-" "Mozilla/5.0 AppleWebKit/537.36 (KHTML, like Gecko; compatible; Amazonbot/0.1; +https://developer.amazon.com/support/amazonbot) Chrome/119.0.6045.214 Safari/537.36"
3.224.205.25 - - [17/Jun/2025:12:54:44 +0800] "GET /blog/topic/75?action=edit&file=.env.example&path=/home/zuuttrav/public_html/core HTTP/1.1" 200 61139 "-" "Mozilla/5.0 AppleWebKit/537.36 (KHTML, like Gecko; compatible; Amazonbot/0.1; +https://developer.amazon.com/support/amazonbot) Chrome/119.0.6045.214 Safari/537.36"
3.212.86.97 - - [17/Jun/2025:12:54:51 +0800] "GET /contact?action=edit&file=.bash_profile&path=/home/zuuttrav HTTP/1.1" 200 64610 "-" "Mozilla/5.0 AppleWebKit/537.36 (KHTML, like Gecko; compatible; Amazonbot/0.1; +https://developer.amazon.com/support/amazonbot) Chrome/119.0.6045.214 Safari/537.36"
114.119.150.208 - - [17/Jun/2025:12:54:51 +0800] "GET /cultural-tips?path=/home/zuuttrav/public_html/core/storage/app HTTP/1.1" 200 64525 "https://zuuttravel.com/cultural-tips?path=/home/zuuttrav/public_html/core/storage" "Mozilla/5.0 (Linux; Android 7.0;) AppleWebKit/537.36 (KHTML, like Gecko) Mobile Safari/537.36 (compatible; PetalBot;+https://webmaster.petalsearch.com/site/petalbot)"
34.227.156.153 - - [17/Jun/2025:12:54:56 +0800] "GET /blog?action=edit&file=.htaccess&path=/home/zuuttrav/public_html/core HTTP/1.1" 200 79480 "-" "Mozilla/5.0 AppleWebKit/537.36 (KHTML, like Gecko; compatible; Amazonbot/0.1; +https://developer.amazon.com/support/amazonbot) Chrome/119.0.6045.214 Safari/537.36"
3.212.205.90 - - [17/Jun/2025:12:54:56 +0800] "GET /?action=edit&file=phpunit.xml&path=/home/zuuttrav/public_html/core HTTP/1.1" 200 87139 "-" "Mozilla/5.0 AppleWebKit/537.36 (KHTML, like Gecko; compatible; Amazonbot/0.1; +https://developer.amazon.com/support/amazonbot) Chrome/119.0.6045.214 Safari/537.36"
20.171.207.161 - - [17/Jun/2025:12:55:11 +0800] "GET /sitepages/topic/2?action=edit&file=mysqladmin&path=%2F%2Fbin HTTP/1.1" 200 9933252 "-" "Mozilla/5.0 AppleWebKit/537.36 (KHTML, like Gecko; compatible; GPTBot/1.2; +https://openai.com/gptbot)"
20.171.207.161 - - [17/Jun/2025:12:55:17 +0800] "GET /sitepages/topic/2?action=edit&file=_multibytecodec.cpython-36m-x86_64-linux-gnu.so&path=%2F%2Flib64%2Fpython3.6%2Flib-dynload HTTP/1.1" 200 129428 "-" "Mozilla/5.0 AppleWebKit/537.36 (KHTML, like Gecko; compatible; GPTBot/1.2; +https://openai.com/gptbot)"
20.171.207.161 - - [17/Jun/2025:12:56:19 +0800] "GET /sitepages/topic/2?action=edit&file=mysql.sock&path=%2F%2Ftmp HTTP/1.1" 200 58542 "-" "Mozilla/5.0 AppleWebKit/537.36 (KHTML, like Gecko; compatible; GPTBot/1.2; +https://openai.com/gptbot)"
114.119.133.103 - - [17/Jun/2025:12:56:31 +0800] "GET /cultural-tips?path=/home/zuuttrav/public_html/core/bootstrap HTTP/1.1" 200 64414 "https://zuuttravel.com/cultural-tips?path=/home/zuuttrav/public_html/core" "Mozilla/5.0 (Linux; Android 7.0;) AppleWebKit/537.36 (KHTML, like Gecko) Mobile Safari/537.36 (compatible; PetalBot;+https://webmaster.petalsearch.com/site/petalbot)"
57.141.2.12 - - [17/Jun/2025:12:57:07 +0800] "GET /?path=%2Fhome%2Fzuuttrav%2Fpublic_html%2Fcore HTTP/1.1" 200 92523 "-" "meta-externalagent/1.1 (+https://developers.facebook.com/docs/sharing/webmasters/crawler)"
20.171.207.161 - - [17/Jun/2025:12:57:20 +0800] "GET /sitepages/topic/2?action=edit&file=key-users&path=%2F%2Fproc HTTP/1.1" 200 58409 "-" "Mozilla/5.0 AppleWebKit/537.36 (KHTML, like Gecko; compatible; GPTBot/1.2; +https://openai.com/gptbot)"
102.0.17.152 - - [17/Jun/2025:12:57:49 +0800] "GET /wp-login.php HTTP/1.1" 200 8002 "-" "Mozilla/5.0 (Windows NT 10.0; WOW64; Trident/7.0; rv:11.0) like Gecko"
102.0.17.152 - - [17/Jun/2025:12:57:51 +0800] "POST /xmlrpc.php HTTP/1.1" 401 8027 "-" "Mozilla/5.0 (Windows NT 10.0; WOW64; Trident/7.0; rv:11.0) like Gecko"
20.171.207.161 - - [17/Jun/2025:12:58:07 +0800] "GET /sitepages/topic/2?action=edit&file=buddyinfo&path=%2F%2Fproc HTTP/1.1" 200 58409 "-" "Mozilla/5.0 AppleWebKit/537.36 (KHTML, like Gecko; compatible; GPTBot/1.2; +https://openai.com/gptbot)"
114.119.151.107 - - [17/Jun/2025:12:58:20 +0800] "GET /cultural-tips?path=/home/zuuttrav/public_html/core/app/Models HTTP/1.1" 200 73787 "https://zuuttravel.com/cultural-tips?path=/home/zuuttrav/public_html/core/app" "Mozilla/5.0 (Linux; Android 7.0;) AppleWebKit/537.36 (KHTML, like Gecko) Mobile Safari/537.36 (compatible; PetalBot;+https://webmaster.petalsearch.com/site/petalbot)"
66.249.79.167 - - [17/Jun/2025:12:58:50 +0800] "GET /?shopdetail/10616498 HTTP/1.1" 200 91190 "-" "Mozilla/5.0 (Linux; Android 6.0.1; Nexus 5X Build/MMB29P) AppleWebKit/537.36 (KHTML, like Gecko) Chrome/136.0.7103.113 Mobile Safari/537.36 (compatible; Googlebot/2.1; +http://www.google.com/bot.html)"
20.171.207.161 - - [17/Jun/2025:12:58:57 +0800] "GET /sitepages/topic/2?action=edit&file=ssh-keygen&path=%2F%2Fbin HTTP/1.1" 200 707125 "-" "Mozilla/5.0 AppleWebKit/537.36 (KHTML, like Gecko; compatible; GPTBot/1.2; +https://openai.com/gptbot)"
20.171.207.161 - - [17/Jun/2025:12:59:36 +0800] "GET /sitepages/topic/2?action=edit&file=kallsyms&path=%2F%2Fproc HTTP/1.1" 200 58403 "-" "Mozilla/5.0 AppleWebKit/537.36 (KHTML, like Gecko; compatible; GPTBot/1.2; +https://openai.com/gptbot)"
114.119.133.103 - - [17/Jun/2025:13:00:05 +0800] "GET /cultural-tips?path=/home/zuuttrav/public_html/core/app/Mail HTTP/1.1" 200 64240 "https://zuuttravel.com/cultural-tips?path=/home/zuuttrav/public_html/core/app" "Mozilla/5.0 (Linux; Android 7.0;) AppleWebKit/537.36 (KHTML, like Gecko) Mobile Safari/537.36 (compatible; PetalBot;+https://webmaster.petalsearch.com/site/petalbot)"
20.171.207.161 - - [17/Jun/2025:13:00:14 +0800] "GET /sitepages/topic/2?path=%2F%2Flib64%2Fgtk-2.0%2Fmodules HTTP/1.1" 200 59604 "-" "Mozilla/5.0 AppleWebKit/537.36 (KHTML, like Gecko; compatible; GPTBot/1.2; +https://openai.com/gptbot)"
20.171.207.161 - - [17/Jun/2025:13:00:46 +0800] "GET /sitepages/topic/2?path=%2F%2Flib64%2Fpython3.9%2Fsite-packages HTTP/1.1" 200 59632 "-" "Mozilla/5.0 AppleWebKit/537.36 (KHTML, like Gecko; compatible; GPTBot/1.2; +https://openai.com/gptbot)"
20.171.207.161 - - [17/Jun/2025:13:01:10 +0800] "GET /sitepages/topic/2?path=%2F%2Flib64%2Fpython3.6%2Fsite-packages HTTP/1.1" 200 80473 "-" "Mozilla/5.0 AppleWebKit/537.36 (KHTML, like Gecko; compatible; GPTBot/1.2; +https://openai.com/gptbot)"
20.171.207.161 - - [17/Jun/2025:13:01:42 +0800] "GET /sitepages/topic/2?path=%2F%2Flib64%2Flibnfsidmap HTTP/1.1" 200 59790 "-" "Mozilla/5.0 AppleWebKit/537.36 (KHTML, like Gecko; compatible; GPTBot/1.2; +https://openai.com/gptbot)"
114.119.157.103 - - [17/Jun/2025:13:01:47 +0800] "GET /cultural-tips?path=/home/zuuttrav/public_html/core/app/Http HTTP/1.1" 200 64762 "https://zuuttravel.com/cultural-tips?path=/home/zuuttrav/public_html/core/app" "Mozilla/5.0 (Linux; Android 7.0;) AppleWebKit/537.36 (KHTML, like Gecko) Mobile Safari/537.36 (compatible; PetalBot;+https://webmaster.petalsearch.com/site/petalbot)"
20.171.207.161 - - [17/Jun/2025:13:02:02 +0800] "GET /sitepages/topic/2?path=%2F%2Flib%2Fpython3.6%2Fsite-packages%2Fdateutil HTTP/1.1" 200 62610 "-" "Mozilla/5.0 AppleWebKit/537.36 (KHTML, like Gecko; compatible; GPTBot/1.2; +https://openai.com/gptbot)"
66.249.79.166 - - [17/Jun/2025:13:02:16 +0800] "GET /?shopdetail/13683265 HTTP/1.1" 200 91197 "-" "Mozilla/5.0 (Linux; Android 6.0.1; Nexus 5X Build/MMB29P) AppleWebKit/537.36 (KHTML, like Gecko) Chrome/136.0.7103.113 Mobile Safari/537.36 (compatible; Googlebot/2.1; +http://www.google.com/bot.html)"
20.171.207.161 - - [17/Jun/2025:13:02:28 +0800] "GET /sitepages/topic/2?path=%2F%2Flib%2Fpython2.7%2Fsite-packages%2Fclcommon HTTP/1.1" 200 59178 "-" "Mozilla/5.0 AppleWebKit/537.36 (KHTML, like Gecko; compatible; GPTBot/1.2; +https://openai.com/gptbot)"
66.249.79.165 - - [17/Jun/2025:13:02:43 +0800] "GET /?shopdetail/23264143 HTTP/1.1" 200 91197 "-" "Mozilla/5.0 (compatible; Googlebot/2.1; +http://www.google.com/bot.html)"
20.171.207.161 - - [17/Jun/2025:13:02:49 +0800] "GET /sitepages/topic/2?path=%2F%2Flib%2Fpython3.6%2Fsite-packages%2Fnftables HTTP/1.1" 200 60443 "-" "Mozilla/5.0 AppleWebKit/537.36 (KHTML, like Gecko; compatible; GPTBot/1.2; +https://openai.com/gptbot)"
20.171.207.161 - - [17/Jun/2025:13:03:03 +0800] "GET /sitepages/topic/2?path=%2F%2Flib64%2Fpython2.7 HTTP/1.1" 200 256673 "-" "Mozilla/5.0 AppleWebKit/537.36 (KHTML, like Gecko; compatible; GPTBot/1.2; +https://openai.com/gptbot)"
20.171.207.161 - - [17/Jun/2025:13:03:19 +0800] "GET /sitepages/topic/2?path=%2F%2Flib64%2Fplymouth%2Frenderers HTTP/1.1" 200 59001 "-" "Mozilla/5.0 AppleWebKit/537.36 (KHTML, like Gecko; compatible; GPTBot/1.2; +https://openai.com/gptbot)"
114.119.150.208 - - [17/Jun/2025:13:03:30 +0800] "GET /cultural-tips?path=/home/zuuttrav/public_html/assets/keditor HTTP/1.1" 200 65486 "https://zuuttravel.com/cultural-tips?path=/home/zuuttrav/public_html/assets" "Mozilla/5.0 (Linux; Android 7.0;) AppleWebKit/537.36 (KHTML, like Gecko) Mobile Safari/537.36 (compatible; PetalBot;+https://webmaster.petalsearch.com/site/petalbot)"
20.171.207.161 - - [17/Jun/2025:13:03:38 +0800] "GET /sitepages/topic/2?path=%2F%2Flib%2Fpython3.6%2Fsite-packages%2Fisc HTTP/1.1" 200 63947 "-" "Mozilla/5.0 AppleWebKit/537.36 (KHTML, like Gecko; compatible; GPTBot/1.2; +https://openai.com/gptbot)"
20.171.207.161 - - [17/Jun/2025:13:03:51 +0800] "GET /sitepages/topic/2?path=%2F%2Flib%2Fpython3.6%2Fsite-packages%2Fpyudev%2F_ctypeslib HTTP/1.1" 200 61338 "-" "Mozilla/5.0 AppleWebKit/537.36 (KHTML, like Gecko; compatible; GPTBot/1.2; +https://openai.com/gptbot)"
20.171.207.161 - - [17/Jun/2025:13:03:58 +0800] "GET /sitepages/topic/2?path=%2F%2Flib%2Fpython2.7%2Fsite-packages%2Furllib3 HTTP/1.1" 200 70004 "-" "Mozilla/5.0 AppleWebKit/537.36 (KHTML, like Gecko; compatible; GPTBot/1.2; +https://openai.com/gptbot)"
20.171.207.161 - - [17/Jun/2025:13:04:14 +0800] "GET /sitepages/topic/2?path=%2F%2Flib64%2Fpython3.9%2Fsite-packages%2F__pycache__ HTTP/1.1" 200 59221 "-" "Mozilla/5.0 AppleWebKit/537.36 (KHTML, like Gecko; compatible; GPTBot/1.2; +https://openai.com/gptbot)"
66.249.79.167 - - [17/Jun/2025:13:04:14 +0800] "GET /?shopdetail/16203787 HTTP/1.1" 200 91190 "-" "Mozilla/5.0 (Linux; Android 6.0.1; Nexus 5X Build/MMB29P) AppleWebKit/537.36 (KHTML, like Gecko) Chrome/136.0.7103.113 Mobile Safari/537.36 (compatible; Googlebot/2.1; +http://www.google.com/bot.html)"
20.171.207.161 - - [17/Jun/2025:13:04:23 +0800] "GET /sitepages/topic/2?action=edit&file=python_dmidecode-3.12.2-py3.6.egg-info&path=%2F%2Flib64%2Fpython3.6%2Fsite-packages HTTP/1.1" 200 59260 "-" "Mozilla/5.0 AppleWebKit/537.36 (KHTML, like Gecko; compatible; GPTBot/1.2; +https://openai.com/gptbot)"
20.171.207.161 - - [17/Jun/2025:13:04:32 +0800] "GET /sitepages/topic/2?path=%2F%2Flib64%2Fpython3.6%2Fsite-packages%2Fdbus HTTP/1.1" 200 64651 "-" "Mozilla/5.0 AppleWebKit/537.36 (KHTML, like Gecko; compatible; GPTBot/1.2; +https://openai.com/gptbot)"
20.171.207.161 - - [17/Jun/2025:13:04:34 +0800] "GET /sitepages/topic/2?path=%2F%2Flib%2Fpython3.6%2Fsite-packages%2Fdateutil%2F__pycache__ HTTP/1.1" 200 65335 "-" "Mozilla/5.0 AppleWebKit/537.36 (KHTML, like Gecko; compatible; GPTBot/1.2; +https://openai.com/gptbot)"
66.249.79.165 - - [17/Jun/2025:13:04:40 +0800] "GET /?shopdetail/29195265 HTTP/1.1" 200 91197 "-" "Mozilla/5.0 (Linux; Android 6.0.1; Nexus 5X Build/MMB29P) AppleWebKit/537.36 (KHTML, like Gecko) Chrome/136.0.7103.113 Mobile Safari/537.36 (compatible; Googlebot/2.1; +http://www.google.com/bot.html)"
20.171.207.161 - - [17/Jun/2025:13:04:46 +0800] "GET /sitepages/topic/2?path=%2F%2Flib%2Fpython3.6%2Fsite-packages%2Fply HTTP/1.1" 200 61322 "-" "Mozilla/5.0 AppleWebKit/537.36 (KHTML, like Gecko; compatible; GPTBot/1.2; +https://openai.com/gptbot)"
20.171.207.161 - - [17/Jun/2025:13:04:52 +0800] "GET /sitepages/topic/2?path=%2F%2Flib64%2Fpython3.6%2Fsite-packages%2Fcurl HTTP/1.1" 200 59761 "-" "Mozilla/5.0 AppleWebKit/537.36 (KHTML, like Gecko; compatible; GPTBot/1.2; +https://openai.com/gptbot)"
20.171.207.161 - - [17/Jun/2025:13:04:54 +0800] "GET /sitepages/topic/2?action=edit&file=nntplib.py&path=%2F%2Flib64%2Fpython2.7 HTTP/1.1" 200 82913 "-" "Mozilla/5.0 AppleWebKit/537.36 (KHTML, like Gecko; compatible; GPTBot/1.2; +https://openai.com/gptbot)"
20.171.207.161 - - [17/Jun/2025:13:05:06 +0800] "GET /sitepages/topic/2?action=edit&file=hashlib.pyc&path=%2F%2Flib64%2Fpython2.7 HTTP/1.1" 200 65952 "-" "Mozilla/5.0 AppleWebKit/537.36 (KHTML, like Gecko; compatible; GPTBot/1.2; +https://openai.com/gptbot)"
20.171.207.161 - - [17/Jun/2025:13:05:07 +0800] "GET /sitepages/topic/2?action=edit&file=opcode.pyo&path=%2F%2Flib64%2Fpython2.7 HTTP/1.1" 200 65451 "-" "Mozilla/5.0 AppleWebKit/537.36 (KHTML, like Gecko; compatible; GPTBot/1.2; +https://openai.com/gptbot)"
114.119.155.203 - - [17/Jun/2025:13:05:15 +0800] "GET /cultural-tips?path=/home/zuuttrav/public_html/assets/dashboard HTTP/1.1" 200 65236 "https://zuuttravel.com/cultural-tips?path=/home/zuuttrav/public_html/assets" "Mozilla/5.0 (Linux; Android 7.0;) AppleWebKit/537.36 (KHTML, like Gecko) Mobile Safari/537.36 (compatible; PetalBot;+https://webmaster.petalsearch.com/site/petalbot)"
20.171.207.161 - - [17/Jun/2025:13:05:19 +0800] "GET /sitepages/topic/2?action=edit&file=audiodev.py&path=%2F%2Flib64%2Fpython2.7 HTTP/1.1" 200 66444 "-" "Mozilla/5.0 AppleWebKit/537.36 (KHTML, like Gecko; compatible; GPTBot/1.2; +https://openai.com/gptbot)"
20.171.207.161 - - [17/Jun/2025:13:05:20 +0800] "GET /sitepages/topic/2?path=%2F%2Flib%2Fpython3.6%2Fsite-packages%2Fpyudev%2F_ctypeslib%2F__pycache__ HTTP/1.1" 200 63380 "-" "Mozilla/5.0 AppleWebKit/537.36 (KHTML, like Gecko; compatible; GPTBot/1.2; +https://openai.com/gptbot)"
20.171.207.161 - - [17/Jun/2025:13:05:27 +0800] "GET /sitepages/topic/2?path=%2F%2Flib%2Fpython3.6%2Fsite-packages%2Fisc%2F__pycache__ HTTP/1.1" 200 69623 "-" "Mozilla/5.0 AppleWebKit/537.36 (KHTML, like Gecko; compatible; GPTBot/1.2; +https://openai.com/gptbot)"
20.171.207.161 - - [17/Jun/2025:13:05:33 +0800] "GET /sitepages/topic/2?path=%2F%2Flib64%2Fpython2.7%2Flib-dynload HTTP/1.1" 200 82424 "-" "Mozilla/5.0 AppleWebKit/537.36 (KHTML, like Gecko; compatible; GPTBot/1.2; +https://openai.com/gptbot)"
57.141.2.19 - - [17/Jun/2025:13:05:36 +0800] "GET /services/topic/6 HTTP/1.1" 200 106080 "-" "meta-externalagent/1.1 (+https://developers.facebook.com/docs/sharing/webmasters/crawler)"
20.171.207.161 - - [17/Jun/2025:13:05:43 +0800] "GET /sitepages/topic/2?path=%2F%2Flib64%2Fpython3.6%2Fsite-packages%2Flxml HTTP/1.1" 200 66108 "-" "Mozilla/5.0 AppleWebKit/537.36 (KHTML, like Gecko; compatible; GPTBot/1.2; +https://openai.com/gptbot)"
20.171.207.161 - - [17/Jun/2025:13:05:49 +0800] "GET /sitepages/topic/2?path=%2F%2Flib64%2Fpython3.6%2Fsite-packages%2Fdbus%2F__pycache__ HTTP/1.1" 200 70561 "-" "Mozilla/5.0 AppleWebKit/537.36 (KHTML, like Gecko; compatible; GPTBot/1.2; +https://openai.com/gptbot)"
20.171.207.161 - - [17/Jun/2025:13:05:51 +0800] "GET /sitepages/topic/2?path=%2F%2Flib%2Fpython3.6%2Fsite-packages%2Fbabel HTTP/1.1" 200 64459 "-" "Mozilla/5.0 AppleWebKit/537.36 (KHTML, like Gecko; compatible; GPTBot/1.2; +https://openai.com/gptbot)"
20.171.207.161 - - [17/Jun/2025:13:06:04 +0800] "GET /sitepages/topic/2?action=edit&file=autom4te&path=%2F%2Fbin HTTP/1.1" 200 94081 "-" "Mozilla/5.0 AppleWebKit/537.36 (KHTML, like Gecko; compatible; GPTBot/1.2; +https://openai.com/gptbot)"
20.171.207.161 - - [17/Jun/2025:13:06:06 +0800] "GET /sitepages/topic/2?path=%2F%2Flib64%2Fpython3.6%2Fsite-packages%2Fcurl%2F__pycache__ HTTP/1.1" 200 60099 "-" "Mozilla/5.0 AppleWebKit/537.36 (KHTML, like Gecko; compatible; GPTBot/1.2; +https://openai.com/gptbot)"
20.171.207.161 - - [17/Jun/2025:13:06:12 +0800] "GET /sitepages/topic/2?path=%2F%2Flib%2Fpython3.6%2Fsite-packages%2Fply%2F__pycache__ HTTP/1.1" 200 63691 "-" "Mozilla/5.0 AppleWebKit/537.36 (KHTML, like Gecko; compatible; GPTBot/1.2; +https://openai.com/gptbot)"
20.171.207.161 - - [17/Jun/2025:13:06:18 +0800] "GET /sitepages/topic/2?path=%2F%2Flib%2Fpython3.6%2Fsite-packages%2Fidna%2F__pycache__ HTTP/1.1" 200 64497 "-" "Mozilla/5.0 AppleWebKit/537.36 (KHTML, like Gecko; compatible; GPTBot/1.2; +https://openai.com/gptbot)"
20.171.207.161 - - [17/Jun/2025:13:06:24 +0800] "GET /sitepages/topic/2?path=%2F%2Flib%2Fpython3.6%2Fsite-packages%2Ftuned%2F__pycache__ HTTP/1.1" 200 63764 "-" "Mozilla/5.0 AppleWebKit/537.36 (KHTML, like Gecko; compatible; GPTBot/1.2; +https://openai.com/gptbot)"
20.171.207.161 - - [17/Jun/2025:13:06:33 +0800] "GET /sitepages/topic/2?action=edit&file=ps2pdfwr&path=%2F%2Fbin HTTP/1.1" 200 59852 "-" "Mozilla/5.0 AppleWebKit/537.36 (KHTML, like Gecko; compatible; GPTBot/1.2; +https://openai.com/gptbot)"
20.171.207.161 - - [17/Jun/2025:13:06:35 +0800] "GET /sitepages/topic/2?path=%2F%2Flib64%2Fgdk-pixbuf-2.0%2F2.10.0 HTTP/1.1" 200 59615 "-" "Mozilla/5.0 AppleWebKit/537.36 (KHTML, like Gecko; compatible; GPTBot/1.2; +https://openai.com/gptbot)"
20.171.207.161 - - [17/Jun/2025:13:06:41 +0800] "GET /sitepages/topic/2?action=edit&file=_struct.so&path=%2F%2Flib64%2Fpython2.7%2Flib-dynload HTTP/1.1" 200 114950 "-" "Mozilla/5.0 AppleWebKit/537.36 (KHTML, like Gecko; compatible; GPTBot/1.2; +https://openai.com/gptbot)"
20.171.207.161 - - [17/Jun/2025:13:06:47 +0800] "GET /sitepages/topic/2?path=%2F%2Flib64%2Fpython3.6%2Fsite-packages%2Flxml%2F__pycache__ HTTP/1.1" 200 66137 "-" "Mozilla/5.0 AppleWebKit/537.36 (KHTML, like Gecko; compatible; GPTBot/1.2; +https://openai.com/gptbot)"
20.171.207.161 - - [17/Jun/2025:13:06:53 +0800] "GET /sitepages/topic/2?action=edit&file=fc-query&path=%2F%2Fbin HTTP/1.1" 200 73894 "-" "Mozilla/5.0 AppleWebKit/537.36 (KHTML, like Gecko; compatible; GPTBot/1.2; +https://openai.com/gptbot)"
20.171.207.161 - - [17/Jun/2025:13:06:57 +0800] "GET /sitepages/topic/2?path=%2F%2Flib%2Fpython3.6%2Fsite-packages%2Fbabel%2F__pycache__ HTTP/1.1" 200 68185 "-" "Mozilla/5.0 AppleWebKit/537.36 (KHTML, like Gecko; compatible; GPTBot/1.2; +https://openai.com/gptbot)"
20.171.207.161 - - [17/Jun/2025:13:07:06 +0800] "GET /sitepages/topic/2?path=%2F%2Flib64%2Fperl5%2Fvendor_perl HTTP/1.1" 200 70579 "-" "Mozilla/5.0 AppleWebKit/537.36 (KHTML, like Gecko; compatible; GPTBot/1.2; +https://openai.com/gptbot)"
114.119.151.107 - - [17/Jun/2025:13:07:07 +0800] "GET /cultural-tips?path=/home/zuuttrav/public_html/123/img HTTP/1.1" 200 64992 "https://zuuttravel.com/cultural-tips?path=/home/zuuttrav/public_html/123" "Mozilla/5.0 (Linux; Android 7.0;) AppleWebKit/537.36 (KHTML, like Gecko) Mobile Safari/537.36 (compatible; PetalBot;+https://webmaster.petalsearch.com/site/petalbot)"
20.171.207.161 - - [17/Jun/2025:13:07:08 +0800] "GET /sitepages/topic/2?path=%2F%2Flib64%2Fpython2.7%2Fsite-packages HTTP/1.1" 200 64736 "-" "Mozilla/5.0 AppleWebKit/537.36 (KHTML, like Gecko; compatible; GPTBot/1.2; +https://openai.com/gptbot)"
52.200.142.199 - - [17/Jun/2025:13:07:12 +0800] "GET /blog/topic/79?path=//opt HTTP/1.1" 200 65719 "-" "Mozilla/5.0 AppleWebKit/537.36 (KHTML, like Gecko; compatible; Amazonbot/0.1; +https://developer.amazon.com/support/amazonbot) Chrome/119.0.6045.214 Safari/537.36"
20.171.207.161 - - [17/Jun/2025:13:07:14 +0800] "GET /sitepages/topic/2?path=%2F%2Flib%2Fpython3.9%2Fsite-packages%2F_distutils_hack%2F__pycache__ HTTP/1.1" 200 60961 "-" "Mozilla/5.0 AppleWebKit/537.36 (KHTML, like Gecko; compatible; GPTBot/1.2; +https://openai.com/gptbot)"
34.204.150.196 - - [17/Jun/2025:13:07:16 +0800] "GET /blog?path=//proc HTTP/1.1" 200 97159 "-" "Mozilla/5.0 AppleWebKit/537.36 (KHTML, like Gecko; compatible; Amazonbot/0.1; +https://developer.amazon.com/support/amazonbot) Chrome/119.0.6045.214 Safari/537.36"
3.93.211.16 - - [17/Jun/2025:13:07:20 +0800] "GET /cultural-tips?path=/home/zuuttrav HTTP/1.1" 200 75455 "-" "Mozilla/5.0 AppleWebKit/537.36 (KHTML, like Gecko; compatible; Amazonbot/0.1; +https://developer.amazon.com/support/amazonbot) Chrome/119.0.6045.214 Safari/537.36"
20.171.207.161 - - [17/Jun/2025:13:07:20 +0800] "GET /sitepages/topic/2?path=%2F%2Flib64%2FImageMagick-6.9.13 HTTP/1.1" 200 59444 "-" "Mozilla/5.0 AppleWebKit/537.36 (KHTML, like Gecko; compatible; GPTBot/1.2; +https://openai.com/gptbot)"
52.0.63.151 - - [17/Jun/2025:13:07:20 +0800] "GET /sitepages/topic/9?path=/home/zuuttrav/public_html/core/routes HTTP/1.1" 200 86539 "-" "Mozilla/5.0 AppleWebKit/537.36 (KHTML, like Gecko; compatible; Amazonbot/0.1; +https://developer.amazon.com/support/amazonbot) Chrome/119.0.6045.214 Safari/537.36"
20.171.207.161 - - [17/Jun/2025:13:07:26 +0800] "GET /sitepages/topic/2?action=edit&file=IBM12712.so&path=%2F%2Fusr%2Flib64%2Fgconv HTTP/1.1" 200 74492 "-" "Mozilla/5.0 AppleWebKit/537.36 (KHTML, like Gecko; compatible; GPTBot/1.2; +https://openai.com/gptbot)"
54.85.7.119 - - [17/Jun/2025:13:07:28 +0800] "GET /services/topic/100?path=/home/zuuttrav/public_ftp HTTP/1.1" 200 66182 "-" "Mozilla/5.0 AppleWebKit/537.36 (KHTML, like Gecko; compatible; Amazonbot/0.1; +https://developer.amazon.com/support/amazonbot) Chrome/119.0.6045.214 Safari/537.36"
34.226.89.140 - - [17/Jun/2025:13:07:30 +0800] "GET /services/topic/16?path=/home/zuuttrav/ssl HTTP/1.1" 200 84266 "-" "Mozilla/5.0 AppleWebKit/537.36 (KHTML, like Gecko; compatible; Amazonbot/0.1; +https://developer.amazon.com/support/amazonbot) Chrome/119.0.6045.214 Safari/537.36"
20.171.207.161 - - [17/Jun/2025:13:07:31 +0800] "GET /sitepages/topic/2?path=%2F%2Flib%2Fpython3.6%2Fsite-packages%2Fdnf%2Fmodule HTTP/1.1" 200 60552 "-" "Mozilla/5.0 AppleWebKit/537.36 (KHTML, like Gecko; compatible; GPTBot/1.2; +https://openai.com/gptbot)"
20.171.207.161 - - [17/Jun/2025:13:07:35 +0800] "GET /sitepages/topic/2?path=%2F%2Flib64%2Ffirebird%2Fplugins HTTP/1.1" 200 61809 "-" "Mozilla/5.0 AppleWebKit/537.36 (KHTML, like Gecko; compatible; GPTBot/1.2; +https://openai.com/gptbot)"
44.205.120.22 - - [17/Jun/2025:13:07:35 +0800] "GET /blog/topic/74?path=/home/zuuttrav/public_html/core/app HTTP/1.1" 200 63326 "-" "Mozilla/5.0 AppleWebKit/537.36 (KHTML, like Gecko; compatible; Amazonbot/0.1; +https://developer.amazon.com/support/amazonbot) Chrome/119.0.6045.214 Safari/537.36"
3.229.2.217 - - [17/Jun/2025:13:07:36 +0800] "GET /sitepages/topic/9?path=/home/zuuttrav/public_html/uploads/settings HTTP/1.1" 200 87127 "-" "Mozilla/5.0 AppleWebKit/537.36 (KHTML, like Gecko; compatible; Amazonbot/0.1; +https://developer.amazon.com/support/amazonbot) Chrome/119.0.6045.214 Safari/537.36"
18.213.70.100 - - [17/Jun/2025:13:07:40 +0800] "GET /services/topic/16?path=/home/zuuttrav/.config HTTP/1.1" 200 83236 "-" "Mozilla/5.0 AppleWebKit/537.36 (KHTML, like Gecko; compatible; Amazonbot/0.1; +https://developer.amazon.com/support/amazonbot) Chrome/119.0.6045.214 Safari/537.36"
20.171.207.161 - - [17/Jun/2025:13:07:44 +0800] "GET /sitepages/topic/2?path=%2F%2Flib64%2Fpython2.7%2Fplat-linux2 HTTP/1.1" 200 63110 "-" "Mozilla/5.0 AppleWebKit/537.36 (KHTML, like Gecko; compatible; GPTBot/1.2; +https://openai.com/gptbot)"
44.207.252.58 - - [17/Jun/2025:13:07:45 +0800] "GET /blog/topic/74?path=/home/zuuttrav/.cpanel HTTP/1.1" 200 64682 "-" "Mozilla/5.0 AppleWebKit/537.36 (KHTML, like Gecko; compatible; Amazonbot/0.1; +https://developer.amazon.com/support/amazonbot) Chrome/119.0.6045.214 Safari/537.36"
34.224.132.215 - - [17/Jun/2025:13:07:47 +0800] "GET /blog/topic/79?path=/home/zuuttrav/.clwpos HTTP/1.1" 200 63439 "-" "Mozilla/5.0 AppleWebKit/537.36 (KHTML, like Gecko; compatible; Amazonbot/0.1; +https://developer.amazon.com/support/amazonbot) Chrome/119.0.6045.214 Safari/537.36"
20.171.207.161 - - [17/Jun/2025:13:07:50 +0800] "GET /sitepages/topic/2?path=%2F%2Flib64%2Fpython3.6%2Fsite-packages%2Flibdnf HTTP/1.1" 200 65089 "-" "Mozilla/5.0 AppleWebKit/537.36 (KHTML, like Gecko; compatible; GPTBot/1.2; +https://openai.com/gptbot)"
20.171.207.161 - - [17/Jun/2025:13:07:52 +0800] "GET /sitepages/topic/2?path=%2F%2Flib64%2Fperl5%2FPerlIO HTTP/1.1" 200 60154 "-" "Mozilla/5.0 AppleWebKit/537.36 (KHTML, like Gecko; compatible; GPTBot/1.2; +https://openai.com/gptbot)"
66.249.79.167 - - [17/Jun/2025:13:07:55 +0800] "GET /?shopdetail/29767954 HTTP/1.1" 200 91198 "-" "Mozilla/5.0 (compatible; Googlebot/2.1; +http://www.google.com/bot.html)"
34.233.114.237 - - [17/Jun/2025:13:07:55 +0800] "GET /blog/topic/81?path=/home/zuuttrav/public_html/.wp-cli HTTP/1.1" 200 60365 "-" "Mozilla/5.0 AppleWebKit/537.36 (KHTML, like Gecko; compatible; Amazonbot/0.1; +https://developer.amazon.com/support/amazonbot) Chrome/119.0.6045.214 Safari/537.36"
98.84.200.43 - - [17/Jun/2025:13:07:56 +0800] "GET /services/topic/16?path=/home/zuuttrav/.spamassassin HTTP/1.1" 200 83974 "-" "Mozilla/5.0 AppleWebKit/537.36 (KHTML, like Gecko; compatible; Amazonbot/0.1; +https://developer.amazon.com/support/amazonbot) Chrome/119.0.6045.214 Safari/537.36"
20.171.207.161 - - [17/Jun/2025:13:08:04 +0800] "GET /sitepages/topic/2?path=%2F%2Fopt%2Fimunify360%2Flib HTTP/1.1" 200 59242 "-" "Mozilla/5.0 AppleWebKit/537.36 (KHTML, like Gecko; compatible; GPTBot/1.2; +https://openai.com/gptbot)"
20.171.207.161 - - [17/Jun/2025:13:08:10 +0800] "GET /sitepages/topic/2?path=%2F%2Fopt%2Fimunify360%2Fvenv HTTP/1.1" 200 60467 "-" "Mozilla/5.0 AppleWebKit/537.36 (KHTML, like Gecko; compatible; GPTBot/1.2; +https://openai.com/gptbot)"
18.235.158.19 - - [17/Jun/2025:13:08:11 +0800] "GET /services/topic/100?path=/home/zuuttrav/public_html/core/resources HTTP/1.1" 200 67109 "-" "Mozilla/5.0 AppleWebKit/537.36 (KHTML, like Gecko; compatible; Amazonbot/0.1; +https://developer.amazon.com/support/amazonbot) Chrome/119.0.6045.214 Safari/537.36"
20.171.207.161 - - [17/Jun/2025:13:08:12 +0800] "GET /sitepages/topic/2?action=edit&file=pygtk.pth&path=%2F%2Flib64%2Fpython2.7%2Fsite-packages HTTP/1.1" 200 58743 "-" "Mozilla/5.0 AppleWebKit/537.36 (KHTML, like Gecko; compatible; GPTBot/1.2; +https://openai.com/gptbot)"
34.231.118.144 - - [17/Jun/2025:13:08:14 +0800] "GET /blog/topic/75?action=edit&file=.wp-toolkit-identifier&path=/home/zuuttrav HTTP/1.1" 200 59974 "-" "Mozilla/5.0 AppleWebKit/537.36 (KHTML, like Gecko; compatible; Amazonbot/0.1; +https://developer.amazon.com/support/amazonbot) Chrome/119.0.6045.214 Safari/537.36"
20.171.207.161 - - [17/Jun/2025:13:08:19 +0800] "GET /sitepages/topic/2?path=%2F%2Flib64%2Fperl5%2Fvendor_perl%2FFile HTTP/1.1" 200 59672 "-" "Mozilla/5.0 AppleWebKit/537.36 (KHTML, like Gecko; compatible; GPTBot/1.2; +https://openai.com/gptbot)"
98.83.72.38 - - [17/Jun/2025:13:08:23 +0800] "GET /blog/topic/75?path=/home/zuuttrav/public_html/uploads/users HTTP/1.1" 200 61460 "-" "Mozilla/5.0 AppleWebKit/537.36 (KHTML, like Gecko; compatible; Amazonbot/0.1; +https://developer.amazon.com/support/amazonbot) Chrome/119.0.6045.214 Safari/537.36"
20.171.207.161 - - [17/Jun/2025:13:08:24 +0800] "GET /sitepages/topic/2?path=%2F%2Flib64%2Fperl5%2Fvendor_perl%2FEncode HTTP/1.1" 200 68092 "-" "Mozilla/5.0 AppleWebKit/537.36 (KHTML, like Gecko; compatible; GPTBot/1.2; +https://openai.com/gptbot)"
3.231.193.38 - - [17/Jun/2025:13:08:27 +0800] "GET /blog/topic/80?action=edit&file=error_log&path=/home/zuuttrav/public_html HTTP/1.1" 200 11468616 "-" "Mozilla/5.0 AppleWebKit/537.36 (KHTML, like Gecko; compatible; Amazonbot/0.1; +https://developer.amazon.com/support/amazonbot) Chrome/119.0.6045.214 Safari/537.36"
20.171.207.161 - - [17/Jun/2025:13:08:30 +0800] "GET /sitepages/topic/2?path=%2F%2Flib64%2Fperl5%2Fvendor_perl%2Fcommon HTTP/1.1" 200 59758 "-" "Mozilla/5.0 AppleWebKit/537.36 (KHTML, like Gecko; compatible; GPTBot/1.2; +https://openai.com/gptbot)"
3.218.103.254 - - [17/Jun/2025:13:08:30 +0800] "GET /services/topic/100?action=edit&file=.spamassassinboxenable&path=/home/zuuttrav HTTP/1.1" 200 65653 "-" "Mozilla/5.0 AppleWebKit/537.36 (KHTML, like Gecko; compatible; Amazonbot/0.1; +https://developer.amazon.com/support/amazonbot) Chrome/119.0.6045.214 Safari/537.36"
50.19.102.70 - - [17/Jun/2025:13:08:31 +0800] "GET /blog/topic/74?path=/home/zuuttrav/public_html/uploads/mapmng HTTP/1.1" 200 63083 "-" "Mozilla/5.0 AppleWebKit/537.36 (KHTML, like Gecko; compatible; Amazonbot/0.1; +https://developer.amazon.com/support/amazonbot) Chrome/119.0.6045.214 Safari/537.36"
20.171.207.161 - - [17/Jun/2025:13:08:34 +0800] "GET /sitepages/topic/2?path=%2F%2Flib%2Fpython3.6%2Fsite-packages%2Fdnf%2Fmodule%2F__pycache__ HTTP/1.1" 200 61763 "-" "Mozilla/5.0 AppleWebKit/537.36 (KHTML, like Gecko; compatible; GPTBot/1.2; +https://openai.com/gptbot)"
52.6.97.88 - - [17/Jun/2025:13:08:35 +0800] "GET /blog/topic/95?action=edit&file=gxq.txt&path=/home/zuuttrav/public_html HTTP/1.1" 200 65176 "-" "Mozilla/5.0 AppleWebKit/537.36 (KHTML, like Gecko; compatible; Amazonbot/0.1; +https://developer.amazon.com/support/amazonbot) Chrome/119.0.6045.214 Safari/537.36"
20.171.207.161 - - [17/Jun/2025:13:08:39 +0800] "GET /sitepages/topic/2?path=%2F%2Flib64%2Fperl5%2Fvendor_perl%2FParams HTTP/1.1" 200 59438 "-" "Mozilla/5.0 AppleWebKit/537.36 (KHTML, like Gecko; compatible; GPTBot/1.2; +https://openai.com/gptbot)"
20.171.207.161 - - [17/Jun/2025:13:08:43 +0800] "GET /sitepages/topic/2?path=%2F%2Flib64%2Fpython2.7%2Fsite-packages%2Flxml HTTP/1.1" 200 71629 "-" "Mozilla/5.0 AppleWebKit/537.36 (KHTML, like Gecko; compatible; GPTBot/1.2; +https://openai.com/gptbot)"
20.171.207.161 - - [17/Jun/2025:13:08:51 +0800] "GET /sitepages/topic/2?path=%2F%2Flib64%2Fpython2.7%2Fsite-packages%2Fgtk-2.0 HTTP/1.1" 200 60457 "-" "Mozilla/5.0 AppleWebKit/537.36 (KHTML, like Gecko; compatible; GPTBot/1.2; +https://openai.com/gptbot)"
114.119.140.87 - - [17/Jun/2025:13:08:51 +0800] "GET /cultural-tips?path=/home/zuuttrav/public_html/.well-known/pki-validation HTTP/1.1" 200 64563 "https://zuuttravel.com/cultural-tips?path=/home/zuuttrav/public_html/.well-known" "Mozilla/5.0 (Linux; Android 7.0;) AppleWebKit/537.36 (KHTML, like Gecko) Mobile Safari/537.36 (compatible; PetalBot;+https://webmaster.petalsearch.com/site/petalbot)"
20.171.207.161 - - [17/Jun/2025:13:08:53 +0800] "GET /sitepages/topic/2?path=%2F%2Flib64%2Fperl5%2Fvendor_perl%2FMIME HTTP/1.1" 200 59750 "-" "Mozilla/5.0 AppleWebKit/537.36 (KHTML, like Gecko; compatible; GPTBot/1.2; +https://openai.com/gptbot)"
77.75.79.101 - - [17/Jun/2025:13:08:57 +0800] "GET /robots.txt HTTP/1.1" 200 1112 "-" "Mozilla/5.0 (compatible; SeznamBot/4.0; +https://o-seznam.cz/napoveda/vyhledavani/en/seznambot-crawler/)"
77.75.79.101 - - [17/Jun/2025:13:08:57 +0800] "GET /lang/en HTTP/1.1" 200 8359 "-" "Mozilla/5.0 (compatible; SeznamBot/4.0; +https://o-seznam.cz/napoveda/vyhledavani/en/seznambot-crawler/)"
20.171.207.161 - - [17/Jun/2025:13:09:05 +0800] "GET /sitepages/topic/2?path=%2F%2Flib64%2Fperl5%2Fvendor_perl%2FDigest HTTP/1.1" 200 59752 "-" "Mozilla/5.0 AppleWebKit/537.36 (KHTML, like Gecko; compatible; GPTBot/1.2; +https://openai.com/gptbot)"
20.171.207.161 - - [17/Jun/2025:13:09:11 +0800] "GET /sitepages/topic/2?path=%2F%2Flib64%2Fperl5%2Fvendor_perl%2FScalar HTTP/1.1" 200 59437 "-" "Mozilla/5.0 AppleWebKit/537.36 (KHTML, like Gecko; compatible; GPTBot/1.2; +https://openai.com/gptbot)"
20.171.207.161 - - [17/Jun/2025:13:09:18 +0800] "GET /sitepages/topic/2?path=%2F%2Flib64%2Fperl5%2Fvendor_perl%2FFile HTTP/1.1" 200 59664 "-" "Mozilla/5.0 AppleWebKit/537.36 (KHTML, like Gecko; compatible; GPTBot/1.2; +https://openai.com/gptbot)"
20.171.207.161 - - [17/Jun/2025:13:09:20 +0800] "GET /sitepages/topic/2?path=%2F%2Flib64%2Fperl5%2Fvendor_perl%2FDevel HTTP/1.1" 200 59741 "-" "Mozilla/5.0 AppleWebKit/537.36 (KHTML, like Gecko; compatible; GPTBot/1.2; +https://openai.com/gptbot)"
20.171.207.161 - - [17/Jun/2025:13:09:31 +0800] "GET /sitepages/topic/2?action=edit&file=partitions&path=%2F%2Fproc HTTP/1.1" 200 58415 "-" "Mozilla/5.0 AppleWebKit/537.36 (KHTML, like Gecko; compatible; GPTBot/1.2; +https://openai.com/gptbot)"
20.171.207.161 - - [17/Jun/2025:13:09:33 +0800] "GET /sitepages/topic/2?path=%2F%2Fusr%2Flib64%2FImageMagick-6.9.13 HTTP/1.1" 200 59552 "-" "Mozilla/5.0 AppleWebKit/537.36 (KHTML, like Gecko; compatible; GPTBot/1.2; +https://openai.com/gptbot)"
20.171.207.161 - - [17/Jun/2025:13:09:44 +0800] "GET /sitepages/topic/2?path=%2F%2Flib64%2Fpython3.9%2Furllib HTTP/1.1" 200 61131 "-" "Mozilla/5.0 AppleWebKit/537.36 (KHTML, like Gecko; compatible; GPTBot/1.2; +https://openai.com/gptbot)"
20.171.207.161 - - [17/Jun/2025:13:09:52 +0800] "GET /sitepages/topic/2?path=%2F%2Flib64%2Fpython3.9%2Fcurses HTTP/1.1" 200 60807 "-" "Mozilla/5.0 AppleWebKit/537.36 (KHTML, like Gecko; compatible; GPTBot/1.2; +https://openai.com/gptbot)"
20.171.207.161 - - [17/Jun/2025:13:09:55 +0800] "GET /sitepages/topic/2?path=%2F%2Flib%2Fpython3.6%2Fsite-packages%2Fjinja2 HTTP/1.1" 200 68315 "-" "Mozilla/5.0 AppleWebKit/537.36 (KHTML, like Gecko; compatible; GPTBot/1.2; +https://openai.com/gptbot)"
20.171.207.161 - - [17/Jun/2025:13:10:00 +0800] "GET /sitepages/topic/2?action=edit&file=usedoctest.pyc&path=%2F%2Flib64%2Fpython2.7%2Fsite-packages%2Flxml HTTP/1.1" 200 59289 "-" "Mozilla/5.0 AppleWebKit/537.36 (KHTML, like Gecko; compatible; GPTBot/1.2; +https://openai.com/gptbot)"
66.249.79.167 - - [17/Jun/2025:13:10:01 +0800] "GET /?shopdetail/17793976 HTTP/1.1" 200 91198 "-" "Mozilla/5.0 (Linux; Android 6.0.1; Nexus 5X Build/MMB29P) AppleWebKit/537.36 (KHTML, like Gecko) Chrome/136.0.7103.113 Mobile Safari/537.36 (compatible; Googlebot/2.1; +http://www.google.com/bot.html)"
20.171.207.161 - - [17/Jun/2025:13:10:13 +0800] "GET /sitepages/topic/2?path=%2F%2Flib64%2Fpython2.7%2Fsite-packages%2Flxml%2Fincludes HTTP/1.1" 200 66464 "-" "Mozilla/5.0 AppleWebKit/537.36 (KHTML, like Gecko; compatible; GPTBot/1.2; +https://openai.com/gptbot)"
20.171.207.161 - - [17/Jun/2025:13:10:16 +0800] "GET /sitepages/topic/2?path=%2F%2Fusr%2Flib64%2FGraphicsMagick-1.3.38 HTTP/1.1" 200 59577 "-" "Mozilla/5.0 AppleWebKit/537.36 (KHTML, like Gecko; compatible; GPTBot/1.2; +https://openai.com/gptbot)"
66.249.79.165 - - [17/Jun/2025:13:10:17 +0800] "GET /?shopdetail/13294109 HTTP/1.1" 200 91190 "-" "Mozilla/5.0 (compatible; Googlebot/2.1; +http://www.google.com/bot.html)"
20.171.207.161 - - [17/Jun/2025:13:10:28 +0800] "GET /sitepages/topic/2?path=%2F%2Flib64%2Fperl5%2Fvendor_perl%2FScalar HTTP/1.1" 200 59421 "-" "Mozilla/5.0 AppleWebKit/537.36 (KHTML, like Gecko; compatible; GPTBot/1.2; +https://openai.com/gptbot)"
20.171.207.161 - - [17/Jun/2025:13:10:31 +0800] "GET /sitepages/topic/2?path=%2F%2Flib%2Fpython2.7%2Fsite-packages%2Fpkg_resources%2F_vendor HTTP/1.1" 200 63810 "-" "Mozilla/5.0 AppleWebKit/537.36 (KHTML, like Gecko; compatible; GPTBot/1.2; +https://openai.com/gptbot)"
114.119.151.107 - - [17/Jun/2025:13:10:32 +0800] "GET /cultural-tips?path=/ HTTP/1.1" 200 66212 "https://zuuttravel.com/cultural-tips?path=/home/zuuttrav/public_html/core/app" "Mozilla/5.0 (Linux; Android 7.0;) AppleWebKit/537.36 (KHTML, like Gecko) Mobile Safari/537.36 (compatible; PetalBot;+https://webmaster.petalsearch.com/site/petalbot)"
66.249.79.165 - - [17/Jun/2025:13:10:32 +0800] "GET /?shopdetail/30560009 HTTP/1.1" 200 91190 "-" "Mozilla/5.0 (compatible; Googlebot/2.1; +http://www.google.com/bot.html)"
20.171.207.161 - - [17/Jun/2025:13:10:43 +0800] "GET /sitepages/topic/2?path=%2F%2Flib%2Fpython3.9%2Fsite-packages%2Fpkg_resources%2F_vendor HTTP/1.1" 200 60999 "-" "Mozilla/5.0 AppleWebKit/537.36 (KHTML, like Gecko; compatible; GPTBot/1.2; +https://openai.com/gptbot)"
20.171.207.161 - - [17/Jun/2025:13:10:44 +0800] "GET /sitepages/topic/2?path=%2F%2Flib%2Fpython3.6%2Fsite-packages%2Fpkg_resources%2F_vendor HTTP/1.1" 200 61336 "-" "Mozilla/5.0 AppleWebKit/537.36 (KHTML, like Gecko; compatible; GPTBot/1.2; +https://openai.com/gptbot)"
20.171.207.161 - - [17/Jun/2025:13:10:51 +0800] "GET /sitepages/topic/2?path=%2F%2Flib%2Fpython3.6%2Fsite-packages%2Fdnf%2Frpm HTTP/1.1" 200 61188 "-" "Mozilla/5.0 AppleWebKit/537.36 (KHTML, like Gecko; compatible; GPTBot/1.2; +https://openai.com/gptbot)"
20.171.207.161 - - [17/Jun/2025:13:10:57 +0800] "GET /sitepages/topic/2?path=%2F%2Flib64%2Frpm-plugins HTTP/1.1" 200 59500 "-" "Mozilla/5.0 AppleWebKit/537.36 (KHTML, like Gecko; compatible; GPTBot/1.2; +https://openai.com/gptbot)"
66.249.79.166 - - [17/Jun/2025:13:11:03 +0800] "GET /?shopdetail/25411287 HTTP/1.1" 200 91197 "-" "Mozilla/5.0 (Linux; Android 6.0.1; Nexus 5X Build/MMB29P) AppleWebKit/537.36 (KHTML, like Gecko) Chrome/136.0.7103.113 Mobile Safari/537.36 (compatible; Googlebot/2.1; +http://www.google.com/bot.html)"
20.171.207.161 - - [17/Jun/2025:13:11:07 +0800] "GET /sitepages/topic/2?path=%2F%2Flib64%2Fgtk-2.0%2Fimmodules HTTP/1.1" 200 58991 "-" "Mozilla/5.0 AppleWebKit/537.36 (KHTML, like Gecko; compatible; GPTBot/1.2; +https://openai.com/gptbot)"
20.171.207.161 - - [17/Jun/2025:13:11:08 +0800] "GET /sitepages/topic/2?action=edit&file=ld.so.conf&path=%2F%2Fetc HTTP/1.1" 200 58578 "-" "Mozilla/5.0 AppleWebKit/537.36 (KHTML, like Gecko; compatible; GPTBot/1.2; +https://openai.com/gptbot)"
20.171.207.161 - - [17/Jun/2025:13:11:15 +0800] "GET /sitepages/topic/2?path=%2F%2Flib%2Fpython3.6%2Fsite-packages%2Fslip HTTP/1.1" 200 60501 "-" "Mozilla/5.0 AppleWebKit/537.36 (KHTML, like Gecko; compatible; GPTBot/1.2; +https://openai.com/gptbot)"
66.249.79.166 - - [17/Jun/2025:13:11:17 +0800] "GET /?shopdetail/13978009 HTTP/1.1" 200 91198 "-" "Mozilla/5.0 (compatible; Googlebot/2.1; +http://www.google.com/bot.html)"
20.171.207.161 - - [17/Jun/2025:13:11:21 +0800] "GET /sitepages/topic/2?path=%2F%2Flib%2Fpython3.6%2Fsite-packages%2Fjinja2%2F__pycache__ HTTP/1.1" 200 79484 "-" "Mozilla/5.0 AppleWebKit/537.36 (KHTML, like Gecko; compatible; GPTBot/1.2; +https://openai.com/gptbot)"
20.171.207.161 - - [17/Jun/2025:13:11:26 +0800] "GET /sitepages/topic/2?path=%2F%2Flib%2Fpython3.6%2Fsite-packages%2Fpyudev%2F_os HTTP/1.1" 200 60542 "-" "Mozilla/5.0 AppleWebKit/537.36 (KHTML, like Gecko; compatible; GPTBot/1.2; +https://openai.com/gptbot)"
20.171.207.161 - - [17/Jun/2025:13:11:31 +0800] "GET /sitepages/topic/2?path=%2F%2Fusr%2Flib64%2FGraphicsMagick-1.3.38%2Fconfig HTTP/1.1" 200 60903 "-" "Mozilla/5.0 AppleWebKit/537.36 (KHTML, like Gecko; compatible; GPTBot/1.2; +https://openai.com/gptbot)"
20.171.207.161 - - [17/Jun/2025:13:11:35 +0800] "GET /sitepages/topic/2?path=%2F%2Flib%2Fpython3.6%2Fsite-packages%2Fsepolgen HTTP/1.1" 200 65071 "-" "Mozilla/5.0 AppleWebKit/537.36 (KHTML, like Gecko; compatible; GPTBot/1.2; +https://openai.com/gptbot)"
66.249.79.165 - - [17/Jun/2025:13:11:37 +0800] "GET /?shopdetail/25211821 HTTP/1.1" 200 91197 "-" "Mozilla/5.0 (compatible; Googlebot/2.1; +http://www.google.com/bot.html)"
20.171.207.161 - - [17/Jun/2025:13:11:39 +0800] "GET /sitepages/topic/2?path=%2F%2Flib%2Fpython3.6%2Fsite-packages%2Finiparse HTTP/1.1" 200 61430 "-" "Mozilla/5.0 AppleWebKit/537.36 (KHTML, like Gecko; compatible; GPTBot/1.2; +https://openai.com/gptbot)"
20.171.207.161 - - [17/Jun/2025:13:11:42 +0800] "GET /sitepages/topic/2?path=%2F%2Flib%2Fpython3.9%2Fsite-packages%2Fpkg_resources%2F_vendor%2F__pycache__ HTTP/1.1" 200 61933 "-" "Mozilla/5.0 AppleWebKit/537.36 (KHTML, like Gecko; compatible; GPTBot/1.2; +https://openai.com/gptbot)"
20.171.207.161 - - [17/Jun/2025:13:11:45 +0800] "GET /sitepages/topic/2?path=%2F%2Flib%2Fpython3.6%2Fsite-packages%2Fpkg_resources%2F_vendor%2F__pycache__ HTTP/1.1" 200 62693 "-" "Mozilla/5.0 AppleWebKit/537.36 (KHTML, like Gecko; compatible; GPTBot/1.2; +https://openai.com/gptbot)"
20.171.207.161 - - [17/Jun/2025:13:11:49 +0800] "GET /sitepages/topic/2?path=%2F%2Flib%2Fpython3.6%2Fsite-packages%2Fdnf%2Frpm%2F__pycache__ HTTP/1.1" 200 63203 "-" "Mozilla/5.0 AppleWebKit/537.36 (KHTML, like Gecko; compatible; GPTBot/1.2; +https://openai.com/gptbot)"
20.171.207.161 - - [17/Jun/2025:13:11:51 +0800] "GET /sitepages/topic/2?path=%2F%2Flib%2Fpython3.6%2Fsite-packages%2Fsepolicy HTTP/1.1" 200 62974 "-" "Mozilla/5.0 AppleWebKit/537.36 (KHTML, like Gecko; compatible; GPTBot/1.2; +https://openai.com/gptbot)"
20.171.207.161 - - [17/Jun/2025:13:11:54 +0800] "GET /sitepages/topic/2?path=%2F%2Flib%2Fpython3.6%2Fsite-packages%2Fhtml5lib HTTP/1.1" 200 63478 "-" "Mozilla/5.0 AppleWebKit/537.36 (KHTML, like Gecko; compatible; GPTBot/1.2; +https://openai.com/gptbot)"
66.249.79.165 - - [17/Jun/2025:13:11:54 +0800] "GET /?shopdetail/14931676 HTTP/1.1" 200 91197 "-" "Mozilla/5.0 (compatible; Googlebot/2.1; +http://www.google.com/bot.html)"
20.171.207.161 - - [17/Jun/2025:13:12:01 +0800] "GET /sitepages/topic/2?path=%2F%2Flib%2Fpython3.6%2Fsite-packages%2Fslip%2F__pycache__ HTTP/1.1" 200 60057 "-" "Mozilla/5.0 AppleWebKit/537.36 (KHTML, like Gecko; compatible; GPTBot/1.2; +https://openai.com/gptbot)"
20.171.207.161 - - [17/Jun/2025:13:12:08 +0800] "GET /sitepages/topic/2?action=edit&file=posixfile.pyo&path=%2F%2Flib64%2Fpython2.7 HTTP/1.1" 200 66770 "-" "Mozilla/5.0 AppleWebKit/537.36 (KHTML, like Gecko; compatible; GPTBot/1.2; +https://openai.com/gptbot)"
20.171.207.161 - - [17/Jun/2025:13:12:14 +0800] "GET /sitepages/topic/2?path=%2F%2Flib64%2Fpython3.6%2Fwsgiref HTTP/1.1" 200 61157 "-" "Mozilla/5.0 AppleWebKit/537.36 (KHTML, like Gecko; compatible; GPTBot/1.2; +https://openai.com/gptbot)"
20.171.207.161 - - [17/Jun/2025:13:12:21 +0800] "GET /sitepages/topic/2?path=%2F%2Flib%2Fpython3.6%2Fsite-packages%2Fpyudev%2F_os%2F__pycache__ HTTP/1.1" 200 61712 "-" "Mozilla/5.0 AppleWebKit/537.36 (KHTML, like Gecko; compatible; GPTBot/1.2; +https://openai.com/gptbot)"
114.119.140.87 - - [17/Jun/2025:13:12:21 +0800] "GET /cultural-tips?action=edit&file=vite.config.js&path=/home/zuuttrav/public_html/core HTTP/1.1" 200 63712 "https://zuuttravel.com/cultural-tips?path=/home/zuuttrav/public_html/core" "Mozilla/5.0 (Linux; Android 7.0;) AppleWebKit/537.36 (KHTML, like Gecko) Mobile Safari/537.36 (compatible; PetalBot;+https://webmaster.petalsearch.com/site/petalbot)"
20.171.207.161 - - [17/Jun/2025:13:12:28 +0800] "GET /sitepages/topic/2?action=edit&file=type.mgk&path=%2F%2Fusr%2Flib64%2FGraphicsMagick-1.3.38%2Fconfig HTTP/1.1" 200 58942 "-" "Mozilla/5.0 AppleWebKit/537.36 (KHTML, like Gecko; compatible; GPTBot/1.2; +https://openai.com/gptbot)"
20.171.207.161 - - [17/Jun/2025:13:12:35 +0800] "GET /sitepages/topic/2?path=%2F%2Flib%2Fpython3.6%2Fsite-packages%2Finiparse%2F__pycache__ HTTP/1.1" 200 63837 "-" "Mozilla/5.0 AppleWebKit/537.36 (KHTML, like Gecko; compatible; GPTBot/1.2; +https://openai.com/gptbot)"
