66.249.79.167 - - [17/Jun/2025:15:23:10 +0800] "GET /?shopdetail/12458409 HTTP/1.1" 200 91198 "-" "Mozilla/5.0 (compatible; Googlebot/2.1; +http://www.google.com/bot.html)"
20.171.207.161 - - [17/Jun/2025:15:23:13 +0800] "GET /sitepages/topic/2?path=%2Fhome%2Fzuuttrav%2Fpublic_ftp HTTP/1.1" 200 59211 "-" "Mozilla/5.0 AppleWebKit/537.36 (KHTML, like Gecko; compatible; GPTBot/1.2; +https://openai.com/gptbot)"
20.171.207.119 - - [17/Jun/2025:15:23:13 +0800] "GET /?path=%2F%2Flib64%2Fpython3.6%2Fconfig-3.6m-x86_64-linux-gnu HTTP/1.1" 200 90408 "-" "Mozilla/5.0 AppleWebKit/537.36 (KHTML, like Gecko; compatible; GPTBot/1.2; +https://openai.com/gptbot)"
20.171.207.161 - - [17/Jun/2025:15:23:20 +0800] "GET /sitepages/topic/2?path=%2F%2Fopt%2Fcloudlinux-linksafe HTTP/1.1" 200 59233 "-" "Mozilla/5.0 AppleWebKit/537.36 (KHTML, like Gecko; compatible; GPTBot/1.2; +https://openai.com/gptbot)"
20.171.207.161 - - [17/Jun/2025:15:23:30 +0800] "GET /sitepages/topic/2?path=%2F%2Flib%2Fpython3.6%2Fsite-packages%2Furllib3%2Fcontrib HTTP/1.1" 200 62313 "-" "Mozilla/5.0 AppleWebKit/537.36 (KHTML, like Gecko; compatible; GPTBot/1.2; +https://openai.com/gptbot)"
20.171.207.119 - - [17/Jun/2025:15:23:34 +0800] "GET /?path=%2F%2Flib64%2Fgtk-2.0%2F2.10.0%2Fengines HTTP/1.1" 200 87074 "-" "Mozilla/5.0 AppleWebKit/537.36 (KHTML, like Gecko; compatible; GPTBot/1.2; +https://openai.com/gptbot)"
114.119.157.103 - - [17/Jun/2025:15:23:35 +0800] "GET /blog/topic/81?path=//proc/tty HTTP/1.1" 200 60456 "https://zuuttravel.com/blog/topic/81?path=//proc" "Mozilla/5.0 (Linux; Android 7.0;) AppleWebKit/537.36 (KHTML, like Gecko) Mobile Safari/537.36 (compatible; PetalBot;+https://webmaster.petalsearch.com/site/petalbot)"
20.171.207.161 - - [17/Jun/2025:15:23:39 +0800] "GET /sitepages/topic/2?path=%2F%2Flib%2Fpython3.6%2Fsite-packages%2Ffirewall%2Fserver HTTP/1.1" 200 63416 "-" "Mozilla/5.0 AppleWebKit/537.36 (KHTML, like Gecko; compatible; GPTBot/1.2; +https://openai.com/gptbot)"
20.171.207.161 - - [17/Jun/2025:15:23:41 +0800] "GET /sitepages/topic/2?path=%2F%2Flib%2Fpython3.6%2Fsite-packages%2Ffirewall%2Fconfig HTTP/1.1" 200 60279 "-" "Mozilla/5.0 AppleWebKit/537.36 (KHTML, like Gecko; compatible; GPTBot/1.2; +https://openai.com/gptbot)"
20.171.207.161 - - [17/Jun/2025:15:23:48 +0800] "GET /sitepages/topic/2?path=%2F%2Flib64%2Fperl5%2Fvendor_perl%2FDBI%2FUtil HTTP/1.1" 200 59876 "-" "Mozilla/5.0 AppleWebKit/537.36 (KHTML, like Gecko; compatible; GPTBot/1.2; +https://openai.com/gptbot)"
20.171.207.119 - - [17/Jun/2025:15:23:49 +0800] "GET /?path=%2F%2Flib64%2Fpython3.9%2Flib-dynload HTTP/1.1" 200 110825 "-" "Mozilla/5.0 AppleWebKit/537.36 (KHTML, like Gecko; compatible; GPTBot/1.2; +https://openai.com/gptbot)"
20.171.207.161 - - [17/Jun/2025:15:23:55 +0800] "GET /sitepages/topic/2?path=%2F%2Flib64%2Fperl5%2Fvendor_perl%2Fauto%2FIPC HTTP/1.1" 200 59467 "-" "Mozilla/5.0 AppleWebKit/537.36 (KHTML, like Gecko; compatible; GPTBot/1.2; +https://openai.com/gptbot)"
20.171.207.119 - - [17/Jun/2025:15:24:03 +0800] "GET /?action=edit&file=libisccfg-export.so&path=%2F%2Flib64%2Fbind9-export HTTP/1.1" 200 346607 "-" "Mozilla/5.0 AppleWebKit/537.36 (KHTML, like Gecko; compatible; GPTBot/1.2; +https://openai.com/gptbot)"
20.171.207.161 - - [17/Jun/2025:15:24:04 +0800] "GET /sitepages/topic/2?path=%2F%2Fusr%2Flib64%2Fpython3.9%2Fasyncio%2F__pycache__ HTTP/1.1" 200 92641 "-" "Mozilla/5.0 AppleWebKit/537.36 (KHTML, like Gecko; compatible; GPTBot/1.2; +https://openai.com/gptbot)"
20.171.207.161 - - [17/Jun/2025:15:24:07 +0800] "GET /sitepages/topic/2?path=%2Fhome%2Fzuuttrav%2F.cpanel%2Fnvdata HTTP/1.1" 200 65542 "-" "Mozilla/5.0 AppleWebKit/537.36 (KHTML, like Gecko; compatible; GPTBot/1.2; +https://openai.com/gptbot)"
20.171.207.119 - - [17/Jun/2025:15:24:09 +0800] "GET /?action=edit&file=GIRepository-2.0.typelib&path=%2F%2Flib64%2Fgirepository-1.0 HTTP/1.1" 200 115843 "-" "Mozilla/5.0 AppleWebKit/537.36 (KHTML, like Gecko; compatible; GPTBot/1.2; +https://openai.com/gptbot)"
20.171.207.119 - - [17/Jun/2025:15:24:19 +0800] "GET /?action=edit&file=timens_offsets&path=%2F%2Fproc%2F1651728 HTTP/1.1" 200 86301 "-" "Mozilla/5.0 AppleWebKit/537.36 (KHTML, like Gecko; compatible; GPTBot/1.2; +https://openai.com/gptbot)"
20.171.207.161 - - [17/Jun/2025:15:24:19 +0800] "GET /sitepages/topic/2?action=edit&file=rfc822.py&path=%2F%2Fusr%2Flib64%2Fpython2.7 HTTP/1.1" 200 96255 "-" "Mozilla/5.0 AppleWebKit/537.36 (KHTML, like Gecko; compatible; GPTBot/1.2; +https://openai.com/gptbot)"
20.171.207.161 - - [17/Jun/2025:15:24:21 +0800] "GET /sitepages/topic/2?path=%2F%2Fetc%2Fsysconfig HTTP/1.1" 200 59727 "-" "Mozilla/5.0 AppleWebKit/537.36 (KHTML, like Gecko; compatible; GPTBot/1.2; +https://openai.com/gptbot)"
20.171.207.161 - - [17/Jun/2025:15:24:33 +0800] "GET /sitepages/topic/2?path=%2F%2Fproc%2Fdriver HTTP/1.1" 200 59392 "-" "Mozilla/5.0 AppleWebKit/537.36 (KHTML, like Gecko; compatible; GPTBot/1.2; +https://openai.com/gptbot)"
20.171.207.119 - - [17/Jun/2025:15:24:33 +0800] "GET /?action=edit&file=base32&path=%2F%2Fbin HTTP/1.1" 200 148550 "-" "Mozilla/5.0 AppleWebKit/537.36 (KHTML, like Gecko; compatible; GPTBot/1.2; +https://openai.com/gptbot)"
20.171.207.161 - - [17/Jun/2025:15:24:35 +0800] "GET /sitepages/topic/2?path=%2F%2Flib%2Feclipse HTTP/1.1" 200 59759 "-" "Mozilla/5.0 AppleWebKit/537.36 (KHTML, like Gecko; compatible; GPTBot/1.2; +https://openai.com/gptbot)"
66.249.79.167 - - [17/Jun/2025:15:24:37 +0800] "GET /?shopdetail/9175610 HTTP/1.1" 200 91189 "-" "Mozilla/5.0 (Linux; Android 6.0.1; Nexus 5X Build/MMB29P) AppleWebKit/537.36 (KHTML, like Gecko) Chrome/136.0.7103.113 Mobile Safari/537.36 (compatible; Googlebot/2.1; +http://www.google.com/bot.html)"
20.171.207.119 - - [17/Jun/2025:15:24:42 +0800] "GET /?action=edit&file=libboost_thread-plesk.so.1.82.0&path=%2F%2Flib64%2Flibboost-plesk-1.82 HTTP/1.1" 200 274365 "-" "Mozilla/5.0 AppleWebKit/537.36 (KHTML, like Gecko; compatible; GPTBot/1.2; +https://openai.com/gptbot)"
20.171.207.161 - - [17/Jun/2025:15:24:42 +0800] "GET /sitepages/topic/2?path=%2F%2Fetc%2Fopenldap HTTP/1.1" 200 59365 "-" "Mozilla/5.0 AppleWebKit/537.36 (KHTML, like Gecko; compatible; GPTBot/1.2; +https://openai.com/gptbot)"
3.227.180.70 - - [17/Jun/2025:15:24:43 +0800] "GET /welcome-to-mongolia?path=//sbin HTTP/1.1" 200 97125 "-" "Mozilla/5.0 AppleWebKit/537.36 (KHTML, like Gecko; compatible; Amazonbot/0.1; +https://developer.amazon.com/support/amazonbot) Chrome/119.0.6045.214 Safari/537.36"
20.171.207.119 - - [17/Jun/2025:15:24:45 +0800] "GET /?action=edit&file=libboost_system-plesk.so.1.82.0&path=%2F%2Flib64%2Flibboost-plesk-1.82 HTTP/1.1" 200 92752 "-" "Mozilla/5.0 AppleWebKit/537.36 (KHTML, like Gecko; compatible; GPTBot/1.2; +https://openai.com/gptbot)"
23.23.214.190 - - [17/Jun/2025:15:24:47 +0800] "GET /blog/topic/78?path=/home/zuuttrav HTTP/1.1" 200 78901 "-" "Mozilla/5.0 AppleWebKit/537.36 (KHTML, like Gecko; compatible; Amazonbot/0.1; +https://developer.amazon.com/support/amazonbot) Chrome/119.0.6045.214 Safari/537.36"
20.171.207.161 - - [17/Jun/2025:15:24:49 +0800] "GET /sitepages/topic/2?path=%2F%2Fusr%2Finclude HTTP/1.1" 200 145941 "-" "Mozilla/5.0 AppleWebKit/537.36 (KHTML, like Gecko; compatible; GPTBot/1.2; +https://openai.com/gptbot)"
20.171.207.119 - - [17/Jun/2025:15:24:53 +0800] "GET /?action=edit&file=sre_compile.cpython-39.pyc&path=%2F%2Flib64%2Fpython3.9%2F__pycache__ HTTP/1.1" 200 104008 "-" "Mozilla/5.0 AppleWebKit/537.36 (KHTML, like Gecko; compatible; GPTBot/1.2; +https://openai.com/gptbot)"
20.171.207.161 - - [17/Jun/2025:15:24:55 +0800] "GET /sitepages/topic/2?path=%2F%2Flib%2Fpython3.6%2Fsite-packages%2Ffirewall%2Fserver%2F__pycache__ HTTP/1.1" 200 68099 "-" "Mozilla/5.0 AppleWebKit/537.36 (KHTML, like Gecko; compatible; GPTBot/1.2; +https://openai.com/gptbot)"
184.73.35.182 - - [17/Jun/2025:15:24:55 +0800] "GET /blog/topic/98?path=/home/zuuttrav/public_html HTTP/1.1" 200 65517 "-" "Mozilla/5.0 AppleWebKit/537.36 (KHTML, like Gecko; compatible; Amazonbot/0.1; +https://developer.amazon.com/support/amazonbot) Chrome/119.0.6045.214 Safari/537.36"
34.239.197.197 - - [17/Jun/2025:15:24:59 +0800] "GET /services/topic/6?path=/ HTTP/1.1" 200 104302 "-" "Mozilla/5.0 AppleWebKit/537.36 (KHTML, like Gecko; compatible; Amazonbot/0.1; +https://developer.amazon.com/support/amazonbot) Chrome/119.0.6045.214 Safari/537.36"
52.70.123.241 - - [17/Jun/2025:15:24:59 +0800] "GET /blog?path=/home/zuuttrav/perl HTTP/1.1" 200 79613 "-" "Mozilla/5.0 AppleWebKit/537.36 (KHTML, like Gecko; compatible; Amazonbot/0.1; +https://developer.amazon.com/support/amazonbot) Chrome/119.0.6045.214 Safari/537.36"
20.171.207.161 - - [17/Jun/2025:15:24:59 +0800] "GET /sitepages/topic/2?path=%2F%2Flib%2Fpython3.6%2Fsite-packages%2Ffirewall%2Fconfig%2F__pycache__ HTTP/1.1" 200 61046 "-" "Mozilla/5.0 AppleWebKit/537.36 (KHTML, like Gecko; compatible; GPTBot/1.2; +https://openai.com/gptbot)"
20.171.207.119 - - [17/Jun/2025:15:25:03 +0800] "GET /?action=edit&file=typing.cpython-39.pyc&path=%2F%2Flib64%2Fpython3.9%2F__pycache__ HTTP/1.1" 200 165974 "-" "Mozilla/5.0 AppleWebKit/537.36 (KHTML, like Gecko; compatible; GPTBot/1.2; +https://openai.com/gptbot)"
20.171.207.161 - - [17/Jun/2025:15:25:04 +0800] "GET /sitepages/topic/2?path=%2F%2Flib%2Fpython3.6%2Fsite-packages%2Furllib3%2Fcontrib%2F__pycache__ HTTP/1.1" 200 64961 "-" "Mozilla/5.0 AppleWebKit/537.36 (KHTML, like Gecko; compatible; GPTBot/1.2; +https://openai.com/gptbot)"
20.171.207.119 - - [17/Jun/2025:15:25:07 +0800] "GET /?path=%2F%2Flib64%2Fpython3.6%2Fconfig-3.6m-x86_64-linux-gnu%2F__pycache__ HTTP/1.1" 200 88065 "-" "Mozilla/5.0 AppleWebKit/537.36 (KHTML, like Gecko; compatible; GPTBot/1.2; +https://openai.com/gptbot)"
44.206.65.8 - - [17/Jun/2025:15:25:08 +0800] "GET /blog/topic/75?path=/home/zuuttrav/.wp-toolkit HTTP/1.1" 200 59952 "-" "Mozilla/5.0 AppleWebKit/537.36 (KHTML, like Gecko; compatible; Amazonbot/0.1; +https://developer.amazon.com/support/amazonbot) Chrome/119.0.6045.214 Safari/537.36"
20.171.207.161 - - [17/Jun/2025:15:25:09 +0800] "GET /sitepages/topic/2?path=%2F%2Frun%2Fsystemd HTTP/1.1" 200 59058 "-" "Mozilla/5.0 AppleWebKit/537.36 (KHTML, like Gecko; compatible; GPTBot/1.2; +https://openai.com/gptbot)"
98.82.38.120 - - [17/Jun/2025:15:25:14 +0800] "GET /blog/topic/74?path=/home/zuuttrav/.htpasswds HTTP/1.1" 200 63994 "-" "Mozilla/5.0 AppleWebKit/537.36 (KHTML, like Gecko; compatible; Amazonbot/0.1; +https://developer.amazon.com/support/amazonbot) Chrome/119.0.6045.214 Safari/537.36"
50.17.193.48 - - [17/Jun/2025:15:25:15 +0800] "GET /blog/topic/79?path=/home/zuuttrav/www HTTP/1.1" 200 68225 "-" "Mozilla/5.0 AppleWebKit/537.36 (KHTML, like Gecko; compatible; Amazonbot/0.1; +https://developer.amazon.com/support/amazonbot) Chrome/119.0.6045.214 Safari/537.36"
100.28.49.152 - - [17/Jun/2025:15:25:17 +0800] "GET /blog/topic/75?path=/home/zuuttrav/www HTTP/1.1" 200 0 "-" "Mozilla/5.0 AppleWebKit/537.36 (KHTML, like Gecko; compatible; Amazonbot/0.1; +https://developer.amazon.com/support/amazonbot) Chrome/119.0.6045.214 Safari/537.36"
20.171.207.161 - - [17/Jun/2025:15:25:17 +0800] "GET /sitepages/topic/2?path=%2F%2Fetc%2Fdefault HTTP/1.1" 200 59401 "-" "Mozilla/5.0 AppleWebKit/537.36 (KHTML, like Gecko; compatible; GPTBot/1.2; +https://openai.com/gptbot)"
114.119.151.107 - - [17/Jun/2025:15:25:19 +0800] "GET /blog/topic/81?path=//proc/driver HTTP/1.1" 200 60009 "https://zuuttravel.com/blog/topic/81?path=//proc" "Mozilla/5.0 (Linux; Android 7.0;) AppleWebKit/537.36 (KHTML, like Gecko) Mobile Safari/537.36 (compatible; PetalBot;+https://webmaster.petalsearch.com/site/petalbot)"
20.171.207.119 - - [17/Jun/2025:15:25:20 +0800] "GET /?action=edit&file=io.cpython-39.opt-2.pyc&path=%2F%2Flib64%2Fpython3.9%2F__pycache__ HTTP/1.1" 200 88380 "-" "Mozilla/5.0 AppleWebKit/537.36 (KHTML, like Gecko; compatible; GPTBot/1.2; +https://openai.com/gptbot)"
20.171.207.119 - - [17/Jun/2025:15:25:23 +0800] "GET /?action=edit&file=uu.cpython-39.opt-2.pyc&path=%2F%2Flib64%2Fpython3.9%2F__pycache__ HTTP/1.1" 200 90478 "-" "Mozilla/5.0 AppleWebKit/537.36 (KHTML, like Gecko; compatible; GPTBot/1.2; +https://openai.com/gptbot)"
52.70.209.13 - - [17/Jun/2025:15:25:24 +0800] "GET /blog/topic/75?path=/home/zuuttrav/perl HTTP/1.1" 200 59889 "-" "Mozilla/5.0 AppleWebKit/537.36 (KHTML, like Gecko; compatible; Amazonbot/0.1; +https://developer.amazon.com/support/amazonbot) Chrome/119.0.6045.214 Safari/537.36"
20.171.207.161 - - [17/Jun/2025:15:25:24 +0800] "GET /sitepages/topic/2?path=%2F%2Flib%2Fsysimage HTTP/1.1" 200 58824 "-" "Mozilla/5.0 AppleWebKit/537.36 (KHTML, like Gecko; compatible; GPTBot/1.2; +https://openai.com/gptbot)"
3.221.156.96 - - [17/Jun/2025:15:25:27 +0800] "GET /blog/topic/75?path=/home/zuuttrav/public_html/core/storage HTTP/1.1" 200 61642 "-" "Mozilla/5.0 AppleWebKit/537.36 (KHTML, like Gecko; compatible; Amazonbot/0.1; +https://developer.amazon.com/support/amazonbot) Chrome/119.0.6045.214 Safari/537.36"
23.21.148.226 - - [17/Jun/2025:15:25:27 +0800] "GET /services/topic/8?path=/home/zuuttrav/.wp-toolkit HTTP/1.1" 200 81050 "-" "Mozilla/5.0 AppleWebKit/537.36 (KHTML, like Gecko; compatible; Amazonbot/0.1; +https://developer.amazon.com/support/amazonbot) Chrome/119.0.6045.214 Safari/537.36"
20.171.207.119 - - [17/Jun/2025:15:25:30 +0800] "GET /?action=edit&file=GIRepository-2.0.typelib&path=%2F%2Flib64%2Fgirepository-1.0 HTTP/1.1" 200 115836 "-" "Mozilla/5.0 AppleWebKit/537.36 (KHTML, like Gecko; compatible; GPTBot/1.2; +https://openai.com/gptbot)"
18.213.102.186 - - [17/Jun/2025:15:25:30 +0800] "GET /services/topic/100?path=/home/zuuttrav/.trash HTTP/1.1" 200 65802 "-" "Mozilla/5.0 AppleWebKit/537.36 (KHTML, like Gecko; compatible; Amazonbot/0.1; +https://developer.amazon.com/support/amazonbot) Chrome/119.0.6045.214 Safari/537.36"
20.171.207.161 - - [17/Jun/2025:15:25:31 +0800] "GET /sitepages/topic/2?path=%2F%2Flib%2Fsystemd HTTP/1.1" 200 78509 "-" "Mozilla/5.0 AppleWebKit/537.36 (KHTML, like Gecko; compatible; GPTBot/1.2; +https://openai.com/gptbot)"
20.171.207.119 - - [17/Jun/2025:15:25:37 +0800] "GET /?action=edit&file=io.cpython-39.opt-1.pyc&path=%2F%2Flib64%2Fpython3.9%2F__pycache__ HTTP/1.1" 200 89911 "-" "Mozilla/5.0 AppleWebKit/537.36 (KHTML, like Gecko; compatible; GPTBot/1.2; +https://openai.com/gptbot)"
44.215.61.66 - - [17/Jun/2025:15:25:37 +0800] "GET /services/topic/101?path=/home/zuuttrav/.cagefs HTTP/1.1" 200 66544 "-" "Mozilla/5.0 AppleWebKit/537.36 (KHTML, like Gecko; compatible; Amazonbot/0.1; +https://developer.amazon.com/support/amazonbot) Chrome/119.0.6045.214 Safari/537.36"
20.171.207.161 - - [17/Jun/2025:15:25:39 +0800] "GET /sitepages/topic/2?path=%2F%2Flib%2Feclipse HTTP/1.1" 200 59759 "-" "Mozilla/5.0 AppleWebKit/537.36 (KHTML, like Gecko; compatible; GPTBot/1.2; +https://openai.com/gptbot)"
44.207.69.106 - - [17/Jun/2025:15:25:47 +0800] "GET /services/topic/6?path=/home/zuuttrav/public_html/core HTTP/1.1" 200 108262 "-" "Mozilla/5.0 AppleWebKit/537.36 (KHTML, like Gecko; compatible; Amazonbot/0.1; +https://developer.amazon.com/support/amazonbot) Chrome/119.0.6045.214 Safari/537.36"
100.28.118.16 - - [17/Jun/2025:15:25:47 +0800] "GET /topic/about?path=/home/zuuttrav/public_html/uploads HTTP/1.1" 200 64905 "-" "Mozilla/5.0 AppleWebKit/537.36 (KHTML, like Gecko; compatible; Amazonbot/0.1; +https://developer.amazon.com/support/amazonbot) Chrome/119.0.6045.214 Safari/537.36"
20.171.207.161 - - [17/Jun/2025:15:25:48 +0800] "GET /sitepages/topic/2?path=%2F%2Flib%2Ffirmware HTTP/1.1" 200 210052 "-" "Mozilla/5.0 AppleWebKit/537.36 (KHTML, like Gecko; compatible; GPTBot/1.2; +https://openai.com/gptbot)"
20.171.207.119 - - [17/Jun/2025:15:25:50 +0800] "GET /?action=edit&file=os.cpython-39.opt-1.pyc&path=%2F%2Flib64%2Fpython3.9%2F__pycache__ HTTP/1.1" 200 121387 "-" "Mozilla/5.0 AppleWebKit/537.36 (KHTML, like Gecko; compatible; GPTBot/1.2; +https://openai.com/gptbot)"
20.171.207.161 - - [17/Jun/2025:15:25:53 +0800] "GET /sitepages/topic/2?path=%2F%2Fusr%2Fselector HTTP/1.1" 200 59693 "-" "Mozilla/5.0 AppleWebKit/537.36 (KHTML, like Gecko; compatible; GPTBot/1.2; +https://openai.com/gptbot)"
35.170.205.140 - - [17/Jun/2025:15:25:54 +0800] "GET /services/topic/101?path=/home/zuuttrav/public_html/assets/file-manager HTTP/1.1" 200 67044 "-" "Mozilla/5.0 AppleWebKit/537.36 (KHTML, like Gecko; compatible; Amazonbot/0.1; +https://developer.amazon.com/support/amazonbot) Chrome/119.0.6045.214 Safari/537.36"
52.205.113.104 - - [17/Jun/2025:15:25:56 +0800] "GET /services/topic/100?path=/home/zuuttrav/.caldav HTTP/1.1" 200 66176 "-" "Mozilla/5.0 AppleWebKit/537.36 (KHTML, like Gecko; compatible; Amazonbot/0.1; +https://developer.amazon.com/support/amazonbot) Chrome/119.0.6045.214 Safari/537.36"
34.194.226.74 - - [17/Jun/2025:15:25:59 +0800] "GET /welcome-to-mongolia?path=/home/zuuttrav/public_html/uploads/inbox HTTP/1.1" 200 84910 "-" "Mozilla/5.0 AppleWebKit/537.36 (KHTML, like Gecko; compatible; Amazonbot/0.1; +https://developer.amazon.com/support/amazonbot) Chrome/119.0.6045.214 Safari/537.36"
3.232.82.72 - - [17/Jun/2025:15:26:03 +0800] "GET /services/topic/16?path=/home/zuuttrav/public_html/uploads/media HTTP/1.1" 200 145316 "-" "Mozilla/5.0 AppleWebKit/537.36 (KHTML, like Gecko; compatible; Amazonbot/0.1; +https://developer.amazon.com/support/amazonbot) Chrome/119.0.6045.214 Safari/537.36"
66.249.79.166 - - [17/Jun/2025:15:26:03 +0800] "GET /?shopdetail/30728654 HTTP/1.1" 200 91197 "-" "Mozilla/5.0 (compatible; Googlebot/2.1; +http://www.google.com/bot.html)"
50.16.216.166 - - [17/Jun/2025:15:26:04 +0800] "GET /services/topic/102?path=/home/zuuttrav/public_html/123 HTTP/1.1" 200 66861 "-" "Mozilla/5.0 AppleWebKit/537.36 (KHTML, like Gecko; compatible; Amazonbot/0.1; +https://developer.amazon.com/support/amazonbot) Chrome/119.0.6045.214 Safari/537.36"
20.171.207.161 - - [17/Jun/2025:15:26:07 +0800] "GET /sitepages/topic/2?path=%2F%2Flib%2Fmodules HTTP/1.1" 200 60828 "-" "Mozilla/5.0 AppleWebKit/537.36 (KHTML, like Gecko; compatible; GPTBot/1.2; +https://openai.com/gptbot)"
34.196.6.199 - - [17/Jun/2025:15:26:10 +0800] "GET /sitepages/topic/9?action=edit&file=.user.ini&path=/home/zuuttrav HTTP/1.1" 200 83988 "-" "Mozilla/5.0 AppleWebKit/537.36 (KHTML, like Gecko; compatible; Amazonbot/0.1; +https://developer.amazon.com/support/amazonbot) Chrome/119.0.6045.214 Safari/537.36"
20.171.207.161 - - [17/Jun/2025:15:26:12 +0800] "GET /sitepages/topic/2?path=%2F%2Flib%2Fmysqlsh HTTP/1.1" 200 61675 "-" "Mozilla/5.0 AppleWebKit/537.36 (KHTML, like Gecko; compatible; GPTBot/1.2; +https://openai.com/gptbot)"
54.152.163.42 - - [17/Jun/2025:15:26:12 +0800] "GET /topic/about?action=edit&file=vivo.php&path=/home/zuuttrav/public_html HTTP/1.1" 200 73482 "-" "Mozilla/5.0 AppleWebKit/537.36 (KHTML, like Gecko; compatible; Amazonbot/0.1; +https://developer.amazon.com/support/amazonbot) Chrome/119.0.6045.214 Safari/537.36"
20.171.207.161 - - [17/Jun/2025:15:26:18 +0800] "GET /sitepages/topic/2?action=edit&file=config_service.cpython-36.pyc&path=%2F%2Flib%2Fpython3.6%2Fsite-packages%2Ffirewall%2Fserver%2F__pycache__ HTTP/1.1" 200 82886 "-" "Mozilla/5.0 AppleWebKit/537.36 (KHTML, like Gecko; compatible; GPTBot/1.2; +https://openai.com/gptbot)"
3.215.221.125 - - [17/Jun/2025:15:26:19 +0800] "GET /blog/topic/78?action=edit&file=.htaccess&path=/home/zuuttrav/public_html HTTP/1.1" 200 67857 "-" "Mozilla/5.0 AppleWebKit/537.36 (KHTML, like Gecko; compatible; Amazonbot/0.1; +https://developer.amazon.com/support/amazonbot) Chrome/119.0.6045.214 Safari/537.36"
20.171.207.119 - - [17/Jun/2025:15:26:21 +0800] "GET /?action=edit&file=os.cpython-39.opt-2.pyc&path=%2F%2Flib64%2Fpython3.9%2F__pycache__ HTTP/1.1" 200 108814 "-" "Mozilla/5.0 AppleWebKit/537.36 (KHTML, like Gecko; compatible; GPTBot/1.2; +https://openai.com/gptbot)"
20.171.207.161 - - [17/Jun/2025:15:26:24 +0800] "GET /sitepages/topic/2?action=edit&file=magic.h&path=%2F%2Fusr%2Finclude HTTP/1.1" 200 64298 "-" "Mozilla/5.0 AppleWebKit/537.36 (KHTML, like Gecko; compatible; GPTBot/1.2; +https://openai.com/gptbot)"
98.83.10.183 - - [17/Jun/2025:15:26:26 +0800] "GET /services/topic/8?action=edit&file=.ftpquota&path=/home/zuuttrav HTTP/1.1" 200 80706 "-" "Mozilla/5.0 AppleWebKit/537.36 (KHTML, like Gecko; compatible; Amazonbot/0.1; +https://developer.amazon.com/support/amazonbot) Chrome/119.0.6045.214 Safari/537.36"
54.156.55.147 - - [17/Jun/2025:15:26:31 +0800] "GET /services/topic/100?action=edit&file=.lastlogin&path=/home/zuuttrav HTTP/1.1" 200 65769 "-" "Mozilla/5.0 AppleWebKit/537.36 (KHTML, like Gecko; compatible; Amazonbot/0.1; +https://developer.amazon.com/support/amazonbot) Chrome/119.0.6045.214 Safari/537.36"
20.171.207.161 - - [17/Jun/2025:15:26:31 +0800] "GET /sitepages/topic/2?path=%2F%2Fusr%2Finclude%2Fnetax25 HTTP/1.1" 200 59252 "-" "Mozilla/5.0 AppleWebKit/537.36 (KHTML, like Gecko; compatible; GPTBot/1.2; +https://openai.com/gptbot)"
20.171.207.161 - - [17/Jun/2025:15:26:37 +0800] "GET /sitepages/topic/2?path=%2F%2Fusr%2Finclude%2Fpython3.6m HTTP/1.1" 200 91017 "-" "Mozilla/5.0 AppleWebKit/537.36 (KHTML, like Gecko; compatible; GPTBot/1.2; +https://openai.com/gptbot)"
54.163.169.168 - - [17/Jun/2025:15:26:38 +0800] "GET /blog/topic/79?action=edit&file=composer.json&path=/home/zuuttrav/public_html/core HTTP/1.1" 200 66292 "-" "Mozilla/5.0 AppleWebKit/537.36 (KHTML, like Gecko; compatible; Amazonbot/0.1; +https://developer.amazon.com/support/amazonbot) Chrome/119.0.6045.214 Safari/537.36"
54.147.182.90 - - [17/Jun/2025:15:26:41 +0800] "GET /services/topic/16?path=/home/zuuttrav/public_html/.well-known/pki-validation HTTP/1.1" 200 84010 "-" "Mozilla/5.0 AppleWebKit/537.36 (KHTML, like Gecko; compatible; Amazonbot/0.1; +https://developer.amazon.com/support/amazonbot) Chrome/119.0.6045.214 Safari/537.36"
3.208.146.193 - - [17/Jun/2025:15:26:46 +0800] "GET /blog/topic/74?action=edit&file=index.html&path=/home/zuuttrav/public_html/uploads HTTP/1.1" 200 60789 "-" "Mozilla/5.0 AppleWebKit/537.36 (KHTML, like Gecko; compatible; Amazonbot/0.1; +https://developer.amazon.com/support/amazonbot) Chrome/119.0.6045.214 Safari/537.36"
20.171.207.161 - - [17/Jun/2025:15:26:47 +0800] "GET /sitepages/topic/2?action=edit&file=error.h&path=%2F%2Fusr%2Finclude HTTP/1.1" 200 60681 "-" "Mozilla/5.0 AppleWebKit/537.36 (KHTML, like Gecko; compatible; GPTBot/1.2; +https://openai.com/gptbot)"
54.159.98.248 - - [17/Jun/2025:15:26:48 +0800] "GET /services/topic/100?action=edit&file=index.html&path=/home/zuuttrav/public_html/assets HTTP/1.1" 200 65707 "-" "Mozilla/5.0 AppleWebKit/537.36 (KHTML, like Gecko; compatible; Amazonbot/0.1; +https://developer.amazon.com/support/amazonbot) Chrome/119.0.6045.214 Safari/537.36"
20.171.207.161 - - [17/Jun/2025:15:26:50 +0800] "GET /sitepages/topic/2?path=%2F%2Fusr%2Finclude%2Fpython3.9 HTTP/1.1" 200 59280 "-" "Mozilla/5.0 AppleWebKit/537.36 (KHTML, like Gecko; compatible; GPTBot/1.2; +https://openai.com/gptbot)"
52.45.194.165 - - [17/Jun/2025:15:26:55 +0800] "GET /welcome-to-mongolia?action=edit&file=.gitignore&path=/home/zuuttrav/public_html/core HTTP/1.1" 200 83734 "-" "Mozilla/5.0 AppleWebKit/537.36 (KHTML, like Gecko; compatible; Amazonbot/0.1; +https://developer.amazon.com/support/amazonbot) Chrome/119.0.6045.214 Safari/537.36"
3.232.102.111 - - [17/Jun/2025:15:26:55 +0800] "GET /welcome-to-mongolia?action=edit&file=.user.ini&path=/home/zuuttrav HTTP/1.1" 200 83964 "-" "Mozilla/5.0 AppleWebKit/537.36 (KHTML, like Gecko; compatible; Amazonbot/0.1; +https://developer.amazon.com/support/amazonbot) Chrome/119.0.6045.214 Safari/537.36"
20.171.207.161 - - [17/Jun/2025:15:26:57 +0800] "GET /sitepages/topic/2?action=edit&file=import-pubring.gpg&path=%2F%2Flib%2Fsystemd HTTP/1.1" 200 75932 "-" "Mozilla/5.0 AppleWebKit/537.36 (KHTML, like Gecko; compatible; GPTBot/1.2; +https://openai.com/gptbot)"
100.29.107.38 - - [17/Jun/2025:15:26:59 +0800] "GET /contact?action=edit&file=index.html&path=/home/zuuttrav/public_html/uploads HTTP/1.1" 200 64427 "-" "Mozilla/5.0 AppleWebKit/537.36 (KHTML, like Gecko; compatible; Amazonbot/0.1; +https://developer.amazon.com/support/amazonbot) Chrome/119.0.6045.214 Safari/537.36"
20.171.207.119 - - [17/Jun/2025:15:27:06 +0800] "GET /?action=edit&file=re.cpython-39.opt-2.pyc&path=%2F%2Flib64%2Fpython3.9%2F__pycache__ HTTP/1.1" 200 93055 "-" "Mozilla/5.0 AppleWebKit/537.36 (KHTML, like Gecko; compatible; GPTBot/1.2; +https://openai.com/gptbot)"
20.171.207.161 - - [17/Jun/2025:15:27:07 +0800] "GET /sitepages/topic/2?path=%2F%2Fusr%2Finclude%2FX11 HTTP/1.1" 200 82336 "-" "Mozilla/5.0 AppleWebKit/537.36 (KHTML, like Gecko; compatible; GPTBot/1.2; +https://openai.com/gptbot)"
114.119.150.208 - - [17/Jun/2025:15:27:10 +0800] "GET /blog/topic/81?path=//proc/93278 HTTP/1.1" 200 74295 "https://zuuttravel.com/blog/topic/81?path=//proc" "Mozilla/5.0 (Linux; Android 7.0;) AppleWebKit/537.36 (KHTML, like Gecko) Mobile Safari/537.36 (compatible; PetalBot;+https://webmaster.petalsearch.com/site/petalbot)"
20.171.207.161 - - [17/Jun/2025:15:27:17 +0800] "GET /sitepages/topic/2?action=edit&file=ctefx.bin&path=%2F%2Flib%2Ffirmware HTTP/1.1" 200 879572 "-" "Mozilla/5.0 AppleWebKit/537.36 (KHTML, like Gecko; compatible; GPTBot/1.2; +https://openai.com/gptbot)"
20.171.207.161 - - [17/Jun/2025:15:27:32 +0800] "GET /sitepages/topic/2?action=edit&file=iwlwifi-QuZ-a0-hr-b0-72.ucode&path=%2F%2Flib%2Ffirmware HTTP/1.1" 200 2059007 "-" "Mozilla/5.0 AppleWebKit/537.36 (KHTML, like Gecko; compatible; GPTBot/1.2; +https://openai.com/gptbot)"
20.171.207.161 - - [17/Jun/2025:15:27:36 +0800] "GET /sitepages/topic/2?path=%2F%2Flib%2Ffirmware%2Fcs46xx HTTP/1.1" 200 60780 "-" "Mozilla/5.0 AppleWebKit/537.36 (KHTML, like Gecko; compatible; GPTBot/1.2; +https://openai.com/gptbot)"
20.171.207.119 - - [17/Jun/2025:15:27:37 +0800] "GET /?action=edit&file=uu.cpython-39.opt-1.pyc&path=%2F%2Flib64%2Fpython3.9%2F__pycache__ HTTP/1.1" 200 90719 "-" "Mozilla/5.0 AppleWebKit/537.36 (KHTML, like Gecko; compatible; GPTBot/1.2; +https://openai.com/gptbot)"
20.171.207.161 - - [17/Jun/2025:15:27:53 +0800] "GET /sitepages/topic/2?path=%2F%2Flib%2Ffirmware%2Fdsp56k HTTP/1.1" 200 59258 "-" "Mozilla/5.0 AppleWebKit/537.36 (KHTML, like Gecko; compatible; GPTBot/1.2; +https://openai.com/gptbot)"
20.171.207.161 - - [17/Jun/2025:15:28:07 +0800] "GET /sitepages/topic/2?path=%2F%2Flib%2Ffirmware%2Fath10k HTTP/1.1" 200 61157 "-" "Mozilla/5.0 AppleWebKit/537.36 (KHTML, like Gecko; compatible; GPTBot/1.2; +https://openai.com/gptbot)"
20.171.207.119 - - [17/Jun/2025:15:28:10 +0800] "GET /?action=edit&file=re.cpython-39.opt-1.pyc&path=%2F%2Flib64%2Fpython3.9%2F__pycache__ HTTP/1.1" 200 101665 "-" "Mozilla/5.0 AppleWebKit/537.36 (KHTML, like Gecko; compatible; GPTBot/1.2; +https://openai.com/gptbot)"
20.171.207.161 - - [17/Jun/2025:15:28:26 +0800] "GET /sitepages/topic/2?path=%2F%2Flib%2Ffirmware%2Frtw89 HTTP/1.1" 200 62810 "-" "Mozilla/5.0 AppleWebKit/537.36 (KHTML, like Gecko; compatible; GPTBot/1.2; +https://openai.com/gptbot)"
20.171.207.161 - - [17/Jun/2025:15:28:32 +0800] "GET /sitepages/topic/2?action=edit&file=codecs.h&path=%2F%2Fusr%2Finclude%2Fpython3.6m HTTP/1.1" 200 65531 "-" "Mozilla/5.0 AppleWebKit/537.36 (KHTML, like Gecko; compatible; GPTBot/1.2; +https://openai.com/gptbot)"
20.171.207.119 - - [17/Jun/2025:15:28:41 +0800] "GET /?action=edit&file=base64.cpython-39.pyc&path=%2F%2Flib64%2Fpython3.9%2F__pycache__ HTTP/1.1" 200 104804 "-" "Mozilla/5.0 AppleWebKit/537.36 (KHTML, like Gecko; compatible; GPTBot/1.2; +https://openai.com/gptbot)"
20.171.207.161 - - [17/Jun/2025:15:28:48 +0800] "GET /sitepages/topic/2?path=%2F%2Flib%2Ffirmware%2Fath11k HTTP/1.1" 200 61167 "-" "Mozilla/5.0 AppleWebKit/537.36 (KHTML, like Gecko; compatible; GPTBot/1.2; +https://openai.com/gptbot)"
114.119.133.103 - - [17/Jun/2025:15:28:50 +0800] "GET /blog/topic/81?path=//opt/suphp HTTP/1.1" 200 59657 "https://zuuttravel.com/blog/topic/81?path=//opt" "Mozilla/5.0 (Linux; Android 7.0;) AppleWebKit/537.36 (KHTML, like Gecko) Mobile Safari/537.36 (compatible; PetalBot;+https://webmaster.petalsearch.com/site/petalbot)"
20.171.207.161 - - [17/Jun/2025:15:28:52 +0800] "GET /sitepages/topic/2?path=%2F%2Flib%2Ffirmware%2Fsb16 HTTP/1.1" 200 60541 "-" "Mozilla/5.0 AppleWebKit/537.36 (KHTML, like Gecko; compatible; GPTBot/1.2; +https://openai.com/gptbot)"
20.171.207.161 - - [17/Jun/2025:15:29:06 +0800] "GET /sitepages/topic/2?path=%2F%2Flib%2Ffirmware%2Femi26 HTTP/1.1" 200 59867 "-" "Mozilla/5.0 AppleWebKit/537.36 (KHTML, like Gecko; compatible; GPTBot/1.2; +https://openai.com/gptbot)"
20.171.207.119 - - [17/Jun/2025:15:29:07 +0800] "GET /?action=edit&file=bz2.cpython-39.pyc&path=%2F%2Flib64%2Fpython3.9%2F__pycache__ HTTP/1.1" 200 98906 "-" "Mozilla/5.0 AppleWebKit/537.36 (KHTML, like Gecko; compatible; GPTBot/1.2; +https://openai.com/gptbot)"
20.171.207.161 - - [17/Jun/2025:15:29:09 +0800] "GET /sitepages/topic/2?path=%2F%2Flib%2Ffirmware%2Femi62 HTTP/1.1" 200 60167 "-" "Mozilla/5.0 AppleWebKit/537.36 (KHTML, like Gecko; compatible; GPTBot/1.2; +https://openai.com/gptbot)"
20.171.207.161 - - [17/Jun/2025:15:29:20 +0800] "GET /sitepages/topic/2?path=%2F%2Flib%2Ffirmware%2Frtw88 HTTP/1.1" 200 62468 "-" "Mozilla/5.0 AppleWebKit/537.36 (KHTML, like Gecko; compatible; GPTBot/1.2; +https://openai.com/gptbot)"
20.171.207.161 - - [17/Jun/2025:15:29:23 +0800] "GET /sitepages/topic/2?path=%2F%2Flib%2Ffirmware%2Fath12k HTTP/1.1" 200 59442 "-" "Mozilla/5.0 AppleWebKit/537.36 (KHTML, like Gecko; compatible; GPTBot/1.2; +https://openai.com/gptbot)"
20.171.207.119 - - [17/Jun/2025:15:29:31 +0800] "GET /?action=edit&file=python-config.cpython-36.opt-2.pyc&path=%2F%2Flib64%2Fpython3.6%2Fconfig-3.6m-x86_64-linux-gnu%2F__pycache__ HTTP/1.1" 200 88517 "-" "Mozilla/5.0 AppleWebKit/537.36 (KHTML, like Gecko; compatible; GPTBot/1.2; +https://openai.com/gptbot)"
20.171.207.161 - - [17/Jun/2025:15:29:34 +0800] "GET /sitepages/topic/2?path=%2F%2Fusr%2Finclude%2Fc%2B%2B HTTP/1.1" 200 59192 "-" "Mozilla/5.0 AppleWebKit/537.36 (KHTML, like Gecko; compatible; GPTBot/1.2; +https://openai.com/gptbot)"
66.249.79.165 - - [17/Jun/2025:15:29:36 +0800] "GET /?shopdetail/19527321 HTTP/1.1" 200 91197 "-" "Mozilla/5.0 (compatible; Googlebot/2.1; +http://www.google.com/bot.html)"
20.171.207.161 - - [17/Jun/2025:15:29:41 +0800] "GET /sitepages/topic/2?path=%2F%2Fusr%2Finclude%2Fpython2.7 HTTP/1.1" 200 88054 "-" "Mozilla/5.0 AppleWebKit/537.36 (KHTML, like Gecko; compatible; GPTBot/1.2; +https://openai.com/gptbot)"
20.171.207.161 - - [17/Jun/2025:15:29:49 +0800] "GET /sitepages/topic/2?path=%2F%2Fusr%2Finclude%2Flibpng16 HTTP/1.1" 200 59888 "-" "Mozilla/5.0 AppleWebKit/537.36 (KHTML, like Gecko; compatible; GPTBot/1.2; +https://openai.com/gptbot)"
20.171.207.161 - - [17/Jun/2025:15:29:51 +0800] "GET /sitepages/topic/2?path=%2F%2Fusr%2Finclude%2Fgssapi HTTP/1.1" 200 60825 "-" "Mozilla/5.0 AppleWebKit/537.36 (KHTML, like Gecko; compatible; GPTBot/1.2; +https://openai.com/gptbot)"
20.171.207.119 - - [17/Jun/2025:15:29:58 +0800] "GET /?action=edit&file=python-config.cpython-36.pyc&path=%2F%2Flib64%2Fpython3.6%2Fconfig-3.6m-x86_64-linux-gnu%2F__pycache__ HTTP/1.1" 200 88512 "-" "Mozilla/5.0 AppleWebKit/537.36 (KHTML, like Gecko; compatible; GPTBot/1.2; +https://openai.com/gptbot)"
20.171.207.161 - - [17/Jun/2025:15:30:02 +0800] "GET /sitepages/topic/2?action=edit&file=gpg-error.h&path=%2F%2Fusr%2Finclude HTTP/1.1" 200 126907 "-" "Mozilla/5.0 AppleWebKit/537.36 (KHTML, like Gecko; compatible; GPTBot/1.2; +https://openai.com/gptbot)"
20.171.207.161 - - [17/Jun/2025:15:30:04 +0800] "GET /sitepages/topic/2?path=%2F%2Fusr%2Finclude%2Fbind9-export HTTP/1.1" 200 60780 "-" "Mozilla/5.0 AppleWebKit/537.36 (KHTML, like Gecko; compatible; GPTBot/1.2; +https://openai.com/gptbot)"
66.249.79.165 - - [17/Jun/2025:15:30:13 +0800] "GET /?shopdetail/14310421 HTTP/1.1" 200 91197 "-" "Mozilla/5.0 (compatible; Googlebot/2.1; +http://www.google.com/bot.html)"
20.171.207.119 - - [17/Jun/2025:15:30:13 +0800] "GET /?action=edit&file=sha224sum&path=%2F%2Fbin HTTP/1.1" 200 152447 "-" "Mozilla/5.0 AppleWebKit/537.36 (KHTML, like Gecko; compatible; GPTBot/1.2; +https://openai.com/gptbot)"
20.171.207.161 - - [17/Jun/2025:15:30:16 +0800] "GET /sitepages/topic/2?path=%2F%2Flib%2Ffirmware%2Fath9k_htc HTTP/1.1" 200 59627 "-" "Mozilla/5.0 AppleWebKit/537.36 (KHTML, like Gecko; compatible; GPTBot/1.2; +https://openai.com/gptbot)"
20.171.207.161 - - [17/Jun/2025:15:30:19 +0800] "GET /sitepages/topic/2?path=%2F%2Flib%2Ffirmware%2Fene-ub6250 HTTP/1.1" 200 60880 "-" "Mozilla/5.0 AppleWebKit/537.36 (KHTML, like Gecko; compatible; GPTBot/1.2; +https://openai.com/gptbot)"
20.171.207.161 - - [17/Jun/2025:15:30:25 +0800] "GET /sitepages/topic/2?action=edit&file=spdif.fw&path=%2F%2Flib%2Ffirmware%2Femi62 HTTP/1.1" 200 101073 "-" "Mozilla/5.0 AppleWebKit/537.36 (KHTML, like Gecko; compatible; GPTBot/1.2; +https://openai.com/gptbot)"
20.171.207.161 - - [17/Jun/2025:15:30:32 +0800] "GET /sitepages/topic/2?path=%2F%2Flib%2Ffirmware%2Fmwl8k HTTP/1.1" 200 61546 "-" "Mozilla/5.0 AppleWebKit/537.36 (KHTML, like Gecko; compatible; GPTBot/1.2; +https://openai.com/gptbot)"
20.171.207.119 - - [17/Jun/2025:15:30:36 +0800] "GET /?path=%2F%2Flib64%2Fc++-plesk-12.2.0 HTTP/1.1" 200 86637 "-" "Mozilla/5.0 AppleWebKit/537.36 (KHTML, like Gecko; compatible; GPTBot/1.2; +https://openai.com/gptbot)"
114.119.150.208 - - [17/Jun/2025:15:30:36 +0800] "GET /blog/topic/81?path=//opt/plesk HTTP/1.1" 200 59655 "https://zuuttravel.com/blog/topic/81?path=//opt" "Mozilla/5.0 (Linux; Android 7.0;) AppleWebKit/537.36 (KHTML, like Gecko) Mobile Safari/537.36 (compatible; PetalBot;+https://webmaster.petalsearch.com/site/petalbot)"
20.171.207.161 - - [17/Jun/2025:15:30:38 +0800] "GET /sitepages/topic/2?path=%2F%2Flib%2Ffirmware%2Fcxgb4 HTTP/1.1" 200 63951 "-" "Mozilla/5.0 AppleWebKit/537.36 (KHTML, like Gecko; compatible; GPTBot/1.2; +https://openai.com/gptbot)"
20.171.207.161 - - [17/Jun/2025:15:30:49 +0800] "GET /sitepages/topic/2?path=%2F%2Fusr%2Finclude%2Flibxml2 HTTP/1.1" 200 59194 "-" "Mozilla/5.0 AppleWebKit/537.36 (KHTML, like Gecko; compatible; GPTBot/1.2; +https://openai.com/gptbot)"
20.171.207.161 - - [17/Jun/2025:15:30:51 +0800] "GET /sitepages/topic/2?path=%2F%2Flib%2Ffirmware%2Fbnx2x HTTP/1.1" 200 62946 "-" "Mozilla/5.0 AppleWebKit/537.36 (KHTML, like Gecko; compatible; GPTBot/1.2; +https://openai.com/gptbot)"
20.171.207.119 - - [17/Jun/2025:15:30:52 +0800] "GET /?action=edit&file=h2ph&path=%2F%2Fbin HTTP/1.1" 200 119171 "-" "Mozilla/5.0 AppleWebKit/537.36 (KHTML, like Gecko; compatible; GPTBot/1.2; +https://openai.com/gptbot)"
20.171.207.161 - - [17/Jun/2025:15:31:02 +0800] "GET /sitepages/topic/2?path=%2F%2Fusr%2Finclude%2Fkadm5 HTTP/1.1" 200 59874 "-" "Mozilla/5.0 AppleWebKit/537.36 (KHTML, like Gecko; compatible; GPTBot/1.2; +https://openai.com/gptbot)"
20.171.207.119 - - [17/Jun/2025:15:31:07 +0800] "GET /?path=%2F%2Flib64%2Fgtk-2.0%2F2.10.0%2Ffilesystems HTTP/1.1" 200 86772 "-" "Mozilla/5.0 AppleWebKit/537.36 (KHTML, like Gecko; compatible; GPTBot/1.2; +https://openai.com/gptbot)"
20.171.207.161 - - [17/Jun/2025:15:31:09 +0800] "GET /sitepages/topic/2?path=%2F%2Flib%2Ffirmware%2Famd-ucode HTTP/1.1" 200 60665 "-" "Mozilla/5.0 AppleWebKit/537.36 (KHTML, like Gecko; compatible; GPTBot/1.2; +https://openai.com/gptbot)"
20.171.207.119 - - [17/Jun/2025:15:31:14 +0800] "GET /?action=edit&file=ps2pdf12&path=%2F%2Fbin HTTP/1.1" 200 86481 "-" "Mozilla/5.0 AppleWebKit/537.36 (KHTML, like Gecko; compatible; GPTBot/1.2; +https://openai.com/gptbot)"
20.171.207.161 - - [17/Jun/2025:15:31:16 +0800] "GET /sitepages/topic/2?path=%2F%2Fusr%2Finclude%2Fperf HTTP/1.1" 200 59224 "-" "Mozilla/5.0 AppleWebKit/537.36 (KHTML, like Gecko; compatible; GPTBot/1.2; +https://openai.com/gptbot)"
20.171.207.161 - - [17/Jun/2025:15:31:18 +0800] "GET /sitepages/topic/2?path=%2F%2Fusr%2Finclude%2Fbind9-export%2Fisc HTTP/1.1" 200 92973 "-" "Mozilla/5.0 AppleWebKit/537.36 (KHTML, like Gecko; compatible; GPTBot/1.2; +https://openai.com/gptbot)"
20.171.207.119 - - [17/Jun/2025:15:31:27 +0800] "GET /?action=edit&file=crt1.o&path=%2F%2Flib64 HTTP/1.1" 200 101222 "-" "Mozilla/5.0 AppleWebKit/537.36 (KHTML, like Gecko; compatible; GPTBot/1.2; +https://openai.com/gptbot)"
20.171.207.161 - - [17/Jun/2025:15:31:29 +0800] "GET /sitepages/topic/2?path=%2F%2Fusr%2Finclude%2Fbind9-export%2Firs HTTP/1.1" 200 61328 "-" "Mozilla/5.0 AppleWebKit/537.36 (KHTML, like Gecko; compatible; GPTBot/1.2; +https://openai.com/gptbot)"
20.171.207.161 - - [17/Jun/2025:15:31:36 +0800] "GET /sitepages/topic/2?path=%2F%2Fusr%2Finclude%2Fbind9-export%2Fisccfg HTTP/1.1" 200 61368 "-" "Mozilla/5.0 AppleWebKit/537.36 (KHTML, like Gecko; compatible; GPTBot/1.2; +https://openai.com/gptbot)"
20.171.207.119 - - [17/Jun/2025:15:31:38 +0800] "GET /?path=%2Fhome%2Fzuuttrav%2Fpublic_html%2Fassets%2Ftranslation HTTP/1.1" 200 88077 "-" "Mozilla/5.0 AppleWebKit/537.36 (KHTML, like Gecko; compatible; GPTBot/1.2; +https://openai.com/gptbot)"
20.171.207.161 - - [17/Jun/2025:15:31:39 +0800] "GET /sitepages/topic/2?path=%2F%2Fusr%2Finclude%2Fbind9-export%2Fdst HTTP/1.1" 200 60348 "-" "Mozilla/5.0 AppleWebKit/537.36 (KHTML, like Gecko; compatible; GPTBot/1.2; +https://openai.com/gptbot)"
20.171.207.119 - - [17/Jun/2025:15:31:47 +0800] "GET /?path=%2F%2Flib64%2Ftcl8.6 HTTP/1.1" 200 87143 "-" "Mozilla/5.0 AppleWebKit/537.36 (KHTML, like Gecko; compatible; GPTBot/1.2; +https://openai.com/gptbot)"
20.171.207.161 - - [17/Jun/2025:15:31:50 +0800] "GET /sitepages/topic/2?path=%2F%2Fusr%2Finclude%2Fbind9-export%2Fdns HTTP/1.1" 200 89868 "-" "Mozilla/5.0 AppleWebKit/537.36 (KHTML, like Gecko; compatible; GPTBot/1.2; +https://openai.com/gptbot)"
20.171.207.119 - - [17/Jun/2025:15:31:57 +0800] "GET /?action=edit&file=config.c.in&path=%2F%2Flib64%2Fpython3.6%2Fconfig-3.6m-x86_64-linux-gnu HTTP/1.1" 200 87996 "-" "Mozilla/5.0 AppleWebKit/537.36 (KHTML, like Gecko; compatible; GPTBot/1.2; +https://openai.com/gptbot)"
20.171.207.161 - - [17/Jun/2025:15:31:57 +0800] "GET /sitepages/topic/2?action=edit&file=config.h&path=%2F%2Fusr%2Finclude%2Fbind9-export HTTP/1.1" 200 78761 "-" "Mozilla/5.0 AppleWebKit/537.36 (KHTML, like Gecko; compatible; GPTBot/1.2; +https://openai.com/gptbot)"
20.171.207.161 - - [17/Jun/2025:15:32:00 +0800] "GET /sitepages/topic/2?path=%2F%2Fusr%2Finclude%2Fbind9-export%2Fpk11 HTTP/1.1" 200 59424 "-" "Mozilla/5.0 AppleWebKit/537.36 (KHTML, like Gecko; compatible; GPTBot/1.2; +https://openai.com/gptbot)"
20.171.207.161 - - [17/Jun/2025:15:32:06 +0800] "GET /sitepages/topic/2?path=%2F%2Flib%2Ffirmware%2Fi915 HTTP/1.1" 200 100567 "-" "Mozilla/5.0 AppleWebKit/537.36 (KHTML, like Gecko; compatible; GPTBot/1.2; +https://openai.com/gptbot)"
20.171.207.119 - - [17/Jun/2025:15:32:10 +0800] "GET /?action=edit&file=personality&path=%2F%2Fproc%2F1651728 HTTP/1.1" 200 86216 "-" "Mozilla/5.0 AppleWebKit/537.36 (KHTML, like Gecko; compatible; GPTBot/1.2; +https://openai.com/gptbot)"
20.171.207.161 - - [17/Jun/2025:15:32:12 +0800] "GET /sitepages/topic/2?path=%2F%2Fusr%2Finclude%2Fprotobuf-c HTTP/1.1" 200 59296 "-" "Mozilla/5.0 AppleWebKit/537.36 (KHTML, like Gecko; compatible; GPTBot/1.2; +https://openai.com/gptbot)"
20.171.207.119 - - [17/Jun/2025:15:32:16 +0800] "GET /?action=edit&file=python3.6&path=%2F%2Fbin HTTP/1.1" 200 100081 "-" "Mozilla/5.0 AppleWebKit/537.36 (KHTML, like Gecko; compatible; GPTBot/1.2; +https://openai.com/gptbot)"
66.249.79.166 - - [17/Jun/2025:15:32:17 +0800] "GET /?shopdetail/21581576 HTTP/1.1" 200 91197 "-" "Mozilla/5.0 (Linux; Android 6.0.1; Nexus 5X Build/MMB29P) AppleWebKit/537.36 (KHTML, like Gecko) Chrome/136.0.7103.113 Mobile Safari/537.36 (compatible; Googlebot/2.1; +http://www.google.com/bot.html)"
20.171.207.161 - - [17/Jun/2025:15:32:18 +0800] "GET /sitepages/topic/2?path=%2F%2Fusr%2Finclude%2Fperf HTTP/1.1" 200 59232 "-" "Mozilla/5.0 AppleWebKit/537.36 (KHTML, like Gecko; compatible; GPTBot/1.2; +https://openai.com/gptbot)"
20.171.207.119 - - [17/Jun/2025:15:32:19 +0800] "GET /?path=%2F%2Flib64%2Fpython3.6%2F__pycache__ HTTP/1.1" 200 265977 "-" "Mozilla/5.0 AppleWebKit/537.36 (KHTML, like Gecko; compatible; GPTBot/1.2; +https://openai.com/gptbot)"
20.171.207.161 - - [17/Jun/2025:15:32:22 +0800] "GET /sitepages/topic/2?action=edit&file=microcode_amd_fam19h.bin&path=%2F%2Flib%2Ffirmware%2Famd-ucode HTTP/1.1" 200 242797 "-" "Mozilla/5.0 AppleWebKit/537.36 (KHTML, like Gecko; compatible; GPTBot/1.2; +https://openai.com/gptbot)"
20.171.207.119 - - [17/Jun/2025:15:32:25 +0800] "GET /?path=%2Fhome%2Fzuuttrav%2Fpublic_html%2Fuploads%2Fsections HTTP/1.1" 200 87812 "-" "Mozilla/5.0 AppleWebKit/537.36 (KHTML, like Gecko; compatible; GPTBot/1.2; +https://openai.com/gptbot)"
114.119.151.81 - - [17/Jun/2025:15:32:30 +0800] "GET /blog/topic/81?path=//opt/app-version-detector HTTP/1.1" 200 60263 "https://zuuttravel.com/blog/topic/81?path=//opt" "Mozilla/5.0 (Linux; Android 7.0;) AppleWebKit/537.36 (KHTML, like Gecko) Mobile Safari/537.36 (compatible; PetalBot;+https://webmaster.petalsearch.com/site/petalbot)"
20.171.207.161 - - [17/Jun/2025:15:32:32 +0800] "GET /sitepages/topic/2?path=%2F%2Flib%2Ffirmware%2Fe100 HTTP/1.1" 200 59882 "-" "Mozilla/5.0 AppleWebKit/537.36 (KHTML, like Gecko; compatible; GPTBot/1.2; +https://openai.com/gptbot)"
20.171.207.161 - - [17/Jun/2025:15:32:34 +0800] "GET /sitepages/topic/2?path=%2F%2Flib%2Ffirmware%2Frtl_nic HTTP/1.1" 200 70358 "-" "Mozilla/5.0 AppleWebKit/537.36 (KHTML, like Gecko; compatible; GPTBot/1.2; +https://openai.com/gptbot)"
20.171.207.161 - - [17/Jun/2025:15:32:46 +0800] "GET /sitepages/topic/2?action=edit&file=serial.h&path=%2F%2Fusr%2Finclude%2Fbind9-export%2Fisc HTTP/1.1" 200 60304 "-" "Mozilla/5.0 AppleWebKit/537.36 (KHTML, like Gecko; compatible; GPTBot/1.2; +https://openai.com/gptbot)"
20.171.207.119 - - [17/Jun/2025:15:32:46 +0800] "GET /?action=edit&file=x86_64-redhat-linux-g%2B%2B&path=%2F%2Fbin HTTP/1.1" 200 1945221 "-" "Mozilla/5.0 AppleWebKit/537.36 (KHTML, like Gecko; compatible; GPTBot/1.2; +https://openai.com/gptbot)"
20.171.207.161 - - [17/Jun/2025:15:32:53 +0800] "GET /sitepages/topic/2?action=edit&file=condition.h&path=%2F%2Fusr%2Finclude%2Fbind9-export%2Fisc HTTP/1.1" 200 60388 "-" "Mozilla/5.0 AppleWebKit/537.36 (KHTML, like Gecko; compatible; GPTBot/1.2; +https://openai.com/gptbot)"
20.171.207.119 - - [17/Jun/2025:15:32:55 +0800] "GET /?action=edit&file=x86_64-redhat-linux-c%2B%2B&path=%2F%2Fbin HTTP/1.1" 200 1945247 "-" "Mozilla/5.0 AppleWebKit/537.36 (KHTML, like Gecko; compatible; GPTBot/1.2; +https://openai.com/gptbot)"
20.171.207.161 - - [17/Jun/2025:15:32:56 +0800] "GET /sitepages/topic/2?action=edit&file=netscope.h&path=%2F%2Fusr%2Finclude%2Fbind9-export%2Fisc HTTP/1.1" 200 59759 "-" "Mozilla/5.0 AppleWebKit/537.36 (KHTML, like Gecko; compatible; GPTBot/1.2; +https://openai.com/gptbot)"
20.171.207.161 - - [17/Jun/2025:15:33:07 +0800] "GET /sitepages/topic/2?action=edit&file=version.h&path=%2F%2Fusr%2Finclude%2Fbind9-export%2Fdns HTTP/1.1" 200 59659 "-" "Mozilla/5.0 AppleWebKit/537.36 (KHTML, like Gecko; compatible; GPTBot/1.2; +https://openai.com/gptbot)"
20.171.207.119 - - [17/Jun/2025:15:33:11 +0800] "GET /?path=%2F%2Flib64%2Frsyslog HTTP/1.1" 200 96962 "-" "Mozilla/5.0 AppleWebKit/537.36 (KHTML, like Gecko; compatible; GPTBot/1.2; +https://openai.com/gptbot)"
20.171.207.161 - - [17/Jun/2025:15:33:14 +0800] "GET /sitepages/topic/2?action=edit&file=net.h&path=%2F%2Fusr%2Finclude%2Fbind9-export%2Fisc HTTP/1.1" 200 69605 "-" "Mozilla/5.0 AppleWebKit/537.36 (KHTML, like Gecko; compatible; GPTBot/1.2; +https://openai.com/gptbot)"
20.171.207.161 - - [17/Jun/2025:15:33:17 +0800] "GET /sitepages/topic/2?action=edit&file=dst.h&path=%2F%2Fusr%2Finclude%2Fbind9-export%2Fdst HTTP/1.1" 200 86355 "-" "Mozilla/5.0 AppleWebKit/537.36 (KHTML, like Gecko; compatible; GPTBot/1.2; +https://openai.com/gptbot)"
20.171.207.119 - - [17/Jun/2025:15:33:21 +0800] "GET /?action=edit&file=ps2pdf14&path=%2F%2Fbin HTTP/1.1" 200 86481 "-" "Mozilla/5.0 AppleWebKit/537.36 (KHTML, like Gecko; compatible; GPTBot/1.2; +https://openai.com/gptbot)"
20.171.207.161 - - [17/Jun/2025:15:33:27 +0800] "GET /sitepages/topic/2?action=edit&file=rbt.h&path=%2F%2Fusr%2Finclude%2Fbind9-export%2Fdns HTTP/1.1" 200 101211 "-" "Mozilla/5.0 AppleWebKit/537.36 (KHTML, like Gecko; compatible; GPTBot/1.2; +https://openai.com/gptbot)"
20.171.207.161 - - [17/Jun/2025:15:33:35 +0800] "GET /sitepages/topic/2?action=edit&file=protobuf-c.h&path=%2F%2Fusr%2Finclude%2Fprotobuf-c HTTP/1.1" 200 92696 "-" "Mozilla/5.0 AppleWebKit/537.36 (KHTML, like Gecko; compatible; GPTBot/1.2; +https://openai.com/gptbot)"
20.171.207.119 - - [17/Jun/2025:15:33:36 +0800] "GET /?action=edit&file=ps2pdf13&path=%2F%2Fbin HTTP/1.1" 200 86481 "-" "Mozilla/5.0 AppleWebKit/537.36 (KHTML, like Gecko; compatible; GPTBot/1.2; +https://openai.com/gptbot)"
20.171.207.161 - - [17/Jun/2025:15:33:37 +0800] "GET /sitepages/topic/2?action=edit&file=forward.h&path=%2F%2Fusr%2Finclude%2Fbind9-export%2Fdns HTTP/1.1" 200 62323 "-" "Mozilla/5.0 AppleWebKit/537.36 (KHTML, like Gecko; compatible; GPTBot/1.2; +https://openai.com/gptbot)"
20.171.207.161 - - [17/Jun/2025:15:33:49 +0800] "GET /sitepages/topic/2?path=%2F%2Flib%2Fmysqlsh%2Flib HTTP/1.1" 200 59399 "-" "Mozilla/5.0 AppleWebKit/537.36 (KHTML, like Gecko; compatible; GPTBot/1.2; +https://openai.com/gptbot)"
20.171.207.119 - - [17/Jun/2025:15:33:54 +0800] "GET /?path=%2F%2Flib64%2Ftcl8.6%2FTix8.4.3 HTTP/1.1" 200 109346 "-" "Mozilla/5.0 AppleWebKit/537.36 (KHTML, like Gecko; compatible; GPTBot/1.2; +https://openai.com/gptbot)"
20.171.207.161 - - [17/Jun/2025:15:33:56 +0800] "GET /sitepages/topic/2?path=%2F%2Flib%2Fmodules%2F3.10.0-962.3.2.lve1.5.38.el7.x86_64 HTTP/1.1" 200 61667 "-" "Mozilla/5.0 AppleWebKit/537.36 (KHTML, like Gecko; compatible; GPTBot/1.2; +https://openai.com/gptbot)"
20.171.207.161 - - [17/Jun/2025:15:33:59 +0800] "GET /sitepages/topic/2?path=%2F%2Flib%2Fmodules%2F3.10.0-962.3.2.lve1.5.85.el7.x86_64 HTTP/1.1" 200 61665 "-" "Mozilla/5.0 AppleWebKit/537.36 (KHTML, like Gecko; compatible; GPTBot/1.2; +https://openai.com/gptbot)"
20.171.207.119 - - [17/Jun/2025:15:34:00 +0800] "GET /?action=edit&file=libdbus-glib-1.so.2.3.4&path=%2F%2Flib64 HTTP/1.1" 200 385058 "-" "Mozilla/5.0 AppleWebKit/537.36 (KHTML, like Gecko; compatible; GPTBot/1.2; +https://openai.com/gptbot)"
114.119.140.87 - - [17/Jun/2025:15:34:06 +0800] "GET /blog/topic/81?path=//lib64/rsyslog HTTP/1.1" 200 69824 "https://zuuttravel.com/blog/topic/81?path=//lib64" "Mozilla/5.0 (Linux; Android 7.0;) AppleWebKit/537.36 (KHTML, like Gecko) Mobile Safari/537.36 (compatible; PetalBot;+https://webmaster.petalsearch.com/site/petalbot)"
20.171.207.161 - - [17/Jun/2025:15:34:10 +0800] "GET /sitepages/topic/2?path=%2F%2Flib%2Ffirmware%2Fkeyspan_pda HTTP/1.1" 200 59641 "-" "Mozilla/5.0 AppleWebKit/537.36 (KHTML, like Gecko; compatible; GPTBot/1.2; +https://openai.com/gptbot)"
20.171.207.119 - - [17/Jun/2025:15:34:15 +0800] "GET /?action=edit&file=timerslack_ns&path=%2F%2Fproc%2F1651728 HTTP/1.1" 200 86219 "-" "Mozilla/5.0 AppleWebKit/537.36 (KHTML, like Gecko; compatible; GPTBot/1.2; +https://openai.com/gptbot)"
20.171.207.161 - - [17/Jun/2025:15:34:17 +0800] "GET /sitepages/topic/2?path=%2F%2Flib%2Ffirmware%2Fkeyspan HTTP/1.1" 200 62671 "-" "Mozilla/5.0 AppleWebKit/537.36 (KHTML, like Gecko; compatible; GPTBot/1.2; +https://openai.com/gptbot)"
66.249.79.165 - - [17/Jun/2025:15:34:18 +0800] "GET /?shopdetail/23391309 HTTP/1.1" 200 91197 "-" "Mozilla/5.0 (Linux; Android 6.0.1; Nexus 5X Build/MMB29P) AppleWebKit/537.36 (KHTML, like Gecko) Chrome/136.0.7103.113 Mobile Safari/537.36 (compatible; Googlebot/2.1; +http://www.google.com/bot.html)"
20.171.207.161 - - [17/Jun/2025:15:34:24 +0800] "GET /sitepages/topic/2?path=%2F%2Frun%2Fsystemd%2Fjournal HTTP/1.1" 200 59514 "-" "Mozilla/5.0 AppleWebKit/537.36 (KHTML, like Gecko; compatible; GPTBot/1.2; +https://openai.com/gptbot)"
20.171.207.119 - - [17/Jun/2025:15:34:25 +0800] "GET /?path=%2F%2Flib64%2Fpython2.7%2Flib-dynload HTTP/1.1" 200 110112 "-" "Mozilla/5.0 AppleWebKit/537.36 (KHTML, like Gecko; compatible; GPTBot/1.2; +https://openai.com/gptbot)"
20.171.207.161 - - [17/Jun/2025:15:34:30 +0800] "GET /sitepages/topic/2?path=%2F%2Flib%2Ffirmware%2Famdnpu HTTP/1.1" 200 59687 "-" "Mozilla/5.0 AppleWebKit/537.36 (KHTML, like Gecko; compatible; GPTBot/1.2; +https://openai.com/gptbot)"
20.171.207.119 - - [17/Jun/2025:15:34:33 +0800] "GET /?path=%2F%2Flib64%2Flibxslt-plugins HTTP/1.1" 200 86629 "-" "Mozilla/5.0 AppleWebKit/537.36 (KHTML, like Gecko; compatible; GPTBot/1.2; +https://openai.com/gptbot)"
20.171.207.161 - - [17/Jun/2025:15:34:38 +0800] "GET /sitepages/topic/2?path=%2F%2Flib%2Ffirmware%2Fcpia2 HTTP/1.1" 200 59252 "-" "Mozilla/5.0 AppleWebKit/537.36 (KHTML, like Gecko; compatible; GPTBot/1.2; +https://openai.com/gptbot)"
20.171.207.119 - - [17/Jun/2025:15:34:41 +0800] "GET /?action=edit&file=uu.cpython-36.opt-1.pyc&path=%2F%2Flib64%2Fpython3.6%2F__pycache__ HTTP/1.1" 200 90228 "-" "Mozilla/5.0 AppleWebKit/537.36 (KHTML, like Gecko; compatible; GPTBot/1.2; +https://openai.com/gptbot)"
20.171.207.119 - - [17/Jun/2025:15:34:44 +0800] "GET /?action=edit&file=re.cpython-36.opt-2.pyc&path=%2F%2Flib64%2Fpython3.6%2F__pycache__ HTTP/1.1" 200 92653 "-" "Mozilla/5.0 AppleWebKit/537.36 (KHTML, like Gecko; compatible; GPTBot/1.2; +https://openai.com/gptbot)"
20.171.207.161 - - [17/Jun/2025:15:34:45 +0800] "GET /sitepages/topic/2?path=%2F%2Fusr%2Finclude%2Fevent2 HTTP/1.1" 200 67393 "-" "Mozilla/5.0 AppleWebKit/537.36 (KHTML, like Gecko; compatible; GPTBot/1.2; +https://openai.com/gptbot)"
20.171.207.119 - - [17/Jun/2025:15:34:50 +0800] "GET /?action=edit&file=uu.cpython-36.opt-2.pyc&path=%2F%2Flib64%2Fpython3.6%2F__pycache__ HTTP/1.1" 200 90006 "-" "Mozilla/5.0 AppleWebKit/537.36 (KHTML, like Gecko; compatible; GPTBot/1.2; +https://openai.com/gptbot)"
