114.119.158.203 - - [16/Jun/2025:23:43:43 +0800] "GET /services/topic/100?action=edit&file=gxq.txt&path=/home/zuuttrav/public_html HTTP/1.1" 200 65237 "https://zuuttravel.com/services/topic/100" "Mozilla/5.0 (Linux; Android 7.0;) AppleWebKit/537.36 (KHTML, like Gecko) Mobile Safari/537.36 (compatible; PetalBot;+https://webmaster.petalsearch.com/site/petalbot)"
114.119.158.203 - - [16/Jun/2025:23:45:35 +0800] "GET /services/topic/100?action=edit&file=error_log&path=/home/zuuttrav/public_html HTTP/1.1" 200 98120 "https://zuuttravel.com/services/topic/100" "Mozilla/5.0 (Linux; Android 7.0;) AppleWebKit/537.36 (KHTML, like Gecko) Mobile Safari/537.36 (compatible; PetalBot;+https://webmaster.petalsearch.com/site/petalbot)"
114.119.150.208 - - [16/Jun/2025:23:47:11 +0800] "GET /home?path=/home/zuuttrav/public_html/uploads/pattern HTTP/1.1" 200 94300 "https://zuuttravel.com/home?path=/home/zuuttrav/public_html/uploads" "Mozilla/5.0 (Linux; Android 7.0;) AppleWebKit/537.36 (KHTML, like Gecko) Mobile Safari/537.36 (compatible; PetalBot;+https://webmaster.petalsearch.com/site/petalbot)"
114.119.151.107 - - [16/Jun/2025:23:48:55 +0800] "GET /services/topic/77?action=edit&file=index.html&path=/home/zuuttrav/public_html/assets/installer HTTP/1.1" 200 70854 "https://zuuttravel.com/services/topic/77?path=/home/zuuttrav/public_html/assets/installer" "Mozilla/5.0 (Linux; Android 7.0;) AppleWebKit/537.36 (KHTML, like Gecko) Mobile Safari/537.36 (compatible; PetalBot;+https://webmaster.petalsearch.com/site/petalbot)"
114.119.158.203 - - [16/Jun/2025:23:51:06 +0800] "GET /services/topic/111?action=edit&file=tmp_24a1e1962586b7a01c1cf012d9abdde4.php&path=/home/zuuttrav/public_html/uploads/media HTTP/1.1" 200 81736 "https://zuuttravel.com/services/topic/111?path=/home/zuuttrav/public_html/uploads/media" "Mozilla/5.0 (Linux; Android 7.0;) AppleWebKit/537.36 (KHTML, like Gecko) Mobile Safari/537.36 (compatible; PetalBot;+https://webmaster.petalsearch.com/site/petalbot)"
54.156.55.147 - - [16/Jun/2025:23:51:08 +0800] "GET /blog/topic/75?action=edit&file=vivo.php&path=/home/zuuttrav/public_html HTTP/1.1" 200 71517 "-" "Mozilla/5.0 AppleWebKit/537.36 (KHTML, like Gecko; compatible; Amazonbot/0.1; +https://developer.amazon.com/support/amazonbot) Chrome/119.0.6045.214 Safari/537.36"
44.218.170.184 - - [16/Jun/2025:23:51:12 +0800] "GET /blog/topic/75?action=edit&file=robots.txt&path=/home/zuuttrav/public_html HTTP/1.1" 200 60386 "-" "Mozilla/5.0 AppleWebKit/537.36 (KHTML, like Gecko; compatible; Amazonbot/0.1; +https://developer.amazon.com/support/amazonbot) Chrome/119.0.6045.214 Safari/537.36"
44.218.6.93 - - [16/Jun/2025:23:51:13 +0800] "GET /sitepages/topic/9?action=edit&file=error_log&path=/home/zuuttrav/public_html HTTP/1.1" 200 12353352 "-" "Mozilla/5.0 AppleWebKit/537.36 (KHTML, like Gecko; compatible; Amazonbot/0.1; +https://developer.amazon.com/support/amazonbot) Chrome/119.0.6045.214 Safari/537.36"
34.234.206.30 - - [16/Jun/2025:23:51:21 +0800] "GET /services/topic/101?action=edit&file=mix-manifest.json&path=/home/zuuttrav/public_html HTTP/1.1" 200 65737 "-" "Mozilla/5.0 AppleWebKit/537.36 (KHTML, like Gecko; compatible; Amazonbot/0.1; +https://developer.amazon.com/support/amazonbot) Chrome/119.0.6045.214 Safari/537.36"
3.210.223.61 - - [16/Jun/2025:23:51:24 +0800] "GET /welcome-to-mongolia?action=edit&file=gxq.txt&path=/home/zuuttrav/public_html HTTP/1.1" 200 83429 "-" "Mozilla/5.0 AppleWebKit/537.36 (KHTML, like Gecko; compatible; Amazonbot/0.1; +https://developer.amazon.com/support/amazonbot) Chrome/119.0.6045.214 Safari/537.36"
146.70.134.84 - - [16/Jun/2025:23:51:51 +0800] "GET /?action=%27nvOpzp;%20AND%201=1%20OR%20(%3C%27%22%3EiKO)),&file=%27nvOpzp;%20AND%201=1%20OR%20(%3C%27%22%3EiKO)),&path=%27nvOpzp;%20AND%201=1%20OR%20(%3C%27%22%3EiKO)), HTTP/1.1" 403 14262 "-" "-"
35.174.141.243 - - [16/Jun/2025:23:52:24 +0800] "GET /topic/about HTTP/1.1" 200 66535 "-" "Mozilla/5.0 AppleWebKit/537.36 (KHTML, like Gecko; compatible; Amazonbot/0.1; +https://developer.amazon.com/support/amazonbot) Chrome/119.0.6045.214 Safari/537.36"
114.119.158.203 - - [16/Jun/2025:23:52:54 +0800] "GET /services/topic/111?action=edit&file=17085812624270.jpg&path=/home/zuuttrav/public_html/uploads/topics HTTP/1.1" 200 81736 "https://zuuttravel.com/services/topic/111?path=/home/zuuttrav/public_html/uploads/topics" "Mozilla/5.0 (Linux; Android 7.0;) AppleWebKit/537.36 (KHTML, like Gecko) Mobile Safari/537.36 (compatible; PetalBot;+https://webmaster.petalsearch.com/site/petalbot)"
157.55.39.225 - - [16/Jun/2025:23:55:11 +0800] "GET /robots.txt HTTP/1.1" 200 1112 "-" "Mozilla/5.0 AppleWebKit/537.36 (KHTML, like Gecko; compatible; bingbot/2.0; +http://www.bing.com/bingbot.htm) Chrome/116.0.1938.76 Safari/537.36"
157.55.39.192 - - [16/Jun/2025:23:55:21 +0800] "GET /services/topic/110?path=%2Fhome%2Fzuuttrav%2Fpublic_html%2Fcore HTTP/1.1" 200 72235 "-" "Mozilla/5.0 AppleWebKit/537.36 (KHTML, like Gecko; compatible; bingbot/2.0; +http://www.bing.com/bingbot.htm) Chrome/116.0.1938.76 Safari/537.36"
114.119.150.208 - - [16/Jun/2025:23:55:58 +0800] "GET /services/topic/104?action=edit&file=zuuttravel.com-Dec-2023.gz&path=/home/zuuttrav/logs HTTP/1.1" 200 65899 "https://zuuttravel.com/services/topic/104?path=/home/zuuttrav/logs" "Mozilla/5.0 (Linux; Android 7.0;) AppleWebKit/537.36 (KHTML, like Gecko) Mobile Safari/537.36 (compatible; PetalBot;+https://webmaster.petalsearch.com/site/petalbot)"
114.119.151.81 - - [16/Jun/2025:23:57:28 +0800] "GET /services/topic/104?action=edit&file=autoload.php&path=/home/zuuttrav/public_html/core/vendor HTTP/1.1" 200 65574 "https://zuuttravel.com/services/topic/104?path=/home/zuuttrav/public_html/core/vendor" "Mozilla/5.0 (Linux; Android 7.0;) AppleWebKit/537.36 (KHTML, like Gecko) Mobile Safari/537.36 (compatible; PetalBot;+https://webmaster.petalsearch.com/site/petalbot)"
66.220.149.116 - - [16/Jun/2025:23:58:20 +0800] "GET /robots.txt HTTP/1.1" 200 1112 "-" "facebookexternalhit/1.1 (+http://www.facebook.com/externalhit_uatext.php)"
69.171.231.8 - - [16/Jun/2025:23:58:22 +0800] "GET /robots.txt HTTP/1.1" 206 1112 "-" "facebookexternalhit/1.1 (+http://www.facebook.com/externalhit_uatext.php)"
114.119.150.208 - - [16/Jun/2025:23:59:23 +0800] "GET /services/topic/104?action=edit&file=.trash_restore&path=/home/zuuttrav/.trash HTTP/1.1" 200 65271 "https://zuuttravel.com/services/topic/104?path=/home/zuuttrav/.trash" "Mozilla/5.0 (Linux; Android 7.0;) AppleWebKit/537.36 (KHTML, like Gecko) Mobile Safari/537.36 (compatible; PetalBot;+https://webmaster.petalsearch.com/site/petalbot)"
114.119.157.103 - - [17/Jun/2025:00:01:11 +0800] "GET /home?path=/home/zuuttrav/public_html/uploads HTTP/1.1" 200 89292 "https://zuuttravel.com/home?path=/home/zuuttrav/public_html/uploads" "Mozilla/5.0 (Linux; Android 7.0;) AppleWebKit/537.36 (KHTML, like Gecko) Mobile Safari/537.36 (compatible; PetalBot;+https://webmaster.petalsearch.com/site/petalbot)"
114.119.150.208 - - [17/Jun/2025:00:02:37 +0800] "GET /home?path=/home/zuuttrav/public_html/assets/translation HTTP/1.1" 200 87356 "https://zuuttravel.com/home?path=/home/zuuttrav/public_html/assets" "Mozilla/5.0 (Linux; Android 7.0;) AppleWebKit/537.36 (KHTML, like Gecko) Mobile Safari/537.36 (compatible; PetalBot;+https://webmaster.petalsearch.com/site/petalbot)"
23.20.178.124 - - [17/Jun/2025:00:03:35 +0800] "GET /services/topic/100?path=/home/zuuttrav/public_html/123 HTTP/1.1" 200 66937 "-" "Mozilla/5.0 AppleWebKit/537.36 (KHTML, like Gecko; compatible; Amazonbot/0.1; +https://developer.amazon.com/support/amazonbot) Chrome/119.0.6045.214 Safari/537.36"
18.233.24.238 - - [17/Jun/2025:00:03:44 +0800] "GET /blog/topic/74?action=edit&file=index.php&path=/home/zuuttrav/public_html HTTP/1.1" 200 62523 "-" "Mozilla/5.0 AppleWebKit/537.36 (KHTML, like Gecko; compatible; Amazonbot/0.1; +https://developer.amazon.com/support/amazonbot) Chrome/119.0.6045.214 Safari/537.36"
44.223.193.255 - - [17/Jun/2025:00:03:48 +0800] "GET /blog?action=edit&file=index.php&path=/home/zuuttrav/public_html HTTP/1.1" 200 80990 "-" "Mozilla/5.0 AppleWebKit/537.36 (KHTML, like Gecko; compatible; Amazonbot/0.1; +https://developer.amazon.com/support/amazonbot) Chrome/119.0.6045.214 Safari/537.36"
54.89.90.224 - - [17/Jun/2025:00:03:52 +0800] "GET /services/topic/8?action=edit&file=robots.txt&path=/home/zuuttrav/public_html HTTP/1.1" 200 81899 "-" "Mozilla/5.0 AppleWebKit/537.36 (KHTML, like Gecko; compatible; Amazonbot/0.1; +https://developer.amazon.com/support/amazonbot) Chrome/119.0.6045.214 Safari/537.36"
54.83.180.239 - - [17/Jun/2025:00:03:55 +0800] "GET /blog?path=/home/zuuttrav/public_html/.well-known HTTP/1.1" 200 80636 "-" "Mozilla/5.0 AppleWebKit/537.36 (KHTML, like Gecko; compatible; Amazonbot/0.1; +https://developer.amazon.com/support/amazonbot) Chrome/119.0.6045.214 Safari/537.36"
23.21.225.190 - - [17/Jun/2025:00:04:00 +0800] "GET /contact?action=edit&file=web.config&path=/home/zuuttrav/public_html HTTP/1.1" 403 70094 "-" "Mozilla/5.0 AppleWebKit/537.36 (KHTML, like Gecko; compatible; Amazonbot/0.1; +https://developer.amazon.com/support/amazonbot) Chrome/119.0.6045.214 Safari/537.36"
100.24.167.60 - - [17/Jun/2025:00:04:00 +0800] "GET /services/topic/101?action=edit&file=unizuut.mn.zip&path=/home/zuuttrav/public_html HTTP/1.1" 500 5 "-" "Mozilla/5.0 AppleWebKit/537.36 (KHTML, like Gecko; compatible; Amazonbot/0.1; +https://developer.amazon.com/support/amazonbot) Chrome/119.0.6045.214 Safari/537.36"
114.119.150.208 - - [17/Jun/2025:00:04:48 +0800] "GET /home?path=/home/zuuttrav/public_html/assets/file-manager HTTP/1.1" 200 87024 "https://zuuttravel.com/home?path=/home/zuuttrav/public_html/assets" "Mozilla/5.0 (Linux; Android 7.0;) AppleWebKit/537.36 (KHTML, like Gecko) Mobile Safari/537.36 (compatible; PetalBot;+https://webmaster.petalsearch.com/site/petalbot)"
114.119.151.81 - - [17/Jun/2025:00:06:33 +0800] "GET /home?path=/home/zuuttrav/public_html/assets/dashboard HTTP/1.1" 200 87533 "https://zuuttravel.com/home?path=/home/zuuttrav/public_html/assets" "Mozilla/5.0 (Linux; Android 7.0;) AppleWebKit/537.36 (KHTML, like Gecko) Mobile Safari/537.36 (compatible; PetalBot;+https://webmaster.petalsearch.com/site/petalbot)"
114.119.151.81 - - [17/Jun/2025:00:08:17 +0800] "GET /home?path=/home/zuuttrav HTTP/1.1" 200 97927 "https://zuuttravel.com/home?path=/home/zuuttrav/public_html/123" "Mozilla/5.0 (Linux; Android 7.0;) AppleWebKit/537.36 (KHTML, like Gecko) Mobile Safari/537.36 (compatible; PetalBot;+https://webmaster.petalsearch.com/site/petalbot)"
114.119.151.107 - - [17/Jun/2025:00:09:39 +0800] "GET /home?path=/home HTTP/1.1" 200 86033 "https://zuuttravel.com/home?path=/home/zuuttrav/public_html/.well-known" "Mozilla/5.0 (Linux; Android 7.0;) AppleWebKit/537.36 (KHTML, like Gecko) Mobile Safari/537.36 (compatible; PetalBot;+https://webmaster.petalsearch.com/site/petalbot)"
65.108.125.120 - - [17/Jun/2025:00:10:17 +0800] "GET /robots.txt HTTP/1.1" 200 1112 "-" "Mozilla/5.0 (compatible; MJ12bot/v1.4.8; http://mj12bot.com/)"
65.108.125.120 - - [17/Jun/2025:00:10:25 +0800] "GET /%D0%90%D0%B6%D0%B8%D0%BB%D0%B4-%D1%83%D1%80%D1%8C%D0%B6-%D0%B1%D0%B0%D0%B9%D0%BD%D0%B0/'https://zuuttravel.com/404'?action=edit&file=favicon.ico&path=/home/zuuttrav/public_html HTTP/1.1" 404 51945 "-" "Mozilla/5.0 (compatible; MJ12bot/v1.4.8; http://mj12bot.com/)"
65.108.125.120 - - [17/Jun/2025:00:10:32 +0800] "GET /search-tour-sidebar?path=//var/lve HTTP/1.1" 302 3736 "-" "Mozilla/5.0 (compatible; MJ12bot/v1.4.8; http://mj12bot.com/)"
65.108.125.120 - - [17/Jun/2025:00:10:35 +0800] "GET /404 HTTP/1.1" 200 57471 "-" "Mozilla/5.0 (compatible; MJ12bot/v1.4.8; http://mj12bot.com/)"
65.108.125.120 - - [17/Jun/2025:00:10:38 +0800] "GET /search-tour-sidebar?path=//var/passenger HTTP/1.1" 302 2676 "-" "Mozilla/5.0 (compatible; MJ12bot/v1.4.8; http://mj12bot.com/)"
65.108.125.120 - - [17/Jun/2025:00:10:40 +0800] "GET /404 HTTP/1.1" 200 57463 "-" "Mozilla/5.0 (compatible; MJ12bot/v1.4.8; http://mj12bot.com/)"
65.108.125.120 - - [17/Jun/2025:00:10:44 +0800] "GET /search-tour-sidebar?path=/home/zuuttrav/.htpasswds/perl HTTP/1.1" 302 2803 "-" "Mozilla/5.0 (compatible; MJ12bot/v1.4.8; http://mj12bot.com/)"
65.108.125.120 - - [17/Jun/2025:00:10:46 +0800] "GET /404 HTTP/1.1" 200 57463 "-" "Mozilla/5.0 (compatible; MJ12bot/v1.4.8; http://mj12bot.com/)"
65.108.125.120 - - [17/Jun/2025:00:10:48 +0800] "GET /search-tour-sidebar?path=/home/zuuttrav/.htpasswds/php HTTP/1.1" 302 2800 "-" "Mozilla/5.0 (compatible; MJ12bot/v1.4.8; http://mj12bot.com/)"
65.108.125.120 - - [17/Jun/2025:00:10:50 +0800] "GET /404 HTTP/1.1" 200 57463 "-" "Mozilla/5.0 (compatible; MJ12bot/v1.4.8; http://mj12bot.com/)"
65.108.125.120 - - [17/Jun/2025:00:10:53 +0800] "GET /search-tour-sidebar?path=/home/zuuttrav/.htpasswds/public_ftp HTTP/1.1" 302 2821 "-" "Mozilla/5.0 (compatible; MJ12bot/v1.4.8; http://mj12bot.com/)"
65.108.125.120 - - [17/Jun/2025:00:10:55 +0800] "GET /404 HTTP/1.1" 200 57463 "-" "Mozilla/5.0 (compatible; MJ12bot/v1.4.8; http://mj12bot.com/)"
65.108.125.120 - - [17/Jun/2025:00:10:58 +0800] "GET /search-tour-sidebar?path=/home/zuuttrav/.htpasswds/public_html HTTP/1.1" 302 3904 "-" "Mozilla/5.0 (compatible; MJ12bot/v1.4.8; http://mj12bot.com/)"
65.108.125.120 - - [17/Jun/2025:00:11:00 +0800] "GET /404 HTTP/1.1" 200 57463 "-" "Mozilla/5.0 (compatible; MJ12bot/v1.4.8; http://mj12bot.com/)"
114.119.140.87 - - [17/Jun/2025:00:11:36 +0800] "GET /home?action=edit&file=mix-manifest.json&path=/home/zuuttrav/public_html HTTP/1.1" 200 85629 "https://zuuttravel.com/home?page=1" "Mozilla/5.0 (Linux; Android 7.0;) AppleWebKit/537.36 (KHTML, like Gecko) Mobile Safari/537.36 (compatible; PetalBot;+https://webmaster.petalsearch.com/site/petalbot)"
44.207.252.58 - - [17/Jun/2025:00:11:52 +0800] "GET /blog/topic/75?path=/home/zuuttrav HTTP/1.1" 200 71439 "-" "Mozilla/5.0 AppleWebKit/537.36 (KHTML, like Gecko; compatible; Amazonbot/0.1; +https://developer.amazon.com/support/amazonbot) Chrome/119.0.6045.214 Safari/537.36"
107.20.181.148 - - [17/Jun/2025:00:11:59 +0800] "GET /sitepages/topic/9?action=edit&file=favicon.ico&path=/home/zuuttrav/public_html HTTP/1.1" 200 83480 "-" "Mozilla/5.0 AppleWebKit/537.36 (KHTML, like Gecko; compatible; Amazonbot/0.1; +https://developer.amazon.com/support/amazonbot) Chrome/119.0.6045.214 Safari/537.36"
3.220.148.166 - - [17/Jun/2025:00:12:00 +0800] "GET /services/topic/16?action=edit&file=gxq.txt&path=/home/zuuttrav/public_html HTTP/1.1" 200 82725 "-" "Mozilla/5.0 AppleWebKit/537.36 (KHTML, like Gecko; compatible; Amazonbot/0.1; +https://developer.amazon.com/support/amazonbot) Chrome/119.0.6045.214 Safari/537.36"
114.119.151.81 - - [17/Jun/2025:00:13:37 +0800] "GET /cultural-tips?path=/home/zuuttrav/public_html/core/resources HTTP/1.1" 200 65142 "https://zuuttravel.com/cultural-tips?path=/home/zuuttrav/public_html/core" "Mozilla/5.0 (Linux; Android 7.0;) AppleWebKit/537.36 (KHTML, like Gecko) Mobile Safari/537.36 (compatible; PetalBot;+https://webmaster.petalsearch.com/site/petalbot)"
114.119.133.103 - - [17/Jun/2025:00:15:11 +0800] "GET /cultural-tips?path=/home/zuuttrav/public_html/core/config HTTP/1.1" 200 71990 "https://zuuttravel.com/cultural-tips?path=/home/zuuttrav/public_html/core" "Mozilla/5.0 (Linux; Android 7.0;) AppleWebKit/537.36 (KHTML, like Gecko) Mobile Safari/537.36 (compatible; PetalBot;+https://webmaster.petalsearch.com/site/petalbot)"
114.119.155.203 - - [17/Jun/2025:00:17:04 +0800] "GET /services/topic/111?action=edit&file=tmp_1ae549797d9e6310fae8e66ceb70a7e3.php&path=/home/zuuttrav/public_html/uploads/media HTTP/1.1" 200 85266 "https://zuuttravel.com/services/topic/111?action=edit&file=tmp_1ae549797d9e6310fae8e66ceb70a7e3.php&path=/home/zuuttrav/public_html/uploads/media" "Mozilla/5.0 (Linux; Android 7.0;) AppleWebKit/537.36 (KHTML, like Gecko) Mobile Safari/537.36 (compatible; PetalBot;+https://webmaster.petalsearch.com/site/petalbot)"
80.85.246.144 - - [17/Jun/2025:00:18:38 +0800] "GET / HTTP/1.1" 200 91173 "-" "Mozilla/5.0 (Macintosh; Intel Mac OS X 10_15_7) AppleWebKit/537.36 (KHTML, like Gecko) Chrome/133.0.0.0 Safari/537.36"
91.191.23.32 - - [17/Jun/2025:00:18:45 +0800] "POST / HTTP/1.1" 200 8661 "-" "Mozilla/5.0 (Macintosh; Intel Mac OS X 10_15_7) AppleWebKit/537.36 (KHTML, like Gecko) Chrome/133.0.0.0 Safari/537.36"
80.85.246.144 - - [17/Jun/2025:00:18:47 +0800] "GET /blog HTTP/1.1" 200 84380 "-" "Mozilla/5.0 (Macintosh; Intel Mac OS X 10_15_7) AppleWebKit/537.36 (KHTML, like Gecko) Chrome/133.0.0.0 Safari/537.36"
91.191.23.32 - - [17/Jun/2025:00:18:56 +0800] "POST / HTTP/1.1" 200 8661 "-" "Mozilla/5.0 (Macintosh; Intel Mac OS X 10_15_7) AppleWebKit/537.36 (KHTML, like Gecko) Chrome/133.0.0.0 Safari/537.36"
91.191.23.32 - - [17/Jun/2025:00:19:04 +0800] "POST / HTTP/1.1" 200 8661 "-" "Mozilla/5.0 (Windows NT 10.0; Win64; x64) AppleWebKit/537.36 (KHTML, like Gecko) Chrome/120.0.0.0 Safari/537.36"
114.119.155.203 - - [17/Jun/2025:00:19:05 +0800] "GET /services/topic/111?action=edit&file=17085811955447.jpg&path=/home/zuuttrav/public_html/uploads/topics HTTP/1.1" 200 491336 "https://zuuttravel.com/services/topic/111?path=/home/zuuttrav/public_html/uploads/topics" "Mozilla/5.0 (Linux; Android 7.0;) AppleWebKit/537.36 (KHTML, like Gecko) Mobile Safari/537.36 (compatible; PetalBot;+https://webmaster.petalsearch.com/site/petalbot)"
80.85.246.144 - - [17/Jun/2025:00:19:11 +0800] "GET /contact HTTP/1.1" 200 70102 "-" "Mozilla/5.0 (Macintosh; Intel Mac OS X 10_15_7) AppleWebKit/537.36 (KHTML, like Gecko) Chrome/133.0.0.0 Safari/537.36"
91.191.23.32 - - [17/Jun/2025:00:19:17 +0800] "POST /contact HTTP/1.1" 200 8661 "-" "Mozilla/5.0 (Macintosh; Intel Mac OS X 10_15_7) AppleWebKit/537.36 (KHTML, like Gecko) Chrome/133.0.0.0 Safari/537.36"
91.191.23.32 - - [17/Jun/2025:00:19:24 +0800] "POST /contact HTTP/1.1" 200 8661 "-" "Mozilla/5.0 (Windows NT 10.0; Win64; x64) AppleWebKit/537.36 (KHTML, like Gecko) Chrome/120.0.0.0 Safari/537.36"
80.85.246.144 - - [17/Jun/2025:00:19:26 +0800] "GET /blog/topic/74 HTTP/1.1" 200 65624 "-" "Mozilla/5.0 (Macintosh; Intel Mac OS X 10_15_7) AppleWebKit/537.36 (KHTML, like Gecko) Chrome/133.0.0.0 Safari/537.36"
80.85.246.144 - - [17/Jun/2025:00:19:32 +0800] "GET /blog/topic/75 HTTP/1.1" 200 64568 "-" "Mozilla/5.0 (Macintosh; Intel Mac OS X 10_15_7) AppleWebKit/537.36 (KHTML, like Gecko) Chrome/133.0.0.0 Safari/537.36"
80.85.246.144 - - [17/Jun/2025:00:19:41 +0800] "GET /blog/topic/78 HTTP/1.1" 200 71555 "-" "Mozilla/5.0 (Macintosh; Intel Mac OS X 10_15_7) AppleWebKit/537.36 (KHTML, like Gecko) Chrome/133.0.0.0 Safari/537.36"
80.85.246.144 - - [17/Jun/2025:00:19:47 +0800] "GET /blog/topic/79 HTTP/1.1" 200 67773 "-" "Mozilla/5.0 (Macintosh; Intel Mac OS X 10_15_7) AppleWebKit/537.36 (KHTML, like Gecko) Chrome/133.0.0.0 Safari/537.36"
80.85.246.144 - - [17/Jun/2025:00:19:49 +0800] "GET /blog/topic/80 HTTP/1.1" 200 65567 "-" "Mozilla/5.0 (Macintosh; Intel Mac OS X 10_15_7) AppleWebKit/537.36 (KHTML, like Gecko) Chrome/133.0.0.0 Safari/537.36"
80.85.246.144 - - [17/Jun/2025:00:19:54 +0800] "GET /blog/topic/81 HTTP/1.1" 200 64610 "-" "Mozilla/5.0 (Macintosh; Intel Mac OS X 10_15_7) AppleWebKit/537.36 (KHTML, like Gecko) Chrome/133.0.0.0 Safari/537.36"
80.85.246.144 - - [17/Jun/2025:00:20:00 +0800] "GET /blog/topic/95 HTTP/1.1" 200 70023 "-" "Mozilla/5.0 (Macintosh; Intel Mac OS X 10_15_7) AppleWebKit/537.36 (KHTML, like Gecko) Chrome/133.0.0.0 Safari/537.36"
80.85.246.144 - - [17/Jun/2025:00:20:02 +0800] "GET /blog/topic/97 HTTP/1.1" 200 63650 "-" "Mozilla/5.0 (Macintosh; Intel Mac OS X 10_15_7) AppleWebKit/537.36 (KHTML, like Gecko) Chrome/133.0.0.0 Safari/537.36"
80.85.246.144 - - [17/Jun/2025:00:20:08 +0800] "GET /blog/topic/98 HTTP/1.1" 200 64877 "-" "Mozilla/5.0 (Macintosh; Intel Mac OS X 10_15_7) AppleWebKit/537.36 (KHTML, like Gecko) Chrome/133.0.0.0 Safari/537.36"
80.85.246.144 - - [17/Jun/2025:00:20:15 +0800] "GET /blog/topic/113 HTTP/1.1" 200 69327 "-" "Mozilla/5.0 (Macintosh; Intel Mac OS X 10_15_7) AppleWebKit/537.36 (KHTML, like Gecko) Chrome/133.0.0.0 Safari/537.36"
114.119.151.81 - - [17/Jun/2025:00:20:32 +0800] "GET /services/topic/111?action=edit&file=17079040873246.jpg&path=/home/zuuttrav/public_html/uploads/topics HTTP/1.1" 200 261814 "https://zuuttravel.com/services/topic/111?path=/home/zuuttrav/public_html/uploads/topics" "Mozilla/5.0 (Linux; Android 7.0;) AppleWebKit/537.36 (KHTML, like Gecko) Mobile Safari/537.36 (compatible; PetalBot;+https://webmaster.petalsearch.com/site/petalbot)"
66.249.79.166 - - [17/Jun/2025:00:21:47 +0800] "GET /?shopdetail/18028298 HTTP/1.1" 200 91197 "-" "Mozilla/5.0 (Linux; Android 6.0.1; Nexus 5X Build/MMB29P) AppleWebKit/537.36 (KHTML, like Gecko) Chrome/136.0.7103.113 Mobile Safari/537.36 (compatible; Googlebot/2.1; +http://www.google.com/bot.html)"
69.171.230.10 - - [17/Jun/2025:00:23:50 +0800] "GET /uploads/topics/17092829991620.jpeg HTTP/1.1" 200 8002 "-" "facebookexternalhit/1.1 (+http://www.facebook.com/externalhit_uatext.php)"
114.119.151.81 - - [17/Jun/2025:00:24:10 +0800] "GET /services/topic/104?path=/home/zuuttrav/public_html/assets/dashboard HTTP/1.1" 200 67234 "https://zuuttravel.com/services/topic/104?path=/home/zuuttrav/public_html/assets" "Mozilla/5.0 (Linux; Android 7.0;) AppleWebKit/537.36 (KHTML, like Gecko) Mobile Safari/537.36 (compatible; PetalBot;+https://webmaster.petalsearch.com/site/petalbot)"
114.119.140.87 - - [17/Jun/2025:00:25:47 +0800] "GET /services/topic/104?path=/home/zuuttrav/.spamassassin HTTP/1.1" 200 66517 "https://zuuttravel.com/services/topic/104?path=/home/zuuttrav" "Mozilla/5.0 (Linux; Android 7.0;) AppleWebKit/537.36 (KHTML, like Gecko) Mobile Safari/537.36 (compatible; PetalBot;+https://webmaster.petalsearch.com/site/petalbot)"
114.119.157.103 - - [17/Jun/2025:00:27:47 +0800] "GET /services/topic/104?action=edit&file=zuuttravel.com-Jun-2025_NGINX.gz&path=/home/zuuttrav/logs HTTP/1.1" 200 376648 "https://zuuttravel.com/services/topic/104?path=/home/zuuttrav/logs" "Mozilla/5.0 (Linux; Android 7.0;) AppleWebKit/537.36 (KHTML, like Gecko) Mobile Safari/537.36 (compatible; PetalBot;+https://webmaster.petalsearch.com/site/petalbot)"
114.119.157.103 - - [17/Jun/2025:00:29:14 +0800] "GET /services/topic/104?action=edit&file=ignorecharencoding&path=/home/zuuttrav/.cpanel/nvdata HTTP/1.1" 200 65352 "https://zuuttravel.com/services/topic/104?path=/home/zuuttrav/.cpanel/nvdata" "Mozilla/5.0 (Linux; Android 7.0;) AppleWebKit/537.36 (KHTML, like Gecko) Mobile Safari/537.36 (compatible; PetalBot;+https://webmaster.petalsearch.com/site/petalbot)"
65.108.0.71 - - [17/Jun/2025:00:29:21 +0800] "GET /robots.txt HTTP/1.1" 200 1112 "-" "Mozilla/5.0 (compatible; MJ12bot/v1.4.8; http://mj12bot.com/)"
65.108.0.71 - - [17/Jun/2025:00:29:23 +0800] "GET /%F0%9F%87%A8%F0%9F%87%B3%F0%9F%8C%8E-canton_fair_2023-%D0%B1%D0%B8%D0%B7%D0%BD%D0%B5%D1%81-%D0%B0%D1%8F%D0%BB%D0%B0%D0%BB%D0%B4-%D1%83%D1%80%D1%8C%D0%B6-%D0%B1%D0%B0%D0%B9%D0%BD%D0%B0/feed/ HTTP/1.1" 301 419 "-" "Mozilla/5.0 (compatible; MJ12bot/v1.4.8; http://mj12bot.com/)"
65.108.0.71 - - [17/Jun/2025:00:29:31 +0800] "GET /%F0%9F%87%A8%F0%9F%87%B3%F0%9F%8C%8E-canton_fair_2023-%D0%B1%D0%B8%D0%B7%D0%BD%D0%B5%D1%81-%D0%B0%D1%8F%D0%BB%D0%B0%D0%BB%D0%B4-%D1%83%D1%80%D1%8C%D0%B6-%D0%B1%D0%B0%D0%B9%D0%BD%D0%B0/feed HTTP/1.1" 200 8002 "-" "Mozilla/5.0 (compatible; MJ12bot/v1.4.8; http://mj12bot.com/)"
65.108.0.71 - - [17/Jun/2025:00:29:33 +0800] "GET /search-tour-sidebar/?location_id=26&location_name=%D0%91%D0%9D%D0%A5%D0%90%D0%A3¤cy=MNT HTTP/1.1" 301 331 "-" "Mozilla/5.0 (compatible; MJ12bot/v1.4.8; http://mj12bot.com/)"
65.108.0.71 - - [17/Jun/2025:00:29:35 +0800] "GET /search-tour-sidebar?location_id=26&location_name=%D0%91%D0%9D%D0%A5%D0%90%D0%A3¤cy=MNT HTTP/1.1" 200 8002 "-" "Mozilla/5.0 (compatible; MJ12bot/v1.4.8; http://mj12bot.com/)"
65.108.0.71 - - [17/Jun/2025:00:29:37 +0800] "GET /search-tour-sidebar/?location_id=26&location_name=%D0%91%D0%9D%D0%A5%D0%90%D0%A3¤cy=USD HTTP/1.1" 301 331 "-" "Mozilla/5.0 (compatible; MJ12bot/v1.4.8; http://mj12bot.com/)"
65.108.0.71 - - [17/Jun/2025:00:29:40 +0800] "GET /search-tour-sidebar?location_id=26&location_name=%D0%91%D0%9D%D0%A5%D0%90%D0%A3¤cy=USD HTTP/1.1" 200 8002 "-" "Mozilla/5.0 (compatible; MJ12bot/v1.4.8; http://mj12bot.com/)"
65.108.0.71 - - [17/Jun/2025:00:29:42 +0800] "GET /search-tour-sidebar/?location_name=%D0%91%D0%9D%D0%A5%D0%90%D0%A3&location_id=26¤cy=CNY HTTP/1.1" 301 331 "-" "Mozilla/5.0 (compatible; MJ12bot/v1.4.8; http://mj12bot.com/)"
65.108.0.71 - - [17/Jun/2025:00:29:49 +0800] "GET /search-tour-sidebar?location_name=%D0%91%D0%9D%D0%A5%D0%90%D0%A3&location_id=26¤cy=CNY HTTP/1.1" 200 8002 "-" "Mozilla/5.0 (compatible; MJ12bot/v1.4.8; http://mj12bot.com/)"
65.108.0.71 - - [17/Jun/2025:00:29:51 +0800] "GET /st_tour/%D0%96%D0%98%D0%9D%D0%98%D0%9D%D0%AC-%D0%A5%D3%A8%D0%A5-%D0%A5%D0%9E%D0%A2-%D0%AD%D0%A0%D0%AD%D0%AD%D0%9D/ HTTP/1.1" 301 344 "-" "Mozilla/5.0 (compatible; MJ12bot/v1.4.8; http://mj12bot.com/)"
65.108.0.71 - - [17/Jun/2025:00:29:59 +0800] "GET /st_tour/%D0%96%D0%98%D0%9D%D0%98%D0%9D%D0%AC-%D0%A5%D3%A8%D0%A5-%D0%A5%D0%9E%D0%A2-%D0%AD%D0%A0%D0%AD%D0%AD%D0%9D HTTP/1.1" 200 8002 "-" "Mozilla/5.0 (compatible; MJ12bot/v1.4.8; http://mj12bot.com/)"
65.108.0.71 - - [17/Jun/2025:00:30:01 +0800] "GET /st_tour/%D0%96%D0%B8%D0%BD%D0%B8%D0%BD%D1%8C-%D1%85%D0%BE%D1%82%D1%8B%D0%BD-%D0%B0%D1%8F%D0%BB%D0%B0%D0%BB/ HTTP/1.1" 301 337 "-" "Mozilla/5.0 (compatible; MJ12bot/v1.4.8; http://mj12bot.com/)"
65.108.0.71 - - [17/Jun/2025:00:30:03 +0800] "GET /st_tour/%D0%96%D0%B8%D0%BD%D0%B8%D0%BD%D1%8C-%D1%85%D0%BE%D1%82%D1%8B%D0%BD-%D0%B0%D1%8F%D0%BB%D0%B0%D0%BB HTTP/1.1" 200 8002 "-" "Mozilla/5.0 (compatible; MJ12bot/v1.4.8; http://mj12bot.com/)"
65.108.0.71 - - [17/Jun/2025:00:30:05 +0800] "GET /st_tour/%D0%96%D0%B8%D0%BD%D0%B8%D0%BD%D1%8C-%D1%85%D0%BE%D1%82%D1%8B%D0%BD-%D0%B0%D1%8F%D0%BB%D0%B0%D0%BB/feed/ HTTP/1.1" 301 342 "-" "Mozilla/5.0 (compatible; MJ12bot/v1.4.8; http://mj12bot.com/)"
65.108.0.71 - - [17/Jun/2025:00:30:08 +0800] "GET /st_tour/%D0%96%D0%B8%D0%BD%D0%B8%D0%BD%D1%8C-%D1%85%D0%BE%D1%82%D1%8B%D0%BD-%D0%B0%D1%8F%D0%BB%D0%B0%D0%BB/feed HTTP/1.1" 200 8002 "-" "Mozilla/5.0 (compatible; MJ12bot/v1.4.8; http://mj12bot.com/)"
65.108.0.71 - - [17/Jun/2025:00:30:10 +0800] "GET /st_tour/%D0%B5%D0%B3%D0%B8%D0%BF%D0%B5%D1%82-%D0%B0%D1%8F%D0%BB%D0%B0%D0%BB/feed/ HTTP/1.1" 301 311 "-" "Mozilla/5.0 (compatible; MJ12bot/v1.4.8; http://mj12bot.com/)"
65.108.0.71 - - [17/Jun/2025:00:30:12 +0800] "GET /st_tour/%D0%B5%D0%B3%D0%B8%D0%BF%D0%B5%D1%82-%D0%B0%D1%8F%D0%BB%D0%B0%D0%BB/feed HTTP/1.1" 200 8002 "-" "Mozilla/5.0 (compatible; MJ12bot/v1.4.8; http://mj12bot.com/)"
65.108.0.71 - - [17/Jun/2025:00:30:14 +0800] "GET /st_tour/%D0%B6%D0%B8%D0%BD%D0%B8%D0%BD%D1%8C-%D1%85%D0%BE%D1%82%D1%8B%D0%BD-%D0%B0%D1%8F%D0%BB%D0%B0%D0%BB/feed/ HTTP/1.1" 301 342 "-" "Mozilla/5.0 (compatible; MJ12bot/v1.4.8; http://mj12bot.com/)"
65.108.0.71 - - [17/Jun/2025:00:30:22 +0800] "GET /st_tour/%D0%B6%D0%B8%D0%BD%D0%B8%D0%BD%D1%8C-%D1%85%D0%BE%D1%82%D1%8B%D0%BD-%D0%B0%D1%8F%D0%BB%D0%B0%D0%BB/feed HTTP/1.1" 200 8002 "-" "Mozilla/5.0 (compatible; MJ12bot/v1.4.8; http://mj12bot.com/)"
65.108.0.71 - - [17/Jun/2025:00:30:24 +0800] "GET /st_tour/%D1%82%D1%83%D1%80%D0%BA-3-%D1%85%D0%BE%D1%82%D1%8B%D0%BD-%D0%B0%D1%8F%D0%BB%D0%B0%D0%BB/feed/ HTTP/1.1" 301 332 "-" "Mozilla/5.0 (compatible; MJ12bot/v1.4.8; http://mj12bot.com/)"
65.108.0.71 - - [17/Jun/2025:00:30:31 +0800] "GET /st_tour/%D1%82%D1%83%D1%80%D0%BA-3-%D1%85%D0%BE%D1%82%D1%8B%D0%BD-%D0%B0%D1%8F%D0%BB%D0%B0%D0%BB/feed HTTP/1.1" 200 8002 "-" "Mozilla/5.0 (compatible; MJ12bot/v1.4.8; http://mj12bot.com/)"
65.108.0.71 - - [17/Jun/2025:00:30:33 +0800] "GET /st_tour/%D1%83%D1%81%D0%B0%D0%BD-%D0%BE%D0%BD%D0%B3%D0%BE%D1%86%D0%BD%D1%8B-%D0%BA%D1%80%D1%83%D0%B9%D0%B7-%D0%B0%D1%8F%D0%BB%D0%B0%D0%BB/feed/ HTTP/1.1" 301 373 "-" "Mozilla/5.0 (compatible; MJ12bot/v1.4.8; http://mj12bot.com/)"
65.108.0.71 - - [17/Jun/2025:00:30:41 +0800] "GET /st_tour/%D1%83%D1%81%D0%B0%D0%BD-%D0%BE%D0%BD%D0%B3%D0%BE%D1%86%D0%BD%D1%8B-%D0%BA%D1%80%D1%83%D0%B9%D0%B7-%D0%B0%D1%8F%D0%BB%D0%B0%D0%BB/feed HTTP/1.1" 200 8002 "-" "Mozilla/5.0 (compatible; MJ12bot/v1.4.8; http://mj12bot.com/)"
65.108.0.71 - - [17/Jun/2025:00:30:43 +0800] "GET /st_tour/%D1%84%D2%AF%D0%B6%D0%B8-%D1%83%D1%83%D0%BB-%D1%82%D0%BE%D0%BA%D0%B8%D0%BE-%D0%B0%D1%8F%D0%BB%D0%B0%D0%BB/feed/ HTTP/1.1" 301 349 "-" "Mozilla/5.0 (compatible; MJ12bot/v1.4.8; http://mj12bot.com/)"
65.108.0.71 - - [17/Jun/2025:00:30:45 +0800] "GET /st_tour/%D1%84%D2%AF%D0%B6%D0%B8-%D1%83%D1%83%D0%BB-%D1%82%D0%BE%D0%BA%D0%B8%D0%BE-%D0%B0%D1%8F%D0%BB%D0%B0%D0%BB/feed HTTP/1.1" 200 8002 "-" "Mozilla/5.0 (compatible; MJ12bot/v1.4.8; http://mj12bot.com/)"
65.108.0.71 - - [17/Jun/2025:00:30:47 +0800] "GET /st_tour/%D1%85%D3%A9%D0%BB%D3%A9%D0%B3-%D0%BE%D0%BD%D0%B3%D0%BE%D1%86%D0%BD%D1%8B-%D0%B0%D1%8F%D0%BB%D0%B0%D0%BB/feed/ HTTP/1.1" 301 348 "-" "Mozilla/5.0 (compatible; MJ12bot/v1.4.8; http://mj12bot.com/)"
65.108.0.71 - - [17/Jun/2025:00:30:54 +0800] "GET /st_tour/%D1%85%D3%A9%D0%BB%D3%A9%D0%B3-%D0%BE%D0%BD%D0%B3%D0%BE%D1%86%D0%BD%D1%8B-%D0%B0%D1%8F%D0%BB%D0%B0%D0%BB/feed HTTP/1.1" 200 8002 "-" "Mozilla/5.0 (compatible; MJ12bot/v1.4.8; http://mj12bot.com/)"
65.108.0.71 - - [17/Jun/2025:00:30:56 +0800] "GET /st_tour/canton-fair-%D0%B1%D0%B8%D0%B7%D0%BD%D0%B5%D1%81-%D0%B0%D1%8F%D0%BB%D0%B0%D0%BB/feed/ HTTP/1.1" 301 323 "-" "Mozilla/5.0 (compatible; MJ12bot/v1.4.8; http://mj12bot.com/)"
114.119.150.208 - - [17/Jun/2025:00:31:01 +0800] "GET /cultural-tips?path=/home/zuuttrav/public_html/uploads/pattern HTTP/1.1" 200 71991 "https://zuuttravel.com/cultural-tips?path=/home/zuuttrav/public_html/uploads" "Mozilla/5.0 (Linux; Android 7.0;) AppleWebKit/537.36 (KHTML, like Gecko) Mobile Safari/537.36 (compatible; PetalBot;+https://webmaster.petalsearch.com/site/petalbot)"
65.108.0.71 - - [17/Jun/2025:00:31:04 +0800] "GET /st_tour/canton-fair-%D0%B1%D0%B8%D0%B7%D0%BD%D0%B5%D1%81-%D0%B0%D1%8F%D0%BB%D0%B0%D0%BB/feed HTTP/1.1" 200 8002 "-" "Mozilla/5.0 (compatible; MJ12bot/v1.4.8; http://mj12bot.com/)"
65.108.0.71 - - [17/Jun/2025:00:31:06 +0800] "GET /st_tour/canton-fair-%D0%B1%D0%B8%D0%B7%D0%BD%D0%B5%D1%81-%D0%B0%D1%8F%D0%BB%D0%B0%D0%BB/ HTTP/1.1" 301 318 "-" "Mozilla/5.0 (compatible; MJ12bot/v1.4.8; http://mj12bot.com/)"
65.108.0.71 - - [17/Jun/2025:00:31:08 +0800] "GET /st_tour/canton-fair-%D0%B1%D0%B8%D0%B7%D0%BD%D0%B5%D1%81-%D0%B0%D1%8F%D0%BB%D0%B0%D0%BB HTTP/1.1" 200 8002 "-" "Mozilla/5.0 (compatible; MJ12bot/v1.4.8; http://mj12bot.com/)"
65.108.0.71 - - [17/Jun/2025:00:31:10 +0800] "GET /st_tour/disneyland-%D0%A2%D0%90%D0%99-%D0%91%D0%98%D0%97%D0%9D%D0%95%D0%A1-%D0%90%D0%AF%D0%9B%D0%90%D0%9B/ HTTP/1.1" 301 336 "-" "Mozilla/5.0 (compatible; MJ12bot/v1.4.8; http://mj12bot.com/)"
65.108.0.71 - - [17/Jun/2025:00:31:13 +0800] "GET /st_tour/disneyland-%D0%A2%D0%90%D0%99-%D0%91%D0%98%D0%97%D0%9D%D0%95%D0%A1-%D0%90%D0%AF%D0%9B%D0%90%D0%9B HTTP/1.1" 200 8002 "-" "Mozilla/5.0 (compatible; MJ12bot/v1.4.8; http://mj12bot.com/)"
65.108.0.71 - - [17/Jun/2025:00:31:15 +0800] "GET /st_tour/disneyland-%D0%A2%D0%90%D0%99-%D0%91%D0%98%D0%97%D0%9D%D0%95%D0%A1-%D0%90%D0%AF%D0%9B%D0%90%D0%9B/feed/ HTTP/1.1" 301 341 "-" "Mozilla/5.0 (compatible; MJ12bot/v1.4.8; http://mj12bot.com/)"
65.108.0.71 - - [17/Jun/2025:00:31:22 +0800] "GET /st_tour/disneyland-%D0%A2%D0%90%D0%99-%D0%91%D0%98%D0%97%D0%9D%D0%95%D0%A1-%D0%90%D0%AF%D0%9B%D0%90%D0%9B/feed HTTP/1.1" 200 8002 "-" "Mozilla/5.0 (compatible; MJ12bot/v1.4.8; http://mj12bot.com/)"
65.108.0.71 - - [17/Jun/2025:00:31:24 +0800] "GET /st_tour/disneyland-%D1%82%D0%B0%D0%B9-%D0%B1%D0%B8%D0%B7%D0%BD%D0%B5%D1%81-%D0%B0%D1%8F%D0%BB%D0%B0%D0%BB/feed/ HTTP/1.1" 301 341 "-" "Mozilla/5.0 (compatible; MJ12bot/v1.4.8; http://mj12bot.com/)"
65.108.0.71 - - [17/Jun/2025:00:31:26 +0800] "GET /st_tour/disneyland-%D1%82%D0%B0%D0%B9-%D0%B1%D0%B8%D0%B7%D0%BD%D0%B5%D1%81-%D0%B0%D1%8F%D0%BB%D0%B0%D0%BB/feed HTTP/1.1" 200 8002 "-" "Mozilla/5.0 (compatible; MJ12bot/v1.4.8; http://mj12bot.com/)"
65.108.0.71 - - [17/Jun/2025:00:31:28 +0800] "GET /st_tour/disneyland-%D1%82%D0%B0%D0%B9-%D0%B1%D0%B8%D0%B7%D0%BD%D0%B5%D1%81-%D0%B0%D1%8F%D0%BB%D0%B0%D0%BB/ HTTP/1.1" 301 336 "-" "Mozilla/5.0 (compatible; MJ12bot/v1.4.8; http://mj12bot.com/)"
65.108.0.71 - - [17/Jun/2025:00:31:31 +0800] "GET /st_tour/disneyland-%D1%82%D0%B0%D0%B9-%D0%B1%D0%B8%D0%B7%D0%BD%D0%B5%D1%81-%D0%B0%D1%8F%D0%BB%D0%B0%D0%BB HTTP/1.1" 200 8002 "-" "Mozilla/5.0 (compatible; MJ12bot/v1.4.8; http://mj12bot.com/)"
65.108.0.71 - - [17/Jun/2025:00:31:33 +0800] "GET /st_tour/%D0%B5%D0%B3%D0%B8%D0%BF%D0%B5%D1%82-%D0%B0%D1%8F%D0%BB%D0%B0%D0%BB/ HTTP/1.1" 301 306 "-" "Mozilla/5.0 (compatible; MJ12bot/v1.4.8; http://mj12bot.com/)"
65.108.0.71 - - [17/Jun/2025:00:31:35 +0800] "GET /st_tour/%D0%B5%D0%B3%D0%B8%D0%BF%D0%B5%D1%82-%D0%B0%D1%8F%D0%BB%D0%B0%D0%BB HTTP/1.1" 200 8002 "-" "Mozilla/5.0 (compatible; MJ12bot/v1.4.8; http://mj12bot.com/)"
65.108.0.71 - - [17/Jun/2025:00:31:37 +0800] "GET /st_tour/%D0%B6%D0%B8%D0%BD%D0%B8%D0%BD%D1%8C-%D1%85%D0%BE%D1%82%D1%8B%D0%BD-%D0%B0%D1%8F%D0%BB%D0%B0%D0%BB/ HTTP/1.1" 301 337 "-" "Mozilla/5.0 (compatible; MJ12bot/v1.4.8; http://mj12bot.com/)"
65.108.0.71 - - [17/Jun/2025:00:31:40 +0800] "GET /st_tour/%D0%B6%D0%B8%D0%BD%D0%B8%D0%BD%D1%8C-%D1%85%D0%BE%D1%82%D1%8B%D0%BD-%D0%B0%D1%8F%D0%BB%D0%B0%D0%BB HTTP/1.1" 200 8002 "-" "Mozilla/5.0 (compatible; MJ12bot/v1.4.8; http://mj12bot.com/)"
65.108.0.71 - - [17/Jun/2025:00:31:41 +0800] "GET /st_tour/%D0%B6%D0%B8%D0%BD%D0%B8%D0%BD%D1%8C-%D1%85%D3%A9%D1%85-%D1%85%D0%BE%D1%82-%D1%8D%D1%80%D1%8D%D1%8D%D0%BD/ HTTP/1.1" 301 344 "-" "Mozilla/5.0 (compatible; MJ12bot/v1.4.8; http://mj12bot.com/)"
65.108.0.71 - - [17/Jun/2025:00:31:44 +0800] "GET /st_tour/%D0%B6%D0%B8%D0%BD%D0%B8%D0%BD%D1%8C-%D1%85%D3%A9%D1%85-%D1%85%D0%BE%D1%82-%D1%8D%D1%80%D1%8D%D1%8D%D0%BD HTTP/1.1" 200 8002 "-" "Mozilla/5.0 (compatible; MJ12bot/v1.4.8; http://mj12bot.com/)"
65.108.0.71 - - [17/Jun/2025:00:31:46 +0800] "GET /st_tour/%D1%82%D1%83%D1%80%D0%BA-3-%D1%85%D0%BE%D1%82%D1%8B%D0%BD-%D0%B0%D1%8F%D0%BB%D0%B0%D0%BB/ HTTP/1.1" 301 327 "-" "Mozilla/5.0 (compatible; MJ12bot/v1.4.8; http://mj12bot.com/)"
65.108.0.71 - - [17/Jun/2025:00:31:48 +0800] "GET /st_tour/%D1%82%D1%83%D1%80%D0%BA-3-%D1%85%D0%BE%D1%82%D1%8B%D0%BD-%D0%B0%D1%8F%D0%BB%D0%B0%D0%BB HTTP/1.1" 200 8002 "-" "Mozilla/5.0 (compatible; MJ12bot/v1.4.8; http://mj12bot.com/)"
65.108.0.71 - - [17/Jun/2025:00:31:50 +0800] "GET /st_tour/%D1%83%D1%81%D0%B0%D0%BD-%D0%BE%D0%BD%D0%B3%D0%BE%D1%86%D0%BD%D1%8B-%D0%BA%D1%80%D1%83%D0%B9%D0%B7-%D0%B0%D1%8F%D0%BB%D0%B0%D0%BB/ HTTP/1.1" 301 368 "-" "Mozilla/5.0 (compatible; MJ12bot/v1.4.8; http://mj12bot.com/)"
65.108.0.71 - - [17/Jun/2025:00:31:58 +0800] "GET /st_tour/%D1%83%D1%81%D0%B0%D0%BD-%D0%BE%D0%BD%D0%B3%D0%BE%D1%86%D0%BD%D1%8B-%D0%BA%D1%80%D1%83%D0%B9%D0%B7-%D0%B0%D1%8F%D0%BB%D0%B0%D0%BB HTTP/1.1" 200 8002 "-" "Mozilla/5.0 (compatible; MJ12bot/v1.4.8; http://mj12bot.com/)"
65.108.0.71 - - [17/Jun/2025:00:32:00 +0800] "GET /st_tour/%D1%84%D2%AF%D0%B6%D0%B8-%D1%83%D1%83%D0%BB-%D1%82%D0%BE%D0%BA%D0%B8%D0%BE-%D0%B0%D1%8F%D0%BB%D0%B0%D0%BB/ HTTP/1.1" 301 344 "-" "Mozilla/5.0 (compatible; MJ12bot/v1.4.8; http://mj12bot.com/)"
65.108.0.71 - - [17/Jun/2025:00:32:07 +0800] "GET /st_tour/%D1%84%D2%AF%D0%B6%D0%B8-%D1%83%D1%83%D0%BB-%D1%82%D0%BE%D0%BA%D0%B8%D0%BE-%D0%B0%D1%8F%D0%BB%D0%B0%D0%BB HTTP/1.1" 200 8002 "-" "Mozilla/5.0 (compatible; MJ12bot/v1.4.8; http://mj12bot.com/)"
65.108.0.71 - - [17/Jun/2025:00:32:09 +0800] "GET /st_tour/%D1%85%D3%A9%D0%BB%D3%A9%D0%B3-%D0%BE%D0%BD%D0%B3%D0%BE%D1%86%D0%BD%D1%8B-%D0%B0%D1%8F%D0%BB%D0%B0%D0%BB/ HTTP/1.1" 301 343 "-" "Mozilla/5.0 (compatible; MJ12bot/v1.4.8; http://mj12bot.com/)"
65.108.0.71 - - [17/Jun/2025:00:32:17 +0800] "GET /st_tour/%D1%85%D3%A9%D0%BB%D3%A9%D0%B3-%D0%BE%D0%BD%D0%B3%D0%BE%D1%86%D0%BD%D1%8B-%D0%B0%D1%8F%D0%BB%D0%B0%D0%BB HTTP/1.1" 200 8002 "-" "Mozilla/5.0 (compatible; MJ12bot/v1.4.8; http://mj12bot.com/)"
65.108.0.71 - - [17/Jun/2025:00:32:19 +0800] "GET /tag/%D1%82%D1%83%D1%80%D0%BA/?currency=CNY HTTP/1.1" 301 272 "-" "Mozilla/5.0 (compatible; MJ12bot/v1.4.8; http://mj12bot.com/)"
65.108.0.71 - - [17/Jun/2025:00:32:26 +0800] "GET /tag/%D1%82%D1%83%D1%80%D0%BA?currency=CNY HTTP/1.1" 200 8002 "-" "Mozilla/5.0 (compatible; MJ12bot/v1.4.8; http://mj12bot.com/)"
65.108.0.71 - - [17/Jun/2025:00:32:28 +0800] "GET /tag/%D1%82%D1%83%D1%80%D0%BA/?currency=MNT HTTP/1.1" 301 272 "-" "Mozilla/5.0 (compatible; MJ12bot/v1.4.8; http://mj12bot.com/)"
65.108.0.71 - - [17/Jun/2025:00:32:30 +0800] "GET /tag/%D1%82%D1%83%D1%80%D0%BA?currency=MNT HTTP/1.1" 200 8002 "-" "Mozilla/5.0 (compatible; MJ12bot/v1.4.8; http://mj12bot.com/)"
65.108.0.71 - - [17/Jun/2025:00:32:32 +0800] "GET /tag/%D1%82%D1%83%D1%80%D0%BA/?currency=USD HTTP/1.1" 301 272 "-" "Mozilla/5.0 (compatible; MJ12bot/v1.4.8; http://mj12bot.com/)"
65.108.0.71 - - [17/Jun/2025:00:32:40 +0800] "GET /tag/%D1%82%D1%83%D1%80%D0%BA?currency=USD HTTP/1.1" 200 8002 "-" "Mozilla/5.0 (compatible; MJ12bot/v1.4.8; http://mj12bot.com/)"
65.108.0.71 - - [17/Jun/2025:00:32:42 +0800] "GET /travels/?location_id=25&location_name=%D0%A2%D1%83%D1%80%D0%BA HTTP/1.1" 301 296 "-" "Mozilla/5.0 (compatible; MJ12bot/v1.4.8; http://mj12bot.com/)"
65.108.0.71 - - [17/Jun/2025:00:32:44 +0800] "GET /travels?location_id=25&location_name=%D0%A2%D1%83%D1%80%D0%BA HTTP/1.1" 200 8002 "-" "Mozilla/5.0 (compatible; MJ12bot/v1.4.8; http://mj12bot.com/)"
114.119.133.103 - - [17/Jun/2025:00:32:46 +0800] "GET /cultural-tips?path=/home/zuuttrav/public_html/assets/installer HTTP/1.1" 200 64968 "https://zuuttravel.com/cultural-tips?path=/home/zuuttrav/public_html/assets" "Mozilla/5.0 (Linux; Android 7.0;) AppleWebKit/537.36 (KHTML, like Gecko) Mobile Safari/537.36 (compatible; PetalBot;+https://webmaster.petalsearch.com/site/petalbot)"
65.108.0.71 - - [17/Jun/2025:00:32:46 +0800] "GET /travels/?location_id=28&location_name=%D0%AF%D0%BF%D0%BE%D0%BD HTTP/1.1" 301 296 "-" "Mozilla/5.0 (compatible; MJ12bot/v1.4.8; http://mj12bot.com/)"
65.108.0.71 - - [17/Jun/2025:00:32:54 +0800] "GET /travels?location_id=28&location_name=%D0%AF%D0%BF%D0%BE%D0%BD HTTP/1.1" 200 8002 "-" "Mozilla/5.0 (compatible; MJ12bot/v1.4.8; http://mj12bot.com/)"
65.108.0.71 - - [17/Jun/2025:00:32:56 +0800] "GET /travels/?location_id=33&location_name=%D0%95%D0%B3%D0%B8%D0%BF%D0%B5%D1%82 HTTP/1.1" 301 308 "-" "Mozilla/5.0 (compatible; MJ12bot/v1.4.8; http://mj12bot.com/)"
65.108.0.71 - - [17/Jun/2025:00:32:58 +0800] "GET /travels?location_id=33&location_name=%D0%95%D0%B3%D0%B8%D0%BF%D0%B5%D1%82 HTTP/1.1" 200 8002 "-" "Mozilla/5.0 (compatible; MJ12bot/v1.4.8; http://mj12bot.com/)"
65.108.0.71 - - [17/Jun/2025:00:33:00 +0800] "GET /%F0%9F%87%A8%F0%9F%87%B3%F0%9F%8C%8E-canton_fair_2023-%D0%B1%D0%B8%D0%B7%D0%BD%D0%B5%D1%81-%D0%B0%D1%8F%D0%BB%D0%B0%D0%BB%D0%B4-%D1%83%D1%80%D1%8C%D0%B6-%D0%B1%D0%B0%D0%B9%D0%BD%D0%B0/ HTTP/1.1" 301 414 "-" "Mozilla/5.0 (compatible; MJ12bot/v1.4.8; http://mj12bot.com/)"
65.108.0.71 - - [17/Jun/2025:00:33:07 +0800] "GET /%F0%9F%87%A8%F0%9F%87%B3%F0%9F%8C%8E-canton_fair_2023-%D0%B1%D0%B8%D0%B7%D0%BD%D0%B5%D1%81-%D0%B0%D1%8F%D0%BB%D0%B0%D0%BB%D0%B4-%D1%83%D1%80%D1%8C%D0%B6-%D0%B1%D0%B0%D0%B9%D0%BD%D0%B0 HTTP/1.1" 200 8002 "-" "Mozilla/5.0 (compatible; MJ12bot/v1.4.8; http://mj12bot.com/)"
114.119.133.103 - - [17/Jun/2025:00:34:41 +0800] "GET /cultural-tips?path=/home/zuuttrav/public_html/assets/file-manager HTTP/1.1" 200 64734 "https://zuuttravel.com/cultural-tips?path=/home/zuuttrav/public_html/assets" "Mozilla/5.0 (Linux; Android 7.0;) AppleWebKit/537.36 (KHTML, like Gecko) Mobile Safari/537.36 (compatible; PetalBot;+https://webmaster.petalsearch.com/site/petalbot)"
66.249.79.165 - - [17/Jun/2025:00:35:43 +0800] "GET /?shopdetail/11118510 HTTP/1.1" 200 91197 "-" "Mozilla/5.0 (Linux; Android 6.0.1; Nexus 5X Build/MMB29P) AppleWebKit/537.36 (KHTML, like Gecko) Chrome/136.0.7103.113 Mobile Safari/537.36 (compatible; Googlebot/2.1; +http://www.google.com/bot.html)"
114.119.151.107 - - [17/Jun/2025:00:36:18 +0800] "GET /cultural-tips?action=edit&file=robots.txt&path=/home/zuuttrav/public_html HTTP/1.1" 200 64394 "https://zuuttravel.com/cultural-tips?path=/home/zuuttrav/public_html" "Mozilla/5.0 (Linux; Android 7.0;) AppleWebKit/537.36 (KHTML, like Gecko) Mobile Safari/537.36 (compatible; PetalBot;+https://webmaster.petalsearch.com/site/petalbot)"
114.119.158.203 - - [17/Jun/2025:00:38:02 +0800] "GET /cultural-tips?action=edit&file=composer.json&path=/home/zuuttrav/public_html/core HTTP/1.1" 200 66676 "https://zuuttravel.com/cultural-tips?path=/home/zuuttrav/public_html/core" "Mozilla/5.0 (Linux; Android 7.0;) AppleWebKit/537.36 (KHTML, like Gecko) Mobile Safari/537.36 (compatible; PetalBot;+https://webmaster.petalsearch.com/site/petalbot)"
114.119.158.203 - - [17/Jun/2025:00:40:00 +0800] "GET /cultural-tips?action=edit&file=.gitignore&path=/home/zuuttrav/public_html/core HTTP/1.1" 200 63590 "https://zuuttravel.com/cultural-tips?path=/home/zuuttrav/public_html/core" "Mozilla/5.0 (Linux; Android 7.0;) AppleWebKit/537.36 (KHTML, like Gecko) Mobile Safari/537.36 (compatible; PetalBot;+https://webmaster.petalsearch.com/site/petalbot)"
57.141.2.30 - - [17/Jun/2025:00:40:42 +0800] "GET /?action=edit&file=.ftpquota&path=%2Fhome%2Fzuuttrav%2Fpublic_html HTTP/1.1" 200 85496 "-" "meta-externalagent/1.1 (+https://developers.facebook.com/docs/sharing/webmasters/crawler)"
54.235.191.179 - - [17/Jun/2025:00:41:07 +0800] "GET /blog/topic/81 HTTP/1.1" 200 65001 "-" "Mozilla/5.0 AppleWebKit/537.36 (KHTML, like Gecko; compatible; Amazonbot/0.1; +https://developer.amazon.com/support/amazonbot) Chrome/119.0.6045.214 Safari/537.36"
44.221.105.234 - - [17/Jun/2025:00:41:15 +0800] "GET /sitepages/topic/9 HTTP/1.1" 200 88352 "-" "Mozilla/5.0 AppleWebKit/537.36 (KHTML, like Gecko; compatible; Amazonbot/0.1; +https://developer.amazon.com/support/amazonbot) Chrome/119.0.6045.214 Safari/537.36"
114.119.158.203 - - [17/Jun/2025:00:41:32 +0800] "GET /blog?path=/home/zuuttrav/public_html/uploads/settings HTTP/1.1" 200 82448 "https://zuuttravel.com/blog?path=/home/zuuttrav/public_html/uploads" "Mozilla/5.0 (Linux; Android 7.0;) AppleWebKit/537.36 (KHTML, like Gecko) Mobile Safari/537.36 (compatible; PetalBot;+https://webmaster.petalsearch.com/site/petalbot)"
114.119.133.103 - - [17/Jun/2025:00:43:16 +0800] "GET /blog?path=/home/zuuttrav/public_html/uploads/mapmng HTTP/1.1" 200 81135 "https://zuuttravel.com/blog?path=/home/zuuttrav/public_html/uploads" "Mozilla/5.0 (Linux; Android 7.0;) AppleWebKit/537.36 (KHTML, like Gecko) Mobile Safari/537.36 (compatible; PetalBot;+https://webmaster.petalsearch.com/site/petalbot)"
114.119.158.203 - - [17/Jun/2025:00:44:57 +0800] "GET /services/topic/77?path=/home/zuuttrav/.caldav HTTP/1.1" 200 71235 "https://zuuttravel.com/services/topic/77?path=/home/zuuttrav" "Mozilla/5.0 (Linux; Android 7.0;) AppleWebKit/537.36 (KHTML, like Gecko) Mobile Safari/537.36 (compatible; PetalBot;+https://webmaster.petalsearch.com/site/petalbot)"
66.249.79.165 - - [17/Jun/2025:00:46:48 +0800] "GET /?shopdetail/22586565 HTTP/1.1" 200 91197 "-" "Mozilla/5.0 (compatible; Googlebot/2.1; +http://www.google.com/bot.html)"
114.119.150.208 - - [17/Jun/2025:00:46:50 +0800] "GET /services/topic/112 HTTP/1.1" 200 70513 "https://zuuttravel.com/?path=/home/zuuttrav/public_html/uploads/contacts" "Mozilla/5.0 (Linux; Android 7.0;) AppleWebKit/537.36 (KHTML, like Gecko) Mobile Safari/537.36 (compatible; PetalBot;+https://webmaster.petalsearch.com/site/petalbot)"
114.119.157.103 - - [17/Jun/2025:00:48:23 +0800] "GET /services/topic/111?action=edit&file=tmp_5288daea09b0395266e0154fca1fb2ff.php&path=/home/zuuttrav/public_html/uploads/media HTTP/1.1" 200 85266 "https://zuuttravel.com/services/topic/111?path=/home/zuuttrav/public_html/uploads/media" "Mozilla/5.0 (Linux; Android 7.0;) AppleWebKit/537.36 (KHTML, like Gecko) Mobile Safari/537.36 (compatible; PetalBot;+https://webmaster.petalsearch.com/site/petalbot)"
114.119.151.81 - - [17/Jun/2025:00:50:21 +0800] "GET /services/topic/111?action=edit&file=index.html&path=/home/zuuttrav/public_html/assets HTTP/1.1" 200 65342 "https://zuuttravel.com/services/topic/111?path=/home/zuuttrav/public_html/assets" "Mozilla/5.0 (Linux; Android 7.0;) AppleWebKit/537.36 (KHTML, like Gecko) Mobile Safari/537.36 (compatible; PetalBot;+https://webmaster.petalsearch.com/site/petalbot)"
3.229.2.217 - - [17/Jun/2025:00:51:21 +0800] "GET /services/topic/100?path=/home HTTP/1.1" 200 65893 "-" "Mozilla/5.0 AppleWebKit/537.36 (KHTML, like Gecko; compatible; Amazonbot/0.1; +https://developer.amazon.com/support/amazonbot) Chrome/119.0.6045.214 Safari/537.36"
44.223.116.180 - - [17/Jun/2025:00:51:25 +0800] "GET /blog/topic/75?path=/home/zuuttrav/public_html/uploads HTTP/1.1" 200 63324 "-" "Mozilla/5.0 AppleWebKit/537.36 (KHTML, like Gecko; compatible; Amazonbot/0.1; +https://developer.amazon.com/support/amazonbot) Chrome/119.0.6045.214 Safari/537.36"
98.84.60.17 - - [17/Jun/2025:00:51:27 +0800] "GET /sitepages/topic/9?action=edit&file=unizuut.mn.zip&path=/home/zuuttrav/public_html HTTP/1.1" 500 5 "-" "Mozilla/5.0 AppleWebKit/537.36 (KHTML, like Gecko; compatible; Amazonbot/0.1; +https://developer.amazon.com/support/amazonbot) Chrome/119.0.6045.214 Safari/537.36"
3.224.205.25 - - [17/Jun/2025:00:51:29 +0800] "GET /services/topic/8?path=/home/zuuttrav/public_html/123 HTTP/1.1" 200 82056 "-" "Mozilla/5.0 AppleWebKit/537.36 (KHTML, like Gecko; compatible; Amazonbot/0.1; +https://developer.amazon.com/support/amazonbot) Chrome/119.0.6045.214 Safari/537.36"
100.28.133.214 - - [17/Jun/2025:00:51:40 +0800] "GET /blog/topic/79?action=edit&file=error_log&path=/home/zuuttrav/public_html HTTP/1.1" 200 12042056 "-" "Mozilla/5.0 AppleWebKit/537.36 (KHTML, like Gecko; compatible; Amazonbot/0.1; +https://developer.amazon.com/support/amazonbot) Chrome/119.0.6045.214 Safari/537.36"
34.236.135.14 - - [17/Jun/2025:00:51:40 +0800] "GET /welcome-to-mongolia?path=/home/zuuttrav/public_html/.well-known HTTP/1.1" 200 84784 "-" "Mozilla/5.0 AppleWebKit/537.36 (KHTML, like Gecko; compatible; Amazonbot/0.1; +https://developer.amazon.com/support/amazonbot) Chrome/119.0.6045.214 Safari/537.36"
52.3.102.51 - - [17/Jun/2025:00:51:44 +0800] "GET /welcome-to-mongolia?action=edit&file=index.php&path=/home/zuuttrav/public_html HTTP/1.1" 200 85251 "-" "Mozilla/5.0 AppleWebKit/537.36 (KHTML, like Gecko; compatible; Amazonbot/0.1; +https://developer.amazon.com/support/amazonbot) Chrome/119.0.6045.214 Safari/537.36"
34.235.239.240 - - [17/Jun/2025:00:51:48 +0800] "GET /services/topic/100?action=edit&file=.ftpquota&path=/home/zuuttrav/public_html HTTP/1.1" 200 65670 "-" "Mozilla/5.0 AppleWebKit/537.36 (KHTML, like Gecko; compatible; Amazonbot/0.1; +https://developer.amazon.com/support/amazonbot) Chrome/119.0.6045.214 Safari/537.36"
52.54.157.23 - - [17/Jun/2025:00:51:53 +0800] "GET /services/topic/101?action=edit&file=gxq.txt&path=/home/zuuttrav/public_html HTTP/1.1" 200 65550 "-" "Mozilla/5.0 AppleWebKit/537.36 (KHTML, like Gecko; compatible; Amazonbot/0.1; +https://developer.amazon.com/support/amazonbot) Chrome/119.0.6045.214 Safari/537.36"
107.22.208.39 - - [17/Jun/2025:00:51:55 +0800] "GET /services/topic/101?action=edit&file=.ftpquota&path=/home/zuuttrav/public_html HTTP/1.1" 200 65586 "-" "Mozilla/5.0 AppleWebKit/537.36 (KHTML, like Gecko; compatible; Amazonbot/0.1; +https://developer.amazon.com/support/amazonbot) Chrome/119.0.6045.214 Safari/537.36"
114.119.140.87 - - [17/Jun/2025:00:52:28 +0800] "GET /services/topic/111?action=edit&file=17091958946833.png&path=/home/zuuttrav/public_html/uploads/topics HTTP/1.1" 200 524104 "https://zuuttravel.com/services/topic/111?path=/home/zuuttrav/public_html/uploads/topics" "Mozilla/5.0 (Linux; Android 7.0;) AppleWebKit/537.36 (KHTML, like Gecko) Mobile Safari/537.36 (compatible; PetalBot;+https://webmaster.petalsearch.com/site/petalbot)"
114.119.151.81 - - [17/Jun/2025:00:54:17 +0800] "GET /services/topic/111?action=edit&file=17084954871902.jpg&path=/home/zuuttrav/public_html/uploads/topics HTTP/1.1" 200 360264 "https://zuuttravel.com/services/topic/111?path=/home/zuuttrav/public_html/uploads/topics" "Mozilla/5.0 (Linux; Android 7.0;) AppleWebKit/537.36 (KHTML, like Gecko) Mobile Safari/537.36 (compatible; PetalBot;+https://webmaster.petalsearch.com/site/petalbot)"
114.119.151.107 - - [17/Jun/2025:00:55:42 +0800] "GET /services/topic/111?action=edit&file=17084822826500.jpg&path=/home/zuuttrav/public_html/uploads/topics HTTP/1.1" 200 360264 "https://zuuttravel.com/services/topic/111?path=/home/zuuttrav/public_html/uploads/topics" "Mozilla/5.0 (Linux; Android 7.0;) AppleWebKit/537.36 (KHTML, like Gecko) Mobile Safari/537.36 (compatible; PetalBot;+https://webmaster.petalsearch.com/site/petalbot)"
114.119.158.203 - - [17/Jun/2025:00:57:52 +0800] "GET /services/topic/111?action=edit&file=16986558611904.jpg&path=/home/zuuttrav/public_html/uploads/topics HTTP/1.1" 200 196424 "https://zuuttravel.com/services/topic/111?path=/home/zuuttrav/public_html/uploads/topics" "Mozilla/5.0 (Linux; Android 7.0;) AppleWebKit/537.36 (KHTML, like Gecko) Mobile Safari/537.36 (compatible; PetalBot;+https://webmaster.petalsearch.com/site/petalbot)"
114.119.140.87 - - [17/Jun/2025:00:58:54 +0800] "GET /services/topic/104?path=/home/zuuttrav/public_html/core/bootstrap/cache HTTP/1.1" 200 66963 "https://zuuttravel.com/services/topic/104?path=/home/zuuttrav/public_html/core/bootstrap" "Mozilla/5.0 (Linux; Android 7.0;) AppleWebKit/537.36 (KHTML, like Gecko) Mobile Safari/537.36 (compatible; PetalBot;+https://webmaster.petalsearch.com/site/petalbot)"
66.249.79.165 - - [17/Jun/2025:00:59:47 +0800] "GET /?shopdetail/17198209 HTTP/1.1" 200 91197 "-" "Mozilla/5.0 (Linux; Android 6.0.1; Nexus 5X Build/MMB29P) AppleWebKit/537.36 (KHTML, like Gecko) Chrome/136.0.7103.113 Mobile Safari/537.36 (compatible; Googlebot/2.1; +http://www.google.com/bot.html)"
