20.171.207.161 - - [17/Jun/2025:12:15:48 +0800] "GET /sitepages/topic/2?action=edit&file=libxt_NFLOG.so&path=%2F%2Flib64%2Fxtables HTTP/1.1" 200 72949 "-" "Mozilla/5.0 AppleWebKit/537.36 (KHTML, like Gecko; compatible; GPTBot/1.2; +https://openai.com/gptbot)"
20.171.207.161 - - [17/Jun/2025:12:16:05 +0800] "GET /sitepages/topic/2?action=edit&file=libebt_arp.so&path=%2F%2Flib64%2Fxtables HTTP/1.1" 200 78663 "-" "Mozilla/5.0 AppleWebKit/537.36 (KHTML, like Gecko; compatible; GPTBot/1.2; +https://openai.com/gptbot)"
20.171.207.161 - - [17/Jun/2025:12:16:10 +0800] "GET /sitepages/topic/2?path=%2F%2Flib64%2Fsecurity HTTP/1.1" 200 77791 "-" "Mozilla/5.0 AppleWebKit/537.36 (KHTML, like Gecko; compatible; GPTBot/1.2; +https://openai.com/gptbot)"
66.249.79.165 - - [17/Jun/2025:12:16:11 +0800] "GET /?shopdetail/12734909 HTTP/1.1" 200 91190 "-" "Mozilla/5.0 (compatible; Googlebot/2.1; +http://www.google.com/bot.html)"
20.171.207.161 - - [17/Jun/2025:12:16:20 +0800] "GET /sitepages/topic/2?path=%2F%2Flib64%2Fman-db HTTP/1.1" 200 60076 "-" "Mozilla/5.0 AppleWebKit/537.36 (KHTML, like Gecko; compatible; GPTBot/1.2; +https://openai.com/gptbot)"
114.119.151.81 - - [17/Jun/2025:12:16:20 +0800] "GET /home?path=/home/zuuttrav/public_html/uploads/contacts HTTP/1.1" 200 87419 "https://zuuttravel.com/home?path=/home/zuuttrav/public_html/uploads" "Mozilla/5.0 (Linux; Android 7.0;) AppleWebKit/537.36 (KHTML, like Gecko) Mobile Safari/537.36 (compatible; PetalBot;+https://webmaster.petalsearch.com/site/petalbot)"
20.171.207.161 - - [17/Jun/2025:12:16:28 +0800] "GET /sitepages/topic/2?path=%2F%2Flib%2Fpython2.7 HTTP/1.1" 200 59090 "-" "Mozilla/5.0 AppleWebKit/537.36 (KHTML, like Gecko; compatible; GPTBot/1.2; +https://openai.com/gptbot)"
20.171.207.161 - - [17/Jun/2025:12:16:40 +0800] "GET /sitepages/topic/2?path=%2F%2Flib64%2Fmysql%2Fplugin HTTP/1.1" 200 71210 "-" "Mozilla/5.0 AppleWebKit/537.36 (KHTML, like Gecko; compatible; GPTBot/1.2; +https://openai.com/gptbot)"
20.171.207.161 - - [17/Jun/2025:12:16:43 +0800] "GET /sitepages/topic/2?path=%2F%2Flib64%2Fmysql%2Fprivate HTTP/1.1" 200 60516 "-" "Mozilla/5.0 AppleWebKit/537.36 (KHTML, like Gecko; compatible; GPTBot/1.2; +https://openai.com/gptbot)"
20.171.207.161 - - [17/Jun/2025:12:16:54 +0800] "GET /sitepages/topic/2?action=edit&file=imuxsock.so&path=%2F%2Flib64%2Frsyslog HTTP/1.1" 200 111815 "-" "Mozilla/5.0 AppleWebKit/537.36 (KHTML, like Gecko; compatible; GPTBot/1.2; +https://openai.com/gptbot)"
20.171.207.161 - - [17/Jun/2025:12:17:00 +0800] "GET /sitepages/topic/2?path=%2F%2Flib64%2Fdovecot%2Fdict HTTP/1.1" 200 59266 "-" "Mozilla/5.0 AppleWebKit/537.36 (KHTML, like Gecko; compatible; GPTBot/1.2; +https://openai.com/gptbot)"
20.171.207.161 - - [17/Jun/2025:12:17:02 +0800] "GET /sitepages/topic/2?path=%2F%2Flib64%2Fmysql%2Fmecab HTTP/1.1" 200 59405 "-" "Mozilla/5.0 AppleWebKit/537.36 (KHTML, like Gecko; compatible; GPTBot/1.2; +https://openai.com/gptbot)"
20.171.207.161 - - [17/Jun/2025:12:17:08 +0800] "GET /sitepages/topic/2?action=edit&file=libxt_NFLOG.so&path=%2F%2Flib64%2Fxtables HTTP/1.1" 200 72949 "-" "Mozilla/5.0 AppleWebKit/537.36 (KHTML, like Gecko; compatible; GPTBot/1.2; +https://openai.com/gptbot)"
20.171.207.161 - - [17/Jun/2025:12:17:19 +0800] "GET /sitepages/topic/2?path=%2F%2Flib64%2Fdovecot%2Fauth HTTP/1.1" 200 59941 "-" "Mozilla/5.0 AppleWebKit/537.36 (KHTML, like Gecko; compatible; GPTBot/1.2; +https://openai.com/gptbot)"
20.171.207.161 - - [17/Jun/2025:12:17:26 +0800] "GET /sitepages/topic/2?path=%2F%2Flib64%2Ffirebird%2Fintl HTTP/1.1" 200 59569 "-" "Mozilla/5.0 AppleWebKit/537.36 (KHTML, like Gecko; compatible; GPTBot/1.2; +https://openai.com/gptbot)"
20.171.207.161 - - [17/Jun/2025:12:17:28 +0800] "GET /sitepages/topic/2?path=%2F%2Flib64%2Flibuser HTTP/1.1" 200 59780 "-" "Mozilla/5.0 AppleWebKit/537.36 (KHTML, like Gecko; compatible; GPTBot/1.2; +https://openai.com/gptbot)"
20.171.207.161 - - [17/Jun/2025:12:17:39 +0800] "GET /sitepages/topic/2?path=%2F%2Flib64%2Fruby HTTP/1.1" 200 68428 "-" "Mozilla/5.0 AppleWebKit/537.36 (KHTML, like Gecko; compatible; GPTBot/1.2; +https://openai.com/gptbot)"
66.249.79.166 - - [17/Jun/2025:12:17:46 +0800] "GET /?shopdetail/13104998 HTTP/1.1" 200 91197 "-" "Mozilla/5.0 (Linux; Android 6.0.1; Nexus 5X Build/MMB29P) AppleWebKit/537.36 (KHTML, like Gecko) Chrome/136.0.7103.113 Mobile Safari/537.36 (compatible; Googlebot/2.1; +http://www.google.com/bot.html)"
20.171.207.161 - - [17/Jun/2025:12:17:47 +0800] "GET /sitepages/topic/2?path=%2F%2Flib%2Fpython3.6 HTTP/1.1" 200 59090 "-" "Mozilla/5.0 AppleWebKit/537.36 (KHTML, like Gecko; compatible; GPTBot/1.2; +https://openai.com/gptbot)"
20.171.207.161 - - [17/Jun/2025:12:17:49 +0800] "GET /sitepages/topic/2?path=%2F%2Flib64%2Fpm-utils HTTP/1.1" 200 59568 "-" "Mozilla/5.0 AppleWebKit/537.36 (KHTML, like Gecko; compatible; GPTBot/1.2; +https://openai.com/gptbot)"
20.171.207.161 - - [17/Jun/2025:12:18:01 +0800] "GET /sitepages/topic/2?path=%2F%2Flib64%2Fmysql%2Fprivate HTTP/1.1" 200 60516 "-" "Mozilla/5.0 AppleWebKit/537.36 (KHTML, like Gecko; compatible; GPTBot/1.2; +https://openai.com/gptbot)"
114.119.158.203 - - [17/Jun/2025:12:18:03 +0800] "GET /home?path=/home/zuuttrav/public_html/assets/keditor HTTP/1.1" 200 87792 "https://zuuttravel.com/home?path=/home/zuuttrav/public_html/assets" "Mozilla/5.0 (Linux; Android 7.0;) AppleWebKit/537.36 (KHTML, like Gecko) Mobile Safari/537.36 (compatible; PetalBot;+https://webmaster.petalsearch.com/site/petalbot)"
20.171.207.161 - - [17/Jun/2025:12:18:08 +0800] "GET /sitepages/topic/2?path=%2F%2Flib%2Fpython3.9 HTTP/1.1" 200 59090 "-" "Mozilla/5.0 AppleWebKit/537.36 (KHTML, like Gecko; compatible; GPTBot/1.2; +https://openai.com/gptbot)"
20.171.207.161 - - [17/Jun/2025:12:18:10 +0800] "GET /sitepages/topic/2?path=%2F%2Flib64%2Fsecurity%2Fpam_filter HTTP/1.1" 200 59319 "-" "Mozilla/5.0 AppleWebKit/537.36 (KHTML, like Gecko; compatible; GPTBot/1.2; +https://openai.com/gptbot)"
20.171.207.161 - - [17/Jun/2025:12:18:17 +0800] "GET /sitepages/topic/2?path=%2F%2Flib64%2Fguile HTTP/1.1" 200 59052 "-" "Mozilla/5.0 AppleWebKit/537.36 (KHTML, like Gecko; compatible; GPTBot/1.2; +https://openai.com/gptbot)"
20.171.207.161 - - [17/Jun/2025:12:18:22 +0800] "GET /sitepages/topic/2?path=%2F%2Flib64%2Faudit HTTP/1.1" 200 59134 "-" "Mozilla/5.0 AppleWebKit/537.36 (KHTML, like Gecko; compatible; GPTBot/1.2; +https://openai.com/gptbot)"
20.171.207.161 - - [17/Jun/2025:12:18:33 +0800] "GET /sitepages/topic/2?path=%2F%2Flib64%2Fgames HTTP/1.1" 200 58825 "-" "Mozilla/5.0 AppleWebKit/537.36 (KHTML, like Gecko; compatible; GPTBot/1.2; +https://openai.com/gptbot)"
20.171.207.161 - - [17/Jun/2025:12:18:39 +0800] "GET /sitepages/topic/2?action=edit&file=dnstap-read&path=%2F%2Fbin HTTP/1.1" 200 84106 "-" "Mozilla/5.0 AppleWebKit/537.36 (KHTML, like Gecko; compatible; GPTBot/1.2; +https://openai.com/gptbot)"
20.171.207.161 - - [17/Jun/2025:12:18:42 +0800] "GET /sitepages/topic/2?path=%2F%2Flib64%2Fgroff HTTP/1.1" 200 58817 "-" "Mozilla/5.0 AppleWebKit/537.36 (KHTML, like Gecko; compatible; GPTBot/1.2; +https://openai.com/gptbot)"
20.171.207.161 - - [17/Jun/2025:12:18:53 +0800] "GET /sitepages/topic/2?path=%2F%2Flib64%2Fcmake HTTP/1.1" 200 59060 "-" "Mozilla/5.0 AppleWebKit/537.36 (KHTML, like Gecko; compatible; GPTBot/1.2; +https://openai.com/gptbot)"
20.171.207.161 - - [17/Jun/2025:12:19:00 +0800] "GET /sitepages/topic/2?path=%2F%2Flib64%2Fnginx HTTP/1.1" 200 59052 "-" "Mozilla/5.0 AppleWebKit/537.36 (KHTML, like Gecko; compatible; GPTBot/1.2; +https://openai.com/gptbot)"
20.171.207.161 - - [17/Jun/2025:12:19:07 +0800] "GET /sitepages/topic/2?path=%2F%2Flib64%2Fgconv HTTP/1.1" 200 136157 "-" "Mozilla/5.0 AppleWebKit/537.36 (KHTML, like Gecko; compatible; GPTBot/1.2; +https://openai.com/gptbot)"
20.171.207.161 - - [17/Jun/2025:12:19:13 +0800] "GET /sitepages/topic/2?action=edit&file=fiddle.so&path=%2F%2Flib64%2Fruby HTTP/1.1" 200 116911 "-" "Mozilla/5.0 AppleWebKit/537.36 (KHTML, like Gecko; compatible; GPTBot/1.2; +https://openai.com/gptbot)"
20.171.207.161 - - [17/Jun/2025:12:19:20 +0800] "GET /sitepages/topic/2?path=%2F%2Flib64%2Fruby%2Frbconfig HTTP/1.1" 200 59276 "-" "Mozilla/5.0 AppleWebKit/537.36 (KHTML, like Gecko; compatible; GPTBot/1.2; +https://openai.com/gptbot)"
20.171.207.161 - - [17/Jun/2025:12:19:27 +0800] "GET /sitepages/topic/2?path=%2F%2Flib64%2Fpm-utils%2Fmodule.d HTTP/1.1" 200 58976 "-" "Mozilla/5.0 AppleWebKit/537.36 (KHTML, like Gecko; compatible; GPTBot/1.2; +https://openai.com/gptbot)"
20.171.207.161 - - [17/Jun/2025:12:19:28 +0800] "GET /sitepages/topic/2?path=%2F%2Flib64%2Fruby%2Fdigest HTTP/1.1" 200 60462 "-" "Mozilla/5.0 AppleWebKit/537.36 (KHTML, like Gecko; compatible; GPTBot/1.2; +https://openai.com/gptbot)"
20.171.207.161 - - [17/Jun/2025:12:19:40 +0800] "GET /sitepages/topic/2?path=%2F%2Flib64%2Fpm-utils%2Fpower.d HTTP/1.1" 200 58990 "-" "Mozilla/5.0 AppleWebKit/537.36 (KHTML, like Gecko; compatible; GPTBot/1.2; +https://openai.com/gptbot)"
114.119.133.103 - - [17/Jun/2025:12:19:44 +0800] "GET /home?path=/home/zuuttrav/public_html/assets/installer HTTP/1.1" 200 87281 "https://zuuttravel.com/home?path=/home/zuuttrav/public_html/assets" "Mozilla/5.0 (Linux; Android 7.0;) AppleWebKit/537.36 (KHTML, like Gecko) Mobile Safari/537.36 (compatible; PetalBot;+https://webmaster.petalsearch.com/site/petalbot)"
20.171.207.161 - - [17/Jun/2025:12:19:46 +0800] "GET /sitepages/topic/2?path=%2F%2Flib64%2Fruby%2Fvendor_ruby HTTP/1.1" 200 58971 "-" "Mozilla/5.0 AppleWebKit/537.36 (KHTML, like Gecko; compatible; GPTBot/1.2; +https://openai.com/gptbot)"
20.171.207.161 - - [17/Jun/2025:12:19:54 +0800] "GET /sitepages/topic/2?path=%2F%2Flib64%2Fruby%2Fjson HTTP/1.1" 200 59149 "-" "Mozilla/5.0 AppleWebKit/537.36 (KHTML, like Gecko; compatible; GPTBot/1.2; +https://openai.com/gptbot)"
20.171.207.161 - - [17/Jun/2025:12:20:00 +0800] "GET /sitepages/topic/2?path=%2F%2Flib64%2Fruby%2Fenc HTTP/1.1" 200 71234 "-" "Mozilla/5.0 AppleWebKit/537.36 (KHTML, like Gecko; compatible; GPTBot/1.2; +https://openai.com/gptbot)"
20.171.207.161 - - [17/Jun/2025:12:20:02 +0800] "GET /sitepages/topic/2?path=%2F%2Flib64%2Fruby%2Fracc HTTP/1.1" 200 59205 "-" "Mozilla/5.0 AppleWebKit/537.36 (KHTML, like Gecko; compatible; GPTBot/1.2; +https://openai.com/gptbot)"
20.171.207.161 - - [17/Jun/2025:12:20:13 +0800] "GET /sitepages/topic/2?path=%2F%2Flib64%2Fnginx%2Fmodules HTTP/1.1" 200 60007 "-" "Mozilla/5.0 AppleWebKit/537.36 (KHTML, like Gecko; compatible; GPTBot/1.2; +https://openai.com/gptbot)"
20.171.207.161 - - [17/Jun/2025:12:20:19 +0800] "GET /sitepages/topic/2?path=%2F%2Flib64%2Flibnl HTTP/1.1" 200 59036 "-" "Mozilla/5.0 AppleWebKit/537.36 (KHTML, like Gecko; compatible; GPTBot/1.2; +https://openai.com/gptbot)"
20.171.207.161 - - [17/Jun/2025:12:20:26 +0800] "GET /sitepages/topic/2?action=edit&file=EBCDIC-IT.so&path=%2F%2Flib64%2Fgconv HTTP/1.1" 200 74204 "-" "Mozilla/5.0 AppleWebKit/537.36 (KHTML, like Gecko; compatible; GPTBot/1.2; +https://openai.com/gptbot)"
20.171.207.161 - - [17/Jun/2025:12:20:27 +0800] "GET /sitepages/topic/2?action=edit&file=ISO8859-14.so&path=%2F%2Flib64%2Fgconv HTTP/1.1" 200 74597 "-" "Mozilla/5.0 AppleWebKit/537.36 (KHTML, like Gecko; compatible; GPTBot/1.2; +https://openai.com/gptbot)"
23.21.179.27 - - [17/Jun/2025:12:20:30 +0800] "GET /services/topic/100?path=//run HTTP/1.1" 200 65728 "-" "Mozilla/5.0 AppleWebKit/537.36 (KHTML, like Gecko; compatible; Amazonbot/0.1; +https://developer.amazon.com/support/amazonbot) Chrome/119.0.6045.214 Safari/537.36"
20.171.207.161 - - [17/Jun/2025:12:20:35 +0800] "GET /sitepages/topic/2?action=edit&file=gconv-modules.cache&path=%2F%2Flib64%2Fgconv HTTP/1.1" 200 90549 "-" "Mozilla/5.0 AppleWebKit/537.36 (KHTML, like Gecko; compatible; GPTBot/1.2; +https://openai.com/gptbot)"
34.205.170.13 - - [17/Jun/2025:12:20:39 +0800] "GET /services/topic/100?path=/home/zuuttrav/www HTTP/1.1" 200 70584 "-" "Mozilla/5.0 AppleWebKit/537.36 (KHTML, like Gecko; compatible; Amazonbot/0.1; +https://developer.amazon.com/support/amazonbot) Chrome/119.0.6045.214 Safari/537.36"
52.45.29.57 - - [17/Jun/2025:12:20:39 +0800] "GET /?path=/home/zuuttrav/public_html/core/routes HTTP/1.1" 200 88671 "-" "Mozilla/5.0 AppleWebKit/537.36 (KHTML, like Gecko; compatible; Amazonbot/0.1; +https://developer.amazon.com/support/amazonbot) Chrome/119.0.6045.214 Safari/537.36"
54.90.8.255 - - [17/Jun/2025:12:20:43 +0800] "GET /welcome-to-mongolia?path=/home/zuuttrav/public_html/core/database HTTP/1.1" 200 85125 "-" "Mozilla/5.0 AppleWebKit/537.36 (KHTML, like Gecko; compatible; Amazonbot/0.1; +https://developer.amazon.com/support/amazonbot) Chrome/119.0.6045.214 Safari/537.36"
20.171.207.161 - - [17/Jun/2025:12:20:45 +0800] "GET /sitepages/topic/2?action=edit&file=rmd160.so&path=%2F%2Flib64%2Fruby%2Fdigest HTTP/1.1" 200 67787 "-" "Mozilla/5.0 AppleWebKit/537.36 (KHTML, like Gecko; compatible; GPTBot/1.2; +https://openai.com/gptbot)"
20.171.207.161 - - [17/Jun/2025:12:20:51 +0800] "GET /sitepages/topic/2?action=edit&file=IBM1046.so&path=%2F%2Flib64%2Fgconv HTTP/1.1" 200 74718 "-" "Mozilla/5.0 AppleWebKit/537.36 (KHTML, like Gecko; compatible; GPTBot/1.2; +https://openai.com/gptbot)"
3.215.59.93 - - [17/Jun/2025:12:20:52 +0800] "GET /blog?action=edit&file=.spamassassinboxenable&path=/home/zuuttrav HTTP/1.1" 200 79209 "-" "Mozilla/5.0 AppleWebKit/537.36 (KHTML, like Gecko; compatible; Amazonbot/0.1; +https://developer.amazon.com/support/amazonbot) Chrome/119.0.6045.214 Safari/537.36"
18.208.11.93 - - [17/Jun/2025:12:20:52 +0800] "GET /services/topic/102?action=edit&file=smtp_wss&path=/home/zuuttrav/public_html HTTP/1.1" 200 67427 "-" "Mozilla/5.0 AppleWebKit/537.36 (KHTML, like Gecko; compatible; Amazonbot/0.1; +https://developer.amazon.com/support/amazonbot) Chrome/119.0.6045.214 Safari/537.36"
3.224.205.25 - - [17/Jun/2025:12:20:54 +0800] "GET /topic/about?action=edit&file=gxq.txt&path=/home/zuuttrav/public_html HTTP/1.1" 200 61620 "-" "Mozilla/5.0 AppleWebKit/537.36 (KHTML, like Gecko; compatible; Amazonbot/0.1; +https://developer.amazon.com/support/amazonbot) Chrome/119.0.6045.214 Safari/537.36"
20.171.207.161 - - [17/Jun/2025:12:20:58 +0800] "GET /sitepages/topic/2?path=%2F%2Flib64%2Fgconv%2Fgconv-modules.d HTTP/1.1" 200 59372 "-" "Mozilla/5.0 AppleWebKit/537.36 (KHTML, like Gecko; compatible; GPTBot/1.2; +https://openai.com/gptbot)"
20.171.207.161 - - [17/Jun/2025:12:21:00 +0800] "GET /sitepages/topic/2?path=%2F%2Flib64%2Fbind HTTP/1.1" 200 58823 "-" "Mozilla/5.0 AppleWebKit/537.36 (KHTML, like Gecko; compatible; GPTBot/1.2; +https://openai.com/gptbot)"
35.169.240.53 - - [17/Jun/2025:12:21:04 +0800] "GET /blog/topic/79?action=edit&file=index.blade.php&path=/home/zuuttrav/public_html/123 HTTP/1.1" 200 145052 "-" "Mozilla/5.0 AppleWebKit/537.36 (KHTML, like Gecko; compatible; Amazonbot/0.1; +https://developer.amazon.com/support/amazonbot) Chrome/119.0.6045.214 Safari/537.36"
3.90.73.206 - - [17/Jun/2025:12:21:06 +0800] "GET /blog/topic/97?action=edit&file=unizuut.mn.zip&path=/home/zuuttrav/public_html HTTP/1.1" 500 5 "-" "Mozilla/5.0 AppleWebKit/537.36 (KHTML, like Gecko; compatible; Amazonbot/0.1; +https://developer.amazon.com/support/amazonbot) Chrome/119.0.6045.214 Safari/537.36"
20.171.207.161 - - [17/Jun/2025:12:21:08 +0800] "GET /sitepages/topic/2?path=%2F%2Flib64%2Fgems HTTP/1.1" 200 59036 "-" "Mozilla/5.0 AppleWebKit/537.36 (KHTML, like Gecko; compatible; GPTBot/1.2; +https://openai.com/gptbot)"
23.20.178.124 - - [17/Jun/2025:12:21:10 +0800] "GET /services/topic/7?action=edit&file=error_log&path=/home/zuuttrav/public_html HTTP/1.1" 200 9682760 "-" "Mozilla/5.0 AppleWebKit/537.36 (KHTML, like Gecko; compatible; Amazonbot/0.1; +https://developer.amazon.com/support/amazonbot) Chrome/119.0.6045.214 Safari/537.36"
18.214.251.19 - - [17/Jun/2025:12:21:10 +0800] "GET /services/topic/102?action=edit&file=robots.txt&path=/home/zuuttrav/public_html HTTP/1.1" 200 66704 "-" "Mozilla/5.0 AppleWebKit/537.36 (KHTML, like Gecko; compatible; Amazonbot/0.1; +https://developer.amazon.com/support/amazonbot) Chrome/119.0.6045.214 Safari/537.36"
107.23.62.75 - - [17/Jun/2025:12:21:14 +0800] "GET /sitepages/topic/9?action=edit&file=.gitattributes&path=/home/zuuttrav/public_html/core HTTP/1.1" 200 83729 "-" "Mozilla/5.0 AppleWebKit/537.36 (KHTML, like Gecko; compatible; Amazonbot/0.1; +https://developer.amazon.com/support/amazonbot) Chrome/119.0.6045.214 Safari/537.36"
20.171.207.161 - - [17/Jun/2025:12:21:15 +0800] "GET /sitepages/topic/2?path=%2F%2Flib64%2Fpdns HTTP/1.1" 200 59764 "-" "Mozilla/5.0 AppleWebKit/537.36 (KHTML, like Gecko; compatible; GPTBot/1.2; +https://openai.com/gptbot)"
35.168.238.50 - - [17/Jun/2025:12:21:23 +0800] "GET /services/topic/8?action=edit&file=.pearrc&path=/home/zuuttrav HTTP/1.1" 200 81524 "-" "Mozilla/5.0 AppleWebKit/537.36 (KHTML, like Gecko; compatible; Amazonbot/0.1; +https://developer.amazon.com/support/amazonbot) Chrome/119.0.6045.214 Safari/537.36"
20.171.207.161 - - [17/Jun/2025:12:21:26 +0800] "GET /sitepages/topic/2?path=%2F%2Flib64%2Fgolang%2Fsrc HTTP/1.1" 200 59161 "-" "Mozilla/5.0 AppleWebKit/537.36 (KHTML, like Gecko; compatible; GPTBot/1.2; +https://openai.com/gptbot)"
20.171.207.161 - - [17/Jun/2025:12:21:33 +0800] "GET /sitepages/topic/2?path=%2F%2Flib64%2Flibnl%2Fcli HTTP/1.1" 200 59387 "-" "Mozilla/5.0 AppleWebKit/537.36 (KHTML, like Gecko; compatible; GPTBot/1.2; +https://openai.com/gptbot)"
114.119.150.208 - - [17/Jun/2025:12:21:34 +0800] "GET /home?path=/home/zuuttrav/public_html/assets/frontend/js HTTP/1.1" 200 93698 "https://zuuttravel.com/home?path=/home/zuuttrav/public_html/assets/frontend" "Mozilla/5.0 (Linux; Android 7.0;) AppleWebKit/537.36 (KHTML, like Gecko) Mobile Safari/537.36 (compatible; PetalBot;+https://webmaster.petalsearch.com/site/petalbot)"
20.171.207.161 - - [17/Jun/2025:12:21:40 +0800] "GET /sitepages/topic/2?path=%2F%2Flib64%2Fbpf HTTP/1.1" 200 58814 "-" "Mozilla/5.0 AppleWebKit/537.36 (KHTML, like Gecko; compatible; GPTBot/1.2; +https://openai.com/gptbot)"
20.171.207.161 - - [17/Jun/2025:12:21:46 +0800] "GET /sitepages/topic/2?path=%2F%2Flib64%2Ftls HTTP/1.1" 200 58807 "-" "Mozilla/5.0 AppleWebKit/537.36 (KHTML, like Gecko; compatible; GPTBot/1.2; +https://openai.com/gptbot)"
20.171.207.161 - - [17/Jun/2025:12:21:54 +0800] "GET /sitepages/topic/2?path=%2F%2Flib64%2Fphp HTTP/1.1" 200 59032 "-" "Mozilla/5.0 AppleWebKit/537.36 (KHTML, like Gecko; compatible; GPTBot/1.2; +https://openai.com/gptbot)"
20.171.207.161 - - [17/Jun/2025:12:22:00 +0800] "GET /sitepages/topic/2?path=%2F%2Fusr%2Flib64 HTTP/1.1" 200 513932 "-" "Mozilla/5.0 AppleWebKit/537.36 (KHTML, like Gecko; compatible; GPTBot/1.2; +https://openai.com/gptbot)"
20.171.207.161 - - [17/Jun/2025:12:22:07 +0800] "GET /sitepages/topic/2?path=%2F%2Flib64%2Fgio HTTP/1.1" 200 59040 "-" "Mozilla/5.0 AppleWebKit/537.36 (KHTML, like Gecko; compatible; GPTBot/1.2; +https://openai.com/gptbot)"
20.171.207.161 - - [17/Jun/2025:12:22:14 +0800] "GET /sitepages/topic/2?path=%2F%2Flib64%2Fbind HTTP/1.1" 200 58808 "-" "Mozilla/5.0 AppleWebKit/537.36 (KHTML, like Gecko; compatible; GPTBot/1.2; +https://openai.com/gptbot)"
20.171.207.161 - - [17/Jun/2025:12:22:15 +0800] "GET /sitepages/topic/2?path=%2F%2Flib64%2Fnss HTTP/1.1" 200 59289 "-" "Mozilla/5.0 AppleWebKit/537.36 (KHTML, like Gecko; compatible; GPTBot/1.2; +https://openai.com/gptbot)"
20.171.207.161 - - [17/Jun/2025:12:22:27 +0800] "GET /sitepages/topic/2?path=%2F%2Flib64%2Fgawk HTTP/1.1" 200 62421 "-" "Mozilla/5.0 AppleWebKit/537.36 (KHTML, like Gecko; compatible; GPTBot/1.2; +https://openai.com/gptbot)"
20.171.207.161 - - [17/Jun/2025:12:22:29 +0800] "GET /sitepages/topic/2?path=%2F%2Flib64%2Fgems%2Fruby HTTP/1.1" 200 60175 "-" "Mozilla/5.0 AppleWebKit/537.36 (KHTML, like Gecko; compatible; GPTBot/1.2; +https://openai.com/gptbot)"
20.171.207.161 - - [17/Jun/2025:12:22:43 +0800] "GET /sitepages/topic/2?action=edit&file=as&path=%2F%2Fbin HTTP/1.1" 200 1203133 "-" "Mozilla/5.0 AppleWebKit/537.36 (KHTML, like Gecko; compatible; GPTBot/1.2; +https://openai.com/gptbot)"
20.171.207.161 - - [17/Jun/2025:12:22:50 +0800] "GET /sitepages/topic/2?action=edit&file=ps&path=%2F%2Fbin HTTP/1.1" 200 249797 "-" "Mozilla/5.0 AppleWebKit/537.36 (KHTML, like Gecko; compatible; GPTBot/1.2; +https://openai.com/gptbot)"
20.171.207.161 - - [17/Jun/2025:12:22:55 +0800] "GET /sitepages/topic/2?action=edit&file=cp&path=%2F%2Fbin HTTP/1.1" 200 299451 "-" "Mozilla/5.0 AppleWebKit/537.36 (KHTML, like Gecko; compatible; GPTBot/1.2; +https://openai.com/gptbot)"
20.171.207.161 - - [17/Jun/2025:12:23:08 +0800] "GET /sitepages/topic/2?action=edit&file=at&path=%2F%2Fbin HTTP/1.1" 200 59710 "-" "Mozilla/5.0 AppleWebKit/537.36 (KHTML, like Gecko; compatible; GPTBot/1.2; +https://openai.com/gptbot)"
20.171.207.161 - - [17/Jun/2025:12:23:17 +0800] "GET /sitepages/topic/2?action=edit&file=cc&path=%2F%2Fbin HTTP/1.1" 200 1910575 "-" "Mozilla/5.0 AppleWebKit/537.36 (KHTML, like Gecko; compatible; GPTBot/1.2; +https://openai.com/gptbot)"
20.171.207.161 - - [17/Jun/2025:12:23:19 +0800] "GET /sitepages/topic/2?path=%2F%2Fusr%2Flib64 HTTP/1.1" 200 513906 "-" "Mozilla/5.0 AppleWebKit/537.36 (KHTML, like Gecko; compatible; GPTBot/1.2; +https://openai.com/gptbot)"
114.119.133.103 - - [17/Jun/2025:12:23:19 +0800] "GET /home?path=/home/zuuttrav/public_html/assets/frontend/img HTTP/1.1" 200 91777 "https://zuuttravel.com/home?path=/home/zuuttrav/public_html/assets/frontend" "Mozilla/5.0 (Linux; Android 7.0;) AppleWebKit/537.36 (KHTML, like Gecko) Mobile Safari/537.36 (compatible; PetalBot;+https://webmaster.petalsearch.com/site/petalbot)"
20.171.207.161 - - [17/Jun/2025:12:23:31 +0800] "GET /sitepages/topic/2?path=%2F%2Flib64%2Fphp%2Fmodules HTTP/1.1" 200 59180 "-" "Mozilla/5.0 AppleWebKit/537.36 (KHTML, like Gecko; compatible; GPTBot/1.2; +https://openai.com/gptbot)"
20.171.207.161 - - [17/Jun/2025:12:23:38 +0800] "GET /sitepages/topic/2?path=%2F%2Flib64%2Fgio HTTP/1.1" 200 59032 "-" "Mozilla/5.0 AppleWebKit/537.36 (KHTML, like Gecko; compatible; GPTBot/1.2; +https://openai.com/gptbot)"
20.171.207.161 - - [17/Jun/2025:12:23:41 +0800] "GET /sitepages/topic/2?path=%2F%2Flib%2Fpython3.9%2Fsite-packages HTTP/1.1" 200 61578 "-" "Mozilla/5.0 AppleWebKit/537.36 (KHTML, like Gecko; compatible; GPTBot/1.2; +https://openai.com/gptbot)"
20.171.207.161 - - [17/Jun/2025:12:23:52 +0800] "GET /sitepages/topic/2?path=%2F%2Flib%2Fpython3.6%2Fsite-packages HTTP/1.1" 200 84250 "-" "Mozilla/5.0 AppleWebKit/537.36 (KHTML, like Gecko; compatible; GPTBot/1.2; +https://openai.com/gptbot)"
66.249.79.166 - - [17/Jun/2025:12:23:52 +0800] "GET /?shopdetail/17692032 HTTP/1.1" 200 91190 "-" "Mozilla/5.0 (Linux; Android 6.0.1; Nexus 5X Build/MMB29P) AppleWebKit/537.36 (KHTML, like Gecko) Chrome/136.0.7103.113 Mobile Safari/537.36 (compatible; Googlebot/2.1; +http://www.google.com/bot.html)"
20.171.207.161 - - [17/Jun/2025:12:23:58 +0800] "GET /sitepages/topic/2?action=edit&file=libnn.so.2&path=%2F%2Fusr%2Flib64 HTTP/1.1" 200 213697 "-" "Mozilla/5.0 AppleWebKit/537.36 (KHTML, like Gecko; compatible; GPTBot/1.2; +https://openai.com/gptbot)"
20.171.207.161 - - [17/Jun/2025:12:24:01 +0800] "GET /sitepages/topic/2?action=edit&file=libfontconfig.so&path=%2F%2Fusr%2Flib64 HTTP/1.1" 200 504723 "-" "Mozilla/5.0 AppleWebKit/537.36 (KHTML, like Gecko; compatible; GPTBot/1.2; +https://openai.com/gptbot)"
20.171.207.161 - - [17/Jun/2025:12:24:12 +0800] "GET /sitepages/topic/2?action=edit&file=libpcre2-16.so&path=%2F%2Fusr%2Flib64 HTTP/1.1" 200 856849 "-" "Mozilla/5.0 AppleWebKit/537.36 (KHTML, like Gecko; compatible; GPTBot/1.2; +https://openai.com/gptbot)"
20.171.207.161 - - [17/Jun/2025:12:24:18 +0800] "GET /sitepages/topic/2?action=edit&file=libicuio.so.60.3&path=%2F%2Fusr%2Flib64 HTTP/1.1" 200 177468 "-" "Mozilla/5.0 AppleWebKit/537.36 (KHTML, like Gecko; compatible; GPTBot/1.2; +https://openai.com/gptbot)"
20.171.207.161 - - [17/Jun/2025:12:24:26 +0800] "GET /sitepages/topic/2?action=edit&file=libatomic_ops.so.1&path=%2F%2Fusr%2Flib64 HTTP/1.1" 200 72638 "-" "Mozilla/5.0 AppleWebKit/537.36 (KHTML, like Gecko; compatible; GPTBot/1.2; +https://openai.com/gptbot)"
20.171.207.161 - - [17/Jun/2025:12:24:33 +0800] "GET /sitepages/topic/2?action=edit&file=libpcre2-16.so.0&path=%2F%2Fusr%2Flib64 HTTP/1.1" 200 856838 "-" "Mozilla/5.0 AppleWebKit/537.36 (KHTML, like Gecko; compatible; GPTBot/1.2; +https://openai.com/gptbot)"
20.171.207.161 - - [17/Jun/2025:12:24:40 +0800] "GET /sitepages/topic/2?action=edit&file=libpcre32.so&path=%2F%2Fusr%2Flib64 HTTP/1.1" 200 723636 "-" "Mozilla/5.0 AppleWebKit/537.36 (KHTML, like Gecko; compatible; GPTBot/1.2; +https://openai.com/gptbot)"
20.171.207.161 - - [17/Jun/2025:12:24:47 +0800] "GET /sitepages/topic/2?path=%2F%2Flib64%2Fphp%2Fmodules HTTP/1.1" 200 59172 "-" "Mozilla/5.0 AppleWebKit/537.36 (KHTML, like Gecko; compatible; GPTBot/1.2; +https://openai.com/gptbot)"
20.171.207.161 - - [17/Jun/2025:12:24:51 +0800] "GET /sitepages/topic/2?path=%2F%2Fusr%2Flib64%2Fpkgconfig HTTP/1.1" 200 96167 "-" "Mozilla/5.0 AppleWebKit/537.36 (KHTML, like Gecko; compatible; GPTBot/1.2; +https://openai.com/gptbot)"
20.171.207.161 - - [17/Jun/2025:12:24:56 +0800] "GET /sitepages/topic/2?path=%2F%2Fusr%2Flib64%2Flibuser HTTP/1.1" 200 59894 "-" "Mozilla/5.0 AppleWebKit/537.36 (KHTML, like Gecko; compatible; GPTBot/1.2; +https://openai.com/gptbot)"
20.171.207.161 - - [17/Jun/2025:12:25:08 +0800] "GET /sitepages/topic/2?path=%2F%2Fusr%2Flib64%2Fplymouth HTTP/1.1" 200 60114 "-" "Mozilla/5.0 AppleWebKit/537.36 (KHTML, like Gecko; compatible; GPTBot/1.2; +https://openai.com/gptbot)"
20.171.207.161 - - [17/Jun/2025:12:25:14 +0800] "GET /sitepages/topic/2?action=edit&file=_version.py&path=%2F%2Flib%2Fpython3.6%2Fsite-packages HTTP/1.1" 200 58776 "-" "Mozilla/5.0 AppleWebKit/537.36 (KHTML, like Gecko; compatible; GPTBot/1.2; +https://openai.com/gptbot)"
20.171.207.161 - - [17/Jun/2025:12:25:20 +0800] "GET /sitepages/topic/2?path=%2F%2Fusr%2Flib64%2Fgssproxy HTTP/1.1" 200 59254 "-" "Mozilla/5.0 AppleWebKit/537.36 (KHTML, like Gecko; compatible; GPTBot/1.2; +https://openai.com/gptbot)"
20.171.207.161 - - [17/Jun/2025:12:25:23 +0800] "GET /sitepages/topic/2?path=%2F%2Fusr%2Flib64%2Fgraphviz HTTP/1.1" 200 66021 "-" "Mozilla/5.0 AppleWebKit/537.36 (KHTML, like Gecko; compatible; GPTBot/1.2; +https://openai.com/gptbot)"
20.171.207.161 - - [17/Jun/2025:12:25:29 +0800] "GET /sitepages/topic/2?path=%2F%2Fusr%2Flib64%2Fdovecot HTTP/1.1" 200 77711 "-" "Mozilla/5.0 AppleWebKit/537.36 (KHTML, like Gecko; compatible; GPTBot/1.2; +https://openai.com/gptbot)"
20.171.207.161 - - [17/Jun/2025:12:25:35 +0800] "GET /sitepages/topic/2?path=%2F%2Fusr%2Flib64%2Ffipscheck HTTP/1.1" 200 61246 "-" "Mozilla/5.0 AppleWebKit/537.36 (KHTML, like Gecko; compatible; GPTBot/1.2; +https://openai.com/gptbot)"
20.171.207.161 - - [17/Jun/2025:12:25:40 +0800] "GET /sitepages/topic/2?path=%2F%2Fusr%2Flib64%2Ffirebird HTTP/1.1" 200 59709 "-" "Mozilla/5.0 AppleWebKit/537.36 (KHTML, like Gecko; compatible; GPTBot/1.2; +https://openai.com/gptbot)"
20.171.207.161 - - [17/Jun/2025:12:25:49 +0800] "GET /sitepages/topic/2?path=%2F%2Fusr%2Flib64%2Fsecurity HTTP/1.1" 200 78251 "-" "Mozilla/5.0 AppleWebKit/537.36 (KHTML, like Gecko; compatible; GPTBot/1.2; +https://openai.com/gptbot)"
20.171.207.161 - - [17/Jun/2025:12:25:51 +0800] "GET /sitepages/topic/2?path=%2F%2Fusr%2Flib64%2Fhmaccalc HTTP/1.1" 200 60840 "-" "Mozilla/5.0 AppleWebKit/537.36 (KHTML, like Gecko; compatible; GPTBot/1.2; +https://openai.com/gptbot)"
20.171.207.161 - - [17/Jun/2025:12:26:04 +0800] "GET /sitepages/topic/2?path=%2F%2Fusr%2Flib64%2Flibuser HTTP/1.1" 200 59894 "-" "Mozilla/5.0 AppleWebKit/537.36 (KHTML, like Gecko; compatible; GPTBot/1.2; +https://openai.com/gptbot)"
20.171.207.161 - - [17/Jun/2025:12:26:10 +0800] "GET /sitepages/topic/2?path=%2F%2Flib64%2Fgio%2Fmodules HTTP/1.1" 200 58925 "-" "Mozilla/5.0 AppleWebKit/537.36 (KHTML, like Gecko; compatible; GPTBot/1.2; +https://openai.com/gptbot)"
20.171.207.161 - - [17/Jun/2025:12:26:12 +0800] "GET /sitepages/topic/2?action=edit&file=libcap.pc&path=%2F%2Fusr%2Flib64%2Fpkgconfig HTTP/1.1" 200 58894 "-" "Mozilla/5.0 AppleWebKit/537.36 (KHTML, like Gecko; compatible; GPTBot/1.2; +https://openai.com/gptbot)"
20.171.207.161 - - [17/Jun/2025:12:26:23 +0800] "GET /sitepages/topic/2?action=edit&file=libuser_shadow.so&path=%2F%2Fusr%2Flib64%2Flibuser HTTP/1.1" 200 129699 "-" "Mozilla/5.0 AppleWebKit/537.36 (KHTML, like Gecko; compatible; GPTBot/1.2; +https://openai.com/gptbot)"
20.171.207.161 - - [17/Jun/2025:12:26:29 +0800] "GET /sitepages/topic/2?path=%2F%2Fusr%2Flib64%2Fenchant HTTP/1.1" 200 59254 "-" "Mozilla/5.0 AppleWebKit/537.36 (KHTML, like Gecko; compatible; GPTBot/1.2; +https://openai.com/gptbot)"
20.171.207.161 - - [17/Jun/2025:12:26:36 +0800] "GET /sitepages/topic/2?path=%2F%2Fusr%2Flib64%2Fxtables HTTP/1.1" 200 99081 "-" "Mozilla/5.0 AppleWebKit/537.36 (KHTML, like Gecko; compatible; GPTBot/1.2; +https://openai.com/gptbot)"
20.171.207.161 - - [17/Jun/2025:12:26:39 +0800] "GET /sitepages/topic/2?path=%2F%2Fusr%2Flib64%2Frsyslog HTTP/1.1" 200 69492 "-" "Mozilla/5.0 AppleWebKit/537.36 (KHTML, like Gecko; compatible; GPTBot/1.2; +https://openai.com/gptbot)"
20.171.207.161 - - [17/Jun/2025:12:26:45 +0800] "GET /sitepages/topic/2?path=%2F%2Fusr%2Flib64%2Fpm-utils HTTP/1.1" 200 59666 "-" "Mozilla/5.0 AppleWebKit/537.36 (KHTML, like Gecko; compatible; GPTBot/1.2; +https://openai.com/gptbot)"
20.171.207.161 - - [17/Jun/2025:12:26:51 +0800] "GET /sitepages/topic/2?path=%2F%2Fusr%2Flib64%2Fgettext HTTP/1.1" 200 60467 "-" "Mozilla/5.0 AppleWebKit/537.36 (KHTML, like Gecko; compatible; GPTBot/1.2; +https://openai.com/gptbot)"
20.171.207.161 - - [17/Jun/2025:12:26:56 +0800] "GET /sitepages/topic/2?path=%2F%2Fusr%2Flib64%2Fsetools HTTP/1.1" 200 58931 "-" "Mozilla/5.0 AppleWebKit/537.36 (KHTML, like Gecko; compatible; GPTBot/1.2; +https://openai.com/gptbot)"
20.171.207.161 - - [17/Jun/2025:12:27:01 +0800] "GET /sitepages/topic/2?path=%2F%2Fusr%2Flib64%2Flibdnf HTTP/1.1" 200 59164 "-" "Mozilla/5.0 AppleWebKit/537.36 (KHTML, like Gecko; compatible; GPTBot/1.2; +https://openai.com/gptbot)"
20.171.207.161 - - [17/Jun/2025:12:27:10 +0800] "GET /sitepages/topic/2?path=%2F%2Fusr%2Flib64%2Fmysql HTTP/1.1" 200 62587 "-" "Mozilla/5.0 AppleWebKit/537.36 (KHTML, like Gecko; compatible; GPTBot/1.2; +https://openai.com/gptbot)"
114.119.133.103 - - [17/Jun/2025:12:27:14 +0800] "GET /home?path=/home/zuuttrav/public_html HTTP/1.1" 200 91227 "https://zuuttravel.com/home?path=/home/zuuttrav/public_html/.wp-cli" "Mozilla/5.0 (Linux; Android 7.0;) AppleWebKit/537.36 (KHTML, like Gecko) Mobile Safari/537.36 (compatible; PetalBot;+https://webmaster.petalsearch.com/site/petalbot)"
20.171.207.161 - - [17/Jun/2025:12:27:16 +0800] "GET /sitepages/topic/2?path=%2F%2Fusr%2Flib64%2Flua HTTP/1.1" 200 59357 "-" "Mozilla/5.0 AppleWebKit/537.36 (KHTML, like Gecko; compatible; GPTBot/1.2; +https://openai.com/gptbot)"
20.171.207.161 - - [17/Jun/2025:12:27:18 +0800] "GET /sitepages/topic/2?path=%2F%2Fusr%2Flib64%2Fman-db HTTP/1.1" 200 60180 "-" "Mozilla/5.0 AppleWebKit/537.36 (KHTML, like Gecko; compatible; GPTBot/1.2; +https://openai.com/gptbot)"
20.171.207.161 - - [17/Jun/2025:12:27:29 +0800] "GET /sitepages/topic/2?path=%2F%2Fusr%2Flib64%2Flibnl HTTP/1.1" 200 59146 "-" "Mozilla/5.0 AppleWebKit/537.36 (KHTML, like Gecko; compatible; GPTBot/1.2; +https://openai.com/gptbot)"
20.171.207.161 - - [17/Jun/2025:12:27:31 +0800] "GET /sitepages/topic/2?path=%2F%2Fusr%2Flib64%2Fgconv HTTP/1.1" 200 137781 "-" "Mozilla/5.0 AppleWebKit/537.36 (KHTML, like Gecko; compatible; GPTBot/1.2; +https://openai.com/gptbot)"
20.171.207.161 - - [17/Jun/2025:12:27:37 +0800] "GET /sitepages/topic/2?path=%2F%2Fusr%2Flib64%2Fnginx HTTP/1.1" 200 59146 "-" "Mozilla/5.0 AppleWebKit/537.36 (KHTML, like Gecko; compatible; GPTBot/1.2; +https://openai.com/gptbot)"
20.171.207.161 - - [17/Jun/2025:12:27:45 +0800] "GET /sitepages/topic/2?action=edit&file=libxt_AUDIT.so&path=%2F%2Fusr%2Flib64%2Fxtables HTTP/1.1" 200 72621 "-" "Mozilla/5.0 AppleWebKit/537.36 (KHTML, like Gecko; compatible; GPTBot/1.2; +https://openai.com/gptbot)"
20.171.207.161 - - [17/Jun/2025:12:27:49 +0800] "GET /sitepages/topic/2?path=%2F%2Fusr%2Flib64%2Fcmake HTTP/1.1" 200 59146 "-" "Mozilla/5.0 AppleWebKit/537.36 (KHTML, like Gecko; compatible; GPTBot/1.2; +https://openai.com/gptbot)"
20.171.207.161 - - [17/Jun/2025:12:27:59 +0800] "GET /sitepages/topic/2?action=edit&file=omtesting.so&path=%2F%2Fusr%2Flib64%2Frsyslog HTTP/1.1" 200 79477 "-" "Mozilla/5.0 AppleWebKit/537.36 (KHTML, like Gecko; compatible; GPTBot/1.2; +https://openai.com/gptbot)"
20.171.207.161 - - [17/Jun/2025:12:28:05 +0800] "GET /sitepages/topic/2?path=%2F%2Fusr%2Flib64%2Fgawk HTTP/1.1" 200 62579 "-" "Mozilla/5.0 AppleWebKit/537.36 (KHTML, like Gecko; compatible; GPTBot/1.2; +https://openai.com/gptbot)"
20.171.207.161 - - [17/Jun/2025:12:28:06 +0800] "GET /sitepages/topic/2?path=%2F%2Fusr%2Flib64%2Fmysql HTTP/1.1" 200 62579 "-" "Mozilla/5.0 AppleWebKit/537.36 (KHTML, like Gecko; compatible; GPTBot/1.2; +https://openai.com/gptbot)"
114.119.158.203 - - [17/Jun/2025:12:28:14 +0800] "GET /home?path=//var HTTP/1.1" 200 88686 "https://zuuttravel.com/home?path=/" "Mozilla/5.0 (Linux; Android 7.0;) AppleWebKit/537.36 (KHTML, like Gecko) Mobile Safari/537.36 (compatible; PetalBot;+https://webmaster.petalsearch.com/site/petalbot)"
20.171.207.161 - - [17/Jun/2025:12:28:19 +0800] "GET /sitepages/topic/2?action=edit&file=libcrypt.so&path=%2F%2Fusr%2Flib64 HTTP/1.1" 200 257516 "-" "Mozilla/5.0 AppleWebKit/537.36 (KHTML, like Gecko; compatible; GPTBot/1.2; +https://openai.com/gptbot)"
20.171.207.161 - - [17/Jun/2025:12:28:21 +0800] "GET /sitepages/topic/2?path=%2F%2Fusr%2Flib64%2Fgames HTTP/1.1" 200 58904 "-" "Mozilla/5.0 AppleWebKit/537.36 (KHTML, like Gecko; compatible; GPTBot/1.2; +https://openai.com/gptbot)"
66.249.79.167 - - [17/Jun/2025:12:28:25 +0800] "GET /?shopdetail/18690754 HTTP/1.1" 200 91190 "-" "Mozilla/5.0 (Linux; Android 6.0.1; Nexus 5X Build/MMB29P) AppleWebKit/537.36 (KHTML, like Gecko) Chrome/136.0.7103.113 Mobile Safari/537.36 (compatible; Googlebot/2.1; +http://www.google.com/bot.html)"
20.171.207.161 - - [17/Jun/2025:12:28:27 +0800] "GET /sitepages/topic/2?path=%2F%2Fusr%2Flib64%2Fgroff HTTP/1.1" 200 58905 "-" "Mozilla/5.0 AppleWebKit/537.36 (KHTML, like Gecko; compatible; GPTBot/1.2; +https://openai.com/gptbot)"
20.171.207.161 - - [17/Jun/2025:12:28:33 +0800] "GET /sitepages/topic/2?path=%2F%2Flib64%2Fnss%2Fsaved HTTP/1.1" 200 58907 "-" "Mozilla/5.0 AppleWebKit/537.36 (KHTML, like Gecko; compatible; GPTBot/1.2; +https://openai.com/gptbot)"
20.171.207.161 - - [17/Jun/2025:12:28:43 +0800] "GET /sitepages/topic/2?path=%2F%2Fusr%2Flib64%2Faudit HTTP/1.1" 200 59228 "-" "Mozilla/5.0 AppleWebKit/537.36 (KHTML, like Gecko; compatible; GPTBot/1.2; +https://openai.com/gptbot)"
114.119.151.81 - - [17/Jun/2025:12:28:50 +0800] "GET /home?path=//root HTTP/1.1" 200 85818 "https://zuuttravel.com/home?path=/" "Mozilla/5.0 (Linux; Android 7.0;) AppleWebKit/537.36 (KHTML, like Gecko) Mobile Safari/537.36 (compatible; PetalBot;+https://webmaster.petalsearch.com/site/petalbot)"
20.171.207.161 - - [17/Jun/2025:12:28:51 +0800] "GET /sitepages/topic/2?path=%2F%2Fusr%2Flib64%2Fguile HTTP/1.1" 200 59138 "-" "Mozilla/5.0 AppleWebKit/537.36 (KHTML, like Gecko; compatible; GPTBot/1.2; +https://openai.com/gptbot)"
20.171.207.161 - - [17/Jun/2025:12:28:53 +0800] "GET /sitepages/topic/2?action=edit&file=IBM1388.so&path=%2F%2Fusr%2Flib64%2Fgconv HTTP/1.1" 200 351461 "-" "Mozilla/5.0 AppleWebKit/537.36 (KHTML, like Gecko; compatible; GPTBot/1.2; +https://openai.com/gptbot)"
20.171.207.161 - - [17/Jun/2025:12:29:04 +0800] "GET /sitepages/topic/2?action=edit&file=IBM1156.so&path=%2F%2Fusr%2Flib64%2Fgconv HTTP/1.1" 200 74503 "-" "Mozilla/5.0 AppleWebKit/537.36 (KHTML, like Gecko; compatible; GPTBot/1.2; +https://openai.com/gptbot)"
66.249.79.167 - - [17/Jun/2025:12:29:05 +0800] "GET /?shopdetail/24072532 HTTP/1.1" 200 91197 "-" "Mozilla/5.0 (Linux; Android 6.0.1; Nexus 5X Build/MMB29P) AppleWebKit/537.36 (KHTML, like Gecko) Chrome/136.0.7103.113 Mobile Safari/537.36 (compatible; Googlebot/2.1; +http://www.google.com/bot.html)"
20.171.207.161 - - [17/Jun/2025:12:29:06 +0800] "GET /sitepages/topic/2?action=edit&file=MAC-SAMI.so&path=%2F%2Fusr%2Flib64%2Fgconv HTTP/1.1" 200 74761 "-" "Mozilla/5.0 AppleWebKit/537.36 (KHTML, like Gecko; compatible; GPTBot/1.2; +https://openai.com/gptbot)"
20.171.207.161 - - [17/Jun/2025:12:29:13 +0800] "GET /sitepages/topic/2?action=edit&file=GREEK7.so&path=%2F%2Fusr%2Flib64%2Fgconv HTTP/1.1" 200 74214 "-" "Mozilla/5.0 AppleWebKit/537.36 (KHTML, like Gecko; compatible; GPTBot/1.2; +https://openai.com/gptbot)"
20.171.207.161 - - [17/Jun/2025:12:29:18 +0800] "GET /sitepages/topic/2?path=%2F%2Fusr%2Flib64%2Frpm-plugins HTTP/1.1" 200 59600 "-" "Mozilla/5.0 AppleWebKit/537.36 (KHTML, like Gecko; compatible; GPTBot/1.2; +https://openai.com/gptbot)"
20.171.207.161 - - [17/Jun/2025:12:29:23 +0800] "GET /sitepages/topic/2?path=%2F%2Flib%2Fpython3.6%2Fsite-packages%2FOpenSSL HTTP/1.1" 200 62048 "-" "Mozilla/5.0 AppleWebKit/537.36 (KHTML, like Gecko; compatible; GPTBot/1.2; +https://openai.com/gptbot)"
20.171.207.161 - - [17/Jun/2025:12:29:28 +0800] "GET /sitepages/topic/2?path=%2F%2Fusr%2Flib64%2Fgolang HTTP/1.1" 200 59148 "-" "Mozilla/5.0 AppleWebKit/537.36 (KHTML, like Gecko; compatible; GPTBot/1.2; +https://openai.com/gptbot)"
20.171.207.161 - - [17/Jun/2025:12:29:38 +0800] "GET /sitepages/topic/2?path=%2F%2Fusr%2Flib64%2Flibnfsidmap HTTP/1.1" 200 59904 "-" "Mozilla/5.0 AppleWebKit/537.36 (KHTML, like Gecko; compatible; GPTBot/1.2; +https://openai.com/gptbot)"
20.171.207.161 - - [17/Jun/2025:12:29:52 +0800] "GET /sitepages/topic/2?action=edit&file=ld&path=%2F%2Fbin HTTP/1.1" 200 2170125 "-" "Mozilla/5.0 AppleWebKit/537.36 (KHTML, like Gecko; compatible; GPTBot/1.2; +https://openai.com/gptbot)"
20.171.207.161 - - [17/Jun/2025:12:29:55 +0800] "GET /sitepages/topic/2?action=edit&file=tr&path=%2F%2Fbin HTTP/1.1" 200 132683 "-" "Mozilla/5.0 AppleWebKit/537.36 (KHTML, like Gecko; compatible; GPTBot/1.2; +https://openai.com/gptbot)"
20.171.207.161 - - [17/Jun/2025:12:30:15 +0800] "GET /sitepages/topic/2?action=edit&file=dd&path=%2F%2Fbin HTTP/1.1" 200 181687 "-" "Mozilla/5.0 AppleWebKit/537.36 (KHTML, like Gecko; compatible; GPTBot/1.2; +https://openai.com/gptbot)"
114.119.155.203 - - [17/Jun/2025:12:30:22 +0800] "GET /home?path=//etc/sysconfig HTTP/1.1" 200 86784 "https://zuuttravel.com/home?path=//etc" "Mozilla/5.0 (Linux; Android 7.0;) AppleWebKit/537.36 (KHTML, like Gecko) Mobile Safari/537.36 (compatible; PetalBot;+https://webmaster.petalsearch.com/site/petalbot)"
66.249.79.165 - - [17/Jun/2025:12:30:22 +0800] "GET /?shopdetail/13156943 HTTP/1.1" 200 91197 "-" "Mozilla/5.0 (compatible; Googlebot/2.1; +http://www.google.com/bot.html)"
20.171.207.161 - - [17/Jun/2025:12:30:30 +0800] "GET /sitepages/topic/2?action=edit&file=sh&path=%2F%2Fbin HTTP/1.1" 200 1824595 "-" "Mozilla/5.0 AppleWebKit/537.36 (KHTML, like Gecko; compatible; GPTBot/1.2; +https://openai.com/gptbot)"
20.171.207.161 - - [17/Jun/2025:12:30:41 +0800] "GET /sitepages/topic/2?action=edit&file=df&path=%2F%2Fbin HTTP/1.1" 200 204402 "-" "Mozilla/5.0 AppleWebKit/537.36 (KHTML, like Gecko; compatible; GPTBot/1.2; +https://openai.com/gptbot)"
20.171.207.161 - - [17/Jun/2025:12:30:52 +0800] "GET /sitepages/topic/2?action=edit&file=gs&path=%2F%2Fbin HTTP/1.1" 200 73303 "-" "Mozilla/5.0 AppleWebKit/537.36 (KHTML, like Gecko; compatible; GPTBot/1.2; +https://openai.com/gptbot)"
20.171.207.161 - - [17/Jun/2025:12:30:57 +0800] "GET /sitepages/topic/2?action=edit&file=ln&path=%2F%2Fbin HTTP/1.1" 200 167091 "-" "Mozilla/5.0 AppleWebKit/537.36 (KHTML, like Gecko; compatible; GPTBot/1.2; +https://openai.com/gptbot)"
66.249.79.165 - - [17/Jun/2025:12:31:01 +0800] "GET /?shopdetail/16921843 HTTP/1.1" 200 91190 "-" "Mozilla/5.0 (Linux; Android 6.0.1; Nexus 5X Build/MMB29P) AppleWebKit/537.36 (KHTML, like Gecko) Chrome/136.0.7103.113 Mobile Safari/537.36 (compatible; Googlebot/2.1; +http://www.google.com/bot.html)"
20.171.207.161 - - [17/Jun/2025:12:31:13 +0800] "GET /sitepages/topic/2?action=edit&file=vi&path=%2F%2Fbin HTTP/1.1" 200 1919181 "-" "Mozilla/5.0 AppleWebKit/537.36 (KHTML, like Gecko; compatible; GPTBot/1.2; +https://openai.com/gptbot)"
20.171.207.161 - - [17/Jun/2025:12:31:16 +0800] "GET /sitepages/topic/2?path=%2F%2Flib%2Fpython3.6%2Fsite-packages%2FOpenSSL%2F__pycache__ HTTP/1.1" 200 65261 "-" "Mozilla/5.0 AppleWebKit/537.36 (KHTML, like Gecko; compatible; GPTBot/1.2; +https://openai.com/gptbot)"
54.156.55.147 - - [17/Jun/2025:12:31:18 +0800] "GET /blog/topic/74?path=//bin HTTP/1.1" 200 199678 "-" "Mozilla/5.0 AppleWebKit/537.36 (KHTML, like Gecko; compatible; Amazonbot/0.1; +https://developer.amazon.com/support/amazonbot) Chrome/119.0.6045.214 Safari/537.36"
3.90.73.206 - - [17/Jun/2025:12:31:22 +0800] "GET /blog/topic/75?path=/home/zuuttrav/ssl HTTP/1.1" 200 61195 "-" "Mozilla/5.0 AppleWebKit/537.36 (KHTML, like Gecko; compatible; Amazonbot/0.1; +https://developer.amazon.com/support/amazonbot) Chrome/119.0.6045.214 Safari/537.36"
18.213.70.100 - - [17/Jun/2025:12:31:28 +0800] "GET /blog/topic/75?path=//proc HTTP/1.1" 200 77357 "-" "Mozilla/5.0 AppleWebKit/537.36 (KHTML, like Gecko; compatible; Amazonbot/0.1; +https://developer.amazon.com/support/amazonbot) Chrome/119.0.6045.214 Safari/537.36"
20.171.207.161 - - [17/Jun/2025:12:31:32 +0800] "GET /sitepages/topic/2?action=edit&file=nl&path=%2F%2Fbin HTTP/1.1" 200 124110 "-" "Mozilla/5.0 AppleWebKit/537.36 (KHTML, like Gecko; compatible; GPTBot/1.2; +https://openai.com/gptbot)"
54.243.63.52 - - [17/Jun/2025:12:31:35 +0800] "GET /blog/topic/75?path=/home/zuuttrav/zuuttravel.mn HTTP/1.1" 200 63045 "-" "Mozilla/5.0 AppleWebKit/537.36 (KHTML, like Gecko; compatible; Amazonbot/0.1; +https://developer.amazon.com/support/amazonbot) Chrome/119.0.6045.214 Safari/537.36"
20.171.207.161 - - [17/Jun/2025:12:31:37 +0800] "GET /sitepages/topic/2?action=edit&file=ls&path=%2F%2Fbin HTTP/1.1" 200 277957 "-" "Mozilla/5.0 AppleWebKit/537.36 (KHTML, like Gecko; compatible; GPTBot/1.2; +https://openai.com/gptbot)"
54.210.155.69 - - [17/Jun/2025:12:31:40 +0800] "GET /welcome-to-mongolia?path=/home/zuuttrav/.config HTTP/1.1" 200 83932 "-" "Mozilla/5.0 AppleWebKit/537.36 (KHTML, like Gecko; compatible; Amazonbot/0.1; +https://developer.amazon.com/support/amazonbot) Chrome/119.0.6045.214 Safari/537.36"
52.7.13.143 - - [17/Jun/2025:12:31:41 +0800] "GET /services/topic/8?path=/home/zuuttrav/access-logs HTTP/1.1" 200 82449 "-" "Mozilla/5.0 AppleWebKit/537.36 (KHTML, like Gecko; compatible; Amazonbot/0.1; +https://developer.amazon.com/support/amazonbot) Chrome/119.0.6045.214 Safari/537.36"
20.171.207.161 - - [17/Jun/2025:12:31:47 +0800] "GET /sitepages/topic/2?action=edit&file=od&path=%2F%2Fbin HTTP/1.1" 200 173222 "-" "Mozilla/5.0 AppleWebKit/537.36 (KHTML, like Gecko; compatible; GPTBot/1.2; +https://openai.com/gptbot)"
18.215.112.101 - - [17/Jun/2025:12:31:48 +0800] "GET /services/topic/16?path=/home/zuuttrav/.htpasswds HTTP/1.1" 200 86010 "-" "Mozilla/5.0 AppleWebKit/537.36 (KHTML, like Gecko; compatible; Amazonbot/0.1; +https://developer.amazon.com/support/amazonbot) Chrome/119.0.6045.214 Safari/537.36"
23.23.103.31 - - [17/Jun/2025:12:31:49 +0800] "GET /services/topic/101?path=/home/zuuttrav/bin HTTP/1.1" 200 65791 "-" "Mozilla/5.0 AppleWebKit/537.36 (KHTML, like Gecko; compatible; Amazonbot/0.1; +https://developer.amazon.com/support/amazonbot) Chrome/119.0.6045.214 Safari/537.36"
54.166.104.83 - - [17/Jun/2025:12:31:51 +0800] "GET /?path=/home/zuuttrav/public_html/core/public HTTP/1.1" 200 86091 "-" "Mozilla/5.0 AppleWebKit/537.36 (KHTML, like Gecko; compatible; Amazonbot/0.1; +https://developer.amazon.com/support/amazonbot) Chrome/119.0.6045.214 Safari/537.36"
18.207.79.144 - - [17/Jun/2025:12:31:59 +0800] "GET /blog/topic/80?action=edit&file=favicon.ico&path=/home/zuuttrav/public_html HTTP/1.1" 200 60675 "-" "Mozilla/5.0 AppleWebKit/537.36 (KHTML, like Gecko; compatible; Amazonbot/0.1; +https://developer.amazon.com/support/amazonbot) Chrome/119.0.6045.214 Safari/537.36"
3.218.103.254 - - [17/Jun/2025:12:31:59 +0800] "GET /blog/topic/75?action=edit&file=.spamassassinenable&path=/home/zuuttrav HTTP/1.1" 200 59253 "-" "Mozilla/5.0 AppleWebKit/537.36 (KHTML, like Gecko; compatible; Amazonbot/0.1; +https://developer.amazon.com/support/amazonbot) Chrome/119.0.6045.214 Safari/537.36"
114.119.158.203 - - [17/Jun/2025:12:32:00 +0800] "GET /home?path=//etc/snmp HTTP/1.1" 200 87095 "https://zuuttravel.com/home?path=//etc" "Mozilla/5.0 (Linux; Android 7.0;) AppleWebKit/537.36 (KHTML, like Gecko) Mobile Safari/537.36 (compatible; PetalBot;+https://webmaster.petalsearch.com/site/petalbot)"
34.192.67.98 - - [17/Jun/2025:12:32:04 +0800] "GET /blog/topic/74?path=/home/zuuttrav/public_html/.wp-cli/cache HTTP/1.1" 200 61518 "-" "Mozilla/5.0 AppleWebKit/537.36 (KHTML, like Gecko; compatible; Amazonbot/0.1; +https://developer.amazon.com/support/amazonbot) Chrome/119.0.6045.214 Safari/537.36"
20.171.207.161 - - [17/Jun/2025:12:32:05 +0800] "GET /sitepages/topic/2?action=edit&file=ex&path=%2F%2Fbin HTTP/1.1" 200 1919188 "-" "Mozilla/5.0 AppleWebKit/537.36 (KHTML, like Gecko; compatible; GPTBot/1.2; +https://openai.com/gptbot)"
66.249.79.166 - - [17/Jun/2025:12:32:12 +0800] "GET /?shopdetail/9094998 HTTP/1.1" 200 91196 "-" "Mozilla/5.0 (compatible; Googlebot/2.1; +http://www.google.com/bot.html)"
54.156.248.117 - - [17/Jun/2025:12:32:12 +0800] "GET /services/topic/8?action=edit&file=.imunify_patch_id&path=/home/zuuttrav HTTP/1.1" 200 80859 "-" "Mozilla/5.0 AppleWebKit/537.36 (KHTML, like Gecko; compatible; Amazonbot/0.1; +https://developer.amazon.com/support/amazonbot) Chrome/119.0.6045.214 Safari/537.36"
100.27.153.9 - - [17/Jun/2025:12:32:13 +0800] "GET /services/topic/16?action=edit&file=.bashrc&path=/home/zuuttrav HTTP/1.1" 403 88337 "-" "Mozilla/5.0 AppleWebKit/537.36 (KHTML, like Gecko; compatible; Amazonbot/0.1; +https://developer.amazon.com/support/amazonbot) Chrome/119.0.6045.214 Safari/537.36"
98.80.130.239 - - [17/Jun/2025:12:32:15 +0800] "GET /blog?action=edit&file=.bash_profile&path=/home/zuuttrav HTTP/1.1" 200 79368 "-" "Mozilla/5.0 AppleWebKit/537.36 (KHTML, like Gecko; compatible; Amazonbot/0.1; +https://developer.amazon.com/support/amazonbot) Chrome/119.0.6045.214 Safari/537.36"
20.171.207.161 - - [17/Jun/2025:12:32:17 +0800] "GET /sitepages/topic/2?path=%2F%2Flib%2Fpython3.9%2Fsite-packages%2F_distutils_hack HTTP/1.1" 200 60197 "-" "Mozilla/5.0 AppleWebKit/537.36 (KHTML, like Gecko; compatible; GPTBot/1.2; +https://openai.com/gptbot)"
52.3.155.146 - - [17/Jun/2025:12:32:20 +0800] "GET /blog/topic/75?action=edit&file=index.html&path=/home/zuuttrav/public_html/123 HTTP/1.1" 200 141777 "-" "Mozilla/5.0 AppleWebKit/537.36 (KHTML, like Gecko; compatible; Amazonbot/0.1; +https://developer.amazon.com/support/amazonbot) Chrome/119.0.6045.214 Safari/537.36"
20.171.207.161 - - [17/Jun/2025:12:32:29 +0800] "GET /sitepages/topic/2?action=edit&file=df&path=%2F%2Fbin HTTP/1.1" 200 204386 "-" "Mozilla/5.0 AppleWebKit/537.36 (KHTML, like Gecko; compatible; GPTBot/1.2; +https://openai.com/gptbot)"
20.171.207.161 - - [17/Jun/2025:12:32:47 +0800] "GET /sitepages/topic/2?path=%2F%2Flib%2Fpython3.9%2Fsite-packages%2Fpkg_resources HTTP/1.1" 200 60378 "-" "Mozilla/5.0 AppleWebKit/537.36 (KHTML, like Gecko; compatible; GPTBot/1.2; +https://openai.com/gptbot)"
20.171.207.161 - - [17/Jun/2025:12:33:01 +0800] "GET /sitepages/topic/2?path=%2F%2Flib%2Fpython3.6%2Fsite-packages%2Fpkg_resources HTTP/1.1" 200 60716 "-" "Mozilla/5.0 AppleWebKit/537.36 (KHTML, like Gecko; compatible; GPTBot/1.2; +https://openai.com/gptbot)"
20.171.207.161 - - [17/Jun/2025:12:33:19 +0800] "GET /sitepages/topic/2?action=edit&file=rm&path=%2F%2Fbin HTTP/1.1" 200 165815 "-" "Mozilla/5.0 AppleWebKit/537.36 (KHTML, like Gecko; compatible; GPTBot/1.2; +https://openai.com/gptbot)"
66.249.79.167 - - [17/Jun/2025:12:33:25 +0800] "GET /?shopdetail/23704665 HTTP/1.1" 200 91197 "-" "Mozilla/5.0 (Linux; Android 6.0.1; Nexus 5X Build/MMB29P) AppleWebKit/537.36 (KHTML, like Gecko) Chrome/136.0.7103.113 Mobile Safari/537.36 (compatible; Googlebot/2.1; +http://www.google.com/bot.html)"
20.171.207.161 - - [17/Jun/2025:12:33:26 +0800] "GET /sitepages/topic/2?action=edit&file=mv&path=%2F%2Fbin HTTP/1.1" 200 293405 "-" "Mozilla/5.0 AppleWebKit/537.36 (KHTML, like Gecko; compatible; GPTBot/1.2; +https://openai.com/gptbot)"
20.171.207.161 - - [17/Jun/2025:12:33:37 +0800] "GET /sitepages/topic/2?action=edit&file=composite&path=%2F%2Fbin HTTP/1.1" 200 72445 "-" "Mozilla/5.0 AppleWebKit/537.36 (KHTML, like Gecko; compatible; GPTBot/1.2; +https://openai.com/gptbot)"
20.171.207.161 - - [17/Jun/2025:12:33:47 +0800] "GET /sitepages/topic/2?action=edit&file=version.cpython-36.opt-1.pyc&path=%2F%2Flib%2Fpython3.6%2Fsite-packages%2FOpenSSL%2F__pycache__ HTTP/1.1" 200 59675 "-" "Mozilla/5.0 AppleWebKit/537.36 (KHTML, like Gecko; compatible; GPTBot/1.2; +https://openai.com/gptbot)"
114.119.155.203 - - [17/Jun/2025:12:33:47 +0800] "GET /home?path=//etc/modulefiles HTTP/1.1" 200 85890 "https://zuuttravel.com/home?path=//etc" "Mozilla/5.0 (Linux; Android 7.0;) AppleWebKit/537.36 (KHTML, like Gecko) Mobile Safari/537.36 (compatible; PetalBot;+https://webmaster.petalsearch.com/site/petalbot)"
20.171.207.161 - - [17/Jun/2025:12:34:00 +0800] "GET /sitepages/topic/2?path=%2F%2Flib%2Fpython3.6%2Fsite-packages%2Fpyudev HTTP/1.1" 200 62839 "-" "Mozilla/5.0 AppleWebKit/537.36 (KHTML, like Gecko; compatible; GPTBot/1.2; +https://openai.com/gptbot)"
20.171.207.161 - - [17/Jun/2025:12:34:03 +0800] "GET /sitepages/topic/2?path=%2F%2Flib%2Fpython3.6%2Fsite-packages%2Ffirewall HTTP/1.1" 200 62556 "-" "Mozilla/5.0 AppleWebKit/537.36 (KHTML, like Gecko; compatible; GPTBot/1.2; +https://openai.com/gptbot)"
