3.212.86.97 - - [17/Jun/2025:03:27:06 +0800] "GET /services/topic/100?action=edit&file=.htaccess&path=/home/zuuttrav/public_html HTTP/1.1" 200 66790 "-" "Mozilla/5.0 AppleWebKit/537.36 (KHTML, like Gecko; compatible; Amazonbot/0.1; +https://developer.amazon.com/support/amazonbot) Chrome/119.0.6045.214 Safari/537.36"
52.200.58.199 - - [17/Jun/2025:03:27:08 +0800] "GET /contact?action=edit&file=smtp_wss&path=/home/zuuttrav/public_html HTTP/1.1" 200 66269 "-" "Mozilla/5.0 AppleWebKit/537.36 (KHTML, like Gecko; compatible; Amazonbot/0.1; +https://developer.amazon.com/support/amazonbot) Chrome/119.0.6045.214 Safari/537.36"
91.122.53.173 - - [17/Jun/2025:03:27:12 +0800] "GET /.git/HEAD HTTP/1.1" 403 8002 "-" "Python-urllib/3.13"
114.119.157.103 - - [17/Jun/2025:03:28:57 +0800] "GET /services/topic/104?path=/home/zuuttrav/www/assets/installer HTTP/1.1" 200 66839 "https://zuuttravel.com/services/topic/104?path=/home/zuuttrav/www/assets" "Mozilla/5.0 (Linux; Android 7.0;) AppleWebKit/537.36 (KHTML, like Gecko) Mobile Safari/537.36 (compatible; PetalBot;+https://webmaster.petalsearch.com/site/petalbot)"
114.119.150.208 - - [17/Jun/2025:03:31:02 +0800] "GET /services/topic/104?path=/home/zuuttrav/public_html/core/vendor/voku HTTP/1.1" 200 66186 "https://zuuttravel.com/services/topic/104?path=/home/zuuttrav/public_html/core/vendor" "Mozilla/5.0 (Linux; Android 7.0;) AppleWebKit/537.36 (KHTML, like Gecko) Mobile Safari/537.36 (compatible; PetalBot;+https://webmaster.petalsearch.com/site/petalbot)"
114.119.133.103 - - [17/Jun/2025:03:32:39 +0800] "GET /services/topic/104?path=/home/zuuttrav/public_html/core/vendor/opis HTTP/1.1" 200 66172 "https://zuuttravel.com/services/topic/104?path=/home/zuuttrav/public_html/core/vendor" "Mozilla/5.0 (Linux; Android 7.0;) AppleWebKit/537.36 (KHTML, like Gecko) Mobile Safari/537.36 (compatible; PetalBot;+https://webmaster.petalsearch.com/site/petalbot)"
114.119.151.81 - - [17/Jun/2025:03:34:13 +0800] "GET /services/topic/104?path=/home/zuuttrav/public_html/core/vendor/nikic HTTP/1.1" 200 66180 "https://zuuttravel.com/services/topic/104?path=/home/zuuttrav/public_html/core/vendor" "Mozilla/5.0 (Linux; Android 7.0;) AppleWebKit/537.36 (KHTML, like Gecko) Mobile Safari/537.36 (compatible; PetalBot;+https://webmaster.petalsearch.com/site/petalbot)"
114.119.133.103 - - [17/Jun/2025:03:35:47 +0800] "GET /services/topic/104?path=/home/zuuttrav/public_html/core/vendor/maatwebsite HTTP/1.1" 200 66254 "https://zuuttravel.com/services/topic/104?path=/home/zuuttrav/public_html/core/vendor" "Mozilla/5.0 (Linux; Android 7.0;) AppleWebKit/537.36 (KHTML, like Gecko) Mobile Safari/537.36 (compatible; PetalBot;+https://webmaster.petalsearch.com/site/petalbot)"
114.119.150.208 - - [17/Jun/2025:03:37:34 +0800] "GET /services/topic/104?path=/home/zuuttrav/public_html/assets/keditor/dist HTTP/1.1" 200 66797 "https://zuuttravel.com/services/topic/104?path=/home/zuuttrav/public_html/assets/keditor" "Mozilla/5.0 (Linux; Android 7.0;) AppleWebKit/537.36 (KHTML, like Gecko) Mobile Safari/537.36 (compatible; PetalBot;+https://webmaster.petalsearch.com/site/petalbot)"
23.21.225.190 - - [17/Jun/2025:03:39:04 +0800] "GET /blog/topic/79?action=edit&file=mix-manifest.json&path=/home/zuuttrav/public_html HTTP/1.1" 200 63058 "-" "Mozilla/5.0 AppleWebKit/537.36 (KHTML, like Gecko; compatible; Amazonbot/0.1; +https://developer.amazon.com/support/amazonbot) Chrome/119.0.6045.214 Safari/537.36"
114.119.140.87 - - [17/Jun/2025:03:39:22 +0800] "GET /services/topic/104?path=/home/zuuttrav/mail/cur HTTP/1.1" 200 65568 "https://zuuttravel.com/services/topic/104?path=/home/zuuttrav/mail" "Mozilla/5.0 (Linux; Android 7.0;) AppleWebKit/537.36 (KHTML, like Gecko) Mobile Safari/537.36 (compatible; PetalBot;+https://webmaster.petalsearch.com/site/petalbot)"
114.119.157.103 - - [17/Jun/2025:03:41:39 +0800] "GET /services/topic/104?path=/home/zuuttrav/mail/.Sent HTTP/1.1" 200 66984 "https://zuuttravel.com/services/topic/104?path=/home/zuuttrav/mail" "Mozilla/5.0 (Linux; Android 7.0;) AppleWebKit/537.36 (KHTML, like Gecko) Mobile Safari/537.36 (compatible; PetalBot;+https://webmaster.petalsearch.com/site/petalbot)"
114.119.151.81 - - [17/Jun/2025:03:44:34 +0800] "GET /services/topic/104?path=/home/zuuttrav/.htpasswds/wordpress-backups HTTP/1.1" 200 65762 "https://zuuttravel.com/services/topic/104?path=/home/zuuttrav/.htpasswds" "Mozilla/5.0 (Linux; Android 7.0;) AppleWebKit/537.36 (KHTML, like Gecko) Mobile Safari/537.36 (compatible; PetalBot;+https://webmaster.petalsearch.com/site/petalbot)"
114.119.133.103 - - [17/Jun/2025:03:46:42 +0800] "GET /services/topic/104?path=/home/zuuttrav/.htpasswds/etc HTTP/1.1" 200 65636 "https://zuuttravel.com/services/topic/104?path=/home/zuuttrav/.htpasswds" "Mozilla/5.0 (Linux; Android 7.0;) AppleWebKit/537.36 (KHTML, like Gecko) Mobile Safari/537.36 (compatible; PetalBot;+https://webmaster.petalsearch.com/site/petalbot)"
114.119.151.81 - - [17/Jun/2025:03:48:03 +0800] "GET /services/topic/104?path=/home/zuuttrav/.cl.selector HTTP/1.1" 200 66507 "https://zuuttravel.com/services/topic/104?path=/home/zuuttrav" "Mozilla/5.0 (Linux; Android 7.0;) AppleWebKit/537.36 (KHTML, like Gecko) Mobile Safari/537.36 (compatible; PetalBot;+https://webmaster.petalsearch.com/site/petalbot)"
114.119.155.203 - - [17/Jun/2025:03:50:32 +0800] "GET /services/topic/104?action=edit&file=zuuttravel.mn.zuuttravel.com-May-2025.gz&path=/home/zuuttrav/logs HTTP/1.1" 200 67325 "https://zuuttravel.com/services/topic/104?path=/home/zuuttrav/logs" "Mozilla/5.0 (Linux; Android 7.0;) AppleWebKit/537.36 (KHTML, like Gecko) Mobile Safari/537.36 (compatible; PetalBot;+https://webmaster.petalsearch.com/site/petalbot)"
114.119.150.208 - - [17/Jun/2025:03:52:02 +0800] "GET /services/topic/104?action=edit&file=zuuttravel.mn.zuuttravel.com&path=/home/zuuttrav/access-logs HTTP/1.1" 200 72317 "https://zuuttravel.com/services/topic/104?path=/home/zuuttrav/access-logs" "Mozilla/5.0 (Linux; Android 7.0;) AppleWebKit/537.36 (KHTML, like Gecko) Mobile Safari/537.36 (compatible; PetalBot;+https://webmaster.petalsearch.com/site/petalbot)"
4.227.36.9 - - [17/Jun/2025:03:53:04 +0800] "GET /robots.txt HTTP/1.1" 200 1112 "-" "Mozilla/5.0 AppleWebKit/537.36 (KHTML, like Gecko; compatible; GPTBot/1.2; +https://openai.com/gptbot)"
114.119.155.203 - - [17/Jun/2025:03:53:45 +0800] "GET /services/topic/104?action=edit&file=zuuttravel.com-ssl_log-Dec-2018.gz&path=/home/zuuttrav/logs HTTP/1.1" 200 66332 "https://zuuttravel.com/services/topic/104?path=/home/zuuttrav/logs" "Mozilla/5.0 (Linux; Android 7.0;) AppleWebKit/537.36 (KHTML, like Gecko) Mobile Safari/537.36 (compatible; PetalBot;+https://webmaster.petalsearch.com/site/petalbot)"
57.141.2.26 - - [17/Jun/2025:03:54:40 +0800] "GET /contact HTTP/1.1" 200 70478 "-" "meta-externalagent/1.1 (+https://developers.facebook.com/docs/sharing/webmasters/crawler)"
114.119.140.87 - - [17/Jun/2025:03:55:19 +0800] "GET /services/topic/104?action=edit&file=zuuttravel.com-Aug-2023.gz&path=/home/zuuttrav/logs HTTP/1.1" 200 65720 "https://zuuttravel.com/services/topic/104?path=/home/zuuttrav/logs" "Mozilla/5.0 (Linux; Android 7.0;) AppleWebKit/537.36 (KHTML, like Gecko) Mobile Safari/537.36 (compatible; PetalBot;+https://webmaster.petalsearch.com/site/petalbot)"
114.119.151.107 - - [17/Jun/2025:03:57:18 +0800] "GET /services/topic/104?action=edit&file=sess_6aa1a4a41f96e30f2b64c636b13ced19&path=/home/zuuttrav/tmp HTTP/1.1" 200 70689 "https://zuuttravel.com/services/topic/104?path=/home/zuuttrav/tmp" "Mozilla/5.0 (Linux; Android 7.0;) AppleWebKit/537.36 (KHTML, like Gecko) Mobile Safari/537.36 (compatible; PetalBot;+https://webmaster.petalsearch.com/site/petalbot)"
114.119.151.81 - - [17/Jun/2025:03:58:26 +0800] "GET /services/topic/104?action=edit&file=sess_5c2c43b82a2756253d955d3af44c056f&path=/home/zuuttrav/tmp HTTP/1.1" 200 69260 "https://zuuttravel.com/services/topic/104?path=/home/zuuttrav/tmp" "Mozilla/5.0 (Linux; Android 7.0;) AppleWebKit/537.36 (KHTML, like Gecko) Mobile Safari/537.36 (compatible; PetalBot;+https://webmaster.petalsearch.com/site/petalbot)"
114.119.150.208 - - [17/Jun/2025:04:00:22 +0800] "GET /services/topic/104?action=edit&file=servers.nomination.lst&path=/home/zuuttrav/.razor HTTP/1.1" 200 65387 "https://zuuttravel.com/services/topic/104?path=/home/zuuttrav/.razor" "Mozilla/5.0 (Linux; Android 7.0;) AppleWebKit/537.36 (KHTML, like Gecko) Mobile Safari/537.36 (compatible; PetalBot;+https://webmaster.petalsearch.com/site/petalbot)"
114.119.133.103 - - [17/Jun/2025:04:02:19 +0800] "GET /services/topic/104?action=edit&file=maildirsize&path=/home/zuuttrav/mail HTTP/1.1" 200 66817 "https://zuuttravel.com/services/topic/104?path=/home/zuuttrav/mail" "Mozilla/5.0 (Linux; Android 7.0;) AppleWebKit/537.36 (KHTML, like Gecko) Mobile Safari/537.36 (compatible; PetalBot;+https://webmaster.petalsearch.com/site/petalbot)"
114.119.151.81 - - [17/Jun/2025:04:03:26 +0800] "GET /services/topic/104?action=edit&file=index.html&path=/home/zuuttrav/www/assets HTTP/1.1" 200 65286 "https://zuuttravel.com/services/topic/104?path=/home/zuuttrav/www/assets" "Mozilla/5.0 (Linux; Android 7.0;) AppleWebKit/537.36 (KHTML, like Gecko) Mobile Safari/537.36 (compatible; PetalBot;+https://webmaster.petalsearch.com/site/petalbot)"
3.219.80.71 - - [17/Jun/2025:04:03:34 +0800] "GET /blog/topic/74?path=/ HTTP/1.1" 200 63658 "-" "Mozilla/5.0 AppleWebKit/537.36 (KHTML, like Gecko; compatible; Amazonbot/0.1; +https://developer.amazon.com/support/amazonbot) Chrome/119.0.6045.214 Safari/537.36"
98.82.38.120 - - [17/Jun/2025:04:03:42 +0800] "GET /services/topic/100?action=edit&file=unizuut.mn.zip&path=/home/zuuttrav/public_html HTTP/1.1" 500 5 "-" "Mozilla/5.0 AppleWebKit/537.36 (KHTML, like Gecko; compatible; Amazonbot/0.1; +https://developer.amazon.com/support/amazonbot) Chrome/119.0.6045.214 Safari/537.36"
3.220.148.166 - - [17/Jun/2025:04:03:46 +0800] "GET /services/topic/100?action=edit&file=.htaccess&path=/home/zuuttrav/public_html HTTP/1.1" 200 66409 "-" "Mozilla/5.0 AppleWebKit/537.36 (KHTML, like Gecko; compatible; Amazonbot/0.1; +https://developer.amazon.com/support/amazonbot) Chrome/119.0.6045.214 Safari/537.36"
18.214.138.148 - - [17/Jun/2025:04:03:47 +0800] "GET /blog?action=edit&file=error_log&path=/home/zuuttrav/public_html HTTP/1.1" 200 12009288 "-" "Mozilla/5.0 AppleWebKit/537.36 (KHTML, like Gecko; compatible; Amazonbot/0.1; +https://developer.amazon.com/support/amazonbot) Chrome/119.0.6045.214 Safari/537.36"
114.119.140.87 - - [17/Jun/2025:04:08:18 +0800] "GET /services/topic/104?action=edit&file=dovecot.list.index.log&path=/home/zuuttrav/mail HTTP/1.1" 200 70727 "https://zuuttravel.com/services/topic/104?path=/home/zuuttrav/mail" "Mozilla/5.0 (Linux; Android 7.0;) AppleWebKit/537.36 (KHTML, like Gecko) Mobile Safari/537.36 (compatible; PetalBot;+https://webmaster.petalsearch.com/site/petalbot)"
114.119.140.87 - - [17/Jun/2025:04:09:08 +0800] "GET /services/topic/104?action=edit&file=_installed&path=/home/zuuttrav/public_html/core/storage HTTP/1.1" 200 65441 "https://zuuttravel.com/services/topic/104?path=/home/zuuttrav/public_html/core/storage" "Mozilla/5.0 (Linux; Android 7.0;) AppleWebKit/537.36 (KHTML, like Gecko) Mobile Safari/537.36 (compatible; PetalBot;+https://webmaster.petalsearch.com/site/petalbot)"
114.119.150.208 - - [17/Jun/2025:04:09:35 +0800] "GET /services/topic/104?action=edit&file=README.md&path=/home/zuuttrav/public_html/core HTTP/1.1" 200 69791 "https://zuuttravel.com/services/topic/104?action=edit&file=README.md&path=/home/zuuttrav/public_html/core" "Mozilla/5.0 (Linux; Android 7.0;) AppleWebKit/537.36 (KHTML, like Gecko) Mobile Safari/537.36 (compatible; PetalBot;+https://webmaster.petalsearch.com/site/petalbot)"
114.119.157.103 - - [17/Jun/2025:04:11:51 +0800] "GET /services/topic/104?action=edit&file=CSSS_cpanel_tls_status&path=/home/zuuttrav/.cpanel/nvdata HTTP/1.1" 200 66078 "https://zuuttravel.com/services/topic/104?path=/home/zuuttrav/.cpanel/nvdata" "Mozilla/5.0 (Linux; Android 7.0;) AppleWebKit/537.36 (KHTML, like Gecko) Mobile Safari/537.36 (compatible; PetalBot;+https://webmaster.petalsearch.com/site/petalbot)"
114.119.150.208 - - [17/Jun/2025:04:13:09 +0800] "GET /services/topic/104?action=edit&file=CSSS_cpanel_email_deliverability&path=/home/zuuttrav/.cpanel/nvdata HTTP/1.1" 200 65753 "https://zuuttravel.com/services/topic/104?path=/home/zuuttrav/.cpanel/nvdata" "Mozilla/5.0 (Linux; Android 7.0;) AppleWebKit/537.36 (KHTML, like Gecko) Mobile Safari/537.36 (compatible; PetalBot;+https://webmaster.petalsearch.com/site/petalbot)"
114.119.133.103 - - [17/Jun/2025:04:14:49 +0800] "GET /services/topic/104?action=edit&file=.php.error.log&path=/home/zuuttrav/logs HTTP/1.1" 200 86805 "https://zuuttravel.com/services/topic/104?path=/home/zuuttrav/logs" "Mozilla/5.0 (Linux; Android 7.0;) AppleWebKit/537.36 (KHTML, like Gecko) Mobile Safari/537.36 (compatible; PetalBot;+https://webmaster.petalsearch.com/site/petalbot)"
114.119.155.203 - - [17/Jun/2025:04:17:11 +0800] "GET /home?path=/home/zuuttrav/public_html/uploads/users HTTP/1.1" 200 87412 "https://zuuttravel.com/home?path=/home/zuuttrav/public_html/uploads" "Mozilla/5.0 (Linux; Android 7.0;) AppleWebKit/537.36 (KHTML, like Gecko) Mobile Safari/537.36 (compatible; PetalBot;+https://webmaster.petalsearch.com/site/petalbot)"
79.163.238.102 - - [17/Jun/2025:04:18:04 +0800] "POST /xmlrpc.php HTTP/1.1" 499 0 "-" "Mozilla/5.0 (Windows NT 10.0; Win64; x64) AppleWebKit/537.36 (KHTML, like Gecko) Chrome/91.0.4472.124 Safari/537.36"
181.41.131.174 - - [17/Jun/2025:04:18:06 +0800] "POST /xmlrpc.php HTTP/1.1" 401 8002 "-" "Mozilla/5.0 (Windows NT 10.0; Win64; x64) AppleWebKit/537.36 (KHTML, like Gecko) Chrome/91.0.4472.124 Safari/537.36"
82.20.193.27 - - [17/Jun/2025:04:18:07 +0800] "POST /xmlrpc.php HTTP/1.1" 401 8002 "-" "Mozilla/5.0 (Windows NT 10.0; Win64; x64) AppleWebKit/537.36 (KHTML, like Gecko) Chrome/91.0.4472.124 Safari/537.36"
191.176.43.177 - - [17/Jun/2025:04:19:45 +0800] "POST /xmlrpc.php HTTP/1.1" 499 0 "-" "Mozilla/5.0 (Windows NT 10.0; Win64; x64) AppleWebKit/537.36 (KHTML, like Gecko) Chrome/91.0.4472.124 Safari/537.36"
184.73.167.217 - - [17/Jun/2025:04:20:03 +0800] "GET /blog/topic/75?path=/home/zuuttrav/public_html/core HTTP/1.1" 200 66163 "-" "Mozilla/5.0 AppleWebKit/537.36 (KHTML, like Gecko; compatible; Amazonbot/0.1; +https://developer.amazon.com/support/amazonbot) Chrome/119.0.6045.214 Safari/537.36"
18.214.251.19 - - [17/Jun/2025:04:20:08 +0800] "GET /services/topic/100?path=/home/zuuttrav/public_html/uploads HTTP/1.1" 200 69311 "-" "Mozilla/5.0 AppleWebKit/537.36 (KHTML, like Gecko; compatible; Amazonbot/0.1; +https://developer.amazon.com/support/amazonbot) Chrome/119.0.6045.214 Safari/537.36"
18.205.91.101 - - [17/Jun/2025:04:20:11 +0800] "GET /blog/topic/79?action=edit&file=vivo.php&path=/home/zuuttrav/public_html HTTP/1.1" 200 74749 "-" "Mozilla/5.0 AppleWebKit/537.36 (KHTML, like Gecko; compatible; Amazonbot/0.1; +https://developer.amazon.com/support/amazonbot) Chrome/119.0.6045.214 Safari/537.36"
52.70.138.176 - - [17/Jun/2025:04:20:20 +0800] "GET /services/topic/8?action=edit&file=gxq.txt&path=/home/zuuttrav/public_html HTTP/1.1" 200 80760 "-" "Mozilla/5.0 AppleWebKit/537.36 (KHTML, like Gecko; compatible; Amazonbot/0.1; +https://developer.amazon.com/support/amazonbot) Chrome/119.0.6045.214 Safari/537.36"
114.119.151.81 - - [17/Jun/2025:04:20:27 +0800] "GET /home?path=/home/zuuttrav/public_html/uploads/mapmng HTTP/1.1" 200 87936 "https://zuuttravel.com/home?path=/home/zuuttrav/public_html/uploads" "Mozilla/5.0 (Linux; Android 7.0;) AppleWebKit/537.36 (KHTML, like Gecko) Mobile Safari/537.36 (compatible; PetalBot;+https://webmaster.petalsearch.com/site/petalbot)"
114.119.133.103 - - [17/Jun/2025:04:21:49 +0800] "GET /home?path=//run HTTP/1.1" 200 86254 "https://zuuttravel.com/home?path=/" "Mozilla/5.0 (Linux; Android 7.0;) AppleWebKit/537.36 (KHTML, like Gecko) Mobile Safari/537.36 (compatible; PetalBot;+https://webmaster.petalsearch.com/site/petalbot)"
114.119.140.87 - - [17/Jun/2025:04:25:36 +0800] "GET /cultural-tips?path=/home/zuuttrav/public_html/.well-known/acme-challenge HTTP/1.1" 200 64553 "https://zuuttravel.com/cultural-tips?path=/home/zuuttrav/public_html/.well-known" "Mozilla/5.0 (Linux; Android 7.0;) AppleWebKit/537.36 (KHTML, like Gecko) Mobile Safari/537.36 (compatible; PetalBot;+https://webmaster.petalsearch.com/site/petalbot)"
114.119.155.203 - - [17/Jun/2025:04:27:08 +0800] "GET /cultural-tips?action=edit&file=.env.example&path=/home/zuuttrav/public_html/core HTTP/1.1" 200 65162 "https://zuuttravel.com/cultural-tips?path=/home/zuuttrav/public_html/core" "Mozilla/5.0 (Linux; Android 7.0;) AppleWebKit/537.36 (KHTML, like Gecko) Mobile Safari/537.36 (compatible; PetalBot;+https://webmaster.petalsearch.com/site/petalbot)"
114.119.150.208 - - [17/Jun/2025:04:29:05 +0800] "GET /blog?path=/home/zuuttrav/public_html/uploads/sections HTTP/1.1" 200 80274 "https://zuuttravel.com/blog?path=/home/zuuttrav/public_html/uploads" "Mozilla/5.0 (Linux; Android 7.0;) AppleWebKit/537.36 (KHTML, like Gecko) Mobile Safari/537.36 (compatible; PetalBot;+https://webmaster.petalsearch.com/site/petalbot)"
114.119.157.103 - - [17/Jun/2025:04:30:33 +0800] "GET /services/topic/77?path=/home/zuuttrav/public_html/assets/installer/fonts HTTP/1.1" 200 75979 "https://zuuttravel.com/services/topic/77?path=/home/zuuttrav/public_html/assets/installer" "Mozilla/5.0 (Linux; Android 7.0;) AppleWebKit/537.36 (KHTML, like Gecko) Mobile Safari/537.36 (compatible; PetalBot;+https://webmaster.petalsearch.com/site/petalbot)"
114.119.158.203 - - [17/Jun/2025:04:32:11 +0800] "GET /services/topic/77?path=/home/zuuttrav/public_html/assets/installer/css HTTP/1.1" 200 73676 "https://zuuttravel.com/services/topic/77?path=/home/zuuttrav/public_html/assets/installer" "Mozilla/5.0 (Linux; Android 7.0;) AppleWebKit/537.36 (KHTML, like Gecko) Mobile Safari/537.36 (compatible; PetalBot;+https://webmaster.petalsearch.com/site/petalbot)"
114.119.155.203 - - [17/Jun/2025:04:34:26 +0800] "GET /services/topic/77?action=edit&file=index.php&path=/home/zuuttrav/public_html HTTP/1.1" 200 72522 "https://zuuttravel.com/services/topic/77?action=edit&file=index.php&path=/home/zuuttrav/public_html" "Mozilla/5.0 (Linux; Android 7.0;) AppleWebKit/537.36 (KHTML, like Gecko) Mobile Safari/537.36 (compatible; PetalBot;+https://webmaster.petalsearch.com/site/petalbot)"
114.119.133.103 - - [17/Jun/2025:04:35:42 +0800] "GET /services/topic/77?action=edit&file=.spamassassinenable&path=/home/zuuttrav HTTP/1.1" 200 70699 "https://zuuttravel.com/services/topic/77?path=/home/zuuttrav" "Mozilla/5.0 (Linux; Android 7.0;) AppleWebKit/537.36 (KHTML, like Gecko) Mobile Safari/537.36 (compatible; PetalBot;+https://webmaster.petalsearch.com/site/petalbot)"
114.119.158.203 - - [17/Jun/2025:04:37:39 +0800] "GET /services/topic/77?action=edit&file=.ftpquota&path=/home/zuuttrav HTTP/1.1" 200 70646 "https://zuuttravel.com/services/topic/77?path=/home/zuuttrav" "Mozilla/5.0 (Linux; Android 7.0;) AppleWebKit/537.36 (KHTML, like Gecko) Mobile Safari/537.36 (compatible; PetalBot;+https://webmaster.petalsearch.com/site/petalbot)"
114.119.133.103 - - [17/Jun/2025:04:39:15 +0800] "GET /services/topic/111?path=/home/zuuttrav/public_html/core/database/seeders HTTP/1.1" 200 71030 "https://zuuttravel.com/services/topic/111?path=/home/zuuttrav/public_html/core/database" "Mozilla/5.0 (Linux; Android 7.0;) AppleWebKit/537.36 (KHTML, like Gecko) Mobile Safari/537.36 (compatible; PetalBot;+https://webmaster.petalsearch.com/site/petalbot)"
54.210.155.69 - - [17/Jun/2025:04:39:31 +0800] "GET /services/topic/100?path=/home/zuuttrav/public_html HTTP/1.1" 200 71196 "-" "Mozilla/5.0 AppleWebKit/537.36 (KHTML, like Gecko; compatible; Amazonbot/0.1; +https://developer.amazon.com/support/amazonbot) Chrome/119.0.6045.214 Safari/537.36"
52.2.191.202 - - [17/Jun/2025:04:39:34 +0800] "GET /contact?path=/home/zuuttrav/public_html HTTP/1.1" 200 70140 "-" "Mozilla/5.0 AppleWebKit/537.36 (KHTML, like Gecko; compatible; Amazonbot/0.1; +https://developer.amazon.com/support/amazonbot) Chrome/119.0.6045.214 Safari/537.36"
23.23.103.31 - - [17/Jun/2025:04:39:42 +0800] "GET /services/topic/100?action=edit&file=smtp_wss&path=/home/zuuttrav/public_html HTTP/1.1" 200 67503 "-" "Mozilla/5.0 AppleWebKit/537.36 (KHTML, like Gecko; compatible; Amazonbot/0.1; +https://developer.amazon.com/support/amazonbot) Chrome/119.0.6045.214 Safari/537.36"
34.234.197.175 - - [17/Jun/2025:04:39:45 +0800] "GET /?path=/home/zuuttrav/public_html/.wp-cli HTTP/1.1" 200 86302 "-" "Mozilla/5.0 AppleWebKit/537.36 (KHTML, like Gecko; compatible; Amazonbot/0.1; +https://developer.amazon.com/support/amazonbot) Chrome/119.0.6045.214 Safari/537.36"
18.211.39.188 - - [17/Jun/2025:04:39:52 +0800] "GET /services/topic/8?action=edit&file=vivo.php&path=/home/zuuttrav/public_html HTTP/1.1" 200 92623 "-" "Mozilla/5.0 AppleWebKit/537.36 (KHTML, like Gecko; compatible; Amazonbot/0.1; +https://developer.amazon.com/support/amazonbot) Chrome/119.0.6045.214 Safari/537.36"
100.29.63.24 - - [17/Jun/2025:04:39:54 +0800] "GET /services/topic/8?action=edit&file=.ftpquota&path=/home/zuuttrav/public_html HTTP/1.1" 200 80797 "-" "Mozilla/5.0 AppleWebKit/537.36 (KHTML, like Gecko; compatible; Amazonbot/0.1; +https://developer.amazon.com/support/amazonbot) Chrome/119.0.6045.214 Safari/537.36"
52.201.155.215 - - [17/Jun/2025:04:39:56 +0800] "GET /blog/topic/75?action=edit&file=mix-manifest.json&path=/home/zuuttrav/public_html HTTP/1.1" 200 59834 "-" "Mozilla/5.0 AppleWebKit/537.36 (KHTML, like Gecko; compatible; Amazonbot/0.1; +https://developer.amazon.com/support/amazonbot) Chrome/119.0.6045.214 Safari/537.36"
114.119.140.87 - - [17/Jun/2025:04:42:29 +0800] "GET /services/topic/111?path=//root HTTP/1.1" 200 65313 "https://zuuttravel.com/services/topic/111?path=/" "Mozilla/5.0 (Linux; Android 7.0;) AppleWebKit/537.36 (KHTML, like Gecko) Mobile Safari/537.36 (compatible; PetalBot;+https://webmaster.petalsearch.com/site/petalbot)"
114.119.140.87 - - [17/Jun/2025:04:44:23 +0800] "GET /services/topic/111?action=edit&file=tmp_ecbb309683a342548abfad14c89be76e.php&path=/home/zuuttrav/public_html/uploads/media HTTP/1.1" 200 85258 "https://zuuttravel.com/services/topic/111?path=/home/zuuttrav/public_html/uploads/media" "Mozilla/5.0 (Linux; Android 7.0;) AppleWebKit/537.36 (KHTML, like Gecko) Mobile Safari/537.36 (compatible; PetalBot;+https://webmaster.petalsearch.com/site/petalbot)"
114.119.158.203 - - [17/Jun/2025:04:46:09 +0800] "GET /services/topic/111?action=edit&file=tmp_c35d04e034ca1adc3d01bf29575a7693.php&path=/home/zuuttrav/public_html/uploads/media HTTP/1.1" 200 85274 "https://zuuttravel.com/services/topic/111?path=/home/zuuttrav/public_html/uploads/media" "Mozilla/5.0 (Linux; Android 7.0;) AppleWebKit/537.36 (KHTML, like Gecko) Mobile Safari/537.36 (compatible; PetalBot;+https://webmaster.petalsearch.com/site/petalbot)"
114.119.151.81 - - [17/Jun/2025:04:48:09 +0800] "GET /services/topic/111?action=edit&file=tmp_88b701eb00fada9a8694da2bc6510014.php&path=/home/zuuttrav/public_html/uploads/media HTTP/1.1" 200 85266 "https://zuuttravel.com/services/topic/111?action=edit&file=tmp_88b701eb00fada9a8694da2bc6510014.php&path=/home/zuuttrav/public_html/uploads/media" "Mozilla/5.0 (Linux; Android 7.0;) AppleWebKit/537.36 (KHTML, like Gecko) Mobile Safari/537.36 (compatible; PetalBot;+https://webmaster.petalsearch.com/site/petalbot)"
114.119.155.203 - - [17/Jun/2025:04:49:41 +0800] "GET /services/topic/111?action=edit&file=p15.png&path=/home/zuuttrav/public_html/uploads/pattern HTTP/1.1" 200 65716 "https://zuuttravel.com/services/topic/111?path=/home/zuuttrav/public_html/uploads/pattern" "Mozilla/5.0 (Linux; Android 7.0;) AppleWebKit/537.36 (KHTML, like Gecko) Mobile Safari/537.36 (compatible; PetalBot;+https://webmaster.petalsearch.com/site/petalbot)"
54.91.122.193 - - [17/Jun/2025:04:51:26 +0800] "GET /blog/topic/75?path=/home HTTP/1.1" 200 59506 "-" "Mozilla/5.0 AppleWebKit/537.36 (KHTML, like Gecko; compatible; Amazonbot/0.1; +https://developer.amazon.com/support/amazonbot) Chrome/119.0.6045.214 Safari/537.36"
114.119.151.107 - - [17/Jun/2025:04:51:32 +0800] "GET /services/topic/111?action=edit&file=index.html&path=/home/zuuttrav/public_html/uploads/media HTTP/1.1" 200 65397 "https://zuuttravel.com/services/topic/111?action=edit&file=index.html&path=/home/zuuttrav/public_html/uploads/media" "Mozilla/5.0 (Linux; Android 7.0;) AppleWebKit/537.36 (KHTML, like Gecko) Mobile Safari/537.36 (compatible; PetalBot;+https://webmaster.petalsearch.com/site/petalbot)"
52.54.15.103 - - [17/Jun/2025:04:51:37 +0800] "GET /welcome-to-mongolia?path=/ HTTP/1.1" 200 86379 "-" "Mozilla/5.0 AppleWebKit/537.36 (KHTML, like Gecko; compatible; Amazonbot/0.1; +https://developer.amazon.com/support/amazonbot) Chrome/119.0.6045.214 Safari/537.36"
52.2.58.41 - - [17/Jun/2025:04:51:40 +0800] "GET /blog/topic/79?path=/home/zuuttrav/public_html HTTP/1.1" 200 68441 "-" "Mozilla/5.0 AppleWebKit/537.36 (KHTML, like Gecko; compatible; Amazonbot/0.1; +https://developer.amazon.com/support/amazonbot) Chrome/119.0.6045.214 Safari/537.36"
23.23.103.31 - - [17/Jun/2025:04:51:45 +0800] "GET /blog/topic/75?path=/home/zuuttrav/public_html/123 HTTP/1.1" 200 60942 "-" "Mozilla/5.0 AppleWebKit/537.36 (KHTML, like Gecko; compatible; Amazonbot/0.1; +https://developer.amazon.com/support/amazonbot) Chrome/119.0.6045.214 Safari/537.36"
54.167.32.123 - - [17/Jun/2025:04:51:47 +0800] "GET /services/topic/100?action=edit&file=web.config&path=/home/zuuttrav/public_html HTTP/1.1" 403 71330 "-" "Mozilla/5.0 AppleWebKit/537.36 (KHTML, like Gecko; compatible; Amazonbot/0.1; +https://developer.amazon.com/support/amazonbot) Chrome/119.0.6045.214 Safari/537.36"
114.119.158.203 - - [17/Jun/2025:04:53:25 +0800] "GET /services/topic/111?action=edit&file=17091958785816.jpg&path=/home/zuuttrav/public_html/uploads/topics HTTP/1.1" 200 212808 "https://zuuttravel.com/services/topic/111?path=/home/zuuttrav/public_html/uploads/topics" "Mozilla/5.0 (Linux; Android 7.0;) AppleWebKit/537.36 (KHTML, like Gecko) Mobile Safari/537.36 (compatible; PetalBot;+https://webmaster.petalsearch.com/site/petalbot)"
114.119.157.103 - - [17/Jun/2025:04:55:25 +0800] "GET /services/topic/111?action=edit&file=17085812741150.jpg&path=/home/zuuttrav/public_html/uploads/topics HTTP/1.1" 200 343880 "https://zuuttravel.com/services/topic/111?path=/home/zuuttrav/public_html/uploads/topics" "Mozilla/5.0 (Linux; Android 7.0;) AppleWebKit/537.36 (KHTML, like Gecko) Mobile Safari/537.36 (compatible; PetalBot;+https://webmaster.petalsearch.com/site/petalbot)"
65.108.128.16 - - [17/Jun/2025:04:56:43 +0800] "GET /robots.txt HTTP/1.1" 200 1112 "-" "Mozilla/5.0 (compatible; MJ12bot/v1.4.8; http://mj12bot.com/)"
65.108.128.16 - - [17/Jun/2025:04:56:51 +0800] "GET /search-tour-sidebar?action=edit&file=libGraphicsMagick-Q16.so.3&path=//lib64 HTTP/1.1" 200 2722850 "-" "Mozilla/5.0 (compatible; MJ12bot/v1.4.8; http://mj12bot.com/)"
114.119.158.203 - - [17/Jun/2025:04:56:52 +0800] "GET /services/topic/111?action=edit&file=17085682254038.jpeg&path=/home/zuuttrav/public_html/uploads/topics HTTP/1.1" 200 88826 "https://zuuttravel.com/services/topic/111?path=/home/zuuttrav/public_html/uploads/topics" "Mozilla/5.0 (Linux; Android 7.0;) AppleWebKit/537.36 (KHTML, like Gecko) Mobile Safari/537.36 (compatible; PetalBot;+https://webmaster.petalsearch.com/site/petalbot)"
65.108.128.16 - - [17/Jun/2025:04:56:54 +0800] "GET /search-tour-sidebar?action=edit&file=libisccc.so&path=//lib64 HTTP/1.1" 200 66253 "-" "Mozilla/5.0 (compatible; MJ12bot/v1.4.8; http://mj12bot.com/)"
65.108.128.16 - - [17/Jun/2025:04:57:01 +0800] "GET /search-tour-sidebar?action=edit&file=libnettle.so.6&path=//lib64 HTTP/1.1" 200 374884 "-" "Mozilla/5.0 (compatible; MJ12bot/v1.4.8; http://mj12bot.com/)"
65.108.128.16 - - [17/Jun/2025:04:57:09 +0800] "GET /search-tour-sidebar?action=edit&file=libodbcdrvcfg1S.so.2.0.0&path=//lib64 HTTP/1.1" 200 11555 "-" "Mozilla/5.0 (compatible; MJ12bot/v1.4.8; http://mj12bot.com/)"
114.119.155.203 - - [17/Jun/2025:04:58:58 +0800] "GET /services/topic/111?action=edit&file=17084992473929.jpg&path=/home/zuuttrav/public_html/uploads/topics HTTP/1.1" 200 360264 "https://zuuttravel.com/services/topic/111?path=/home/zuuttrav/public_html/uploads/topics" "Mozilla/5.0 (Linux; Android 7.0;) AppleWebKit/537.36 (KHTML, like Gecko) Mobile Safari/537.36 (compatible; PetalBot;+https://webmaster.petalsearch.com/site/petalbot)"
104.210.140.136 - - [17/Jun/2025:04:59:41 +0800] "GET /robots.txt HTTP/1.1" 200 1112 "-" "Mozilla/5.0 (Macintosh; Intel Mac OS X 10_15_7) AppleWebKit/537.36 (KHTML, like Gecko) Chrome/131.0.0.0 Safari/537.36; compatible; OAI-SearchBot/1.0; +https://openai.com/searchbot"
65.108.128.16 - - [17/Jun/2025:05:01:05 +0800] "GET /search-tour-sidebar?action=edit&file=libodbcdrvcfg2S.so.2.0.0&path=//lib64 HTTP/1.1" 200 11282 "-" "Mozilla/5.0 (compatible; MJ12bot/v1.4.8; http://mj12bot.com/)"
65.108.128.16 - - [17/Jun/2025:05:01:07 +0800] "GET /search-tour-sidebar?action=edit&file=libodbcinst.so&path=//lib64 HTTP/1.1" 200 170443 "-" "Mozilla/5.0 (compatible; MJ12bot/v1.4.8; http://mj12bot.com/)"
65.108.128.16 - - [17/Jun/2025:05:01:10 +0800] "GET /search-tour-sidebar?action=edit&file=libodbcinst.so.2&path=//lib64 HTTP/1.1" 200 170445 "-" "Mozilla/5.0 (compatible; MJ12bot/v1.4.8; http://mj12bot.com/)"
65.108.128.16 - - [17/Jun/2025:05:01:13 +0800] "GET /search-tour-sidebar?action=edit&file=libodbcinst.so.2.0.0&path=//lib64 HTTP/1.1" 200 170448 "-" "Mozilla/5.0 (compatible; MJ12bot/v1.4.8; http://mj12bot.com/)"
65.108.128.16 - - [17/Jun/2025:05:01:15 +0800] "GET /search-tour-sidebar?action=edit&file=libodbcminiS.so.2&path=//lib64 HTTP/1.1" 200 11604 "-" "Mozilla/5.0 (compatible; MJ12bot/v1.4.8; http://mj12bot.com/)"
65.108.128.16 - - [17/Jun/2025:05:01:18 +0800] "GET /search-tour-sidebar?action=edit&file=libodbcminiS.so.2.0.0&path=//lib64 HTTP/1.1" 200 11608 "-" "Mozilla/5.0 (compatible; MJ12bot/v1.4.8; http://mj12bot.com/)"
65.108.128.16 - - [17/Jun/2025:05:01:20 +0800] "GET /search-tour-sidebar?action=edit&file=libodbcmyS.so&path=//lib64 HTTP/1.1" 200 16074 "-" "Mozilla/5.0 (compatible; MJ12bot/v1.4.8; http://mj12bot.com/)"
65.108.128.16 - - [17/Jun/2025:05:01:23 +0800] "GET /search-tour-sidebar?action=edit&file=libodbcpsqlS.so.2&path=//lib64 HTTP/1.1" 200 16525 "-" "Mozilla/5.0 (compatible; MJ12bot/v1.4.8; http://mj12bot.com/)"
65.108.128.16 - - [17/Jun/2025:05:01:30 +0800] "GET /search-tour-sidebar?action=edit&file=libodbctxtS.so.2&path=//lib64 HTTP/1.1" 200 11832 "-" "Mozilla/5.0 (compatible; MJ12bot/v1.4.8; http://mj12bot.com/)"
65.108.128.16 - - [17/Jun/2025:05:01:38 +0800] "GET /search-tour-sidebar?action=edit&file=libodbctxtS.so.2.0.0&path=//lib64 HTTP/1.1" 200 11836 "-" "Mozilla/5.0 (compatible; MJ12bot/v1.4.8; http://mj12bot.com/)"
65.108.128.16 - - [17/Jun/2025:05:01:45 +0800] "GET /search-tour-sidebar?action=edit&file=libomapi.so.0.0.0&path=//lib64 HTTP/1.1" 200 202307 "-" "Mozilla/5.0 (compatible; MJ12bot/v1.4.8; http://mj12bot.com/)"
114.119.155.203 - - [17/Jun/2025:05:01:51 +0800] "GET /services/topic/111?action=edit&file=17084931005262.jpg&path=/home/zuuttrav/public_html/uploads/topics HTTP/1.1" 200 270743 "https://zuuttravel.com/services/topic/111?path=/home/zuuttrav/public_html/uploads/topics" "Mozilla/5.0 (Linux; Android 7.0;) AppleWebKit/537.36 (KHTML, like Gecko) Mobile Safari/537.36 (compatible; PetalBot;+https://webmaster.petalsearch.com/site/petalbot)"
65.108.128.16 - - [17/Jun/2025:05:01:54 +0800] "GET /search-tour-sidebar?action=edit&file=libonig.so.5&path=//lib64 HTTP/1.1" 200 815138 "-" "Mozilla/5.0 (compatible; MJ12bot/v1.4.8; http://mj12bot.com/)"
65.108.128.16 - - [17/Jun/2025:05:01:58 +0800] "GET /search-tour-sidebar?action=edit&file=libonig.so.5.0.0&path=//lib64 HTTP/1.1" 200 815143 "-" "Mozilla/5.0 (compatible; MJ12bot/v1.4.8; http://mj12bot.com/)"
65.108.128.16 - - [17/Jun/2025:05:02:08 +0800] "GET /search-tour-sidebar?action=edit&file=libopcodes-2.30-125.el8_10.so&path=//lib64 HTTP/1.1" 200 1146696 "-" "Mozilla/5.0 (compatible; MJ12bot/v1.4.8; http://mj12bot.com/)"
65.108.128.16 - - [17/Jun/2025:05:02:12 +0800] "GET /search-tour-sidebar?action=edit&file=libopenjp2.so.2.4.0&path=//lib64 HTTP/1.1" 200 574826 "-" "Mozilla/5.0 (compatible; MJ12bot/v1.4.8; http://mj12bot.com/)"
65.108.128.16 - - [17/Jun/2025:05:02:20 +0800] "GET /search-tour-sidebar?action=edit&file=libopenjp2.so.7&path=//lib64 HTTP/1.1" 200 574830 "-" "Mozilla/5.0 (compatible; MJ12bot/v1.4.8; http://mj12bot.com/)"
65.108.128.16 - - [17/Jun/2025:05:02:24 +0800] "GET /search-tour-sidebar?action=edit&file=libopenslide.so.0&path=//lib64 HTTP/1.1" 200 317659 "-" "Mozilla/5.0 (compatible; MJ12bot/v1.4.8; http://mj12bot.com/)"
65.108.128.16 - - [17/Jun/2025:05:02:27 +0800] "GET /search-tour-sidebar?action=edit&file=libopenslide.so.0.4.1&path=//lib64 HTTP/1.1" 200 317663 "-" "Mozilla/5.0 (compatible; MJ12bot/v1.4.8; http://mj12bot.com/)"
65.108.128.16 - - [17/Jun/2025:05:02:30 +0800] "GET /search-tour-sidebar?action=edit&file=liboplodbcS.so.2&path=//lib64 HTTP/1.1" 200 16849 "-" "Mozilla/5.0 (compatible; MJ12bot/v1.4.8; http://mj12bot.com/)"
65.108.128.16 - - [17/Jun/2025:05:02:37 +0800] "GET /search-tour-sidebar?action=edit&file=liborc-test-0.4.so.0&path=//lib64 HTTP/1.1" 200 47145 "-" "Mozilla/5.0 (compatible; MJ12bot/v1.4.8; http://mj12bot.com/)"
65.108.128.16 - - [17/Jun/2025:05:02:40 +0800] "GET /search-tour-sidebar?action=edit&file=liborc-test-0.4.so.0.28.0&path=//lib64 HTTP/1.1" 200 47149 "-" "Mozilla/5.0 (compatible; MJ12bot/v1.4.8; http://mj12bot.com/)"
65.108.128.16 - - [17/Jun/2025:05:02:49 +0800] "GET /search-tour-sidebar?action=edit&file=libp11-kit.so.0&path=//lib64 HTTP/1.1" 200 1179464 "-" "Mozilla/5.0 (compatible; MJ12bot/v1.4.8; http://mj12bot.com/)"
65.108.128.16 - - [17/Jun/2025:05:02:54 +0800] "GET /search-tour-sidebar?action=edit&file=libp11-kit.so.0.3.0&path=//lib64 HTTP/1.1" 200 1277768 "-" "Mozilla/5.0 (compatible; MJ12bot/v1.4.8; http://mj12bot.com/)"
65.108.128.16 - - [17/Jun/2025:05:02:56 +0800] "GET /search-tour-sidebar?action=edit&file=libp11.so.3&path=//lib64 HTTP/1.1" 200 106221 "-" "Mozilla/5.0 (compatible; MJ12bot/v1.4.8; http://mj12bot.com/)"
65.108.128.16 - - [17/Jun/2025:05:03:04 +0800] "GET /search-tour-sidebar?action=edit&file=libp11.so.3.4.2&path=//lib64 HTTP/1.1" 200 106217 "-" "Mozilla/5.0 (compatible; MJ12bot/v1.4.8; http://mj12bot.com/)"
65.108.128.16 - - [17/Jun/2025:05:03:06 +0800] "GET /search-tour-sidebar?action=edit&file=libpam.so&path=//lib64 HTTP/1.1" 200 97919 "-" "Mozilla/5.0 (compatible; MJ12bot/v1.4.8; http://mj12bot.com/)"
65.108.128.16 - - [17/Jun/2025:05:03:09 +0800] "GET /search-tour-sidebar?action=edit&file=libpam.so.0&path=//lib64 HTTP/1.1" 200 97913 "-" "Mozilla/5.0 (compatible; MJ12bot/v1.4.8; http://mj12bot.com/)"
65.108.128.16 - - [17/Jun/2025:05:03:11 +0800] "GET /search-tour-sidebar?action=edit&file=libpam.so.0.84.2&path=//lib64 HTTP/1.1" 200 97933 "-" "Mozilla/5.0 (compatible; MJ12bot/v1.4.8; http://mj12bot.com/)"
65.108.128.16 - - [17/Jun/2025:05:03:14 +0800] "GET /search-tour-sidebar?action=edit&file=libpam_misc.so&path=//lib64 HTTP/1.1" 200 23171 "-" "Mozilla/5.0 (compatible; MJ12bot/v1.4.8; http://mj12bot.com/)"
65.108.128.16 - - [17/Jun/2025:05:03:22 +0800] "GET /search-tour-sidebar?action=edit&file=libpam_misc.so.0&path=//lib64 HTTP/1.1" 200 23173 "-" "Mozilla/5.0 (compatible; MJ12bot/v1.4.8; http://mj12bot.com/)"
65.108.128.16 - - [17/Jun/2025:05:03:24 +0800] "GET /search-tour-sidebar?action=edit&file=libpam_misc.so.0.82.1&path=//lib64 HTTP/1.1" 200 23178 "-" "Mozilla/5.0 (compatible; MJ12bot/v1.4.8; http://mj12bot.com/)"
65.108.128.16 - - [17/Jun/2025:05:03:32 +0800] "GET /search-tour-sidebar?action=edit&file=libpamc.so&path=//lib64 HTTP/1.1" 200 23810 "-" "Mozilla/5.0 (compatible; MJ12bot/v1.4.8; http://mj12bot.com/)"
65.108.128.16 - - [17/Jun/2025:05:03:39 +0800] "GET /search-tour-sidebar?action=edit&file=libpamc.so.0&path=//lib64 HTTP/1.1" 200 23812 "-" "Mozilla/5.0 (compatible; MJ12bot/v1.4.8; http://mj12bot.com/)"
65.108.128.16 - - [17/Jun/2025:05:03:41 +0800] "GET /search-tour-sidebar?action=edit&file=libpanel.so&path=//lib64 HTTP/1.1" 200 24370 "-" "Mozilla/5.0 (compatible; MJ12bot/v1.4.8; http://mj12bot.com/)"
65.108.128.16 - - [17/Jun/2025:05:03:49 +0800] "GET /search-tour-sidebar?action=edit&file=libpanel.so.5&path=//lib64 HTTP/1.1" 200 24310 "-" "Mozilla/5.0 (compatible; MJ12bot/v1.4.8; http://mj12bot.com/)"
65.108.128.16 - - [17/Jun/2025:05:03:56 +0800] "GET /search-tour-sidebar?action=edit&file=libpanel.so.5.9&path=//lib64 HTTP/1.1" 200 24320 "-" "Mozilla/5.0 (compatible; MJ12bot/v1.4.8; http://mj12bot.com/)"
65.108.128.16 - - [17/Jun/2025:05:04:04 +0800] "GET /search-tour-sidebar?action=edit&file=libpanel.so.6&path=//lib64 HTTP/1.1" 200 24372 "-" "Mozilla/5.0 (compatible; MJ12bot/v1.4.8; http://mj12bot.com/)"
65.108.128.16 - - [17/Jun/2025:05:04:11 +0800] "GET /search-tour-sidebar?action=edit&file=libpanel.so.6.1&path=//lib64 HTTP/1.1" 200 24382 "-" "Mozilla/5.0 (compatible; MJ12bot/v1.4.8; http://mj12bot.com/)"
114.119.140.87 - - [17/Jun/2025:05:04:13 +0800] "GET /services/topic/111?action=edit&file=17084868822175.jpg&path=/home/zuuttrav/public_html/uploads/topics HTTP/1.1" 200 474952 "https://zuuttravel.com/services/topic/111?path=/home/zuuttrav/public_html/uploads/topics" "Mozilla/5.0 (Linux; Android 7.0;) AppleWebKit/537.36 (KHTML, like Gecko) Mobile Safari/537.36 (compatible; PetalBot;+https://webmaster.petalsearch.com/site/petalbot)"
65.108.128.16 - - [17/Jun/2025:05:04:14 +0800] "GET /search-tour-sidebar?action=edit&file=libpanelw.so&path=//lib64 HTTP/1.1" 200 24342 "-" "Mozilla/5.0 (compatible; MJ12bot/v1.4.8; http://mj12bot.com/)"
65.108.128.16 - - [17/Jun/2025:05:04:16 +0800] "GET /search-tour-sidebar?action=edit&file=libpanelw.so.5&path=//lib64 HTTP/1.1" 200 24359 "-" "Mozilla/5.0 (compatible; MJ12bot/v1.4.8; http://mj12bot.com/)"
65.108.128.16 - - [17/Jun/2025:05:04:24 +0800] "GET /search-tour-sidebar?action=edit&file=libpanelw.so.5.9&path=//lib64 HTTP/1.1" 200 24361 "-" "Mozilla/5.0 (compatible; MJ12bot/v1.4.8; http://mj12bot.com/)"
65.108.128.16 - - [17/Jun/2025:05:04:26 +0800] "GET /search-tour-sidebar?action=edit&file=libpanelw.so.6&path=//lib64 HTTP/1.1" 200 24344 "-" "Mozilla/5.0 (compatible; MJ12bot/v1.4.8; http://mj12bot.com/)"
65.108.128.16 - - [17/Jun/2025:05:04:33 +0800] "GET /search-tour-sidebar?action=edit&file=libpanelw.so.6.1&path=//lib64 HTTP/1.1" 200 24338 "-" "Mozilla/5.0 (compatible; MJ12bot/v1.4.8; http://mj12bot.com/)"
65.108.128.16 - - [17/Jun/2025:05:04:41 +0800] "GET /search-tour-sidebar?action=edit&file=libpango-1.0.so.0&path=//lib64 HTTP/1.1" 200 430877 "-" "Mozilla/5.0 (compatible; MJ12bot/v1.4.8; http://mj12bot.com/)"
65.108.128.16 - - [17/Jun/2025:05:04:50 +0800] "GET /search-tour-sidebar?action=edit&file=libpango-1.0.so.0.4200.3&path=//lib64 HTTP/1.1" 200 430893 "-" "Mozilla/5.0 (compatible; MJ12bot/v1.4.8; http://mj12bot.com/)"
65.108.128.16 - - [17/Jun/2025:05:04:53 +0800] "GET /search-tour-sidebar?action=edit&file=libpangocairo-1.0.so.0&path=//lib64 HTTP/1.1" 200 87418 "-" "Mozilla/5.0 (compatible; MJ12bot/v1.4.8; http://mj12bot.com/)"
65.108.128.16 - - [17/Jun/2025:05:04:56 +0800] "GET /search-tour-sidebar?action=edit&file=libpangocairo-1.0.so.0.4200.3&path=//lib64 HTTP/1.1" 200 87417 "-" "Mozilla/5.0 (compatible; MJ12bot/v1.4.8; http://mj12bot.com/)"
65.108.128.16 - - [17/Jun/2025:05:04:59 +0800] "GET /search-tour-sidebar?action=edit&file=libpangoft2-1.0.so.0&path=//lib64 HTTP/1.1" 200 138011 "-" "Mozilla/5.0 (compatible; MJ12bot/v1.4.8; http://mj12bot.com/)"
65.108.128.16 - - [17/Jun/2025:05:05:02 +0800] "GET /search-tour-sidebar?action=edit&file=libpangoft2-1.0.so.0.4200.3&path=//lib64 HTTP/1.1" 200 138018 "-" "Mozilla/5.0 (compatible; MJ12bot/v1.4.8; http://mj12bot.com/)"
65.108.128.16 - - [17/Jun/2025:05:05:04 +0800] "GET /search-tour-sidebar?action=edit&file=libpangoxft-1.0.so.0&path=//lib64 HTTP/1.1" 200 58049 "-" "Mozilla/5.0 (compatible; MJ12bot/v1.4.8; http://mj12bot.com/)"
65.108.128.16 - - [17/Jun/2025:05:05:12 +0800] "GET /search-tour-sidebar?action=edit&file=libpangoxft-1.0.so.0.4200.3&path=//lib64 HTTP/1.1" 200 58057 "-" "Mozilla/5.0 (compatible; MJ12bot/v1.4.8; http://mj12bot.com/)"
65.108.128.16 - - [17/Jun/2025:05:05:19 +0800] "GET /search-tour-sidebar?action=edit&file=libpaper.so.1&path=//lib64 HTTP/1.1" 200 24762 "-" "Mozilla/5.0 (compatible; MJ12bot/v1.4.8; http://mj12bot.com/)"
65.108.128.16 - - [17/Jun/2025:05:05:22 +0800] "GET /search-tour-sidebar?action=edit&file=libpaper.so.1.1.2&path=//lib64 HTTP/1.1" 200 24766 "-" "Mozilla/5.0 (compatible; MJ12bot/v1.4.8; http://mj12bot.com/)"
65.108.128.16 - - [17/Jun/2025:05:05:24 +0800] "GET /search-tour-sidebar?action=edit&file=libparted-fs-resize.so.0&path=//lib64 HTTP/1.1" 200 155739 "-" "Mozilla/5.0 (compatible; MJ12bot/v1.4.8; http://mj12bot.com/)"
65.108.128.16 - - [17/Jun/2025:05:05:27 +0800] "GET /search-tour-sidebar?action=edit&file=libparted-fs-resize.so.0.0.1&path=//lib64 HTTP/1.1" 200 155758 "-" "Mozilla/5.0 (compatible; MJ12bot/v1.4.8; http://mj12bot.com/)"
65.108.128.16 - - [17/Jun/2025:05:05:32 +0800] "GET /search-tour-sidebar?action=edit&file=libparted.so.2&path=//lib64 HTTP/1.1" 200 500476 "-" "Mozilla/5.0 (compatible; MJ12bot/v1.4.8; http://mj12bot.com/)"
65.108.128.16 - - [17/Jun/2025:05:05:41 +0800] "GET /search-tour-sidebar?action=edit&file=libparted.so.2.0.1&path=//lib64 HTTP/1.1" 200 500481 "-" "Mozilla/5.0 (compatible; MJ12bot/v1.4.8; http://mj12bot.com/)"
114.119.140.87 - - [17/Jun/2025:05:05:43 +0800] "GET /services/topic/111?action=edit&file=17084858799094.jpg&path=/home/zuuttrav/public_html/uploads/topics HTTP/1.1" 200 3943249 "https://zuuttravel.com/services/topic/111?path=/home/zuuttrav/public_html/uploads/topics" "Mozilla/5.0 (Linux; Android 7.0;) AppleWebKit/537.36 (KHTML, like Gecko) Mobile Safari/537.36 (compatible; PetalBot;+https://webmaster.petalsearch.com/site/petalbot)"
65.108.128.16 - - [17/Jun/2025:05:05:43 +0800] "GET /search-tour-sidebar?action=edit&file=libpath_utils.so.1&path=//lib64 HTTP/1.1" 200 23957 "-" "Mozilla/5.0 (compatible; MJ12bot/v1.4.8; http://mj12bot.com/)"
65.108.128.16 - - [17/Jun/2025:05:05:46 +0800] "GET /search-tour-sidebar?action=edit&file=libpath_utils.so.1.0.1&path=//lib64 HTTP/1.1" 200 23969 "-" "Mozilla/5.0 (compatible; MJ12bot/v1.4.8; http://mj12bot.com/)"
65.108.128.16 - - [17/Jun/2025:05:05:53 +0800] "GET /search-tour-sidebar?action=edit&file=libpathplan.so.4&path=//lib64 HTTP/1.1" 200 56599 "-" "Mozilla/5.0 (compatible; MJ12bot/v1.4.8; http://mj12bot.com/)"
65.108.128.16 - - [17/Jun/2025:05:05:56 +0800] "GET /search-tour-sidebar?action=edit&file=libpathplan.so.4.0.0&path=//lib64 HTTP/1.1" 200 56603 "-" "Mozilla/5.0 (compatible; MJ12bot/v1.4.8; http://mj12bot.com/)"
65.108.128.16 - - [17/Jun/2025:05:06:04 +0800] "GET /search-tour-sidebar?action=edit&file=libpcap.so.1&path=//lib64 HTTP/1.1" 200 481191 "-" "Mozilla/5.0 (compatible; MJ12bot/v1.4.8; http://mj12bot.com/)"
65.108.128.16 - - [17/Jun/2025:05:06:13 +0800] "GET /search-tour-sidebar?action=edit&file=libpcap.so.1.9.1&path=//lib64 HTTP/1.1" 200 481193 "-" "Mozilla/5.0 (compatible; MJ12bot/v1.4.8; http://mj12bot.com/)"
65.108.128.16 - - [17/Jun/2025:05:06:16 +0800] "GET /search-tour-sidebar?action=edit&file=libpci.so.3&path=//lib64 HTTP/1.1" 200 89035 "-" "Mozilla/5.0 (compatible; MJ12bot/v1.4.8; http://mj12bot.com/)"
65.108.128.16 - - [17/Jun/2025:05:06:18 +0800] "GET /search-tour-sidebar?action=edit&file=libpci.so.3.7.0&path=//lib64 HTTP/1.1" 200 89031 "-" "Mozilla/5.0 (compatible; MJ12bot/v1.4.8; http://mj12bot.com/)"
65.108.128.16 - - [17/Jun/2025:05:06:21 +0800] "GET /search-tour-sidebar?action=edit&file=libpciaccess.so.0&path=//lib64 HTTP/1.1" 200 65151 "-" "Mozilla/5.0 (compatible; MJ12bot/v1.4.8; http://mj12bot.com/)"
65.108.128.16 - - [17/Jun/2025:05:06:24 +0800] "GET /search-tour-sidebar?action=edit&file=libpciaccess.so.0.11.1&path=//lib64 HTTP/1.1" 200 65156 "-" "Mozilla/5.0 (compatible; MJ12bot/v1.4.8; http://mj12bot.com/)"
65.108.128.16 - - [17/Jun/2025:05:06:31 +0800] "GET /search-tour-sidebar?action=edit&file=libpcprofile.so&path=//lib64 HTTP/1.1" 200 11781 "-" "Mozilla/5.0 (compatible; MJ12bot/v1.4.8; http://mj12bot.com/)"
65.108.128.16 - - [17/Jun/2025:05:06:36 +0800] "GET /search-tour-sidebar?action=edit&file=libpcre.so&path=//lib64 HTTP/1.1" 200 775358 "-" "Mozilla/5.0 (compatible; MJ12bot/v1.4.8; http://mj12bot.com/)"
65.108.128.16 - - [17/Jun/2025:05:06:41 +0800] "GET /search-tour-sidebar?action=edit&file=libpcre.so.1&path=//lib64 HTTP/1.1" 200 775345 "-" "Mozilla/5.0 (compatible; MJ12bot/v1.4.8; http://mj12bot.com/)"
65.108.128.16 - - [17/Jun/2025:05:06:45 +0800] "GET /search-tour-sidebar?action=edit&file=libpcre.so.1.2.10&path=//lib64 HTTP/1.1" 200 775366 "-" "Mozilla/5.0 (compatible; MJ12bot/v1.4.8; http://mj12bot.com/)"
65.108.128.16 - - [17/Jun/2025:05:06:54 +0800] "GET /search-tour-sidebar?action=edit&file=libpcre16.so&path=//lib64 HTTP/1.1" 200 701290 "-" "Mozilla/5.0 (compatible; MJ12bot/v1.4.8; http://mj12bot.com/)"
65.108.128.16 - - [17/Jun/2025:05:07:03 +0800] "GET /search-tour-sidebar?action=edit&file=libpcre16.so.0&path=//lib64 HTTP/1.1" 200 701307 "-" "Mozilla/5.0 (compatible; MJ12bot/v1.4.8; http://mj12bot.com/)"
65.108.128.16 - - [17/Jun/2025:05:07:12 +0800] "GET /search-tour-sidebar?action=edit&file=libpcre16.so.0.2.10&path=//lib64 HTTP/1.1" 200 701320 "-" "Mozilla/5.0 (compatible; MJ12bot/v1.4.8; http://mj12bot.com/)"
65.108.128.16 - - [17/Jun/2025:05:07:22 +0800] "GET /search-tour-sidebar?action=edit&file=libpcre2-16.so&path=//lib64 HTTP/1.1" 200 800431 "-" "Mozilla/5.0 (compatible; MJ12bot/v1.4.8; http://mj12bot.com/)"
65.108.128.16 - - [17/Jun/2025:05:07:27 +0800] "GET /search-tour-sidebar?action=edit&file=libpcre2-16.so.0&path=//lib64 HTTP/1.1" 200 800447 "-" "Mozilla/5.0 (compatible; MJ12bot/v1.4.8; http://mj12bot.com/)"
65.108.128.16 - - [17/Jun/2025:05:07:37 +0800] "GET /search-tour-sidebar?action=edit&file=libpcre2-16.so.0.7.1&path=//lib64 HTTP/1.1" 200 800443 "-" "Mozilla/5.0 (compatible; MJ12bot/v1.4.8; http://mj12bot.com/)"
65.108.128.16 - - [17/Jun/2025:05:07:41 +0800] "GET /search-tour-sidebar?action=edit&file=libpcre2-32.so&path=//lib64 HTTP/1.1" 200 772020 "-" "Mozilla/5.0 (compatible; MJ12bot/v1.4.8; http://mj12bot.com/)"
114.119.157.103 - - [17/Jun/2025:05:07:41 +0800] "GET /services/topic/111?action=edit&file=17078969984643.jpg&path=/home/zuuttrav/public_html/uploads/topics HTTP/1.1" 200 376648 "https://zuuttravel.com/services/topic/111?path=/home/zuuttrav/public_html/uploads/topics" "Mozilla/5.0 (Linux; Android 7.0;) AppleWebKit/537.36 (KHTML, like Gecko) Mobile Safari/537.36 (compatible; PetalBot;+https://webmaster.petalsearch.com/site/petalbot)"
65.108.128.16 - - [17/Jun/2025:05:07:50 +0800] "GET /search-tour-sidebar?action=edit&file=libpcre2-32.so.0&path=//lib64 HTTP/1.1" 200 772023 "-" "Mozilla/5.0 (compatible; MJ12bot/v1.4.8; http://mj12bot.com/)"
173.252.95.16 - - [17/Jun/2025:05:08:53 +0800] "GET /xailaar-manzuur-1 HTTP/1.1" 200 8002 "-" "facebookexternalhit/1.1 (+http://www.facebook.com/externalhit_uatext.php)"
114.119.151.107 - - [17/Jun/2025:05:09:05 +0800] "GET /services/topic/111?action=edit&file=16986538265680.jpg&path=/home/zuuttrav/public_html/uploads/topics HTTP/1.1" 200 86146 "https://zuuttravel.com/services/topic/111?path=/home/zuuttrav/public_html/uploads/topics" "Mozilla/5.0 (Linux; Android 7.0;) AppleWebKit/537.36 (KHTML, like Gecko) Mobile Safari/537.36 (compatible; PetalBot;+https://webmaster.petalsearch.com/site/petalbot)"
173.252.87.17 - - [17/Jun/2025:05:10:16 +0800] "GET /xailaar-manzuur-1?fbclid=IwZXh0bgNhZW0CMTEAAR419SwMCXOfZDpalfOiD40AGCPmlqLRgohwavF-ZP5WEenmCAa5yhvVGPQs7A_aem_S5IraHjKgD2t-KPJ3SWcDw HTTP/1.1" 200 8002 "-" "Mozilla/5.0 (Windows NT 10.0; Win64; x64) AppleWebKit/537.36 (KHTML, like Gecko) Chrome/137.0.0.0 Safari/537.36"
173.252.87.17 - - [17/Jun/2025:05:10:32 +0800] "GET /404 HTTP/1.1" 200 57478 "https://zuuttravel.com/xailaar-manzuur-1?fbclid=IwZXh0bgNhZW0CMTEAAR419SwMCXOfZDpalfOiD40AGCPmlqLRgohwavF-ZP5WEenmCAa5yhvVGPQs7A_aem_S5IraHjKgD2t-KPJ3SWcDw" "Mozilla/5.0 (Windows NT 10.0; Win64; x64) AppleWebKit/537.36 (KHTML, like Gecko) Chrome/137.0.0.0 Safari/537.36"
173.252.87.17 - - [17/Jun/2025:05:10:33 +0800] "GET /assets/frontend/css/style.css?v=10.0.2 HTTP/1.1" 200 54234 "https://zuuttravel.com/404" "Mozilla/5.0 (Windows NT 10.0; Win64; x64) AppleWebKit/537.36 (KHTML, like Gecko) Chrome/137.0.0.0 Safari/537.36"
173.252.87.17 - - [17/Jun/2025:05:10:33 +0800] "GET /assets/frontend/css/color.css?v=10.0.2 HTTP/1.1" 200 6586 "https://zuuttravel.com/404" "Mozilla/5.0 (Windows NT 10.0; Win64; x64) AppleWebKit/537.36 (KHTML, like Gecko) Chrome/137.0.0.0 Safari/537.36"
173.252.87.112 - - [17/Jun/2025:05:10:33 +0800] "GET /assets/frontend/css/bootstrap.min.css?v=10.0.2 HTTP/1.1" 200 121422 "https://zuuttravel.com/404" "Mozilla/5.0 (Windows NT 10.0; Win64; x64) AppleWebKit/537.36 (KHTML, like Gecko) Chrome/137.0.0.0 Safari/537.36"
173.252.87.17 - - [17/Jun/2025:05:10:33 +0800] "GET /assets/frontend/js/owl-carousel/assets/owl.carousel.min.css?v=10.0.2 HTTP/1.1" 200 2936 "https://zuuttravel.com/404" "Mozilla/5.0 (Windows NT 10.0; Win64; x64) AppleWebKit/537.36 (KHTML, like Gecko) Chrome/137.0.0.0 Safari/537.36"
173.252.87.21 - - [17/Jun/2025:05:10:33 +0800] "GET /assets/frontend/js/owl-carousel/assets/owl.theme.default.min.css?v=10.0.2 HTTP/1.1" 200 936 "https://zuuttravel.com/404" "Mozilla/5.0 (Windows NT 10.0; Win64; x64) AppleWebKit/537.36 (KHTML, like Gecko) Chrome/137.0.0.0 Safari/537.36"
173.252.87.17 - - [17/Jun/2025:05:10:33 +0800] "GET /assets/frontend/css/tabpage/bootstrap.vertical-tabs.css HTTP/1.1" 200 1951 "https://zuuttravel.com/404" "Mozilla/5.0 (Windows NT 10.0; Win64; x64) AppleWebKit/537.36 (KHTML, like Gecko) Chrome/137.0.0.0 Safari/537.36"
