20.171.207.161 - - [17/Jun/2025:22:43:16 +0800] "GET /sitepages/topic/2?path=%2F%2Fproc%2Fthread-self%2Froot%2Flib64%2Fpm-utils HTTP/1.1" 200 60040 "-" "Mozilla/5.0 AppleWebKit/537.36 (KHTML, like Gecko; compatible; GPTBot/1.2; +https://openai.com/gptbot)"
20.171.207.161 - - [17/Jun/2025:22:43:27 +0800] "GET /sitepages/topic/2?path=%2F%2Fproc%2Fthread-self%2Froot%2Flib64%2FNetworkManager HTTP/1.1" 200 59586 "-" "Mozilla/5.0 AppleWebKit/537.36 (KHTML, like Gecko; compatible; GPTBot/1.2; +https://openai.com/gptbot)"
20.171.207.161 - - [17/Jun/2025:22:43:34 +0800] "GET /sitepages/topic/2?action=edit&file=base64mime.cpython-36.opt-1.pyc&path=%2F%2Fproc%2Fthread-self%2Froot%2Flib64%2Fpython3.6%2Femail%2F__pycache__ HTTP/1.1" 200 62561 "-" "Mozilla/5.0 AppleWebKit/537.36 (KHTML, like Gecko; compatible; GPTBot/1.2; +https://openai.com/gptbot)"
20.171.207.161 - - [17/Jun/2025:22:43:36 +0800] "GET /sitepages/topic/2?action=edit&file=__main__.cpython-36.opt-1.pyc&path=%2F%2Fproc%2Fthread-self%2Froot%2Flib64%2Fpython3.6%2Fvenv%2F__pycache__ HTTP/1.1" 200 59488 "-" "Mozilla/5.0 AppleWebKit/537.36 (KHTML, like Gecko; compatible; GPTBot/1.2; +https://openai.com/gptbot)"
114.119.151.81 - - [17/Jun/2025:22:43:41 +0800] "GET /services/topic/111?path=/home/zuuttrav/public_html/core/vendor/composer HTTP/1.1" 200 70482 "https://zuuttravel.com/services/topic/111?path=/home/zuuttrav/public_html/core/vendor" "Mozilla/5.0 (Linux; Android 7.0;) AppleWebKit/537.36 (KHTML, like Gecko) Mobile Safari/537.36 (compatible; PetalBot;+https://webmaster.petalsearch.com/site/petalbot)"
20.171.207.161 - - [17/Jun/2025:22:43:48 +0800] "GET /sitepages/topic/2?action=edit&file=policy.cpython-39.opt-1.pyc&path=%2F%2Fproc%2Fthread-self%2Froot%2Flib64%2Fpython3.9%2Femail%2F__pycache__ HTTP/1.1" 200 69300 "-" "Mozilla/5.0 AppleWebKit/537.36 (KHTML, like Gecko; compatible; GPTBot/1.2; +https://openai.com/gptbot)"
20.171.207.119 - - [17/Jun/2025:22:43:54 +0800] "GET /?action=edit&file=mogrify&path=%2F%2Fopt%2Falt%2Falt-ImageMagick%2Fusr%2Fbin HTTP/1.1" 200 17661763 "-" "Mozilla/5.0 AppleWebKit/537.36 (KHTML, like Gecko; compatible; GPTBot/1.2; +https://openai.com/gptbot)"
20.171.207.161 - - [17/Jun/2025:22:43:55 +0800] "GET /sitepages/topic/2?action=edit&file=policy.cpython-39.opt-2.pyc&path=%2F%2Fproc%2Fthread-self%2Froot%2Flib64%2Fpython3.9%2Femail%2F__pycache__ HTTP/1.1" 200 62976 "-" "Mozilla/5.0 AppleWebKit/537.36 (KHTML, like Gecko; compatible; GPTBot/1.2; +https://openai.com/gptbot)"
20.171.207.161 - - [17/Jun/2025:22:44:03 +0800] "GET /sitepages/topic/2?action=edit&file=base64mime.cpython-39.opt-1.pyc&path=%2F%2Fproc%2Fthread-self%2Froot%2Flib64%2Fpython3.9%2Femail%2F__pycache__ HTTP/1.1" 200 62595 "-" "Mozilla/5.0 AppleWebKit/537.36 (KHTML, like Gecko; compatible; GPTBot/1.2; +https://openai.com/gptbot)"
20.171.207.119 - - [17/Jun/2025:22:44:05 +0800] "GET /?action=edit&file=conjure&path=%2F%2Fopt%2Falt%2Falt-ImageMagick%2Fusr%2Fbin HTTP/1.1" 200 23057683 "-" "Mozilla/5.0 AppleWebKit/537.36 (KHTML, like Gecko; compatible; GPTBot/1.2; +https://openai.com/gptbot)"
20.171.207.161 - - [17/Jun/2025:22:44:10 +0800] "GET /sitepages/topic/2?action=edit&file=base64mime.cpython-39.opt-2.pyc&path=%2F%2Fproc%2Fthread-self%2Froot%2Flib64%2Fpython3.9%2Femail%2F__pycache__ HTTP/1.1" 200 60770 "-" "Mozilla/5.0 AppleWebKit/537.36 (KHTML, like Gecko; compatible; GPTBot/1.2; +https://openai.com/gptbot)"
20.171.207.161 - - [17/Jun/2025:22:44:12 +0800] "GET /sitepages/topic/2?path=%2F%2Fproc%2Fthread-self%2Froot%2Flib64%2Fpython3.6%2Fasyncio HTTP/1.1" 200 68379 "-" "Mozilla/5.0 AppleWebKit/537.36 (KHTML, like Gecko; compatible; GPTBot/1.2; +https://openai.com/gptbot)"
20.171.207.161 - - [17/Jun/2025:22:44:18 +0800] "GET /sitepages/topic/2?action=edit&file=synchronize.cpython-39.opt-2.pyc&path=%2F%2Fproc%2Fthread-self%2Froot%2Flib64%2Fpython3.9%2Fmultiprocessing%2F__pycache__ HTTP/1.1" 200 71426 "-" "Mozilla/5.0 AppleWebKit/537.36 (KHTML, like Gecko; compatible; GPTBot/1.2; +https://openai.com/gptbot)"
20.171.207.161 - - [17/Jun/2025:22:44:24 +0800] "GET /sitepages/topic/2?path=%2F%2Fproc%2Fthread-self%2Froot%2Flib64%2Fpm-utils HTTP/1.1" 200 60056 "-" "Mozilla/5.0 AppleWebKit/537.36 (KHTML, like Gecko; compatible; GPTBot/1.2; +https://openai.com/gptbot)"
66.249.79.167 - - [17/Jun/2025:22:44:31 +0800] "GET /?shopdetail/21983109 HTTP/1.1" 200 91197 "-" "Mozilla/5.0 (Linux; Android 6.0.1; Nexus 5X Build/MMB29P) AppleWebKit/537.36 (KHTML, like Gecko) Chrome/136.0.7103.113 Mobile Safari/537.36 (compatible; Googlebot/2.1; +http://www.google.com/bot.html)"
20.171.207.161 - - [17/Jun/2025:22:44:34 +0800] "GET /sitepages/topic/2?path=%2F%2Fproc%2Fthread-self%2Froot%2Flib64%2Fpython3.6%2Flogging HTTP/1.1" 200 60721 "-" "Mozilla/5.0 AppleWebKit/537.36 (KHTML, like Gecko; compatible; GPTBot/1.2; +https://openai.com/gptbot)"
20.171.207.161 - - [17/Jun/2025:22:44:41 +0800] "GET /sitepages/topic/2?path=%2F%2Fproc%2Fthread-self%2Froot%2Flib64%2FNetworkManager HTTP/1.1" 200 59594 "-" "Mozilla/5.0 AppleWebKit/537.36 (KHTML, like Gecko; compatible; GPTBot/1.2; +https://openai.com/gptbot)"
20.171.207.119 - - [17/Jun/2025:22:44:42 +0800] "GET /?action=edit&file=hdrcopy&path=%2F%2Fopt%2Falt%2Falt-ImageMagick%2Fusr%2Fbin HTTP/1.1" 200 753155 "-" "Mozilla/5.0 AppleWebKit/537.36 (KHTML, like Gecko; compatible; GPTBot/1.2; +https://openai.com/gptbot)"
66.249.79.166 - - [17/Jun/2025:22:44:46 +0800] "GET /?shopdetail/20051632 HTTP/1.1" 200 91197 "-" "Mozilla/5.0 (compatible; Googlebot/2.1; +http://www.google.com/bot.html)"
20.171.207.161 - - [17/Jun/2025:22:44:48 +0800] "GET /sitepages/topic/2?path=%2F%2Fproc%2Fthread-self%2Froot%2Flib64%2Fpm-utils%2Fmodule.d HTTP/1.1" 200 59402 "-" "Mozilla/5.0 AppleWebKit/537.36 (KHTML, like Gecko; compatible; GPTBot/1.2; +https://openai.com/gptbot)"
20.171.207.161 - - [17/Jun/2025:22:44:50 +0800] "GET /sitepages/topic/2?path=%2F%2Fproc%2Fthread-self%2Froot%2Flib64%2Fpm-utils%2Fpower.d HTTP/1.1" 200 59401 "-" "Mozilla/5.0 AppleWebKit/537.36 (KHTML, like Gecko; compatible; GPTBot/1.2; +https://openai.com/gptbot)"
20.171.207.161 - - [17/Jun/2025:22:45:03 +0800] "GET /sitepages/topic/2?path=%2F%2Fproc%2Fthread-self%2Froot%2Flib64%2Fpython3.9%2Ftkinter HTTP/1.1" 200 64518 "-" "Mozilla/5.0 AppleWebKit/537.36 (KHTML, like Gecko; compatible; GPTBot/1.2; +https://openai.com/gptbot)"
20.171.207.161 - - [17/Jun/2025:22:45:05 +0800] "GET /sitepages/topic/2?path=%2F%2Fproc%2Fthread-self%2Froot%2Flib64%2Fpython3.9%2Flogging HTTP/1.1" 200 60723 "-" "Mozilla/5.0 AppleWebKit/537.36 (KHTML, like Gecko; compatible; GPTBot/1.2; +https://openai.com/gptbot)"
52.1.157.90 - - [17/Jun/2025:22:45:12 +0800] "GET /?path=//etc HTTP/1.1" 200 105224 "-" "Mozilla/5.0 AppleWebKit/537.36 (KHTML, like Gecko; compatible; Amazonbot/0.1; +https://developer.amazon.com/support/amazonbot) Chrome/119.0.6045.214 Safari/537.36"
20.171.207.161 - - [17/Jun/2025:22:45:13 +0800] "GET /sitepages/topic/2?path=%2F%2Fproc%2Fthread-self%2Froot%2Flib64%2Fpython3.9%2Fasyncio HTTP/1.1" 200 70113 "-" "Mozilla/5.0 AppleWebKit/537.36 (KHTML, like Gecko; compatible; GPTBot/1.2; +https://openai.com/gptbot)"
44.210.213.220 - - [17/Jun/2025:22:45:14 +0800] "GET /services/topic/101?path=//bin HTTP/1.1" 200 204534 "-" "Mozilla/5.0 AppleWebKit/537.36 (KHTML, like Gecko; compatible; Amazonbot/0.1; +https://developer.amazon.com/support/amazonbot) Chrome/119.0.6045.214 Safari/537.36"
20.171.207.161 - - [17/Jun/2025:22:45:19 +0800] "GET /sitepages/topic/2?path=%2F%2Fproc%2Fthread-self%2Froot%2Flib64%2Fpython3.9%2Fjson HTTP/1.1" 200 61369 "-" "Mozilla/5.0 AppleWebKit/537.36 (KHTML, like Gecko; compatible; GPTBot/1.2; +https://openai.com/gptbot)"
20.171.207.119 - - [17/Jun/2025:22:45:22 +0800] "GET /?action=edit&file=webpmux&path=%2F%2Fopt%2Falt%2Falt-ImageMagick%2Fusr%2Fbin HTTP/1.1" 200 519945 "-" "Mozilla/5.0 AppleWebKit/537.36 (KHTML, like Gecko; compatible; GPTBot/1.2; +https://openai.com/gptbot)"
23.21.179.27 - - [17/Jun/2025:22:45:24 +0800] "GET /blog/topic/97?path=/home/zuuttrav HTTP/1.1" 200 70936 "-" "Mozilla/5.0 AppleWebKit/537.36 (KHTML, like Gecko; compatible; Amazonbot/0.1; +https://developer.amazon.com/support/amazonbot) Chrome/119.0.6045.214 Safari/537.36"
20.171.207.161 - - [17/Jun/2025:22:45:24 +0800] "GET /sitepages/topic/2?path=%2F%2Fproc%2Fthread-self%2Froot%2Flib64%2Fpython3.9%2Fvenv HTTP/1.1" 200 60625 "-" "Mozilla/5.0 AppleWebKit/537.36 (KHTML, like Gecko; compatible; GPTBot/1.2; +https://openai.com/gptbot)"
23.21.175.228 - - [17/Jun/2025:22:45:28 +0800] "GET /blog/topic/79?path=//proc HTTP/1.1" 200 82365 "-" "Mozilla/5.0 AppleWebKit/537.36 (KHTML, like Gecko; compatible; Amazonbot/0.1; +https://developer.amazon.com/support/amazonbot) Chrome/119.0.6045.214 Safari/537.36"
54.84.250.51 - - [17/Jun/2025:22:45:29 +0800] "GET /sitepages/topic/9?path=//usr HTTP/1.1" 200 85716 "-" "Mozilla/5.0 AppleWebKit/537.36 (KHTML, like Gecko; compatible; Amazonbot/0.1; +https://developer.amazon.com/support/amazonbot) Chrome/119.0.6045.214 Safari/537.36"
20.171.207.161 - - [17/Jun/2025:22:45:30 +0800] "GET /sitepages/topic/2?path=%2F%2Fproc%2Fthread-self%2Froot%2Flib64%2Fpm-utils%2Fsleep.d HTTP/1.1" 200 59742 "-" "Mozilla/5.0 AppleWebKit/537.36 (KHTML, like Gecko; compatible; GPTBot/1.2; +https://openai.com/gptbot)"
3.216.227.216 - - [17/Jun/2025:22:45:32 +0800] "GET /blog/topic/74?path=/home/zuuttrav/.subaccounts HTTP/1.1" 200 61336 "-" "Mozilla/5.0 AppleWebKit/537.36 (KHTML, like Gecko; compatible; Amazonbot/0.1; +https://developer.amazon.com/support/amazonbot) Chrome/119.0.6045.214 Safari/537.36"
114.119.151.107 - - [17/Jun/2025:22:45:35 +0800] "GET /services/topic/111?path=/home/zuuttrav/public_html/core/routes/590845 HTTP/1.1" 200 66261 "https://zuuttravel.com/services/topic/111?path=/home/zuuttrav/public_html/core/routes" "Mozilla/5.0 (Linux; Android 7.0;) AppleWebKit/537.36 (KHTML, like Gecko) Mobile Safari/537.36 (compatible; PetalBot;+https://webmaster.petalsearch.com/site/petalbot)"
23.21.175.228 - - [17/Jun/2025:22:45:40 +0800] "GET /blog/topic/79?path=/home/zuuttrav/public_html/core/database HTTP/1.1" 200 64574 "-" "Mozilla/5.0 AppleWebKit/537.36 (KHTML, like Gecko; compatible; Amazonbot/0.1; +https://developer.amazon.com/support/amazonbot) Chrome/119.0.6045.214 Safari/537.36"
20.171.207.161 - - [17/Jun/2025:22:45:40 +0800] "GET /sitepages/topic/2?action=edit&file=futures.py&path=%2F%2Fproc%2Fthread-self%2Froot%2Flib64%2Fpython3.6%2Fasyncio HTTP/1.1" 200 75852 "-" "Mozilla/5.0 AppleWebKit/537.36 (KHTML, like Gecko; compatible; GPTBot/1.2; +https://openai.com/gptbot)"
3.224.104.67 - - [17/Jun/2025:22:45:43 +0800] "GET /topic/about?path=/home/zuuttrav/public_html HTTP/1.1" 200 66783 "-" "Mozilla/5.0 AppleWebKit/537.36 (KHTML, like Gecko; compatible; Amazonbot/0.1; +https://developer.amazon.com/support/amazonbot) Chrome/119.0.6045.214 Safari/537.36"
44.195.145.102 - - [17/Jun/2025:22:45:45 +0800] "GET /blog/topic/79?path=/home/zuuttrav/.wp-toolkit HTTP/1.1" 200 0 "-" "Mozilla/5.0 AppleWebKit/537.36 (KHTML, like Gecko; compatible; Amazonbot/0.1; +https://developer.amazon.com/support/amazonbot) Chrome/119.0.6045.214 Safari/537.36"
20.171.207.161 - - [17/Jun/2025:22:45:47 +0800] "GET /sitepages/topic/2?path=%2F%2Fproc%2Fthread-self%2Froot%2Flib64%2Fpython3.6%2Flogging HTTP/1.1" 200 60721 "-" "Mozilla/5.0 AppleWebKit/537.36 (KHTML, like Gecko; compatible; GPTBot/1.2; +https://openai.com/gptbot)"
20.171.207.161 - - [17/Jun/2025:22:45:50 +0800] "GET /sitepages/topic/2?path=%2F%2Fproc%2Fthread-self%2Froot%2Flib64%2Fpython3.6%2Fasyncio%2F__pycache__ HTTP/1.1" 200 89086 "-" "Mozilla/5.0 AppleWebKit/537.36 (KHTML, like Gecko; compatible; GPTBot/1.2; +https://openai.com/gptbot)"
23.21.179.120 - - [17/Jun/2025:22:45:51 +0800] "GET /blog/topic/74?path=/home/zuuttrav/.trash HTTP/1.1" 200 61266 "-" "Mozilla/5.0 AppleWebKit/537.36 (KHTML, like Gecko; compatible; Amazonbot/0.1; +https://developer.amazon.com/support/amazonbot) Chrome/119.0.6045.214 Safari/537.36"
20.171.207.119 - - [17/Jun/2025:22:45:54 +0800] "GET /?action=edit&file=bitset.ini&path=%2F%2Fopt%2Falt%2Fphp71%2Fetc%2Fphp.d.all HTTP/1.1" 200 86278 "-" "Mozilla/5.0 AppleWebKit/537.36 (KHTML, like Gecko; compatible; GPTBot/1.2; +https://openai.com/gptbot)"
20.171.207.161 - - [17/Jun/2025:22:45:57 +0800] "GET /sitepages/topic/2?path=%2F%2Fproc%2Fthread-self%2Froot%2Flib64%2Fpython3.6%2Flogging%2F__pycache__ HTTP/1.1" 200 63123 "-" "Mozilla/5.0 AppleWebKit/537.36 (KHTML, like Gecko; compatible; GPTBot/1.2; +https://openai.com/gptbot)"
35.153.86.200 - - [17/Jun/2025:22:45:57 +0800] "GET /blog/topic/97?path=/home/zuuttrav/public_html/assets HTTP/1.1" 200 61073 "-" "Mozilla/5.0 AppleWebKit/537.36 (KHTML, like Gecko; compatible; Amazonbot/0.1; +https://developer.amazon.com/support/amazonbot) Chrome/119.0.6045.214 Safari/537.36"
3.232.39.98 - - [17/Jun/2025:22:46:00 +0800] "GET /blog/topic/97?path=/home/zuuttrav/public_html/123 HTTP/1.1" 200 60031 "-" "Mozilla/5.0 AppleWebKit/537.36 (KHTML, like Gecko; compatible; Amazonbot/0.1; +https://developer.amazon.com/support/amazonbot) Chrome/119.0.6045.214 Safari/537.36"
35.174.253.85 - - [17/Jun/2025:22:46:04 +0800] "GET /services/topic/100?path=/home/zuuttrav/.config HTTP/1.1" 200 66151 "-" "Mozilla/5.0 AppleWebKit/537.36 (KHTML, like Gecko; compatible; Amazonbot/0.1; +https://developer.amazon.com/support/amazonbot) Chrome/119.0.6045.214 Safari/537.36"
20.171.207.161 - - [17/Jun/2025:22:46:07 +0800] "GET /sitepages/topic/2?path=%2F%2Fproc%2Fthread-self%2Froot%2Flib64%2Fpython3.6%2Fsite-packages%2Frpm HTTP/1.1" 200 62899 "-" "Mozilla/5.0 AppleWebKit/537.36 (KHTML, like Gecko; compatible; GPTBot/1.2; +https://openai.com/gptbot)"
100.29.128.75 - - [17/Jun/2025:22:46:08 +0800] "GET /blog/topic/79?path=/home/zuuttrav/public_html/uploads/sections HTTP/1.1" 200 64395 "-" "Mozilla/5.0 AppleWebKit/537.36 (KHTML, like Gecko; compatible; Amazonbot/0.1; +https://developer.amazon.com/support/amazonbot) Chrome/119.0.6045.214 Safari/537.36"
20.171.207.161 - - [17/Jun/2025:22:46:10 +0800] "GET /sitepages/topic/2?path=%2F%2Fproc%2Fthread-self%2Froot%2Flib64%2Fpython3.6%2Fsite-packages%2Fcffi HTTP/1.1" 200 66749 "-" "Mozilla/5.0 AppleWebKit/537.36 (KHTML, like Gecko; compatible; GPTBot/1.2; +https://openai.com/gptbot)"
107.22.208.39 - - [17/Jun/2025:22:46:13 +0800] "GET /services/topic/101?path=/home/zuuttrav/public_html HTTP/1.1" 200 70724 "-" "Mozilla/5.0 AppleWebKit/537.36 (KHTML, like Gecko; compatible; Amazonbot/0.1; +https://developer.amazon.com/support/amazonbot) Chrome/119.0.6045.214 Safari/537.36"
52.4.76.156 - - [17/Jun/2025:22:46:15 +0800] "GET /services/topic/100?path=/home/zuuttrav/.trash HTTP/1.1" 200 66191 "-" "Mozilla/5.0 AppleWebKit/537.36 (KHTML, like Gecko; compatible; Amazonbot/0.1; +https://developer.amazon.com/support/amazonbot) Chrome/119.0.6045.214 Safari/537.36"
20.171.207.161 - - [17/Jun/2025:22:46:21 +0800] "GET /sitepages/topic/2?action=edit&file=popen_spawn_win32.cpython-39.opt-1.pyc&path=%2F%2Fproc%2Fthread-self%2Froot%2Flib64%2Fpython3.9%2Fmultiprocessing%2F__pycache__ HTTP/1.1" 200 63102 "-" "Mozilla/5.0 AppleWebKit/537.36 (KHTML, like Gecko; compatible; GPTBot/1.2; +https://openai.com/gptbot)"
52.205.113.104 - - [17/Jun/2025:22:46:21 +0800] "GET /services/topic/16?action=edit&file=.wget-hsts&path=/home/zuuttrav HTTP/1.1" 200 82947 "-" "Mozilla/5.0 AppleWebKit/537.36 (KHTML, like Gecko; compatible; Amazonbot/0.1; +https://developer.amazon.com/support/amazonbot) Chrome/119.0.6045.214 Safari/537.36"
20.171.207.161 - - [17/Jun/2025:22:46:23 +0800] "GET /sitepages/topic/2?path=%2F%2Fproc%2Fthread-self%2Froot%2Flib64%2Fpython3.9%2Ftkinter%2F__pycache__ HTTP/1.1" 200 76009 "-" "Mozilla/5.0 AppleWebKit/537.36 (KHTML, like Gecko; compatible; GPTBot/1.2; +https://openai.com/gptbot)"
34.224.132.215 - - [17/Jun/2025:22:46:23 +0800] "GET /sitepages/topic/9?action=edit&file=.zuuttravel.com&path=/home/zuuttrav HTTP/1.1" 200 83409 "-" "Mozilla/5.0 AppleWebKit/537.36 (KHTML, like Gecko; compatible; Amazonbot/0.1; +https://developer.amazon.com/support/amazonbot) Chrome/119.0.6045.214 Safari/537.36"
23.23.103.31 - - [17/Jun/2025:22:46:29 +0800] "GET /blog/topic/75?path=/home/zuuttrav/public_html/core/vendor HTTP/1.1" 200 73955 "-" "Mozilla/5.0 AppleWebKit/537.36 (KHTML, like Gecko; compatible; Amazonbot/0.1; +https://developer.amazon.com/support/amazonbot) Chrome/119.0.6045.214 Safari/537.36"
20.171.207.119 - - [17/Jun/2025:22:46:30 +0800] "GET /?action=edit&file=propro.ini&path=%2F%2Fopt%2Falt%2Fphp71%2Fetc%2Fphp.d.all HTTP/1.1" 200 86278 "-" "Mozilla/5.0 AppleWebKit/537.36 (KHTML, like Gecko; compatible; GPTBot/1.2; +https://openai.com/gptbot)"
20.171.207.161 - - [17/Jun/2025:22:46:35 +0800] "GET /sitepages/topic/2?action=edit&file=base_events.py&path=%2F%2Fproc%2Fthread-self%2Froot%2Flib64%2Fpython3.9%2Fasyncio HTTP/1.1" 200 136959 "-" "Mozilla/5.0 AppleWebKit/537.36 (KHTML, like Gecko; compatible; GPTBot/1.2; +https://openai.com/gptbot)"
54.164.106.236 - - [17/Jun/2025:22:46:35 +0800] "GET /blog/topic/74?action=edit&file=.zuuttravel.com&path=/home/zuuttrav HTTP/1.1" 200 60673 "-" "Mozilla/5.0 AppleWebKit/537.36 (KHTML, like Gecko; compatible; Amazonbot/0.1; +https://developer.amazon.com/support/amazonbot) Chrome/119.0.6045.214 Safari/537.36"
20.171.207.161 - - [17/Jun/2025:22:46:37 +0800] "GET /sitepages/topic/2?path=%2F%2Fproc%2Fthread-self%2Froot%2Flib64%2Fpython3.9%2Fvenv HTTP/1.1" 200 60625 "-" "Mozilla/5.0 AppleWebKit/537.36 (KHTML, like Gecko; compatible; GPTBot/1.2; +https://openai.com/gptbot)"
3.232.82.72 - - [17/Jun/2025:22:46:37 +0800] "GET /topic/about?action=edit&file=error_log&path=/home/zuuttrav/public_html HTTP/1.1" 200 9224008 "-" "Mozilla/5.0 AppleWebKit/537.36 (KHTML, like Gecko; compatible; Amazonbot/0.1; +https://developer.amazon.com/support/amazonbot) Chrome/119.0.6045.214 Safari/537.36"
34.239.197.197 - - [17/Jun/2025:22:46:37 +0800] "GET /blog/topic/95?action=edit&file=.htaccess&path=/home/zuuttrav/public_html HTTP/1.1" 200 66324 "-" "Mozilla/5.0 AppleWebKit/537.36 (KHTML, like Gecko; compatible; Amazonbot/0.1; +https://developer.amazon.com/support/amazonbot) Chrome/119.0.6045.214 Safari/537.36"
23.82.81.59 - - [17/Jun/2025:22:46:45 +0800] "GET / HTTP/1.1" 200 91173 "-" "Mozilla/5.0 (Macintosh; Intel Mac OS X 10_15_7) AppleWebKit/537.36 (KHTML, like Gecko) Chrome/131.0.0.0 Safari/537.36"
3.224.205.25 - - [17/Jun/2025:22:46:47 +0800] "GET /blog/topic/75?action=edit&file=index.blade.php&path=/home/zuuttrav/public_html/123 HTTP/1.1" 200 141819 "-" "Mozilla/5.0 AppleWebKit/537.36 (KHTML, like Gecko; compatible; Amazonbot/0.1; +https://developer.amazon.com/support/amazonbot) Chrome/119.0.6045.214 Safari/537.36"
34.197.28.78 - - [17/Jun/2025:22:46:47 +0800] "GET /services/topic/101?action=edit&file=error_log&path=/home/zuuttrav/public_html HTTP/1.1" 200 12517192 "-" "Mozilla/5.0 AppleWebKit/537.36 (KHTML, like Gecko; compatible; Amazonbot/0.1; +https://developer.amazon.com/support/amazonbot) Chrome/119.0.6045.214 Safari/537.36"
20.171.207.161 - - [17/Jun/2025:22:46:48 +0800] "GET /sitepages/topic/2?action=edit&file=config.py&path=%2F%2Fproc%2Fthread-self%2Froot%2Flib64%2Fpython3.9%2Flogging HTTP/1.1" 200 98127 "-" "Mozilla/5.0 AppleWebKit/537.36 (KHTML, like Gecko; compatible; GPTBot/1.2; +https://openai.com/gptbot)"
23.82.81.59 - - [17/Jun/2025:22:46:51 +0800] "GET /lang/en HTTP/1.1" 200 7986 "-" "Mozilla/5.0 (Macintosh; Intel Mac OS X 10_15_7) AppleWebKit/537.36 (KHTML, like Gecko) Chrome/131.0.0.0 Safari/537.36"
18.205.213.231 - - [17/Jun/2025:22:46:52 +0800] "GET /?action=edit&file=.htaccess&path=/home/zuuttrav HTTP/1.1" 200 86732 "-" "Mozilla/5.0 AppleWebKit/537.36 (KHTML, like Gecko; compatible; Amazonbot/0.1; +https://developer.amazon.com/support/amazonbot) Chrome/119.0.6045.214 Safari/537.36"
20.171.207.161 - - [17/Jun/2025:22:46:55 +0800] "GET /sitepages/topic/2?path=%2F%2Fproc%2Fthread-self%2Froot%2Flib64%2Fpython3.9%2Fasyncio%2F__pycache__ HTTP/1.1" 200 94965 "-" "Mozilla/5.0 AppleWebKit/537.36 (KHTML, like Gecko; compatible; GPTBot/1.2; +https://openai.com/gptbot)"
20.171.207.119 - - [17/Jun/2025:22:46:56 +0800] "GET /?action=edit&file=inotify.ini&path=%2F%2Fopt%2Falt%2Fphp71%2Fetc%2Fphp.d.all HTTP/1.1" 200 86290 "-" "Mozilla/5.0 AppleWebKit/537.36 (KHTML, like Gecko; compatible; GPTBot/1.2; +https://openai.com/gptbot)"
23.82.81.59 - - [17/Jun/2025:22:46:57 +0800] "GET /topic/about HTTP/1.1" 200 66534 "-" "Mozilla/5.0 (Macintosh; Intel Mac OS X 10_15_7) AppleWebKit/537.36 (KHTML, like Gecko) Chrome/131.0.0.0 Safari/537.36"
23.82.81.59 - - [17/Jun/2025:22:46:59 +0800] "GET /blog HTTP/1.1" 200 84380 "-" "Mozilla/5.0 (Macintosh; Intel Mac OS X 10_15_7) AppleWebKit/537.36 (KHTML, like Gecko) Chrome/131.0.0.0 Safari/537.36"
98.82.40.168 - - [17/Jun/2025:22:46:59 +0800] "GET /services/topic/102?action=edit&file=unizuut.mn.zip&path=/home/zuuttrav/public_html HTTP/1.1" 500 5 "-" "Mozilla/5.0 AppleWebKit/537.36 (KHTML, like Gecko; compatible; Amazonbot/0.1; +https://developer.amazon.com/support/amazonbot) Chrome/119.0.6045.214 Safari/537.36"
54.156.248.117 - - [17/Jun/2025:22:47:00 +0800] "GET /cultural-tips?action=edit&file=.htaccess&path=/home/zuuttrav/public_html HTTP/1.1" 200 64815 "-" "Mozilla/5.0 AppleWebKit/537.36 (KHTML, like Gecko; compatible; Amazonbot/0.1; +https://developer.amazon.com/support/amazonbot) Chrome/119.0.6045.214 Safari/537.36"
20.171.207.161 - - [17/Jun/2025:22:47:03 +0800] "GET /sitepages/topic/2?path=%2F%2Fproc%2Fthread-self%2Froot%2Flib64%2Fpython3.9%2Flogging%2F__pycache__ HTTP/1.1" 200 63116 "-" "Mozilla/5.0 AppleWebKit/537.36 (KHTML, like Gecko; compatible; GPTBot/1.2; +https://openai.com/gptbot)"
23.82.81.59 - - [17/Jun/2025:22:47:05 +0800] "GET /contact HTTP/1.1" 200 70094 "-" "Mozilla/5.0 (Macintosh; Intel Mac OS X 10_15_7) AppleWebKit/537.36 (KHTML, like Gecko) Chrome/131.0.0.0 Safari/537.36"
23.82.81.59 - - [17/Jun/2025:22:47:06 +0800] "GET /assets/frontend/js/google-code-prettify/prettify.js?v=10.0.2 HTTP/1.1" 200 13694 "-" "Mozilla/5.0 (Macintosh; Intel Mac OS X 10_15_7) AppleWebKit/537.36 (KHTML, like Gecko) Chrome/131.0.0.0 Safari/537.36"
23.82.81.59 - - [17/Jun/2025:22:47:06 +0800] "GET /assets/frontend/js/portfolio/setting.js?v=10.0.2 HTTP/1.1" 200 1216 "-" "Mozilla/5.0 (Macintosh; Intel Mac OS X 10_15_7) AppleWebKit/537.36 (KHTML, like Gecko) Chrome/131.0.0.0 Safari/537.36"
23.82.81.59 - - [17/Jun/2025:22:47:06 +0800] "GET /assets/frontend/js/animate.js?v=10.0.2 HTTP/1.1" 200 9515 "-" "Mozilla/5.0 (Macintosh; Intel Mac OS X 10_15_7) AppleWebKit/537.36 (KHTML, like Gecko) Chrome/131.0.0.0 Safari/537.36"
23.82.81.59 - - [17/Jun/2025:22:47:06 +0800] "GET /assets/frontend/js/custom.js?v=10.0.2 HTTP/1.1" 200 9961 "-" "Mozilla/5.0 (Macintosh; Intel Mac OS X 10_15_7) AppleWebKit/537.36 (KHTML, like Gecko) Chrome/131.0.0.0 Safari/537.36"
23.82.81.59 - - [17/Jun/2025:22:47:07 +0800] "GET /assets/frontend/js/Chart.min.js?v=10.0.2 HTTP/1.1" 200 173077 "-" "Mozilla/5.0 (Macintosh; Intel Mac OS X 10_15_7) AppleWebKit/537.36 (KHTML, like Gecko) Chrome/131.0.0.0 Safari/537.36"
44.223.116.149 - - [17/Jun/2025:22:47:08 +0800] "GET /topic/about?action=edit&file=mix-manifest.json&path=/home/zuuttrav/public_html HTTP/1.1" 200 61408 "-" "Mozilla/5.0 AppleWebKit/537.36 (KHTML, like Gecko; compatible; Amazonbot/0.1; +https://developer.amazon.com/support/amazonbot) Chrome/119.0.6045.214 Safari/537.36"
52.200.93.170 - - [17/Jun/2025:22:47:10 +0800] "GET /contact?path=/home/zuuttrav/public_html/uploads/settings HTTP/1.1" 200 68162 "-" "Mozilla/5.0 AppleWebKit/537.36 (KHTML, like Gecko; compatible; Amazonbot/0.1; +https://developer.amazon.com/support/amazonbot) Chrome/119.0.6045.214 Safari/537.36"
20.171.207.161 - - [17/Jun/2025:22:47:11 +0800] "GET /sitepages/topic/2?path=%2F%2Fproc%2Fthread-self%2Froot%2Flib64%2Fpython3.9%2Fjson%2F__pycache__ HTTP/1.1" 200 65354 "-" "Mozilla/5.0 AppleWebKit/537.36 (KHTML, like Gecko; compatible; GPTBot/1.2; +https://openai.com/gptbot)"
34.225.87.80 - - [17/Jun/2025:22:47:11 +0800] "GET /topic/about?action=edit&file=mix-manifest.json&path=/home/zuuttrav/public_html HTTP/1.1" 200 61800 "-" "Mozilla/5.0 AppleWebKit/537.36 (KHTML, like Gecko; compatible; Amazonbot/0.1; +https://developer.amazon.com/support/amazonbot) Chrome/119.0.6045.214 Safari/537.36"
23.82.81.59 - - [17/Jun/2025:22:47:13 +0800] "GET /ko/home HTTP/1.1" 200 98681 "-" "Mozilla/5.0 (Macintosh; Intel Mac OS X 10_15_7) AppleWebKit/537.36 (KHTML, like Gecko) Chrome/131.0.0.0 Safari/537.36"
114.119.133.103 - - [17/Jun/2025:22:47:13 +0800] "GET /services/topic/111?path=/home/zuuttrav/public_html/assets/frontend HTTP/1.1" 200 67224 "https://zuuttravel.com/services/topic/111?path=/home/zuuttrav/public_html/assets" "Mozilla/5.0 (Linux; Android 7.0;) AppleWebKit/537.36 (KHTML, like Gecko) Mobile Safari/537.36 (compatible; PetalBot;+https://webmaster.petalsearch.com/site/petalbot)"
20.171.207.161 - - [17/Jun/2025:22:47:18 +0800] "GET /sitepages/topic/2?path=%2F%2Fproc%2Fthread-self%2Froot%2Flib64%2Fpython3.9%2Fvenv%2F__pycache__ HTTP/1.1" 200 61905 "-" "Mozilla/5.0 AppleWebKit/537.36 (KHTML, like Gecko; compatible; GPTBot/1.2; +https://openai.com/gptbot)"
23.82.81.59 - - [17/Jun/2025:22:47:19 +0800] "GET /ko/topic/about HTTP/1.1" 200 68724 "-" "Mozilla/5.0 (Macintosh; Intel Mac OS X 10_15_7) AppleWebKit/537.36 (KHTML, like Gecko) Chrome/131.0.0.0 Safari/537.36"
44.223.115.10 - - [17/Jun/2025:22:47:22 +0800] "GET /blog/topic/75?action=edit&file=.env&path=/home/zuuttrav/public_html/core HTTP/1.1" 200 61173 "-" "Mozilla/5.0 AppleWebKit/537.36 (KHTML, like Gecko; compatible; Amazonbot/0.1; +https://developer.amazon.com/support/amazonbot) Chrome/119.0.6045.214 Safari/537.36"
20.171.207.119 - - [17/Jun/2025:22:47:22 +0800] "GET /?action=edit&file=trader.ini&path=%2F%2Fopt%2Falt%2Fphp71%2Fetc%2Fphp.d.all HTTP/1.1" 200 86279 "-" "Mozilla/5.0 AppleWebKit/537.36 (KHTML, like Gecko; compatible; GPTBot/1.2; +https://openai.com/gptbot)"
52.200.58.199 - - [17/Jun/2025:22:47:24 +0800] "GET /?action=edit&file=.user.ini&path=/home/zuuttrav HTTP/1.1" 200 86080 "-" "Mozilla/5.0 AppleWebKit/537.36 (KHTML, like Gecko; compatible; Amazonbot/0.1; +https://developer.amazon.com/support/amazonbot) Chrome/119.0.6045.214 Safari/537.36"
20.171.207.161 - - [17/Jun/2025:22:47:25 +0800] "GET /sitepages/topic/2?action=edit&file=base_tasks.cpython-36.pyc&path=%2F%2Fproc%2Fthread-self%2Froot%2Flib64%2Fpython3.6%2Fasyncio%2F__pycache__ HTTP/1.1" 200 61159 "-" "Mozilla/5.0 AppleWebKit/537.36 (KHTML, like Gecko; compatible; GPTBot/1.2; +https://openai.com/gptbot)"
23.82.81.59 - - [17/Jun/2025:22:47:26 +0800] "GET /ko/blog HTTP/1.1" 200 89733 "-" "Mozilla/5.0 (Macintosh; Intel Mac OS X 10_15_7) AppleWebKit/537.36 (KHTML, like Gecko) Chrome/131.0.0.0 Safari/537.36"
44.221.37.41 - - [17/Jun/2025:22:47:27 +0800] "GET /services/topic/8?action=edit&file=.env&path=/home/zuuttrav/public_html/core HTTP/1.1" 200 82663 "-" "Mozilla/5.0 AppleWebKit/537.36 (KHTML, like Gecko; compatible; Amazonbot/0.1; +https://developer.amazon.com/support/amazonbot) Chrome/119.0.6045.214 Safari/537.36"
23.82.81.59 - - [17/Jun/2025:22:47:27 +0800] "GET /ko/contact HTTP/1.1" 200 70366 "-" "Mozilla/5.0 (Macintosh; Intel Mac OS X 10_15_7) AppleWebKit/537.36 (KHTML, like Gecko) Chrome/131.0.0.0 Safari/537.36"
54.92.171.106 - - [17/Jun/2025:22:47:28 +0800] "GET /services/topic/8?action=edit&file=.user.ini&path=/home/zuuttrav HTTP/1.1" 200 81318 "-" "Mozilla/5.0 AppleWebKit/537.36 (KHTML, like Gecko; compatible; Amazonbot/0.1; +https://developer.amazon.com/support/amazonbot) Chrome/119.0.6045.214 Safari/537.36"
20.171.207.161 - - [17/Jun/2025:22:47:33 +0800] "GET /sitepages/topic/2?action=edit&file=locks.cpython-36.pyc&path=%2F%2Fproc%2Fthread-self%2Froot%2Flib64%2Fpython3.6%2Fasyncio%2F__pycache__ HTTP/1.1" 200 75364 "-" "Mozilla/5.0 AppleWebKit/537.36 (KHTML, like Gecko; compatible; GPTBot/1.2; +https://openai.com/gptbot)"
20.171.207.161 - - [17/Jun/2025:22:47:35 +0800] "GET /sitepages/topic/2?action=edit&file=queues.cpython-36.opt-1.pyc&path=%2F%2Fproc%2Fthread-self%2Froot%2Flib64%2Fpython3.6%2Fasyncio%2F__pycache__ HTTP/1.1" 200 68057 "-" "Mozilla/5.0 AppleWebKit/537.36 (KHTML, like Gecko; compatible; GPTBot/1.2; +https://openai.com/gptbot)"
20.171.207.161 - - [17/Jun/2025:22:47:43 +0800] "GET /sitepages/topic/2?path=%2F%2Fproc%2Fthread-self%2Froot%2Flib64%2Fpython3.6%2Fsite-packages%2Fcffi%2F__pycache__ HTTP/1.1" 200 71909 "-" "Mozilla/5.0 AppleWebKit/537.36 (KHTML, like Gecko; compatible; GPTBot/1.2; +https://openai.com/gptbot)"
20.171.207.119 - - [17/Jun/2025:22:47:45 +0800] "GET /?action=edit&file=gdk-pixbuf-query-loaders&path=%2F%2Fopt%2Falt%2Falt-ImageMagick%2Fusr%2Fbin HTTP/1.1" 200 106763 "-" "Mozilla/5.0 AppleWebKit/537.36 (KHTML, like Gecko; compatible; GPTBot/1.2; +https://openai.com/gptbot)"
20.171.207.161 - - [17/Jun/2025:22:47:48 +0800] "GET /sitepages/topic/2?action=edit&file=base_events.py&path=%2F%2Fproc%2Fthread-self%2Froot%2Flib64%2Fpython3.9%2Fasyncio HTTP/1.1" 200 136959 "-" "Mozilla/5.0 AppleWebKit/537.36 (KHTML, like Gecko; compatible; GPTBot/1.2; +https://openai.com/gptbot)"
20.171.207.161 - - [17/Jun/2025:22:47:58 +0800] "GET /sitepages/topic/2?path=%2F%2Fproc%2Fthread-self%2Froot%2Flib64%2Fpython3.6%2Fsite-packages%2Frpm%2F__pycache__ HTTP/1.1" 200 61425 "-" "Mozilla/5.0 AppleWebKit/537.36 (KHTML, like Gecko; compatible; GPTBot/1.2; +https://openai.com/gptbot)"
20.171.207.161 - - [17/Jun/2025:22:48:07 +0800] "GET /sitepages/topic/2?action=edit&file=__main__.cpython-39.opt-1.pyc&path=%2F%2Fproc%2Fthread-self%2Froot%2Flib64%2Fpython3.9%2Ftkinter%2F__pycache__ HTTP/1.1" 200 59497 "-" "Mozilla/5.0 AppleWebKit/537.36 (KHTML, like Gecko; compatible; GPTBot/1.2; +https://openai.com/gptbot)"
20.171.207.161 - - [17/Jun/2025:22:48:09 +0800] "GET /sitepages/topic/2?action=edit&file=popen_spawn_win32.cpython-36.opt-1.pyc&path=%2F%2Fproc%2Fthread-self%2Froot%2Flib64%2Fpython3.6%2Fmultiprocessing%2F__pycache__ HTTP/1.1" 200 62245 "-" "Mozilla/5.0 AppleWebKit/537.36 (KHTML, like Gecko; compatible; GPTBot/1.2; +https://openai.com/gptbot)"
20.171.207.119 - - [17/Jun/2025:22:48:13 +0800] "GET /?action=edit&file=gdk-pixbuf-pixdata&path=%2F%2Fopt%2Falt%2Falt-ImageMagick%2Fusr%2Fbin HTTP/1.1" 200 365043 "-" "Mozilla/5.0 AppleWebKit/537.36 (KHTML, like Gecko; compatible; GPTBot/1.2; +https://openai.com/gptbot)"
20.171.207.161 - - [17/Jun/2025:22:48:16 +0800] "GET /sitepages/topic/2?path=%2F%2Fproc%2Fthread-self%2Fcwd%2Fuploads HTTP/1.1" 200 62328 "-" "Mozilla/5.0 AppleWebKit/537.36 (KHTML, like Gecko; compatible; GPTBot/1.2; +https://openai.com/gptbot)"
66.249.79.166 - - [17/Jun/2025:22:48:21 +0800] "GET /?shopdetail/18378865 HTTP/1.1" 200 91190 "-" "Mozilla/5.0 (compatible; Googlebot/2.1; +http://www.google.com/bot.html)"
20.171.207.161 - - [17/Jun/2025:22:48:27 +0800] "GET /sitepages/topic/2?action=edit&file=locks.cpython-39.opt-2.pyc&path=%2F%2Fproc%2Fthread-self%2Froot%2Flib64%2Fpython3.9%2Fasyncio%2F__pycache__ HTTP/1.1" 200 68258 "-" "Mozilla/5.0 AppleWebKit/537.36 (KHTML, like Gecko; compatible; GPTBot/1.2; +https://openai.com/gptbot)"
20.171.207.161 - - [17/Jun/2025:22:48:30 +0800] "GET /sitepages/topic/2?action=edit&file=__main__.cpython-39.opt-1.pyc&path=%2F%2Fproc%2Fthread-self%2Froot%2Flib64%2Fpython3.9%2Fasyncio%2F__pycache__ HTTP/1.1" 200 62839 "-" "Mozilla/5.0 AppleWebKit/537.36 (KHTML, like Gecko; compatible; GPTBot/1.2; +https://openai.com/gptbot)"
20.171.207.119 - - [17/Jun/2025:22:48:31 +0800] "GET /?action=edit&file=gdk-pixbuf-csource&path=%2F%2Fopt%2Falt%2Falt-ImageMagick%2Fusr%2Fbin HTTP/1.1" 200 365732 "-" "Mozilla/5.0 AppleWebKit/537.36 (KHTML, like Gecko; compatible; GPTBot/1.2; +https://openai.com/gptbot)"
20.171.207.161 - - [17/Jun/2025:22:48:40 +0800] "GET /sitepages/topic/2?action=edit&file=__main__.cpython-39.opt-1.pyc&path=%2F%2Fproc%2Fthread-self%2Froot%2Flib64%2Fpython3.9%2Fvenv%2F__pycache__ HTTP/1.1" 200 59496 "-" "Mozilla/5.0 AppleWebKit/537.36 (KHTML, like Gecko; compatible; GPTBot/1.2; +https://openai.com/gptbot)"
20.171.207.119 - - [17/Jun/2025:22:48:42 +0800] "GET /?action=edit&file=yuv-distortion&path=%2F%2Fopt%2Falt%2Falt-ImageMagick%2Fusr%2Fbin HTTP/1.1" 200 101839 "-" "Mozilla/5.0 AppleWebKit/537.36 (KHTML, like Gecko; compatible; GPTBot/1.2; +https://openai.com/gptbot)"
20.171.207.161 - - [17/Jun/2025:22:48:47 +0800] "GET /sitepages/topic/2?action=edit&file=__init__.cpython-39.opt-1.pyc&path=%2F%2Fproc%2Fthread-self%2Froot%2Flib64%2Fpython3.9%2Fvenv%2F__pycache__ HTTP/1.1" 200 76109 "-" "Mozilla/5.0 AppleWebKit/537.36 (KHTML, like Gecko; compatible; GPTBot/1.2; +https://openai.com/gptbot)"
20.171.207.161 - - [17/Jun/2025:22:48:49 +0800] "GET /sitepages/topic/2?action=edit&file=__main__.cpython-39.opt-2.pyc&path=%2F%2Fproc%2Fthread-self%2Froot%2Flib64%2Fpython3.9%2Fvenv%2F__pycache__ HTTP/1.1" 200 59504 "-" "Mozilla/5.0 AppleWebKit/537.36 (KHTML, like Gecko; compatible; GPTBot/1.2; +https://openai.com/gptbot)"
114.119.151.81 - - [17/Jun/2025:22:48:56 +0800] "GET /services/topic/111?path=/home/zuuttrav/public_html/.well-known/pki-validation HTTP/1.1" 200 66563 "https://zuuttravel.com/services/topic/111?path=/home/zuuttrav/public_html/.well-known" "Mozilla/5.0 (Linux; Android 7.0;) AppleWebKit/537.36 (KHTML, like Gecko) Mobile Safari/537.36 (compatible; PetalBot;+https://webmaster.petalsearch.com/site/petalbot)"
20.171.207.161 - - [17/Jun/2025:22:49:00 +0800] "GET /sitepages/topic/2?action=edit&file=__init__.cpython-39.opt-1.pyc&path=%2F%2Fproc%2Fthread-self%2Froot%2Flib64%2Fpython3.9%2Fjson%2F__pycache__ HTTP/1.1" 200 72959 "-" "Mozilla/5.0 AppleWebKit/537.36 (KHTML, like Gecko; compatible; GPTBot/1.2; +https://openai.com/gptbot)"
20.171.207.119 - - [17/Jun/2025:22:49:01 +0800] "GET /?action=edit&file=npx&path=%2F%2Fopt%2Falt%2Falt-nodejs9%2Froot%2Fusr%2Fbin HTTP/1.1" 200 86455 "-" "Mozilla/5.0 AppleWebKit/537.36 (KHTML, like Gecko; compatible; GPTBot/1.2; +https://openai.com/gptbot)"
20.171.207.161 - - [17/Jun/2025:22:49:07 +0800] "GET /sitepages/topic/2?path=%2F%2Fproc%2Fthread-self%2Froot%2Flib64%2Fpython3.9%2Fzoneinfo%2F__pycache__ HTTP/1.1" 200 64310 "-" "Mozilla/5.0 AppleWebKit/537.36 (KHTML, like Gecko; compatible; GPTBot/1.2; +https://openai.com/gptbot)"
20.171.207.161 - - [17/Jun/2025:22:49:14 +0800] "GET /sitepages/topic/2?action=edit&file=policy.cpython-39.pyc&path=%2F%2Fproc%2Fthread-self%2Froot%2Flib64%2Fpython3.9%2Femail%2F__pycache__ HTTP/1.1" 200 69258 "-" "Mozilla/5.0 AppleWebKit/537.36 (KHTML, like Gecko; compatible; GPTBot/1.2; +https://openai.com/gptbot)"
20.171.207.119 - - [17/Jun/2025:22:49:15 +0800] "GET /?action=edit&file=npm&path=%2F%2Fopt%2Falt%2Falt-nodejs9%2Froot%2Fusr%2Fbin HTTP/1.1" 200 89498 "-" "Mozilla/5.0 AppleWebKit/537.36 (KHTML, like Gecko; compatible; GPTBot/1.2; +https://openai.com/gptbot)"
20.171.207.161 - - [17/Jun/2025:22:49:17 +0800] "GET /sitepages/topic/2?action=edit&file=policy.cpython-36.pyc&path=%2F%2Fproc%2Fthread-self%2Froot%2Flib64%2Fpython3.6%2Femail%2F__pycache__ HTTP/1.1" 200 69163 "-" "Mozilla/5.0 AppleWebKit/537.36 (KHTML, like Gecko; compatible; GPTBot/1.2; +https://openai.com/gptbot)"
66.249.79.165 - - [17/Jun/2025:22:49:18 +0800] "GET /?shopdetail/24535821 HTTP/1.1" 200 91197 "-" "Mozilla/5.0 (compatible; Googlebot/2.1; +http://www.google.com/bot.html)"
20.171.207.161 - - [17/Jun/2025:22:49:23 +0800] "GET /sitepages/topic/2?path=%2F%2Fproc%2Fthread-self%2Fnet%2Fnetfilter HTTP/1.1" 200 59432 "-" "Mozilla/5.0 AppleWebKit/537.36 (KHTML, like Gecko; compatible; GPTBot/1.2; +https://openai.com/gptbot)"
20.171.207.119 - - [17/Jun/2025:22:49:28 +0800] "GET /?action=edit&file=npm&path=%2F%2Fopt%2Falt%2Falt-nodejs6%2Froot%2Fusr%2Fbin HTTP/1.1" 200 88614 "-" "Mozilla/5.0 AppleWebKit/537.36 (KHTML, like Gecko; compatible; GPTBot/1.2; +https://openai.com/gptbot)"
20.171.207.161 - - [17/Jun/2025:22:49:34 +0800] "GET /sitepages/topic/2?path=%2F%2Fproc%2Fthread-self%2Fcwd%2Fuploads%2Finbox HTTP/1.1" 200 60139 "-" "Mozilla/5.0 AppleWebKit/537.36 (KHTML, like Gecko; compatible; GPTBot/1.2; +https://openai.com/gptbot)"
20.171.207.119 - - [17/Jun/2025:22:49:39 +0800] "GET /?action=edit&file=npm&path=%2F%2Fopt%2Falt%2Falt-nodejs8%2Froot%2Fusr%2Fbin HTTP/1.1" 200 91626 "-" "Mozilla/5.0 AppleWebKit/537.36 (KHTML, like Gecko; compatible; GPTBot/1.2; +https://openai.com/gptbot)"
20.171.207.161 - - [17/Jun/2025:22:49:41 +0800] "GET /sitepages/topic/2?path=%2F%2Fproc%2Fthread-self%2Fcwd%2Fuploads%2Fmapmng HTTP/1.1" 200 61037 "-" "Mozilla/5.0 AppleWebKit/537.36 (KHTML, like Gecko; compatible; GPTBot/1.2; +https://openai.com/gptbot)"
66.249.79.166 - - [17/Jun/2025:22:49:43 +0800] "GET /?shopdetail/21067121 HTTP/1.1" 200 91197 "-" "Mozilla/5.0 (Linux; Android 6.0.1; Nexus 5X Build/MMB29P) AppleWebKit/537.36 (KHTML, like Gecko) Chrome/136.0.7103.113 Mobile Safari/537.36 (compatible; Googlebot/2.1; +http://www.google.com/bot.html)"
20.171.207.161 - - [17/Jun/2025:22:49:48 +0800] "GET /sitepages/topic/2?path=%2F%2Fproc%2Fthread-self%2Fcwd%2Fuploads%2Fusers HTTP/1.1" 200 60478 "-" "Mozilla/5.0 AppleWebKit/537.36 (KHTML, like Gecko; compatible; GPTBot/1.2; +https://openai.com/gptbot)"
20.171.207.119 - - [17/Jun/2025:22:49:50 +0800] "GET /?action=edit&file=npx&path=%2F%2Fopt%2Falt%2Falt-nodejs8%2Froot%2Fusr%2Fbin HTTP/1.1" 200 86479 "-" "Mozilla/5.0 AppleWebKit/537.36 (KHTML, like Gecko; compatible; GPTBot/1.2; +https://openai.com/gptbot)"
20.171.207.119 - - [17/Jun/2025:22:49:53 +0800] "GET /?action=edit&file=gdk-pixbuf-thumbnailer&path=%2F%2Fopt%2Falt%2Falt-ImageMagick%2Fusr%2Fbin HTTP/1.1" 200 366135 "-" "Mozilla/5.0 AppleWebKit/537.36 (KHTML, like Gecko; compatible; GPTBot/1.2; +https://openai.com/gptbot)"
20.171.207.161 - - [17/Jun/2025:22:49:55 +0800] "GET /sitepages/topic/2?path=%2F%2Fproc%2Fthread-self%2Fcwd%2Fuploads%2Fmedia HTTP/1.1" 200 120941 "-" "Mozilla/5.0 AppleWebKit/537.36 (KHTML, like Gecko; compatible; GPTBot/1.2; +https://openai.com/gptbot)"
69.171.231.1 - - [17/Jun/2025:22:49:57 +0800] "GET /xailaar-manzuur-1 HTTP/1.1" 200 8002 "-" "facebookexternalhit/1.1 (+http://www.facebook.com/externalhit_uatext.php)"
20.171.207.161 - - [17/Jun/2025:22:50:02 +0800] "GET /sitepages/topic/2?path=%2F%2Fproc%2Fthread-self%2Froot%2Flib64%2Fpython3.9%2Fxml%2F__pycache__ HTTP/1.1" 200 60705 "-" "Mozilla/5.0 AppleWebKit/537.36 (KHTML, like Gecko; compatible; GPTBot/1.2; +https://openai.com/gptbot)"
20.171.207.119 - - [17/Jun/2025:22:50:06 +0800] "GET /?action=edit&file=vwebp&path=%2F%2Fopt%2Falt%2Falt-ImageMagick%2Fusr%2Fbin HTTP/1.1" 200 494631 "-" "Mozilla/5.0 AppleWebKit/537.36 (KHTML, like Gecko; compatible; GPTBot/1.2; +https://openai.com/gptbot)"
66.249.79.167 - - [17/Jun/2025:22:50:07 +0800] "GET /?shopdetail/23038854 HTTP/1.1" 200 91190 "-" "Mozilla/5.0 (Linux; Android 6.0.1; Nexus 5X Build/MMB29P) AppleWebKit/537.36 (KHTML, like Gecko) Chrome/136.0.7103.113 Mobile Safari/537.36 (compatible; Googlebot/2.1; +http://www.google.com/bot.html)"
20.171.207.161 - - [17/Jun/2025:22:50:10 +0800] "GET /sitepages/topic/2?path=%2F%2Fproc%2Fthread-self%2Froot%2Flib64%2Fpython3.9%2Fdbm%2F__pycache__ HTTP/1.1" 200 64119 "-" "Mozilla/5.0 AppleWebKit/537.36 (KHTML, like Gecko; compatible; GPTBot/1.2; +https://openai.com/gptbot)"
20.171.207.119 - - [17/Jun/2025:22:50:13 +0800] "GET /?action=edit&file=json.ini&path=%2F%2Fopt%2Falt%2Fphp71%2Fetc%2Fphp.d.all HTTP/1.1" 200 86279 "-" "Mozilla/5.0 AppleWebKit/537.36 (KHTML, like Gecko; compatible; GPTBot/1.2; +https://openai.com/gptbot)"
20.171.207.161 - - [17/Jun/2025:22:50:17 +0800] "GET /sitepages/topic/2?path=%2F%2Fproc%2Fthread-self%2Froot%2Flib64%2Fpython3.6%2Fxml%2F__pycache__ HTTP/1.1" 200 60721 "-" "Mozilla/5.0 AppleWebKit/537.36 (KHTML, like Gecko; compatible; GPTBot/1.2; +https://openai.com/gptbot)"
20.171.207.119 - - [17/Jun/2025:22:50:21 +0800] "GET /?path=%2F%2Fopt%2Falt%2Falt-nodejs8%2Froot%2Fvar%2Flib%2Fmisc HTTP/1.1" 200 86942 "-" "Mozilla/5.0 AppleWebKit/537.36 (KHTML, like Gecko; compatible; GPTBot/1.2; +https://openai.com/gptbot)"
20.171.207.161 - - [17/Jun/2025:22:50:25 +0800] "GET /sitepages/topic/2?action=edit&file=main.py&path=%2F%2Fproc%2Fthread-self%2Froot%2Flib64%2Fpython3.9%2Funittest HTTP/1.1" 200 71117 "-" "Mozilla/5.0 AppleWebKit/537.36 (KHTML, like Gecko; compatible; GPTBot/1.2; +https://openai.com/gptbot)"
20.171.207.119 - - [17/Jun/2025:22:50:29 +0800] "GET /?path=%2F%2Fopt%2Falt%2Falt-nodejs6%2Froot%2Fvar%2Flib%2Fmisc HTTP/1.1" 200 86942 "-" "Mozilla/5.0 AppleWebKit/537.36 (KHTML, like Gecko; compatible; GPTBot/1.2; +https://openai.com/gptbot)"
20.171.207.161 - - [17/Jun/2025:22:50:32 +0800] "GET /sitepages/topic/2?action=edit&file=__init__.cpython-39.opt-2.pyc&path=%2F%2Fproc%2Fthread-self%2Froot%2Flib64%2Fpython3.9%2Funittest%2F__pycache__ HTTP/1.1" 200 60991 "-" "Mozilla/5.0 AppleWebKit/537.36 (KHTML, like Gecko; compatible; GPTBot/1.2; +https://openai.com/gptbot)"
20.171.207.161 - - [17/Jun/2025:22:50:34 +0800] "GET /sitepages/topic/2?action=edit&file=__init__.cpython-39.opt-1.pyc&path=%2F%2Fproc%2Fthread-self%2Froot%2Flib64%2Fpython3.9%2Ftkinter%2F__pycache__ HTTP/1.1" 200 250359 "-" "Mozilla/5.0 AppleWebKit/537.36 (KHTML, like Gecko; compatible; GPTBot/1.2; +https://openai.com/gptbot)"
20.171.207.119 - - [17/Jun/2025:22:50:37 +0800] "GET /?path=%2F%2Fopt%2Falt%2Falt-nodejs9%2Froot%2Fvar%2Flib%2Fmisc HTTP/1.1" 200 86934 "-" "Mozilla/5.0 AppleWebKit/537.36 (KHTML, like Gecko; compatible; GPTBot/1.2; +https://openai.com/gptbot)"
20.171.207.161 - - [17/Jun/2025:22:50:40 +0800] "GET /sitepages/topic/2?action=edit&file=__init__.cpython-39.opt-1.pyc&path=%2F%2Fproc%2Fthread-self%2Froot%2Flib64%2Fpython3.9%2Funittest%2F__pycache__ HTTP/1.1" 200 62808 "-" "Mozilla/5.0 AppleWebKit/537.36 (KHTML, like Gecko; compatible; GPTBot/1.2; +https://openai.com/gptbot)"
66.249.79.165 - - [17/Jun/2025:22:50:43 +0800] "GET /?shopdetail/20797765 HTTP/1.1" 200 91197 "-" "Mozilla/5.0 (compatible; Googlebot/2.1; +http://www.google.com/bot.html)"
114.119.151.81 - - [17/Jun/2025:22:50:44 +0800] "GET /services/topic/111?path=//lib/sysimage HTTP/1.1" 200 65424 "https://zuuttravel.com/services/topic/111?path=//lib" "Mozilla/5.0 (Linux; Android 7.0;) AppleWebKit/537.36 (KHTML, like Gecko) Mobile Safari/537.36 (compatible; PetalBot;+https://webmaster.petalsearch.com/site/petalbot)"
20.171.207.119 - - [17/Jun/2025:22:50:45 +0800] "GET /?action=edit&file=xmlrpc.ini&path=%2F%2Fopt%2Falt%2Fphp71%2Fetc%2Fphp.d.all HTTP/1.1" 200 86287 "-" "Mozilla/5.0 AppleWebKit/537.36 (KHTML, like Gecko; compatible; GPTBot/1.2; +https://openai.com/gptbot)"
20.171.207.161 - - [17/Jun/2025:22:50:47 +0800] "GET /sitepages/topic/2?action=edit&file=__init__.cpython-36.opt-2.pyc&path=%2F%2Fproc%2Fthread-self%2Froot%2Flib64%2Fpython3.6%2Fxml%2Fdom%2F__pycache__ HTTP/1.1" 200 64131 "-" "Mozilla/5.0 AppleWebKit/537.36 (KHTML, like Gecko; compatible; GPTBot/1.2; +https://openai.com/gptbot)"
20.171.207.119 - - [17/Jun/2025:22:50:48 +0800] "GET /?action=edit&file=mcrypt.ini&path=%2F%2Fopt%2Falt%2Fphp71%2Fetc%2Fphp.d.all HTTP/1.1" 200 86279 "-" "Mozilla/5.0 AppleWebKit/537.36 (KHTML, like Gecko; compatible; GPTBot/1.2; +https://openai.com/gptbot)"
20.171.207.161 - - [17/Jun/2025:22:50:52 +0800] "GET /sitepages/topic/2?action=edit&file=North_to_south_mongolia_tour.jpg&path=%2F%2Fproc%2Fthread-self%2Fcwd%2Fuploads%2Fmapmng HTTP/1.1" 200 679552 "-" "Mozilla/5.0 AppleWebKit/537.36 (KHTML, like Gecko; compatible; GPTBot/1.2; +https://openai.com/gptbot)"
20.171.207.119 - - [17/Jun/2025:22:51:01 +0800] "GET /?action=edit&file=bcmath.ini&path=%2F%2Fopt%2Falt%2Fphp71%2Fetc%2Fphp.d.all HTTP/1.1" 200 86287 "-" "Mozilla/5.0 AppleWebKit/537.36 (KHTML, like Gecko; compatible; GPTBot/1.2; +https://openai.com/gptbot)"
20.171.207.161 - - [17/Jun/2025:22:51:02 +0800] "GET /sitepages/topic/2?action=edit&file=south_mongolia.jpg&path=%2F%2Fproc%2Fthread-self%2Fcwd%2Fuploads%2Fmapmng HTTP/1.1" 200 511924 "-" "Mozilla/5.0 AppleWebKit/537.36 (KHTML, like Gecko; compatible; GPTBot/1.2; +https://openai.com/gptbot)"
20.171.207.119 - - [17/Jun/2025:22:51:04 +0800] "GET /?action=edit&file=ssh2.ini&path=%2F%2Fopt%2Falt%2Fphp71%2Fetc%2Fphp.d.all HTTP/1.1" 200 86279 "-" "Mozilla/5.0 AppleWebKit/537.36 (KHTML, like Gecko; compatible; GPTBot/1.2; +https://openai.com/gptbot)"
20.171.207.161 - - [17/Jun/2025:22:51:10 +0800] "GET /sitepages/topic/2?action=edit&file=central_mongolia_tour.jpg&path=%2F%2Fproc%2Fthread-self%2Fcwd%2Fuploads%2Fmapmng HTTP/1.1" 200 585682 "-" "Mozilla/5.0 AppleWebKit/537.36 (KHTML, like Gecko; compatible; GPTBot/1.2; +https://openai.com/gptbot)"
20.171.207.119 - - [17/Jun/2025:22:51:12 +0800] "GET /?action=edit&file=uploadprogress.ini&path=%2F%2Fopt%2Falt%2Fphp71%2Fetc%2Fphp.d.all HTTP/1.1" 200 86310 "-" "Mozilla/5.0 AppleWebKit/537.36 (KHTML, like Gecko; compatible; GPTBot/1.2; +https://openai.com/gptbot)"
20.171.207.161 - - [17/Jun/2025:22:51:13 +0800] "GET /sitepages/topic/2?action=edit&file=ardiin-urlag.jpg&path=%2F%2Fproc%2Fthread-self%2Fcwd%2Fuploads%2Fmedia HTTP/1.1" 200 640290 "-" "Mozilla/5.0 AppleWebKit/537.36 (KHTML, like Gecko; compatible; GPTBot/1.2; +https://openai.com/gptbot)"
66.249.79.167 - - [17/Jun/2025:22:51:14 +0800] "GET /?shopdetail/17174487 HTTP/1.1" 200 91205 "-" "Mozilla/5.0 (Linux; Android 6.0.1; Nexus 5X Build/MMB29P) AppleWebKit/537.36 (KHTML, like Gecko) Chrome/136.0.7103.113 Mobile Safari/537.36 (compatible; Googlebot/2.1; +http://www.google.com/bot.html)"
20.171.207.161 - - [17/Jun/2025:22:51:19 +0800] "GET /sitepages/topic/2?action=edit&file=art.jpg&path=%2F%2Fproc%2Fthread-self%2Fcwd%2Fuploads%2Fmedia HTTP/1.1" 200 364699 "-" "Mozilla/5.0 AppleWebKit/537.36 (KHTML, like Gecko; compatible; GPTBot/1.2; +https://openai.com/gptbot)"
20.171.207.119 - - [17/Jun/2025:22:51:22 +0800] "GET /?action=edit&file=sourceguardian.ini&path=%2F%2Fopt%2Falt%2Fphp71%2Fetc%2Fphp.d.all HTTP/1.1" 200 86315 "-" "Mozilla/5.0 AppleWebKit/537.36 (KHTML, like Gecko; compatible; GPTBot/1.2; +https://openai.com/gptbot)"
20.171.207.119 - - [17/Jun/2025:22:51:25 +0800] "GET /?action=edit&file=uconv&path=%2F%2Fopt%2Falt%2Falt-nodejs9%2Froot%2Fusr%2Fbin HTTP/1.1" 200 167216 "-" "Mozilla/5.0 AppleWebKit/537.36 (KHTML, like Gecko; compatible; GPTBot/1.2; +https://openai.com/gptbot)"
20.171.207.161 - - [17/Jun/2025:22:51:29 +0800] "GET /sitepages/topic/2?action=edit&file=bq.jpg&path=%2F%2Fproc%2Fthread-self%2Fcwd%2Fuploads%2Fmedia HTTP/1.1" 200 60952 "-" "Mozilla/5.0 AppleWebKit/537.36 (KHTML, like Gecko; compatible; GPTBot/1.2; +https://openai.com/gptbot)"
20.171.207.119 - - [17/Jun/2025:22:51:36 +0800] "GET /?path=%2F%2Fopt%2Falt%2Falt-nodejs6%2Froot%2Fvar%2Flib%2Frpm-state HTTP/1.1" 200 86946 "-" "Mozilla/5.0 AppleWebKit/537.36 (KHTML, like Gecko; compatible; GPTBot/1.2; +https://openai.com/gptbot)"
20.171.207.161 - - [17/Jun/2025:22:51:37 +0800] "GET /sitepages/topic/2?action=edit&file=mongolian-foods.jpg&path=%2F%2Fproc%2Fthread-self%2Fcwd%2Fuploads%2Fmedia HTTP/1.1" 200 469268 "-" "Mozilla/5.0 AppleWebKit/537.36 (KHTML, like Gecko; compatible; GPTBot/1.2; +https://openai.com/gptbot)"
20.171.207.161 - - [17/Jun/2025:22:51:39 +0800] "GET /sitepages/topic/2?action=edit&file=western_mongolia.jpg&path=%2F%2Fproc%2Fthread-self%2Fcwd%2Fuploads%2Fmapmng HTTP/1.1" 200 255425 "-" "Mozilla/5.0 AppleWebKit/537.36 (KHTML, like Gecko; compatible; GPTBot/1.2; +https://openai.com/gptbot)"
20.171.207.119 - - [17/Jun/2025:22:51:43 +0800] "GET /?path=%2F%2Fopt%2Falt%2Falt-nodejs8%2Froot%2Fvar%2Flib%2Frpm-state HTTP/1.1" 200 86978 "-" "Mozilla/5.0 AppleWebKit/537.36 (KHTML, like Gecko; compatible; GPTBot/1.2; +https://openai.com/gptbot)"
20.171.207.161 - - [17/Jun/2025:22:51:48 +0800] "GET /sitepages/topic/2?action=edit&file=eastern_mongolia.jpg&path=%2F%2Fproc%2Fthread-self%2Fcwd%2Fuploads%2Fmapmng HTTP/1.1" 200 831603 "-" "Mozilla/5.0 AppleWebKit/537.36 (KHTML, like Gecko; compatible; GPTBot/1.2; +https://openai.com/gptbot)"
20.171.207.119 - - [17/Jun/2025:22:51:50 +0800] "GET /?path=%2F%2Fopt%2Falt%2Falt-nodejs9%2Froot%2Fvar%2Flib%2Frpm-state HTTP/1.1" 200 86962 "-" "Mozilla/5.0 AppleWebKit/537.36 (KHTML, like Gecko; compatible; GPTBot/1.2; +https://openai.com/gptbot)"
20.171.207.161 - - [17/Jun/2025:22:51:56 +0800] "GET /sitepages/topic/2?action=edit&file=tmp_33c0c4d325d30929840d050dc42352ea.php&path=%2F%2Fproc%2Fthread-self%2Fcwd%2Fuploads%2Fmedia HTTP/1.1" 200 78693 "-" "Mozilla/5.0 AppleWebKit/537.36 (KHTML, like Gecko; compatible; GPTBot/1.2; +https://openai.com/gptbot)"
20.171.207.119 - - [17/Jun/2025:22:51:58 +0800] "GET /?action=edit&file=scoutapm.ini&path=%2F%2Fopt%2Falt%2Fphp71%2Fetc%2Fphp.d.all HTTP/1.1" 200 86299 "-" "Mozilla/5.0 AppleWebKit/537.36 (KHTML, like Gecko; compatible; GPTBot/1.2; +https://openai.com/gptbot)"
20.171.207.119 - - [17/Jun/2025:22:52:06 +0800] "GET /?action=edit&file=pdo_sqlite.ini&path=%2F%2Fopt%2Falt%2Fphp71%2Fetc%2Fphp.d.all HTTP/1.1" 200 86312 "-" "Mozilla/5.0 AppleWebKit/537.36 (KHTML, like Gecko; compatible; GPTBot/1.2; +https://openai.com/gptbot)"
20.171.207.161 - - [17/Jun/2025:22:52:10 +0800] "GET /sitepages/topic/2?action=edit&file=__init__.cpython-39.opt-1.pyc&path=%2F%2Fproc%2Fthread-self%2Froot%2Flib64%2Fpython3.9%2Fxml%2F__pycache__ HTTP/1.1" 200 59833 "-" "Mozilla/5.0 AppleWebKit/537.36 (KHTML, like Gecko; compatible; GPTBot/1.2; +https://openai.com/gptbot)"
20.171.207.119 - - [17/Jun/2025:22:52:13 +0800] "GET /?action=edit&file=memcached.ini&path=%2F%2Fopt%2Falt%2Fphp71%2Fetc%2Fphp.d.all HTTP/1.1" 200 86320 "-" "Mozilla/5.0 AppleWebKit/537.36 (KHTML, like Gecko; compatible; GPTBot/1.2; +https://openai.com/gptbot)"
20.171.207.161 - - [17/Jun/2025:22:52:14 +0800] "GET /sitepages/topic/2?action=edit&file=__init__.cpython-39.opt-1.pyc&path=%2F%2Fproc%2Fthread-self%2Froot%2Flib64%2Fpython3.9%2Fdbm%2F__pycache__ HTTP/1.1" 200 63896 "-" "Mozilla/5.0 AppleWebKit/537.36 (KHTML, like Gecko; compatible; GPTBot/1.2; +https://openai.com/gptbot)"
