20.171.207.119 - - [17/Jun/2025:21:25:34 +0800] "GET /?path=%2F%2Fopt%2Falt%2Falt-nodejs8%2Froot%2Fusr%2Fshare%2Flocale%2Fsr%40ije%2FLC_MESSAGES HTTP/1.1" 200 87177 "-" "Mozilla/5.0 AppleWebKit/537.36 (KHTML, like Gecko; compatible; GPTBot/1.2; +https://openai.com/gptbot)"
20.171.207.161 - - [17/Jun/2025:21:25:35 +0800] "GET /sitepages/topic/2?action=edit&file=encoder.cpython-36.pyc&path=%2F%2Fusr%2Flib64%2Fpython3.6%2Fjson%2F__pycache__ HTTP/1.1" 200 71460 "-" "Mozilla/5.0 AppleWebKit/537.36 (KHTML, like Gecko; compatible; GPTBot/1.2; +https://openai.com/gptbot)"
20.171.207.119 - - [17/Jun/2025:21:25:37 +0800] "GET /?path=%2F%2Fopt%2Falt%2Falt-nodejs6%2Froot%2Fusr%2Fshare%2Flocale%2Fnds%40NFE%2FLC_MESSAGES HTTP/1.1" 200 87159 "-" "Mozilla/5.0 AppleWebKit/537.36 (KHTML, like Gecko; compatible; GPTBot/1.2; +https://openai.com/gptbot)"
20.171.207.119 - - [17/Jun/2025:21:25:39 +0800] "GET /?path=%2F%2Fopt%2Falt%2Falt-nodejs6%2Froot%2Fusr%2Fshare%2Flocale%2Fuz%40Latn HTTP/1.1" 200 87347 "-" "Mozilla/5.0 AppleWebKit/537.36 (KHTML, like Gecko; compatible; GPTBot/1.2; +https://openai.com/gptbot)"
20.171.207.161 - - [17/Jun/2025:21:25:41 +0800] "GET /sitepages/topic/2?action=edit&file=tool.cpython-36.opt-2.pyc&path=%2F%2Fusr%2Flib64%2Fpython3.6%2Fjson%2F__pycache__ HTTP/1.1" 200 60341 "-" "Mozilla/5.0 AppleWebKit/537.36 (KHTML, like Gecko; compatible; GPTBot/1.2; +https://openai.com/gptbot)"
20.171.207.119 - - [17/Jun/2025:21:25:42 +0800] "GET /?path=%2F%2Fopt%2Falt%2Falt-nodejs8%2Froot%2Fusr%2Fshare%2Flocale%2Fuz%40Latn%2FLC_MESSAGES HTTP/1.1" 200 87174 "-" "Mozilla/5.0 AppleWebKit/537.36 (KHTML, like Gecko; compatible; GPTBot/1.2; +https://openai.com/gptbot)"
20.171.207.119 - - [17/Jun/2025:21:25:44 +0800] "GET /?path=%2F%2Fopt%2Falt%2Falt-nodejs9%2Froot%2Fusr%2Fshare%2Flocale%2Fsr%40ije%2FLC_MESSAGES HTTP/1.1" 200 87161 "-" "Mozilla/5.0 AppleWebKit/537.36 (KHTML, like Gecko; compatible; GPTBot/1.2; +https://openai.com/gptbot)"
20.171.207.119 - - [17/Jun/2025:21:25:47 +0800] "GET /?path=%2F%2Fopt%2Falt%2Falt-nodejs9%2Froot%2Fusr%2Fshare%2Flocale%2Fnds%40NFE%2FLC_MESSAGES HTTP/1.1" 200 87166 "-" "Mozilla/5.0 AppleWebKit/537.36 (KHTML, like Gecko; compatible; GPTBot/1.2; +https://openai.com/gptbot)"
20.171.207.161 - - [17/Jun/2025:21:25:47 +0800] "GET /sitepages/topic/2?action=edit&file=__init__.cpython-36.opt-1.pyc&path=%2F%2Fusr%2Flib64%2Fpython3.6%2Fjson%2F__pycache__ HTTP/1.1" 200 73050 "-" "Mozilla/5.0 AppleWebKit/537.36 (KHTML, like Gecko; compatible; GPTBot/1.2; +https://openai.com/gptbot)"
20.171.207.119 - - [17/Jun/2025:21:25:49 +0800] "GET /?path=%2F%2Fopt%2Falt%2Falt-nodejs9%2Froot%2Fusr%2Fshare%2Flocale%2Fen%40shaw HTTP/1.1" 200 87363 "-" "Mozilla/5.0 AppleWebKit/537.36 (KHTML, like Gecko; compatible; GPTBot/1.2; +https://openai.com/gptbot)"
20.171.207.161 - - [17/Jun/2025:21:25:51 +0800] "GET /sitepages/topic/2?action=edit&file=parser.pyo&path=%2F%2Fusr%2Flib64%2Fpython2.7%2Femail HTTP/1.1" 200 62721 "-" "Mozilla/5.0 AppleWebKit/537.36 (KHTML, like Gecko; compatible; GPTBot/1.2; +https://openai.com/gptbot)"
20.171.207.119 - - [17/Jun/2025:21:25:52 +0800] "GET /?path=%2F%2Fopt%2Falt%2Falt-nodejs6%2Froot%2Fusr%2Fshare%2Flocale%2Fen%40shaw HTTP/1.1" 200 87347 "-" "Mozilla/5.0 AppleWebKit/537.36 (KHTML, like Gecko; compatible; GPTBot/1.2; +https://openai.com/gptbot)"
20.171.207.119 - - [17/Jun/2025:21:25:54 +0800] "GET /?path=%2F%2Fopt%2Falt%2Falt-nodejs9%2Froot%2Fusr%2Fshare%2Flocale%2Fuz%40Latn HTTP/1.1" 200 87347 "-" "Mozilla/5.0 AppleWebKit/537.36 (KHTML, like Gecko; compatible; GPTBot/1.2; +https://openai.com/gptbot)"
20.171.207.161 - - [17/Jun/2025:21:25:55 +0800] "GET /sitepages/topic/2?path=%2F%2Fusr%2Flib64%2Fpython2.7%2Fconfig HTTP/1.1" 200 62250 "-" "Mozilla/5.0 AppleWebKit/537.36 (KHTML, like Gecko; compatible; GPTBot/1.2; +https://openai.com/gptbot)"
20.171.207.119 - - [17/Jun/2025:21:25:57 +0800] "GET /?path=%2F%2Fopt%2Falt%2Falt-nodejs8%2Froot%2Fusr%2Fshare%2Flocale%2Fbe%40latin HTTP/1.1" 200 87344 "-" "Mozilla/5.0 AppleWebKit/537.36 (KHTML, like Gecko; compatible; GPTBot/1.2; +https://openai.com/gptbot)"
20.171.207.119 - - [17/Jun/2025:21:25:59 +0800] "GET /?path=%2F%2Fopt%2Falt%2Falt-nodejs8%2Froot%2Fusr%2Fshare%2Flocale%2Fen%40shaw HTTP/1.1" 200 87371 "-" "Mozilla/5.0 AppleWebKit/537.36 (KHTML, like Gecko; compatible; GPTBot/1.2; +https://openai.com/gptbot)"
20.171.207.161 - - [17/Jun/2025:21:25:59 +0800] "GET /sitepages/topic/2?path=%2F%2Fusr%2Flib64%2Fpython2.7%2FDemo%2Fembed HTTP/1.1" 200 60774 "-" "Mozilla/5.0 AppleWebKit/537.36 (KHTML, like Gecko; compatible; GPTBot/1.2; +https://openai.com/gptbot)"
20.171.207.119 - - [17/Jun/2025:21:26:01 +0800] "GET /?path=%2F%2Fopt%2Falt%2Falt-nodejs9%2Froot%2Fusr%2Fshare%2Flocale%2Fbe%40latin HTTP/1.1" 200 87352 "-" "Mozilla/5.0 AppleWebKit/537.36 (KHTML, like Gecko; compatible; GPTBot/1.2; +https://openai.com/gptbot)"
20.171.207.161 - - [17/Jun/2025:21:26:03 +0800] "GET /sitepages/topic/2?path=%2F%2Fusr%2Flib64%2Fpython2.7%2FDemo%2Fmd5test HTTP/1.1" 200 60830 "-" "Mozilla/5.0 AppleWebKit/537.36 (KHTML, like Gecko; compatible; GPTBot/1.2; +https://openai.com/gptbot)"
20.171.207.119 - - [17/Jun/2025:21:26:04 +0800] "GET /?path=%2F%2Fopt%2Falt%2Falt-nodejs8%2Froot%2Fusr%2Fshare%2Fman%2Fman4 HTTP/1.1" 200 87023 "-" "Mozilla/5.0 AppleWebKit/537.36 (KHTML, like Gecko; compatible; GPTBot/1.2; +https://openai.com/gptbot)"
20.171.207.119 - - [17/Jun/2025:21:26:06 +0800] "GET /?path=%2F%2Fopt%2Falt%2Falt-nodejs8%2Froot%2Fusr%2Fshare%2Fman%2Fman7x HTTP/1.1" 200 87035 "-" "Mozilla/5.0 AppleWebKit/537.36 (KHTML, like Gecko; compatible; GPTBot/1.2; +https://openai.com/gptbot)"
20.171.207.161 - - [17/Jun/2025:21:26:06 +0800] "GET /sitepages/topic/2?action=edit&file=policy.cpython-36.opt-1.pyc&path=%2F%2Fusr%2Flib64%2Fpython3.6%2Femail%2F__pycache__ HTTP/1.1" 200 69061 "-" "Mozilla/5.0 AppleWebKit/537.36 (KHTML, like Gecko; compatible; GPTBot/1.2; +https://openai.com/gptbot)"
20.171.207.119 - - [17/Jun/2025:21:26:08 +0800] "GET /?path=%2F%2Fopt%2Falt%2Falt-nodejs6%2Froot%2Fusr%2Fshare%2Flocale%2Fuz%40Latn%2FLC_MESSAGES HTTP/1.1" 200 87174 "-" "Mozilla/5.0 AppleWebKit/537.36 (KHTML, like Gecko; compatible; GPTBot/1.2; +https://openai.com/gptbot)"
20.171.207.119 - - [17/Jun/2025:21:26:11 +0800] "GET /?path=%2F%2Fopt%2Falt%2Falt-nodejs8%2Froot%2Fusr%2Fshare%2Fman%2Fman2x HTTP/1.1" 200 87043 "-" "Mozilla/5.0 AppleWebKit/537.36 (KHTML, like Gecko; compatible; GPTBot/1.2; +https://openai.com/gptbot)"
20.171.207.119 - - [17/Jun/2025:21:26:13 +0800] "GET /?path=%2F%2Fopt%2Falt%2Falt-nodejs9%2Froot%2Fusr%2Fshare%2Fman%2Fman5 HTTP/1.1" 200 89899 "-" "Mozilla/5.0 AppleWebKit/537.36 (KHTML, like Gecko; compatible; GPTBot/1.2; +https://openai.com/gptbot)"
20.171.207.161 - - [17/Jun/2025:21:26:14 +0800] "GET /sitepages/topic/2?path=%2F%2Fusr%2Flib64%2Fpython3.6%2Fctypes HTTP/1.1" 200 60873 "-" "Mozilla/5.0 AppleWebKit/537.36 (KHTML, like Gecko; compatible; GPTBot/1.2; +https://openai.com/gptbot)"
20.171.207.119 - - [17/Jun/2025:21:26:16 +0800] "GET /?path=%2F%2Fopt%2Falt%2Falt-nodejs6%2Froot%2Fusr%2Fshare%2Fman%2Fman9x HTTP/1.1" 200 87019 "-" "Mozilla/5.0 AppleWebKit/537.36 (KHTML, like Gecko; compatible; GPTBot/1.2; +https://openai.com/gptbot)"
20.171.207.161 - - [17/Jun/2025:21:26:16 +0800] "GET /sitepages/topic/2?action=edit&file=tdemo_fractalcurves.pyo&path=%2F%2Fusr%2Flib64%2Fpython2.7%2FDemo%2Fturtle HTTP/1.1" 200 62647 "-" "Mozilla/5.0 AppleWebKit/537.36 (KHTML, like Gecko; compatible; GPTBot/1.2; +https://openai.com/gptbot)"
20.171.207.119 - - [17/Jun/2025:21:26:18 +0800] "GET /?path=%2F%2Fopt%2Falt%2Falt-nodejs9%2Froot%2Fusr%2Fshare%2Flocale%2Fen%40shaw%2FLC_MESSAGES HTTP/1.1" 200 87182 "-" "Mozilla/5.0 AppleWebKit/537.36 (KHTML, like Gecko; compatible; GPTBot/1.2; +https://openai.com/gptbot)"
173.249.4.31 - - [17/Jun/2025:21:26:18 +0800] "GET /wp-content/uploads/ HTTP/1.1" 301 249 "-" "Mozilla/5.0 (X11; Linux x86_64) AppleWebKit/537.36"
20.171.207.119 - - [17/Jun/2025:21:26:21 +0800] "GET /?path=%2F%2Fopt%2Falt%2Falt-nodejs6%2Froot%2Fusr%2Fshare%2Flocale%2Fen%40shaw%2FLC_MESSAGES HTTP/1.1" 200 87198 "-" "Mozilla/5.0 AppleWebKit/537.36 (KHTML, like Gecko; compatible; GPTBot/1.2; +https://openai.com/gptbot)"
20.171.207.119 - - [17/Jun/2025:21:26:23 +0800] "GET /?path=%2F%2Fopt%2Falt%2Falt-nodejs9%2Froot%2Fusr%2Fshare%2Flocale%2Fuz%40Latn%2FLC_MESSAGES HTTP/1.1" 200 87190 "-" "Mozilla/5.0 AppleWebKit/537.36 (KHTML, like Gecko; compatible; GPTBot/1.2; +https://openai.com/gptbot)"
20.171.207.161 - - [17/Jun/2025:21:26:23 +0800] "GET /sitepages/topic/2?path=%2F%2Flib64%2Fpython3.6%2Fxml%2Fetree HTTP/1.1" 200 60969 "-" "Mozilla/5.0 AppleWebKit/537.36 (KHTML, like Gecko; compatible; GPTBot/1.2; +https://openai.com/gptbot)"
20.171.207.119 - - [17/Jun/2025:21:26:26 +0800] "GET /?path=%2F%2Fopt%2Falt%2Falt-nodejs8%2Froot%2Fusr%2Fshare%2Flocale%2Fbe%40latin%2FLC_MESSAGES HTTP/1.1" 200 87187 "-" "Mozilla/5.0 AppleWebKit/537.36 (KHTML, like Gecko; compatible; GPTBot/1.2; +https://openai.com/gptbot)"
20.171.207.119 - - [17/Jun/2025:21:26:28 +0800] "GET /?path=%2F%2Fopt%2Falt%2Falt-nodejs8%2Froot%2Fusr%2Fshare%2Flocale%2Fen%40shaw%2FLC_MESSAGES HTTP/1.1" 200 87174 "-" "Mozilla/5.0 AppleWebKit/537.36 (KHTML, like Gecko; compatible; GPTBot/1.2; +https://openai.com/gptbot)"
20.171.207.161 - - [17/Jun/2025:21:26:29 +0800] "GET /sitepages/topic/2?path=%2F%2Flib%2Fpython3.9%2Fsite-packages%2Fsetuptools%2Fextern HTTP/1.1" 200 59963 "-" "Mozilla/5.0 AppleWebKit/537.36 (KHTML, like Gecko; compatible; GPTBot/1.2; +https://openai.com/gptbot)"
173.249.4.31 - - [17/Jun/2025:21:26:31 +0800] "GET /wp-content/plugins/ HTTP/1.1" 301 249 "-" "Mozilla/5.0 (X11; Linux x86_64) AppleWebKit/537.36"
173.249.4.31 - - [17/Jun/2025:21:26:32 +0800] "GET /wp-includes/ HTTP/1.1" 301 242 "-" "Mozilla/5.0 (X11; Linux x86_64) AppleWebKit/537.36"
173.249.4.31 - - [17/Jun/2025:21:26:32 +0800] "GET /.well-known/ HTTP/1.1" 403 8002 "-" "Mozilla/5.0 (X11; Linux x86_64) AppleWebKit/537.36"
20.171.207.119 - - [17/Jun/2025:21:26:36 +0800] "GET /?path=%2F%2Fopt%2Falt%2Falt-nodejs9%2Froot%2Fusr%2Fshare%2Flocale%2Fbe%40latin%2FLC_MESSAGES HTTP/1.1" 200 87171 "-" "Mozilla/5.0 AppleWebKit/537.36 (KHTML, like Gecko; compatible; GPTBot/1.2; +https://openai.com/gptbot)"
66.249.79.165 - - [17/Jun/2025:21:26:37 +0800] "GET /?shopdetail/2414932 HTTP/1.1" 200 91197 "-" "Mozilla/5.0 (Linux; Android 6.0.1; Nexus 5X Build/MMB29P) AppleWebKit/537.36 (KHTML, like Gecko) Chrome/136.0.7103.113 Mobile Safari/537.36 (compatible; Googlebot/2.1; +http://www.google.com/bot.html)"
20.171.207.161 - - [17/Jun/2025:21:26:39 +0800] "GET /sitepages/topic/2?path=%2F%2Flib%2Fpython2.7%2Fsite-packages%2Fsetuptools%2Fcommand HTTP/1.1" 200 85653 "-" "Mozilla/5.0 AppleWebKit/537.36 (KHTML, like Gecko; compatible; GPTBot/1.2; +https://openai.com/gptbot)"
20.171.207.119 - - [17/Jun/2025:21:26:44 +0800] "GET /?path=%2F%2Fopt%2Falt%2Falt-nodejs6%2Froot%2Fusr%2Fshare%2Fman%2Fman1p HTTP/1.1" 200 87027 "-" "Mozilla/5.0 AppleWebKit/537.36 (KHTML, like Gecko; compatible; GPTBot/1.2; +https://openai.com/gptbot)"
20.171.207.161 - - [17/Jun/2025:21:26:47 +0800] "GET /sitepages/topic/2?path=%2F%2Flib%2Fpython3.6%2Fsite-packages%2Fsetuptools%2Fextern HTTP/1.1" 200 59971 "-" "Mozilla/5.0 AppleWebKit/537.36 (KHTML, like Gecko; compatible; GPTBot/1.2; +https://openai.com/gptbot)"
66.249.79.166 - - [17/Jun/2025:21:26:47 +0800] "GET /assets/frontend/css/tabpage/bootstrap.vertical-tabs.css HTTP/1.1" 200 1951 "https://zuuttravel.com/?shopdetail/2414932" "Mozilla/5.0 (Linux; Android 6.0.1; Nexus 5X Build/MMB29P) AppleWebKit/537.36 (KHTML, like Gecko) Chrome/137.0.7151.68 Mobile Safari/537.36 (compatible; Googlebot/2.1; +http://www.google.com/bot.html)"
20.171.207.119 - - [17/Jun/2025:21:26:51 +0800] "GET /?path=%2F%2Fopt%2Falt%2Falt-nodejs9%2Froot%2Fusr%2Fshare%2Fman%2Fman8x HTTP/1.1" 200 87027 "-" "Mozilla/5.0 AppleWebKit/537.36 (KHTML, like Gecko; compatible; GPTBot/1.2; +https://openai.com/gptbot)"
20.171.207.161 - - [17/Jun/2025:21:26:54 +0800] "GET /sitepages/topic/2?path=%2F%2Flib%2Fpython2.7%2Fsite-packages%2Fgoogle%2Fprotobuf%2Finternal HTTP/1.1" 200 107668 "-" "Mozilla/5.0 AppleWebKit/537.36 (KHTML, like Gecko; compatible; GPTBot/1.2; +https://openai.com/gptbot)"
20.171.207.119 - - [17/Jun/2025:21:26:58 +0800] "GET /?path=%2F%2Fopt%2Falt%2Falt-nodejs9%2Froot%2Fusr%2Fshare%2Fman%2Fman4 HTTP/1.1" 200 87015 "-" "Mozilla/5.0 AppleWebKit/537.36 (KHTML, like Gecko; compatible; GPTBot/1.2; +https://openai.com/gptbot)"
20.171.207.161 - - [17/Jun/2025:21:27:02 +0800] "GET /sitepages/topic/2?path=%2F%2Fhome%2Fzuuttrav%2Fpublic_html%2F.well-known%2Facme-challenge%2F51481 HTTP/1.1" 200 59900 "-" "Mozilla/5.0 AppleWebKit/537.36 (KHTML, like Gecko; compatible; GPTBot/1.2; +https://openai.com/gptbot)"
20.171.207.119 - - [17/Jun/2025:21:27:06 +0800] "GET /?path=%2F%2Fopt%2Falt%2Falt-nodejs6%2Froot%2Fusr%2Fshare%2Fman%2Fman4 HTTP/1.1" 200 87015 "-" "Mozilla/5.0 AppleWebKit/537.36 (KHTML, like Gecko; compatible; GPTBot/1.2; +https://openai.com/gptbot)"
114.119.150.208 - - [17/Jun/2025:21:27:06 +0800] "GET /services/topic/104?action=edit&file=ctry_usage_202310.png&path=/home/zuuttrav/tmp/webalizer HTTP/1.1" 200 74036 "https://zuuttravel.com/services/topic/104?path=/home/zuuttrav/tmp/webalizer" "Mozilla/5.0 (Linux; Android 7.0;) AppleWebKit/537.36 (KHTML, like Gecko) Mobile Safari/537.36 (compatible; PetalBot;+https://webmaster.petalsearch.com/site/petalbot)"
20.171.207.161 - - [17/Jun/2025:21:27:11 +0800] "GET /sitepages/topic/2?path=%2F%2Fhome%2Fzuuttrav%2F.htpasswds%2Fwordpress-backups HTTP/1.1" 200 59222 "-" "Mozilla/5.0 AppleWebKit/537.36 (KHTML, like Gecko; compatible; GPTBot/1.2; +https://openai.com/gptbot)"
20.171.207.119 - - [17/Jun/2025:21:27:14 +0800] "GET /?action=edit&file=package.json.5.gz&path=%2F%2Fopt%2Falt%2Falt-nodejs9%2Froot%2Fusr%2Fshare%2Fman%2Fman5 HTTP/1.1" 200 104410 "-" "Mozilla/5.0 AppleWebKit/537.36 (KHTML, like Gecko; compatible; GPTBot/1.2; +https://openai.com/gptbot)"
20.171.207.161 - - [17/Jun/2025:21:27:18 +0800] "GET /sitepages/topic/2?path=%2Fhome%2Fzuuttrav%2Fpublic_html%2Fassets%2Ffile-manager HTTP/1.1" 200 60162 "-" "Mozilla/5.0 AppleWebKit/537.36 (KHTML, like Gecko; compatible; GPTBot/1.2; +https://openai.com/gptbot)"
66.249.79.165 - - [17/Jun/2025:21:27:19 +0800] "GET /?shopdetail/4652587 HTTP/1.1" 200 91196 "-" "Mozilla/5.0 (compatible; Googlebot/2.1; +http://www.google.com/bot.html)"
20.171.207.119 - - [17/Jun/2025:21:27:22 +0800] "GET /?action=edit&file=npm-package-locks.5.gz&path=%2F%2Fopt%2Falt%2Falt-nodejs9%2Froot%2Fusr%2Fshare%2Fman%2Fman5 HTTP/1.1" 200 90764 "-" "Mozilla/5.0 AppleWebKit/537.36 (KHTML, like Gecko; compatible; GPTBot/1.2; +https://openai.com/gptbot)"
20.171.207.161 - - [17/Jun/2025:21:27:26 +0800] "GET /sitepages/topic/2?action=edit&file=sessionid&path=%2F%2Fproc%2Fself HTTP/1.1" 200 58611 "-" "Mozilla/5.0 AppleWebKit/537.36 (KHTML, like Gecko; compatible; GPTBot/1.2; +https://openai.com/gptbot)"
20.171.207.119 - - [17/Jun/2025:21:27:30 +0800] "GET /?path=%2F%2Fopt%2Falt%2Falt-nodejs6%2Froot%2Fusr%2Fshare%2Fman%2Fman6 HTTP/1.1" 200 87023 "-" "Mozilla/5.0 AppleWebKit/537.36 (KHTML, like Gecko; compatible; GPTBot/1.2; +https://openai.com/gptbot)"
20.171.207.161 - - [17/Jun/2025:21:27:33 +0800] "GET /sitepages/topic/2?action=edit&file=netifconquery.cpython-36.opt-1.pyc&path=%2F%2Fusr%2Flib64%2Fpython3.6%2Fsite-packages%2Fsetools%2F__pycache__ HTTP/1.1" 200 61813 "-" "Mozilla/5.0 AppleWebKit/537.36 (KHTML, like Gecko; compatible; GPTBot/1.2; +https://openai.com/gptbot)"
20.171.207.161 - - [17/Jun/2025:21:27:35 +0800] "GET /sitepages/topic/2?path=%2F%2Fusr%2Flib64%2Fpython3.6%2Fctypes%2F__pycache__ HTTP/1.1" 200 63632 "-" "Mozilla/5.0 AppleWebKit/537.36 (KHTML, like Gecko; compatible; GPTBot/1.2; +https://openai.com/gptbot)"
20.171.207.119 - - [17/Jun/2025:21:27:36 +0800] "GET /?path=%2F%2Fopt%2Falt%2Falt-nodejs9%2Froot%2Fusr%2Fshare%2Fman%2Fman3x HTTP/1.1" 200 87027 "-" "Mozilla/5.0 AppleWebKit/537.36 (KHTML, like Gecko; compatible; GPTBot/1.2; +https://openai.com/gptbot)"
114.119.157.103 - - [17/Jun/2025:21:27:39 +0800] "GET /blog/topic/81?path=//lib64/guile HTTP/1.1" 200 59677 "https://zuuttravel.com/blog/topic/81?path=//lib64" "Mozilla/5.0 (Linux; Android 7.0;) AppleWebKit/537.36 (KHTML, like Gecko) Mobile Safari/537.36 (compatible; PetalBot;+https://webmaster.petalsearch.com/site/petalbot)"
20.171.207.119 - - [17/Jun/2025:21:27:44 +0800] "GET /?path=%2F%2Fopt%2Falt%2Falt-nodejs6%2Froot%2Fusr%2Fshare%2Fman%2Fman9 HTTP/1.1" 200 87023 "-" "Mozilla/5.0 AppleWebKit/537.36 (KHTML, like Gecko; compatible; GPTBot/1.2; +https://openai.com/gptbot)"
20.171.207.161 - - [17/Jun/2025:21:27:46 +0800] "GET /sitepages/topic/2?path=%2F%2Flib64%2Fpython3.6%2Fxml%2Fetree%2F__pycache__ HTTP/1.1" 200 64836 "-" "Mozilla/5.0 AppleWebKit/537.36 (KHTML, like Gecko; compatible; GPTBot/1.2; +https://openai.com/gptbot)"
20.171.207.119 - - [17/Jun/2025:21:27:46 +0800] "GET /?path=%2F%2Fopt%2Falt%2Falt-nodejs8%2Froot%2Fusr%2Fshare%2Fman%2Fman6 HTTP/1.1" 200 87031 "-" "Mozilla/5.0 AppleWebKit/537.36 (KHTML, like Gecko; compatible; GPTBot/1.2; +https://openai.com/gptbot)"
66.249.79.165 - - [17/Jun/2025:21:27:48 +0800] "GET /?shopdetail/25940887 HTTP/1.1" 200 91197 "-" "Mozilla/5.0 (Linux; Android 6.0.1; Nexus 5X Build/MMB29P) AppleWebKit/537.36 (KHTML, like Gecko) Chrome/136.0.7103.113 Mobile Safari/537.36 (compatible; Googlebot/2.1; +http://www.google.com/bot.html)"
20.171.207.161 - - [17/Jun/2025:21:27:54 +0800] "GET /sitepages/topic/2?path=%2F%2Flib%2Fpython3.9%2Fsite-packages%2Fsetuptools%2Fextern%2F__pycache__ HTTP/1.1" 200 60296 "-" "Mozilla/5.0 AppleWebKit/537.36 (KHTML, like Gecko; compatible; GPTBot/1.2; +https://openai.com/gptbot)"
20.171.207.119 - - [17/Jun/2025:21:27:58 +0800] "GET /?path=%2F%2Fopt%2Falt%2Falt-nodejs9%2Froot%2Fusr%2Fshare%2Fman%2Fman7x HTTP/1.1" 200 87027 "-" "Mozilla/5.0 AppleWebKit/537.36 (KHTML, like Gecko; compatible; GPTBot/1.2; +https://openai.com/gptbot)"
20.171.207.161 - - [17/Jun/2025:21:28:01 +0800] "GET /sitepages/topic/2?action=edit&file=genfsconquery.cpython-36.opt-1.pyc&path=%2F%2Fusr%2Flib64%2Fpython3.6%2Fsite-packages%2Fsetools%2F__pycache__ HTTP/1.1" 200 62348 "-" "Mozilla/5.0 AppleWebKit/537.36 (KHTML, like Gecko; compatible; GPTBot/1.2; +https://openai.com/gptbot)"
20.171.207.119 - - [17/Jun/2025:21:28:06 +0800] "GET /?path=%2F%2Fopt%2Falt%2Falt-nodejs8%2Froot%2Fusr%2Fshare%2Fman%2Fman3x HTTP/1.1" 200 87027 "-" "Mozilla/5.0 AppleWebKit/537.36 (KHTML, like Gecko; compatible; GPTBot/1.2; +https://openai.com/gptbot)"
20.171.207.161 - - [17/Jun/2025:21:28:09 +0800] "GET /sitepages/topic/2?path=%2F%2Flib%2Fpython3.6%2Fsite-packages%2Fsetuptools%2Fextern%2F__pycache__ HTTP/1.1" 200 60326 "-" "Mozilla/5.0 AppleWebKit/537.36 (KHTML, like Gecko; compatible; GPTBot/1.2; +https://openai.com/gptbot)"
20.171.207.161 - - [17/Jun/2025:21:28:11 +0800] "GET /sitepages/topic/2?action=edit&file=connection.cpython-36.opt-1.pyc&path=%2F%2Fusr%2Flib64%2Fpython3.6%2Fmultiprocessing%2Fdummy%2F__pycache__ HTTP/1.1" 200 61788 "-" "Mozilla/5.0 AppleWebKit/537.36 (KHTML, like Gecko; compatible; GPTBot/1.2; +https://openai.com/gptbot)"
20.171.207.119 - - [17/Jun/2025:21:28:13 +0800] "GET /?path=%2F%2Fopt%2Falt%2Falt-nodejs9%2Froot%2Fusr%2Fshare%2Fman%2Fman9x HTTP/1.1" 200 87043 "-" "Mozilla/5.0 AppleWebKit/537.36 (KHTML, like Gecko; compatible; GPTBot/1.2; +https://openai.com/gptbot)"
114.119.150.208 - - [17/Jun/2025:21:28:17 +0800] "GET /blog/topic/81?path=//lib64/graphviz HTTP/1.1" 200 66426 "https://zuuttravel.com/blog/topic/81?path=//lib64" "Mozilla/5.0 (Linux; Android 7.0;) AppleWebKit/537.36 (KHTML, like Gecko) Mobile Safari/537.36 (compatible; PetalBot;+https://webmaster.petalsearch.com/site/petalbot)"
20.171.207.119 - - [17/Jun/2025:21:28:20 +0800] "GET /?path=%2F%2Fopt%2Falt%2Falt-nodejs8%2Froot%2Fusr%2Fshare%2Fman%2Fman5 HTTP/1.1" 200 89525 "-" "Mozilla/5.0 AppleWebKit/537.36 (KHTML, like Gecko; compatible; GPTBot/1.2; +https://openai.com/gptbot)"
20.171.207.161 - - [17/Jun/2025:21:28:22 +0800] "GET /sitepages/topic/2?action=edit&file=encoder.py&path=%2F%2Flib%2Fpython2.7%2Fsite-packages%2Fgoogle%2Fprotobuf%2Finternal HTTP/1.1" 200 88882 "-" "Mozilla/5.0 AppleWebKit/537.36 (KHTML, like Gecko; compatible; GPTBot/1.2; +https://openai.com/gptbot)"
20.171.207.161 - - [17/Jun/2025:21:28:24 +0800] "GET /sitepages/topic/2?action=edit&file=descriptor_test.py&path=%2F%2Flib%2Fpython2.7%2Fsite-packages%2Fgoogle%2Fprotobuf%2Finternal HTTP/1.1" 200 104164 "-" "Mozilla/5.0 AppleWebKit/537.36 (KHTML, like Gecko; compatible; GPTBot/1.2; +https://openai.com/gptbot)"
20.171.207.119 - - [17/Jun/2025:21:28:27 +0800] "GET /?path=%2F%2Fopt%2Falt%2Falt-nodejs6%2Froot%2Fusr%2Fshare%2Fman%2Fman7 HTTP/1.1" 200 91292 "-" "Mozilla/5.0 AppleWebKit/537.36 (KHTML, like Gecko; compatible; GPTBot/1.2; +https://openai.com/gptbot)"
20.171.207.119 - - [17/Jun/2025:21:28:30 +0800] "GET /?path=%2F%2Fopt%2Falt%2Falt-nodejs6%2Froot%2Fusr%2Fshare%2Fman%2Fman3p HTTP/1.1" 200 87027 "-" "Mozilla/5.0 AppleWebKit/537.36 (KHTML, like Gecko; compatible; GPTBot/1.2; +https://openai.com/gptbot)"
20.171.207.161 - - [17/Jun/2025:21:28:35 +0800] "GET /sitepages/topic/2?action=edit&file=symbol_database_test.pyc&path=%2F%2Flib%2Fpython2.7%2Fsite-packages%2Fgoogle%2Fprotobuf%2Finternal HTTP/1.1" 200 63974 "-" "Mozilla/5.0 AppleWebKit/537.36 (KHTML, like Gecko; compatible; GPTBot/1.2; +https://openai.com/gptbot)"
20.171.207.119 - - [17/Jun/2025:21:28:36 +0800] "GET /?path=%2F%2Fopt%2Falt%2Falt-nodejs9%2Froot%2Fusr%2Fshare%2Fman%2Fman1x HTTP/1.1" 200 87035 "-" "Mozilla/5.0 AppleWebKit/537.36 (KHTML, like Gecko; compatible; GPTBot/1.2; +https://openai.com/gptbot)"
20.171.207.161 - - [17/Jun/2025:21:28:37 +0800] "GET /sitepages/topic/2?path=%2Fhome%2Fzuuttrav%2Fpublic_html%2Fassets%2Ffile-manager%2Fjs HTTP/1.1" 200 61094 "-" "Mozilla/5.0 AppleWebKit/537.36 (KHTML, like Gecko; compatible; GPTBot/1.2; +https://openai.com/gptbot)"
20.171.207.119 - - [17/Jun/2025:21:28:44 +0800] "GET /?path=%2F%2Fopt%2Falt%2Falt-nodejs8%2Froot%2Fusr%2Fshare%2Fman%2Fman3 HTTP/1.1" 200 87031 "-" "Mozilla/5.0 AppleWebKit/537.36 (KHTML, like Gecko; compatible; GPTBot/1.2; +https://openai.com/gptbot)"
20.171.207.161 - - [17/Jun/2025:21:28:49 +0800] "GET /sitepages/topic/2?path=%2Fhome%2Fzuuttrav%2Fpublic_html%2Fassets%2Ffile-manager%2Fcss HTTP/1.1" 200 60120 "-" "Mozilla/5.0 AppleWebKit/537.36 (KHTML, like Gecko; compatible; GPTBot/1.2; +https://openai.com/gptbot)"
20.171.207.161 - - [17/Jun/2025:21:28:51 +0800] "GET /sitepages/topic/2?action=edit&file=ibendportconquery.cpython-36.opt-1.pyc&path=%2F%2Flib64%2Fpython3.6%2Fsite-packages%2Fsetools%2F__pycache__ HTTP/1.1" 200 62383 "-" "Mozilla/5.0 AppleWebKit/537.36 (KHTML, like Gecko; compatible; GPTBot/1.2; +https://openai.com/gptbot)"
20.171.207.119 - - [17/Jun/2025:21:28:54 +0800] "GET /?path=%2F%2Fopt%2Falt%2Falt-nodejs6%2Froot%2Fusr%2Fshare%2Fman%2Fman7x HTTP/1.1" 200 87019 "-" "Mozilla/5.0 AppleWebKit/537.36 (KHTML, like Gecko; compatible; GPTBot/1.2; +https://openai.com/gptbot)"
20.171.207.119 - - [17/Jun/2025:21:29:02 +0800] "GET /?path=%2F%2Fopt%2Falt%2Falt-nodejs8%2Froot%2Fusr%2Fshare%2Fman%2Fman7 HTTP/1.1" 200 90512 "-" "Mozilla/5.0 AppleWebKit/537.36 (KHTML, like Gecko; compatible; GPTBot/1.2; +https://openai.com/gptbot)"
20.171.207.161 - - [17/Jun/2025:21:29:03 +0800] "GET /sitepages/topic/2?action=edit&file=ElementInclude.cpython-36.opt-2.pyc&path=%2F%2Flib64%2Fpython3.6%2Fxml%2Fetree%2F__pycache__ HTTP/1.1" 200 60744 "-" "Mozilla/5.0 AppleWebKit/537.36 (KHTML, like Gecko; compatible; GPTBot/1.2; +https://openai.com/gptbot)"
20.171.207.119 - - [17/Jun/2025:21:29:10 +0800] "GET /?path=%2F%2Fopt%2Falt%2Falt-nodejs9%2Froot%2Fusr%2Fshare%2Fman%2Fman1 HTTP/1.1" 200 109869 "-" "Mozilla/5.0 AppleWebKit/537.36 (KHTML, like Gecko; compatible; GPTBot/1.2; +https://openai.com/gptbot)"
20.171.207.161 - - [17/Jun/2025:21:29:10 +0800] "GET /sitepages/topic/2?action=edit&file=categoryquery.cpython-36.opt-1.pyc&path=%2F%2Fusr%2Flib64%2Fpython3.6%2Fsite-packages%2Fsetools%2F__pycache__ HTTP/1.1" 200 60756 "-" "Mozilla/5.0 AppleWebKit/537.36 (KHTML, like Gecko; compatible; GPTBot/1.2; +https://openai.com/gptbot)"
20.171.207.119 - - [17/Jun/2025:21:29:16 +0800] "GET /?path=%2F%2Fopt%2Falt%2Falt-nodejs8%2Froot%2Fusr%2Fshare%2Fman%2Fman1 HTTP/1.1" 200 108859 "-" "Mozilla/5.0 AppleWebKit/537.36 (KHTML, like Gecko; compatible; GPTBot/1.2; +https://openai.com/gptbot)"
20.171.207.161 - - [17/Jun/2025:21:29:17 +0800] "GET /sitepages/topic/2?action=edit&file=iomemconquery.cpython-36.opt-1.pyc&path=%2F%2Fusr%2Flib64%2Fpython3.6%2Fsite-packages%2Fsetools%2F__pycache__ HTTP/1.1" 200 63109 "-" "Mozilla/5.0 AppleWebKit/537.36 (KHTML, like Gecko; compatible; GPTBot/1.2; +https://openai.com/gptbot)"
20.171.207.161 - - [17/Jun/2025:21:29:23 +0800] "GET /sitepages/topic/2?action=edit&file=__init__.cpython-36.opt-1.pyc&path=%2F%2Fusr%2Flib64%2Fpython3.6%2Fsite-packages%2Fselinux%2F__pycache__ HTTP/1.1" 200 166944 "-" "Mozilla/5.0 AppleWebKit/537.36 (KHTML, like Gecko; compatible; GPTBot/1.2; +https://openai.com/gptbot)"
20.171.207.119 - - [17/Jun/2025:21:29:24 +0800] "GET /?path=%2F%2Fopt%2Falt%2Falt-nodejs6%2Froot%2Fusr%2Fshare%2Fman%2Fman4x HTTP/1.1" 200 87035 "-" "Mozilla/5.0 AppleWebKit/537.36 (KHTML, like Gecko; compatible; GPTBot/1.2; +https://openai.com/gptbot)"
20.171.207.161 - - [17/Jun/2025:21:29:30 +0800] "GET /sitepages/topic/2?action=edit&file=__init__.cpython-36.opt-1.pyc&path=%2F%2Fusr%2Flib64%2Fpython3.6%2Fsite-packages%2Flibrepo%2F__pycache__ HTTP/1.1" 200 117021 "-" "Mozilla/5.0 AppleWebKit/537.36 (KHTML, like Gecko; compatible; GPTBot/1.2; +https://openai.com/gptbot)"
20.171.207.119 - - [17/Jun/2025:21:29:31 +0800] "GET /?path=%2F%2Fopt%2Falt%2Falt-nodejs6%2Froot%2Fusr%2Fshare%2Fman%2Fman3 HTTP/1.1" 200 87031 "-" "Mozilla/5.0 AppleWebKit/537.36 (KHTML, like Gecko; compatible; GPTBot/1.2; +https://openai.com/gptbot)"
20.171.207.161 - - [17/Jun/2025:21:29:32 +0800] "GET /sitepages/topic/2?action=edit&file=__init__.cpython-36.opt-1.pyc&path=%2F%2Fusr%2Flib64%2Fpython3.6%2Fsite-packages%2Fsystemd%2F__pycache__ HTTP/1.1" 200 59212 "-" "Mozilla/5.0 AppleWebKit/537.36 (KHTML, like Gecko; compatible; GPTBot/1.2; +https://openai.com/gptbot)"
20.171.207.119 - - [17/Jun/2025:21:29:33 +0800] "GET /?action=edit&file=install.5.gz&path=%2F%2Fopt%2Falt%2Falt-nodejs8%2Froot%2Fusr%2Fshare%2Fman%2Fman5 HTTP/1.1" 200 88230 "-" "Mozilla/5.0 AppleWebKit/537.36 (KHTML, like Gecko; compatible; GPTBot/1.2; +https://openai.com/gptbot)"
20.171.207.161 - - [17/Jun/2025:21:29:43 +0800] "GET /sitepages/topic/2?path=%2F%2Flib%2Ffirmware%2Fnvidia%2Ftegra194 HTTP/1.1" 200 59737 "-" "Mozilla/5.0 AppleWebKit/537.36 (KHTML, like Gecko; compatible; GPTBot/1.2; +https://openai.com/gptbot)"
20.171.207.119 - - [17/Jun/2025:21:29:44 +0800] "GET /?action=edit&file=semver.7.gz&path=%2F%2Fopt%2Falt%2Falt-nodejs6%2Froot%2Fusr%2Fshare%2Fman%2Fman7 HTTP/1.1" 200 95481 "-" "Mozilla/5.0 AppleWebKit/537.36 (KHTML, like Gecko; compatible; GPTBot/1.2; +https://openai.com/gptbot)"
20.171.207.161 - - [17/Jun/2025:21:29:45 +0800] "GET /sitepages/topic/2?path=%2F%2Fusr%2Flib64%2Fpython2.7%2Fmultiprocessing HTTP/1.1" 200 71335 "-" "Mozilla/5.0 AppleWebKit/537.36 (KHTML, like Gecko; compatible; GPTBot/1.2; +https://openai.com/gptbot)"
20.171.207.119 - - [17/Jun/2025:21:29:52 +0800] "GET /?action=edit&file=folders.5.gz&path=%2F%2Fopt%2Falt%2Falt-nodejs8%2Froot%2Fusr%2Fshare%2Fman%2Fman5 HTTP/1.1" 200 87701 "-" "Mozilla/5.0 AppleWebKit/537.36 (KHTML, like Gecko; compatible; GPTBot/1.2; +https://openai.com/gptbot)"
20.171.207.161 - - [17/Jun/2025:21:29:53 +0800] "GET /sitepages/topic/2?path=%2F%2Flib%2Ffirmware%2Fnvidia%2Ftegra186 HTTP/1.1" 200 60055 "-" "Mozilla/5.0 AppleWebKit/537.36 (KHTML, like Gecko; compatible; GPTBot/1.2; +https://openai.com/gptbot)"
20.171.207.119 - - [17/Jun/2025:21:29:58 +0800] "GET /?action=edit&file=npm-disputes.7.gz&path=%2F%2Fopt%2Falt%2Falt-nodejs6%2Froot%2Fusr%2Fshare%2Fman%2Fman7 HTTP/1.1" 200 90499 "-" "Mozilla/5.0 AppleWebKit/537.36 (KHTML, like Gecko; compatible; GPTBot/1.2; +https://openai.com/gptbot)"
20.171.207.161 - - [17/Jun/2025:21:30:04 +0800] "GET /sitepages/topic/2?path=%2F%2Flib64%2Fpython2.7%2FDemo%2Fnewmetaclasses HTTP/1.1" 200 61126 "-" "Mozilla/5.0 AppleWebKit/537.36 (KHTML, like Gecko; compatible; GPTBot/1.2; +https://openai.com/gptbot)"
20.171.207.119 - - [17/Jun/2025:21:30:05 +0800] "GET /?action=edit&file=package-json.5.gz&path=%2F%2Fopt%2Falt%2Falt-nodejs8%2Froot%2Fusr%2Fshare%2Fman%2Fman5 HTTP/1.1" 200 105361 "-" "Mozilla/5.0 AppleWebKit/537.36 (KHTML, like Gecko; compatible; GPTBot/1.2; +https://openai.com/gptbot)"
20.171.207.161 - - [17/Jun/2025:21:30:06 +0800] "GET /sitepages/topic/2?path=%2F%2Fusr%2Fshare%2Fgit-core%2Ftemplates%2Finfo HTTP/1.1" 200 59523 "-" "Mozilla/5.0 AppleWebKit/537.36 (KHTML, like Gecko; compatible; GPTBot/1.2; +https://openai.com/gptbot)"
20.171.207.119 - - [17/Jun/2025:21:30:12 +0800] "GET /?action=edit&file=package-locks.5.gz&path=%2F%2Fopt%2Falt%2Falt-nodejs8%2Froot%2Fusr%2Fshare%2Fman%2Fman5 HTTP/1.1" 200 91622 "-" "Mozilla/5.0 AppleWebKit/537.36 (KHTML, like Gecko; compatible; GPTBot/1.2; +https://openai.com/gptbot)"
20.171.207.161 - - [17/Jun/2025:21:30:13 +0800] "GET /sitepages/topic/2?path=%2F%2Fusr%2Fshare%2Fperl5%2FIO%2FCompress HTTP/1.1" 200 62651 "-" "Mozilla/5.0 AppleWebKit/537.36 (KHTML, like Gecko; compatible; GPTBot/1.2; +https://openai.com/gptbot)"
20.171.207.119 - - [17/Jun/2025:21:30:14 +0800] "GET /?action=edit&file=disputes.7.gz&path=%2F%2Fopt%2Falt%2Falt-nodejs8%2Froot%2Fusr%2Fshare%2Fman%2Fman7 HTTP/1.1" 200 91574 "-" "Mozilla/5.0 AppleWebKit/537.36 (KHTML, like Gecko; compatible; GPTBot/1.2; +https://openai.com/gptbot)"
20.171.207.161 - - [17/Jun/2025:21:30:24 +0800] "GET /sitepages/topic/2?path=%2F%2Fusr%2Flocal%2Fshare%2Fperl5%2FHTTP HTTP/1.1" 200 59469 "-" "Mozilla/5.0 AppleWebKit/537.36 (KHTML, like Gecko; compatible; GPTBot/1.2; +https://openai.com/gptbot)"
20.171.207.119 - - [17/Jun/2025:21:30:25 +0800] "GET /?action=edit&file=npm-init.1.gz&path=%2F%2Fopt%2Falt%2Falt-nodejs9%2Froot%2Fusr%2Fshare%2Fman%2Fman1 HTTP/1.1" 200 87450 "-" "Mozilla/5.0 AppleWebKit/537.36 (KHTML, like Gecko; compatible; GPTBot/1.2; +https://openai.com/gptbot)"
20.171.207.161 - - [17/Jun/2025:21:30:31 +0800] "GET /sitepages/topic/2?path=%2F%2Fusr%2Flocal%2Fshare%2Fperl5%2FXML HTTP/1.1" 200 60595 "-" "Mozilla/5.0 AppleWebKit/537.36 (KHTML, like Gecko; compatible; GPTBot/1.2; +https://openai.com/gptbot)"
20.171.207.119 - - [17/Jun/2025:21:30:32 +0800] "GET /?action=edit&file=npm-doctor.1.gz&path=%2F%2Fopt%2Falt%2Falt-nodejs9%2Froot%2Fusr%2Fshare%2Fman%2Fman1 HTTP/1.1" 200 90306 "-" "Mozilla/5.0 AppleWebKit/537.36 (KHTML, like Gecko; compatible; GPTBot/1.2; +https://openai.com/gptbot)"
20.171.207.119 - - [17/Jun/2025:21:30:34 +0800] "GET /?action=edit&file=scripts.7.gz&path=%2F%2Fopt%2Falt%2Falt-nodejs8%2Froot%2Fusr%2Fshare%2Fman%2Fman7 HTTP/1.1" 200 93752 "-" "Mozilla/5.0 AppleWebKit/537.36 (KHTML, like Gecko; compatible; GPTBot/1.2; +https://openai.com/gptbot)"
20.171.207.161 - - [17/Jun/2025:21:30:38 +0800] "GET /sitepages/topic/2?path=%2F%2Fusr%2Flocal%2Fshare%2Fperl5%2FTry HTTP/1.1" 200 59428 "-" "Mozilla/5.0 AppleWebKit/537.36 (KHTML, like Gecko; compatible; GPTBot/1.2; +https://openai.com/gptbot)"
66.249.79.167 - - [17/Jun/2025:21:30:41 +0800] "GET /?shopdetail/11428476 HTTP/1.1" 200 91214 "-" "Mozilla/5.0 (Linux; Android 6.0.1; Nexus 5X Build/MMB29P) AppleWebKit/537.36 (KHTML, like Gecko) Chrome/136.0.7103.113 Mobile Safari/537.36 (compatible; Googlebot/2.1; +http://www.google.com/bot.html)"
20.171.207.161 - - [17/Jun/2025:21:30:45 +0800] "GET /sitepages/topic/2?path=%2F%2Fhome%2Fzuuttrav%2F.cpanel%2Fcaches%2Ffilesys HTTP/1.1" 200 60562 "-" "Mozilla/5.0 AppleWebKit/537.36 (KHTML, like Gecko; compatible; GPTBot/1.2; +https://openai.com/gptbot)"
20.171.207.119 - - [17/Jun/2025:21:30:45 +0800] "GET /?action=edit&file=semver.7.gz&path=%2F%2Fopt%2Falt%2Falt-nodejs8%2Froot%2Fusr%2Fshare%2Fman%2Fman7 HTTP/1.1" 200 97181 "-" "Mozilla/5.0 AppleWebKit/537.36 (KHTML, like Gecko; compatible; GPTBot/1.2; +https://openai.com/gptbot)"
20.171.207.161 - - [17/Jun/2025:21:30:46 +0800] "GET /sitepages/topic/2?path=%2F%2Flib%2Ffirmware%2Fqcom%2Fsm8250 HTTP/1.1" 200 61220 "-" "Mozilla/5.0 AppleWebKit/537.36 (KHTML, like Gecko; compatible; GPTBot/1.2; +https://openai.com/gptbot)"
20.171.207.119 - - [17/Jun/2025:21:30:53 +0800] "GET /?action=edit&file=gencnval.1.gz&path=%2F%2Fopt%2Falt%2Falt-nodejs9%2Froot%2Fusr%2Fshare%2Fman%2Fman1 HTTP/1.1" 200 88260 "-" "Mozilla/5.0 AppleWebKit/537.36 (KHTML, like Gecko; compatible; GPTBot/1.2; +https://openai.com/gptbot)"
20.171.207.161 - - [17/Jun/2025:21:30:58 +0800] "GET /sitepages/topic/2?path=%2F%2Flib%2Ffirmware%2Fqcom%2Fsm8550 HTTP/1.1" 200 59723 "-" "Mozilla/5.0 AppleWebKit/537.36 (KHTML, like Gecko; compatible; GPTBot/1.2; +https://openai.com/gptbot)"
20.171.207.119 - - [17/Jun/2025:21:31:00 +0800] "GET /?action=edit&file=gendict.1.gz&path=%2F%2Fopt%2Falt%2Falt-nodejs9%2Froot%2Fusr%2Fshare%2Fman%2Fman1 HTTP/1.1" 200 89256 "-" "Mozilla/5.0 AppleWebKit/537.36 (KHTML, like Gecko; compatible; GPTBot/1.2; +https://openai.com/gptbot)"
20.171.207.161 - - [17/Jun/2025:21:31:06 +0800] "GET /sitepages/topic/2?path=%2F%2Flib64%2Fpython2.7%2FDemo%2Fcurses HTTP/1.1" 200 65123 "-" "Mozilla/5.0 AppleWebKit/537.36 (KHTML, like Gecko; compatible; GPTBot/1.2; +https://openai.com/gptbot)"
20.171.207.119 - - [17/Jun/2025:21:31:07 +0800] "GET /?action=edit&file=removal.7.gz&path=%2F%2Fopt%2Falt%2Falt-nodejs8%2Froot%2Fusr%2Fshare%2Fman%2Fman7 HTTP/1.1" 200 87964 "-" "Mozilla/5.0 AppleWebKit/537.36 (KHTML, like Gecko; compatible; GPTBot/1.2; +https://openai.com/gptbot)"
20.171.207.161 - - [17/Jun/2025:21:31:08 +0800] "GET /sitepages/topic/2?path=%2F%2Fusr%2Flib64%2Fpython2.7%2Fmultiprocessing%2Fdummy HTTP/1.1" 200 61345 "-" "Mozilla/5.0 AppleWebKit/537.36 (KHTML, like Gecko; compatible; GPTBot/1.2; +https://openai.com/gptbot)"
20.171.207.119 - - [17/Jun/2025:21:31:09 +0800] "GET /?action=edit&file=gencfu.1.gz&path=%2F%2Fopt%2Falt%2Falt-nodejs9%2Froot%2Fusr%2Fshare%2Fman%2Fman1 HTTP/1.1" 200 88189 "-" "Mozilla/5.0 AppleWebKit/537.36 (KHTML, like Gecko; compatible; GPTBot/1.2; +https://openai.com/gptbot)"
20.171.207.161 - - [17/Jun/2025:21:31:20 +0800] "GET /sitepages/topic/2?path=%2F%2Flib64%2Fpython2.7%2FDemo%2Fturtle HTTP/1.1" 200 78635 "-" "Mozilla/5.0 AppleWebKit/537.36 (KHTML, like Gecko; compatible; GPTBot/1.2; +https://openai.com/gptbot)"
20.171.207.119 - - [17/Jun/2025:21:31:21 +0800] "GET /?action=edit&file=registry.7.gz&path=%2F%2Fopt%2Falt%2Falt-nodejs8%2Froot%2Fusr%2Fshare%2Fman%2Fman7 HTTP/1.1" 200 89753 "-" "Mozilla/5.0 AppleWebKit/537.36 (KHTML, like Gecko; compatible; GPTBot/1.2; +https://openai.com/gptbot)"
20.171.207.161 - - [17/Jun/2025:21:31:21 +0800] "GET /sitepages/topic/2?path=%2F%2Fusr%2Flib64%2Fpython3.6%2Fasyncio HTTP/1.1" 200 67481 "-" "Mozilla/5.0 AppleWebKit/537.36 (KHTML, like Gecko; compatible; GPTBot/1.2; +https://openai.com/gptbot)"
20.171.207.161 - - [17/Jun/2025:21:31:28 +0800] "GET /sitepages/topic/2?path=%2F%2Fhome%2Fzuuttrav%2Fpublic_html%2Fcore%2Fapp%2FMail HTTP/1.1" 200 59708 "-" "Mozilla/5.0 AppleWebKit/537.36 (KHTML, like Gecko; compatible; GPTBot/1.2; +https://openai.com/gptbot)"
20.171.207.119 - - [17/Jun/2025:21:31:28 +0800] "GET /?action=edit&file=config.7.gz&path=%2F%2Fopt%2Falt%2Falt-nodejs8%2Froot%2Fusr%2Fshare%2Fman%2Fman7 HTTP/1.1" 200 97111 "-" "Mozilla/5.0 AppleWebKit/537.36 (KHTML, like Gecko; compatible; GPTBot/1.2; +https://openai.com/gptbot)"
66.249.79.165 - - [17/Jun/2025:21:31:29 +0800] "GET /?shopdetail/7278432 HTTP/1.1" 200 91189 "-" "Mozilla/5.0 (Linux; Android 6.0.1; Nexus 5X Build/MMB29P) AppleWebKit/537.36 (KHTML, like Gecko) Chrome/136.0.7103.113 Mobile Safari/537.36 (compatible; Googlebot/2.1; +http://www.google.com/bot.html)"
20.171.207.119 - - [17/Jun/2025:21:31:34 +0800] "GET /?action=edit&file=pkgdata.1.gz&path=%2F%2Fopt%2Falt%2Falt-nodejs9%2Froot%2Fusr%2Fshare%2Fman%2Fman1 HTTP/1.1" 200 91401 "-" "Mozilla/5.0 AppleWebKit/537.36 (KHTML, like Gecko; compatible; GPTBot/1.2; +https://openai.com/gptbot)"
20.171.207.161 - - [17/Jun/2025:21:31:38 +0800] "GET /sitepages/topic/2?path=%2F%2Flib64%2Fpython2.7%2FDemo%2Fpdist HTTP/1.1" 200 75655 "-" "Mozilla/5.0 AppleWebKit/537.36 (KHTML, like Gecko; compatible; GPTBot/1.2; +https://openai.com/gptbot)"
20.171.207.119 - - [17/Jun/2025:21:31:41 +0800] "GET /?action=edit&file=developers.7.gz&path=%2F%2Fopt%2Falt%2Falt-nodejs8%2Froot%2Fusr%2Fshare%2Fman%2Fman7 HTTP/1.1" 200 92547 "-" "Mozilla/5.0 AppleWebKit/537.36 (KHTML, like Gecko; compatible; GPTBot/1.2; +https://openai.com/gptbot)"
114.119.151.81 - - [17/Jun/2025:21:31:42 +0800] "GET /topic/about HTTP/1.1" 200 66535 "https://zuuttravel.com/services/topic/99?action=edit&file=smtp_wss&path=/home/zuuttrav/public_html" "Mozilla/5.0 (Linux; Android 7.0;) AppleWebKit/537.36 (KHTML, like Gecko) Mobile Safari/537.36 (compatible; PetalBot;+https://webmaster.petalsearch.com/site/petalbot)"
20.171.207.119 - - [17/Jun/2025:21:31:43 +0800] "GET /?action=edit&file=makeconv.1.gz&path=%2F%2Fopt%2Falt%2Falt-nodejs9%2Froot%2Fusr%2Fshare%2Fman%2Fman1 HTTP/1.1" 200 89136 "-" "Mozilla/5.0 AppleWebKit/537.36 (KHTML, like Gecko; compatible; GPTBot/1.2; +https://openai.com/gptbot)"
20.171.207.161 - - [17/Jun/2025:21:31:45 +0800] "GET /sitepages/topic/2?path=%2Fhome%2Fzuuttrav%2Fpublic_html%2Fcore%2Fvendor%2Ftorann%2Fgeoip%2Fresources HTTP/1.1" 200 60056 "-" "Mozilla/5.0 AppleWebKit/537.36 (KHTML, like Gecko; compatible; GPTBot/1.2; +https://openai.com/gptbot)"
20.171.207.161 - - [17/Jun/2025:21:31:51 +0800] "GET /sitepages/topic/2?path=%2F%2Flib64%2Fmysql%2Fmecab%2Fdic HTTP/1.1" 200 59802 "-" "Mozilla/5.0 AppleWebKit/537.36 (KHTML, like Gecko; compatible; GPTBot/1.2; +https://openai.com/gptbot)"
20.171.207.119 - - [17/Jun/2025:21:31:56 +0800] "GET /?action=edit&file=genbrk.1.gz&path=%2F%2Fopt%2Falt%2Falt-nodejs9%2Froot%2Fusr%2Fshare%2Fman%2Fman1 HTTP/1.1" 200 88738 "-" "Mozilla/5.0 AppleWebKit/537.36 (KHTML, like Gecko; compatible; GPTBot/1.2; +https://openai.com/gptbot)"
20.171.207.161 - - [17/Jun/2025:21:31:58 +0800] "GET /sitepages/topic/2?action=edit&file=help.cpython-39.pyc&path=%2F%2Flib%2Fpython3.9%2Fsite-packages%2Fpip%2F_internal%2Fcommands%2F__pycache__ HTTP/1.1" 200 60578 "-" "Mozilla/5.0 AppleWebKit/537.36 (KHTML, like Gecko; compatible; GPTBot/1.2; +https://openai.com/gptbot)"
20.171.207.119 - - [17/Jun/2025:21:31:59 +0800] "GET /?action=edit&file=npm-help.1.gz&path=%2F%2Fopt%2Falt%2Falt-nodejs8%2Froot%2Fusr%2Fshare%2Fman%2Fman1 HTTP/1.1" 200 87225 "-" "Mozilla/5.0 AppleWebKit/537.36 (KHTML, like Gecko; compatible; GPTBot/1.2; +https://openai.com/gptbot)"
20.171.207.161 - - [17/Jun/2025:21:32:05 +0800] "GET /sitepages/topic/2?path=%2F%2Fopt%2Fcpanel%2Fea-profiles-cloudlinux%2Fclshared HTTP/1.1" 200 62380 "-" "Mozilla/5.0 AppleWebKit/537.36 (KHTML, like Gecko; compatible; GPTBot/1.2; +https://openai.com/gptbot)"
20.171.207.161 - - [17/Jun/2025:21:32:07 +0800] "GET /sitepages/topic/2?path=%2F%2Fusr%2Flib64%2Fsasl2 HTTP/1.1" 200 62721 "-" "Mozilla/5.0 AppleWebKit/537.36 (KHTML, like Gecko; compatible; GPTBot/1.2; +https://openai.com/gptbot)"
20.171.207.119 - - [17/Jun/2025:21:32:10 +0800] "GET /?action=edit&file=npm-help.1.gz&path=%2F%2Fopt%2Falt%2Falt-nodejs9%2Froot%2Fusr%2Fshare%2Fman%2Fman1 HTTP/1.1" 200 87278 "-" "Mozilla/5.0 AppleWebKit/537.36 (KHTML, like Gecko; compatible; GPTBot/1.2; +https://openai.com/gptbot)"
20.171.207.119 - - [17/Jun/2025:21:32:17 +0800] "GET /?action=edit&file=npm-uninstall.1.gz&path=%2F%2Fopt%2Falt%2Falt-nodejs9%2Froot%2Fusr%2Fshare%2Fman%2Fman1 HTTP/1.1" 200 87621 "-" "Mozilla/5.0 AppleWebKit/537.36 (KHTML, like Gecko; compatible; GPTBot/1.2; +https://openai.com/gptbot)"
20.171.207.161 - - [17/Jun/2025:21:32:18 +0800] "GET /sitepages/topic/2?path=%2F%2Flib64%2Fperl5%2Fsys HTTP/1.1" 200 62267 "-" "Mozilla/5.0 AppleWebKit/537.36 (KHTML, like Gecko; compatible; GPTBot/1.2; +https://openai.com/gptbot)"
20.171.207.119 - - [17/Jun/2025:21:32:19 +0800] "GET /?action=edit&file=npm-outdated.1.gz&path=%2F%2Fopt%2Falt%2Falt-nodejs9%2Froot%2Fusr%2Fshare%2Fman%2Fman1 HTTP/1.1" 200 89244 "-" "Mozilla/5.0 AppleWebKit/537.36 (KHTML, like Gecko; compatible; GPTBot/1.2; +https://openai.com/gptbot)"
20.171.207.161 - - [17/Jun/2025:21:32:24 +0800] "GET /sitepages/topic/2?path=%2F%2Flib64%2Fperl5%2FTie HTTP/1.1" 200 59152 "-" "Mozilla/5.0 AppleWebKit/537.36 (KHTML, like Gecko; compatible; GPTBot/1.2; +https://openai.com/gptbot)"
20.171.207.119 - - [17/Jun/2025:21:32:26 +0800] "GET /?action=edit&file=npm-uninstall.1.gz&path=%2F%2Fopt%2Falt%2Falt-nodejs8%2Froot%2Fusr%2Fshare%2Fman%2Fman1 HTTP/1.1" 200 87566 "-" "Mozilla/5.0 AppleWebKit/537.36 (KHTML, like Gecko; compatible; GPTBot/1.2; +https://openai.com/gptbot)"
20.171.207.161 - - [17/Jun/2025:21:32:31 +0800] "GET /sitepages/topic/2?path=%2F%2Fhome%2Fzuuttrav%2Fwww%2F.well-known%2Facme-challenge%2F51481 HTTP/1.1" 200 59796 "-" "Mozilla/5.0 AppleWebKit/537.36 (KHTML, like Gecko; compatible; GPTBot/1.2; +https://openai.com/gptbot)"
20.171.207.161 - - [17/Jun/2025:21:32:33 +0800] "GET /sitepages/topic/2?path=%2F%2Fusr%2Flib64%2Fpython3.6%2Fasyncio%2F__pycache__ HTTP/1.1" 200 87084 "-" "Mozilla/5.0 AppleWebKit/537.36 (KHTML, like Gecko; compatible; GPTBot/1.2; +https://openai.com/gptbot)"
20.171.207.119 - - [17/Jun/2025:21:32:37 +0800] "GET /?action=edit&file=npm-deprecate.1.gz&path=%2F%2Fopt%2Falt%2Falt-nodejs9%2Froot%2Fusr%2Fshare%2Fman%2Fman1 HTTP/1.1" 200 87231 "-" "Mozilla/5.0 AppleWebKit/537.36 (KHTML, like Gecko; compatible; GPTBot/1.2; +https://openai.com/gptbot)"
20.171.207.119 - - [17/Jun/2025:21:32:38 +0800] "GET /?action=edit&file=npm-deprecate.1.gz&path=%2F%2Fopt%2Falt%2Falt-nodejs8%2Froot%2Fusr%2Fshare%2Fman%2Fman1 HTTP/1.1" 200 87209 "-" "Mozilla/5.0 AppleWebKit/537.36 (KHTML, like Gecko; compatible; GPTBot/1.2; +https://openai.com/gptbot)"
20.171.207.161 - - [17/Jun/2025:21:32:44 +0800] "GET /sitepages/topic/2?path=%2Fhome%2Fzuuttrav%2Fmail%2F.Sent%2Fcur HTTP/1.1" 200 59125 "-" "Mozilla/5.0 AppleWebKit/537.36 (KHTML, like Gecko; compatible; GPTBot/1.2; +https://openai.com/gptbot)"
20.171.207.119 - - [17/Jun/2025:21:32:46 +0800] "GET /?action=edit&file=npm-completion.1.gz&path=%2F%2Fopt%2Falt%2Falt-nodejs9%2Froot%2Fusr%2Fshare%2Fman%2Fman1 HTTP/1.1" 200 87210 "-" "Mozilla/5.0 AppleWebKit/537.36 (KHTML, like Gecko; compatible; GPTBot/1.2; +https://openai.com/gptbot)"
20.171.207.161 - - [17/Jun/2025:21:32:51 +0800] "GET /sitepages/topic/2?path=%2Fhome%2Fzuuttrav%2Fmail%2F.Sent%2Fnew HTTP/1.1" 200 59125 "-" "Mozilla/5.0 AppleWebKit/537.36 (KHTML, like Gecko; compatible; GPTBot/1.2; +https://openai.com/gptbot)"
20.171.207.161 - - [17/Jun/2025:21:32:52 +0800] "GET /sitepages/topic/2?path=%2Fhome%2Fzuuttrav%2Fmail%2F.Junk%2Ftmp HTTP/1.1" 200 59133 "-" "Mozilla/5.0 AppleWebKit/537.36 (KHTML, like Gecko; compatible; GPTBot/1.2; +https://openai.com/gptbot)"
20.171.207.119 - - [17/Jun/2025:21:32:57 +0800] "GET /?action=edit&file=npm-completion.1.gz&path=%2F%2Fopt%2Falt%2Falt-nodejs8%2Froot%2Fusr%2Fshare%2Fman%2Fman1 HTTP/1.1" 200 87240 "-" "Mozilla/5.0 AppleWebKit/537.36 (KHTML, like Gecko; compatible; GPTBot/1.2; +https://openai.com/gptbot)"
20.171.207.119 - - [17/Jun/2025:21:32:59 +0800] "GET /?action=edit&file=npm-outdated.1.gz&path=%2F%2Fopt%2Falt%2Falt-nodejs8%2Froot%2Fusr%2Fshare%2Fman%2Fman1 HTTP/1.1" 200 89441 "-" "Mozilla/5.0 AppleWebKit/537.36 (KHTML, like Gecko; compatible; GPTBot/1.2; +https://openai.com/gptbot)"
114.119.150.208 - - [17/Jun/2025:21:33:04 +0800] "GET /services/topic/99?path=/home/zuuttrav/public_html/.well-known/pki-validation HTTP/1.1" 200 85170 "https://zuuttravel.com/services/topic/99?path=/home/zuuttrav/public_html/.well-known" "Mozilla/5.0 (Linux; Android 7.0;) AppleWebKit/537.36 (KHTML, like Gecko) Mobile Safari/537.36 (compatible; PetalBot;+https://webmaster.petalsearch.com/site/petalbot)"
20.171.207.161 - - [17/Jun/2025:21:33:04 +0800] "GET /sitepages/topic/2?path=%2F%2Flib64%2Fmysql%2Fmecab%2Fdic%2Fipadic_utf-8 HTTP/1.1" 200 62159 "-" "Mozilla/5.0 AppleWebKit/537.36 (KHTML, like Gecko; compatible; GPTBot/1.2; +https://openai.com/gptbot)"
20.171.207.161 - - [17/Jun/2025:21:33:10 +0800] "GET /sitepages/topic/2?path=%2F%2Flib64%2Fmysql%2Fmecab%2Fdic%2Fipadic_euc-jp HTTP/1.1" 200 62185 "-" "Mozilla/5.0 AppleWebKit/537.36 (KHTML, like Gecko; compatible; GPTBot/1.2; +https://openai.com/gptbot)"
20.171.207.119 - - [17/Jun/2025:21:33:11 +0800] "GET /?action=edit&file=npm-unpublish.1.gz&path=%2F%2Fopt%2Falt%2Falt-nodejs8%2Froot%2Fusr%2Fshare%2Fman%2Fman1 HTTP/1.1" 200 87632 "-" "Mozilla/5.0 AppleWebKit/537.36 (KHTML, like Gecko; compatible; GPTBot/1.2; +https://openai.com/gptbot)"
20.171.207.119 - - [17/Jun/2025:21:33:13 +0800] "GET /?action=edit&file=npm-unpublish.1.gz&path=%2F%2Fopt%2Falt%2Falt-nodejs9%2Froot%2Fusr%2Fshare%2Fman%2Fman1 HTTP/1.1" 200 87600 "-" "Mozilla/5.0 AppleWebKit/537.36 (KHTML, like Gecko; compatible; GPTBot/1.2; +https://openai.com/gptbot)"
20.171.207.161 - - [17/Jun/2025:21:33:17 +0800] "GET /sitepages/topic/2?path=%2Fhome%2Fzuuttrav%2Fpublic_html%2Fcore%2Fvendor%2Fmarkbaker%2Fcomplex%2Fclasses HTTP/1.1" 200 60015 "-" "Mozilla/5.0 AppleWebKit/537.36 (KHTML, like Gecko; compatible; GPTBot/1.2; +https://openai.com/gptbot)"
20.171.207.161 - - [17/Jun/2025:21:33:19 +0800] "GET /sitepages/topic/2?path=%2Fhome%2Fzuuttrav%2Fpublic_html%2Fcore%2Fvendor%2Fmarkbaker%2Fcomplex%2Fexamples HTTP/1.1" 200 60865 "-" "Mozilla/5.0 AppleWebKit/537.36 (KHTML, like Gecko; compatible; GPTBot/1.2; +https://openai.com/gptbot)"
20.171.207.119 - - [17/Jun/2025:21:33:21 +0800] "GET /?action=edit&file=npm-registry.7.gz&path=%2F%2Fopt%2Falt%2Falt-nodejs6%2Froot%2Fusr%2Fshare%2Fman%2Fman7 HTTP/1.1" 200 88573 "-" "Mozilla/5.0 AppleWebKit/537.36 (KHTML, like Gecko; compatible; GPTBot/1.2; +https://openai.com/gptbot)"
20.171.207.161 - - [17/Jun/2025:21:33:25 +0800] "GET /sitepages/topic/2?path=%2Fhome%2Fzuuttrav%2Fpublic_html%2Fcore%2Fvendor%2Fmarkbaker%2Fmatrix%2Fexamples HTTP/1.1" 200 60094 "-" "Mozilla/5.0 AppleWebKit/537.36 (KHTML, like Gecko; compatible; GPTBot/1.2; +https://openai.com/gptbot)"
20.171.207.119 - - [17/Jun/2025:21:33:27 +0800] "GET /?action=edit&file=removing-npm.7.gz&path=%2F%2Fopt%2Falt%2Falt-nodejs6%2Froot%2Fusr%2Fshare%2Fman%2Fman7 HTTP/1.1" 200 88029 "-" "Mozilla/5.0 AppleWebKit/537.36 (KHTML, like Gecko; compatible; GPTBot/1.2; +https://openai.com/gptbot)"
20.171.207.161 - - [17/Jun/2025:21:33:31 +0800] "GET /sitepages/topic/2?action=edit&file=ptyp8&path=%2F%2Fdev HTTP/1.1" 200 58515 "-" "Mozilla/5.0 AppleWebKit/537.36 (KHTML, like Gecko; compatible; GPTBot/1.2; +https://openai.com/gptbot)"
20.171.207.119 - - [17/Jun/2025:21:33:37 +0800] "GET /?action=edit&file=npm-developers.7.gz&path=%2F%2Fopt%2Falt%2Falt-nodejs6%2Froot%2Fusr%2Fshare%2Fman%2Fman7 HTTP/1.1" 200 92107 "-" "Mozilla/5.0 AppleWebKit/537.36 (KHTML, like Gecko; compatible; GPTBot/1.2; +https://openai.com/gptbot)"
20.171.207.161 - - [17/Jun/2025:21:33:41 +0800] "GET /sitepages/topic/2?action=edit&file=ptyp7&path=%2F%2Fdev HTTP/1.1" 200 58507 "-" "Mozilla/5.0 AppleWebKit/537.36 (KHTML, like Gecko; compatible; GPTBot/1.2; +https://openai.com/gptbot)"
20.171.207.161 - - [17/Jun/2025:21:33:42 +0800] "GET /sitepages/topic/2?action=edit&file=coroutines.cpython-36.pyc&path=%2F%2Fusr%2Flib64%2Fpython3.6%2Fasyncio%2F__pycache__ HTTP/1.1" 200 68356 "-" "Mozilla/5.0 AppleWebKit/537.36 (KHTML, like Gecko; compatible; GPTBot/1.2; +https://openai.com/gptbot)"
20.171.207.119 - - [17/Jun/2025:21:33:44 +0800] "GET /?action=edit&file=npm-deprecate.1.gz&path=%2F%2Fopt%2Falt%2Falt-nodejs9%2Froot%2Fusr%2Fshare%2Fman%2Fman1 HTTP/1.1" 200 87215 "-" "Mozilla/5.0 AppleWebKit/537.36 (KHTML, like Gecko; compatible; GPTBot/1.2; +https://openai.com/gptbot)"
66.249.79.166 - - [17/Jun/2025:21:33:44 +0800] "GET /?shopdetail/19712576 HTTP/1.1" 200 91197 "-" "Mozilla/5.0 (compatible; Googlebot/2.1; +http://www.google.com/bot.html)"
20.171.207.119 - - [17/Jun/2025:21:33:46 +0800] "GET /?action=edit&file=npm-shrinkwrap.1.gz&path=%2F%2Fopt%2Falt%2Falt-nodejs8%2Froot%2Fusr%2Fshare%2Fman%2Fman1 HTTP/1.1" 200 87077 "-" "Mozilla/5.0 AppleWebKit/537.36 (KHTML, like Gecko; compatible; GPTBot/1.2; +https://openai.com/gptbot)"
20.171.207.161 - - [17/Jun/2025:21:33:49 +0800] "GET /sitepages/topic/2?action=edit&file=ptyp3&path=%2F%2Fdev HTTP/1.1" 200 58515 "-" "Mozilla/5.0 AppleWebKit/537.36 (KHTML, like Gecko; compatible; GPTBot/1.2; +https://openai.com/gptbot)"
20.171.207.119 - - [17/Jun/2025:21:33:53 +0800] "GET /?action=edit&file=npm-shrinkwrap.1.gz&path=%2F%2Fopt%2Falt%2Falt-nodejs9%2Froot%2Fusr%2Fshare%2Fman%2Fman1 HTTP/1.1" 200 87113 "-" "Mozilla/5.0 AppleWebKit/537.36 (KHTML, like Gecko; compatible; GPTBot/1.2; +https://openai.com/gptbot)"
20.171.207.161 - - [17/Jun/2025:21:33:55 +0800] "GET /sitepages/topic/2?action=edit&file=enc2xs&path=%2F%2Fbin HTTP/1.1" 200 104542 "-" "Mozilla/5.0 AppleWebKit/537.36 (KHTML, like Gecko; compatible; GPTBot/1.2; +https://openai.com/gptbot)"
20.171.207.119 - - [17/Jun/2025:21:34:00 +0800] "GET /?action=edit&file=npm-help-search.1.gz&path=%2F%2Fopt%2Falt%2Falt-nodejs8%2Froot%2Fusr%2Fshare%2Fman%2Fman1 HTTP/1.1" 200 87213 "-" "Mozilla/5.0 AppleWebKit/537.36 (KHTML, like Gecko; compatible; GPTBot/1.2; +https://openai.com/gptbot)"
66.249.79.166 - - [17/Jun/2025:21:34:00 +0800] "GET /?shopdetail/20896109 HTTP/1.1" 200 91190 "-" "Mozilla/5.0 (Linux; Android 6.0.1; Nexus 5X Build/MMB29P) AppleWebKit/537.36 (KHTML, like Gecko) Chrome/136.0.7103.113 Mobile Safari/537.36 (compatible; Googlebot/2.1; +http://www.google.com/bot.html)"
