20.171.207.119 - - [17/Jun/2025:23:03:49 +0800] "GET /?action=edit&file=AUTHORS&path=%2F%2Fopt%2Falt%2Falt-nodejs6%2Froot%2Fusr%2Flib%2Fnode_modules%2Fnpm HTTP/1.1" 200 105127 "-" "Mozilla/5.0 AppleWebKit/537.36 (KHTML, like Gecko; compatible; GPTBot/1.2; +https://openai.com/gptbot)"
20.171.207.161 - - [17/Jun/2025:23:03:51 +0800] "GET /sitepages/topic/2?action=edit&file=17084860378223.jpg&path=%2F%2Fproc%2Fthread-self%2Fcwd%2Fuploads%2Ftopics HTTP/1.1" 200 3936835 "-" "Mozilla/5.0 AppleWebKit/537.36 (KHTML, like Gecko; compatible; GPTBot/1.2; +https://openai.com/gptbot)"
20.171.207.119 - - [17/Jun/2025:23:03:55 +0800] "GET /?action=edit&file=LICENSE&path=%2F%2Fopt%2Falt%2Falt-nodejs8%2Froot%2Fusr%2Flib%2Fnode_modules%2Fnpm HTTP/1.1" 200 96168 "-" "Mozilla/5.0 AppleWebKit/537.36 (KHTML, like Gecko; compatible; GPTBot/1.2; +https://openai.com/gptbot)"
20.171.207.161 - - [17/Jun/2025:23:04:01 +0800] "GET /sitepages/topic/2?action=edit&file=17092783388909.jpg&path=%2F%2Fproc%2Fthread-self%2Fcwd%2Fuploads%2Ftopics HTTP/1.1" 200 727521 "-" "Mozilla/5.0 AppleWebKit/537.36 (KHTML, like Gecko; compatible; GPTBot/1.2; +https://openai.com/gptbot)"
20.171.207.119 - - [17/Jun/2025:23:04:05 +0800] "GET /?action=edit&file=AUTHORS&path=%2F%2Fopt%2Falt%2Falt-nodejs8%2Froot%2Fusr%2Flib%2Fnode_modules%2Fnpm HTTP/1.1" 200 116163 "-" "Mozilla/5.0 AppleWebKit/537.36 (KHTML, like Gecko; compatible; GPTBot/1.2; +https://openai.com/gptbot)"
114.119.140.87 - - [17/Jun/2025:23:04:07 +0800] "GET /services/topic/111?action=edit&file=named-compilezone&path=//sbin HTTP/1.1" 200 114547 "https://zuuttravel.com/services/topic/111?path=//sbin" "Mozilla/5.0 (Linux; Android 7.0;) AppleWebKit/537.36 (KHTML, like Gecko) Mobile Safari/537.36 (compatible; PetalBot;+https://webmaster.petalsearch.com/site/petalbot)"
20.171.207.161 - - [17/Jun/2025:23:04:07 +0800] "GET /sitepages/topic/2?action=edit&file=17084971028682.jpg&path=%2F%2Fproc%2Fthread-self%2Fcwd%2Fuploads%2Ftopics HTTP/1.1" 200 1451610 "-" "Mozilla/5.0 AppleWebKit/537.36 (KHTML, like Gecko; compatible; GPTBot/1.2; +https://openai.com/gptbot)"
20.171.207.119 - - [17/Jun/2025:23:04:11 +0800] "GET /?action=edit&file=AUTHORS&path=%2F%2Fopt%2Falt%2Falt-nodejs9%2Froot%2Fusr%2Flib%2Fnode_modules%2Fnpm HTTP/1.1" 200 109757 "-" "Mozilla/5.0 AppleWebKit/537.36 (KHTML, like Gecko; compatible; GPTBot/1.2; +https://openai.com/gptbot)"
20.171.207.161 - - [17/Jun/2025:23:04:14 +0800] "GET /sitepages/topic/2?action=edit&file=16959238859690.jpg&path=%2F%2Fproc%2Fthread-self%2Fcwd%2Fuploads%2Ftopics HTTP/1.1" 200 442972 "-" "Mozilla/5.0 AppleWebKit/537.36 (KHTML, like Gecko; compatible; GPTBot/1.2; +https://openai.com/gptbot)"
20.171.207.119 - - [17/Jun/2025:23:04:18 +0800] "GET /?action=edit&file=LICENSE&path=%2F%2Fopt%2Falt%2Falt-nodejs6%2Froot%2Fusr%2Flib%2Fnode_modules%2Fnpm HTTP/1.1" 200 96161 "-" "Mozilla/5.0 AppleWebKit/537.36 (KHTML, like Gecko; compatible; GPTBot/1.2; +https://openai.com/gptbot)"
66.249.79.167 - - [17/Jun/2025:23:04:21 +0800] "GET /?shopdetail/17148565 HTTP/1.1" 200 91182 "-" "Mozilla/5.0 (compatible; Googlebot/2.1; +http://www.google.com/bot.html)"
20.171.207.161 - - [17/Jun/2025:23:04:21 +0800] "GET /sitepages/topic/2?action=edit&file=17116091144796.jpg&path=%2F%2Fproc%2Fthread-self%2Fcwd%2Fuploads%2Ftopics HTTP/1.1" 200 68430 "-" "Mozilla/5.0 AppleWebKit/537.36 (KHTML, like Gecko; compatible; GPTBot/1.2; +https://openai.com/gptbot)"
20.171.207.161 - - [17/Jun/2025:23:04:22 +0800] "GET /sitepages/topic/2?action=edit&file=17084948272500.jpg&path=%2F%2Fproc%2Fthread-self%2Fcwd%2Fuploads%2Ftopics HTTP/1.1" 200 1231115 "-" "Mozilla/5.0 AppleWebKit/537.36 (KHTML, like Gecko; compatible; GPTBot/1.2; +https://openai.com/gptbot)"
20.171.207.119 - - [17/Jun/2025:23:04:25 +0800] "GET /?action=edit&file=.travis.yml&path=%2F%2Fopt%2Falt%2Falt-nodejs9%2Froot%2Fusr%2Flib%2Fnode_modules%2Fnpm HTTP/1.1" 200 87709 "-" "Mozilla/5.0 AppleWebKit/537.36 (KHTML, like Gecko; compatible; GPTBot/1.2; +https://openai.com/gptbot)"
20.171.207.119 - - [17/Jun/2025:23:04:32 +0800] "GET /?action=edit&file=.travis.yml&path=%2F%2Fopt%2Falt%2Falt-nodejs6%2Froot%2Fusr%2Flib%2Fnode_modules%2Fnpm HTTP/1.1" 200 87987 "-" "Mozilla/5.0 AppleWebKit/537.36 (KHTML, like Gecko; compatible; GPTBot/1.2; +https://openai.com/gptbot)"
20.171.207.161 - - [17/Jun/2025:23:04:33 +0800] "GET /sitepages/topic/2?action=edit&file=17085812741150.jpg&path=%2F%2Fproc%2Fthread-self%2Fcwd%2Fuploads%2Ftopics HTTP/1.1" 200 3097151 "-" "Mozilla/5.0 AppleWebKit/537.36 (KHTML, like Gecko; compatible; GPTBot/1.2; +https://openai.com/gptbot)"
20.171.207.161 - - [17/Jun/2025:23:04:36 +0800] "GET /sitepages/topic/2?action=edit&file=16983246256514.jpg&path=%2F%2Fproc%2Fthread-self%2Fcwd%2Fuploads%2Ftopics HTTP/1.1" 200 254271 "-" "Mozilla/5.0 AppleWebKit/537.36 (KHTML, like Gecko; compatible; GPTBot/1.2; +https://openai.com/gptbot)"
66.249.79.165 - - [17/Jun/2025:23:04:37 +0800] "GET /?shopdetail/18674898 HTTP/1.1" 200 91198 "-" "Mozilla/5.0 (compatible; Googlebot/2.1; +http://www.google.com/bot.html)"
20.171.207.119 - - [17/Jun/2025:23:04:38 +0800] "GET /?action=edit&file=.travis.yml&path=%2F%2Fopt%2Falt%2Falt-nodejs8%2Froot%2Fusr%2Flib%2Fnode_modules%2Fnpm HTTP/1.1" 200 87784 "-" "Mozilla/5.0 AppleWebKit/537.36 (KHTML, like Gecko; compatible; GPTBot/1.2; +https://openai.com/gptbot)"
20.171.207.119 - - [17/Jun/2025:23:04:40 +0800] "GET /?action=edit&file=CHANGELOG.md&path=%2F%2Fopt%2Falt%2Falt-nodejs9%2Froot%2Fusr%2Flib%2Fnode_modules%2Fnpm HTTP/1.1" 200 173042 "-" "Mozilla/5.0 AppleWebKit/537.36 (KHTML, like Gecko; compatible; GPTBot/1.2; +https://openai.com/gptbot)"
20.171.207.119 - - [17/Jun/2025:23:04:46 +0800] "GET /?action=edit&file=CHANGELOG.md&path=%2F%2Fopt%2Falt%2Falt-nodejs6%2Froot%2Fusr%2Flib%2Fnode_modules%2Fnpm HTTP/1.1" 200 342704 "-" "Mozilla/5.0 AppleWebKit/537.36 (KHTML, like Gecko; compatible; GPTBot/1.2; +https://openai.com/gptbot)"
20.171.207.161 - - [17/Jun/2025:23:04:47 +0800] "GET /sitepages/topic/2?action=edit&file=17085810814851.jpg&path=%2F%2Fproc%2Fthread-self%2Fcwd%2Fuploads%2Ftopics HTTP/1.1" 200 1938656 "-" "Mozilla/5.0 AppleWebKit/537.36 (KHTML, like Gecko; compatible; GPTBot/1.2; +https://openai.com/gptbot)"
20.171.207.161 - - [17/Jun/2025:23:04:50 +0800] "GET /sitepages/topic/2?action=edit&file=17084784187467.jpg&path=%2F%2Fproc%2Fthread-self%2Fcwd%2Fuploads%2Ftopics HTTP/1.1" 200 1958960 "-" "Mozilla/5.0 AppleWebKit/537.36 (KHTML, like Gecko; compatible; GPTBot/1.2; +https://openai.com/gptbot)"
20.171.207.119 - - [17/Jun/2025:23:04:52 +0800] "GET /?action=edit&file=CHANGELOG.md&path=%2F%2Fopt%2Falt%2Falt-nodejs8%2Froot%2Fusr%2Flib%2Fnode_modules%2Fnpm HTTP/1.1" 200 227537 "-" "Mozilla/5.0 AppleWebKit/537.36 (KHTML, like Gecko; compatible; GPTBot/1.2; +https://openai.com/gptbot)"
20.171.207.119 - - [17/Jun/2025:23:04:57 +0800] "GET /?path=%2F%2Fopt%2Falt%2Falt-nodejs6%2Froot%2Fusr%2Flib%2Fpython2.7%2Fsite-packages HTTP/1.1" 200 87093 "-" "Mozilla/5.0 AppleWebKit/537.36 (KHTML, like Gecko; compatible; GPTBot/1.2; +https://openai.com/gptbot)"
20.171.207.161 - - [17/Jun/2025:23:04:58 +0800] "GET /sitepages/topic/2?action=edit&file=17084954942295.jpg&path=%2F%2Fproc%2Fthread-self%2Fcwd%2Fuploads%2Ftopics HTTP/1.1" 200 2502366 "-" "Mozilla/5.0 AppleWebKit/537.36 (KHTML, like Gecko; compatible; GPTBot/1.2; +https://openai.com/gptbot)"
20.171.207.119 - - [17/Jun/2025:23:05:07 +0800] "GET /?path=%2F%2Fopt%2Falt%2Falt-nodejs8%2Froot%2Fusr%2Flib%2Fpython2.7%2Fsite-packages HTTP/1.1" 200 87077 "-" "Mozilla/5.0 AppleWebKit/537.36 (KHTML, like Gecko; compatible; GPTBot/1.2; +https://openai.com/gptbot)"
20.171.207.161 - - [17/Jun/2025:23:05:08 +0800] "GET /sitepages/topic/2?action=edit&file=17110124649564.jpg&path=%2F%2Fproc%2Fthread-self%2Fcwd%2Fuploads%2Ftopics HTTP/1.1" 200 195445 "-" "Mozilla/5.0 AppleWebKit/537.36 (KHTML, like Gecko; compatible; GPTBot/1.2; +https://openai.com/gptbot)"
20.171.207.119 - - [17/Jun/2025:23:05:09 +0800] "GET /?path=%2F%2Fopt%2Falt%2Falt-nodejs9%2Froot%2Fusr%2Flib%2Fpython2.7%2Fsite-packages HTTP/1.1" 200 87077 "-" "Mozilla/5.0 AppleWebKit/537.36 (KHTML, like Gecko; compatible; GPTBot/1.2; +https://openai.com/gptbot)"
20.171.207.161 - - [17/Jun/2025:23:05:09 +0800] "GET /sitepages/topic/2?action=edit&file=16986548441241.jpg&path=%2F%2Fproc%2Fthread-self%2Fcwd%2Fuploads%2Ftopics HTTP/1.1" 200 831494 "-" "Mozilla/5.0 AppleWebKit/537.36 (KHTML, like Gecko; compatible; GPTBot/1.2; +https://openai.com/gptbot)"
20.171.207.119 - - [17/Jun/2025:23:05:16 +0800] "GET /?path=%2F%2Fopt%2Falt%2Falt-nodejs8%2Froot%2Fusr%2Flib%2Fnode_modules%2Fnpm%2Fman HTTP/1.1" 200 93460 "-" "Mozilla/5.0 AppleWebKit/537.36 (KHTML, like Gecko; compatible; GPTBot/1.2; +https://openai.com/gptbot)"
20.171.207.161 - - [17/Jun/2025:23:05:21 +0800] "GET /sitepages/topic/2?action=edit&file=16968593669675.jpg&path=%2F%2Fproc%2Fthread-self%2Fcwd%2Fuploads%2Ftopics HTTP/1.1" 200 246144 "-" "Mozilla/5.0 AppleWebKit/537.36 (KHTML, like Gecko; compatible; GPTBot/1.2; +https://openai.com/gptbot)"
20.171.207.161 - - [17/Jun/2025:23:05:27 +0800] "GET /sitepages/topic/2?action=edit&file=17080768406278.jpg&path=%2F%2Fproc%2Fthread-self%2Fcwd%2Fuploads%2Ftopics HTTP/1.1" 200 1453687 "-" "Mozilla/5.0 AppleWebKit/537.36 (KHTML, like Gecko; compatible; GPTBot/1.2; +https://openai.com/gptbot)"
20.171.207.119 - - [17/Jun/2025:23:05:27 +0800] "GET /?path=%2F%2Fopt%2Falt%2Falt-nodejs9%2Froot%2Fusr%2Flib%2Fnode_modules%2Fnpm%2Fhtml HTTP/1.1" 200 89326 "-" "Mozilla/5.0 AppleWebKit/537.36 (KHTML, like Gecko; compatible; GPTBot/1.2; +https://openai.com/gptbot)"
20.171.207.161 - - [17/Jun/2025:23:05:29 +0800] "GET /sitepages/topic/2?action=edit&file=17084920841264.jpg&path=%2F%2Fproc%2Fthread-self%2Fcwd%2Fuploads%2Ftopics HTTP/1.1" 200 324162 "-" "Mozilla/5.0 AppleWebKit/537.36 (KHTML, like Gecko; compatible; GPTBot/1.2; +https://openai.com/gptbot)"
20.171.207.119 - - [17/Jun/2025:23:05:34 +0800] "GET /?path=%2F%2Fopt%2Falt%2Falt-nodejs9%2Froot%2Fusr%2Flib%2Fnode_modules%2Fnpm%2Fbin HTTP/1.1" 200 89541 "-" "Mozilla/5.0 AppleWebKit/537.36 (KHTML, like Gecko; compatible; GPTBot/1.2; +https://openai.com/gptbot)"
20.171.207.119 - - [17/Jun/2025:23:05:40 +0800] "GET /?path=%2F%2Fopt%2Falt%2Falt-nodejs8%2Froot%2Fusr%2Flib%2Fnode_modules%2Fnpm%2Flib HTTP/1.1" 200 112267 "-" "Mozilla/5.0 AppleWebKit/537.36 (KHTML, like Gecko; compatible; GPTBot/1.2; +https://openai.com/gptbot)"
20.171.207.161 - - [17/Jun/2025:23:05:40 +0800] "GET /sitepages/topic/2?action=edit&file=16968593637252.jpg&path=%2F%2Fproc%2Fthread-self%2Fcwd%2Fuploads%2Ftopics HTTP/1.1" 200 213683 "-" "Mozilla/5.0 AppleWebKit/537.36 (KHTML, like Gecko; compatible; GPTBot/1.2; +https://openai.com/gptbot)"
20.171.207.161 - - [17/Jun/2025:23:05:43 +0800] "GET /sitepages/topic/2?action=edit&file=17080704171847.jpg&path=%2F%2Fproc%2Fthread-self%2Fcwd%2Fuploads%2Ftopics HTTP/1.1" 200 609659 "-" "Mozilla/5.0 AppleWebKit/537.36 (KHTML, like Gecko; compatible; GPTBot/1.2; +https://openai.com/gptbot)"
20.171.207.119 - - [17/Jun/2025:23:05:48 +0800] "GET /?path=%2F%2Fopt%2Falt%2Falt-nodejs6%2Froot%2Fusr%2Flib%2Fnode_modules%2Fnpm%2Fhtml HTTP/1.1" 200 89332 "-" "Mozilla/5.0 AppleWebKit/537.36 (KHTML, like Gecko; compatible; GPTBot/1.2; +https://openai.com/gptbot)"
20.171.207.161 - - [17/Jun/2025:23:05:50 +0800] "GET /sitepages/topic/2?action=edit&file=17092730417600.jpg&path=%2F%2Fproc%2Fthread-self%2Fcwd%2Fuploads%2Ftopics HTTP/1.1" 200 345035 "-" "Mozilla/5.0 AppleWebKit/537.36 (KHTML, like Gecko; compatible; GPTBot/1.2; +https://openai.com/gptbot)"
20.171.207.119 - - [17/Jun/2025:23:05:55 +0800] "GET /?path=%2F%2Fopt%2Falt%2Falt-nodejs6%2Froot%2Fusr%2Flib%2Fnode_modules%2Fnpm%2Flib HTTP/1.1" 200 108857 "-" "Mozilla/5.0 AppleWebKit/537.36 (KHTML, like Gecko; compatible; GPTBot/1.2; +https://openai.com/gptbot)"
20.171.207.161 - - [17/Jun/2025:23:05:55 +0800] "GET /sitepages/topic/2?action=edit&file=17085085449425.jpg&path=%2F%2Fproc%2Fthread-self%2Fcwd%2Fuploads%2Ftopics HTTP/1.1" 200 188029 "-" "Mozilla/5.0 AppleWebKit/537.36 (KHTML, like Gecko; compatible; GPTBot/1.2; +https://openai.com/gptbot)"
20.171.207.161 - - [17/Jun/2025:23:06:02 +0800] "GET /sitepages/topic/2?action=edit&file=17085812624270.jpg&path=%2F%2Fproc%2Fthread-self%2Fcwd%2Fuploads%2Ftopics HTTP/1.1" 200 2661147 "-" "Mozilla/5.0 AppleWebKit/537.36 (KHTML, like Gecko; compatible; GPTBot/1.2; +https://openai.com/gptbot)"
34.196.6.199 - - [17/Jun/2025:23:06:03 +0800] "GET /sitepages/topic/9?path=//etc HTTP/1.1" 200 102904 "-" "Mozilla/5.0 AppleWebKit/537.36 (KHTML, like Gecko; compatible; Amazonbot/0.1; +https://developer.amazon.com/support/amazonbot) Chrome/119.0.6045.214 Safari/537.36"
20.171.207.119 - - [17/Jun/2025:23:06:03 +0800] "GET /?path=%2F%2Fopt%2Falt%2Falt-nodejs9%2Froot%2Fusr%2Flib%2Fnode_modules%2Fnpm%2Fman HTTP/1.1" 200 93451 "-" "Mozilla/5.0 AppleWebKit/537.36 (KHTML, like Gecko; compatible; GPTBot/1.2; +https://openai.com/gptbot)"
20.171.207.119 - - [17/Jun/2025:23:06:06 +0800] "GET /?path=%2F%2Fopt%2Falt%2Falt-nodejs6%2Froot%2Fusr%2Flib%2Fnode_modules%2Fnpm%2Fbin HTTP/1.1" 200 88873 "-" "Mozilla/5.0 AppleWebKit/537.36 (KHTML, like Gecko; compatible; GPTBot/1.2; +https://openai.com/gptbot)"
3.223.181.32 - - [17/Jun/2025:23:06:06 +0800] "GET /welcome-to-mongolia?path=//var HTTP/1.1" 200 86342 "-" "Mozilla/5.0 AppleWebKit/537.36 (KHTML, like Gecko; compatible; Amazonbot/0.1; +https://developer.amazon.com/support/amazonbot) Chrome/119.0.6045.214 Safari/537.36"
20.171.207.161 - - [17/Jun/2025:23:06:10 +0800] "GET /sitepages/topic/2?action=edit&file=17084992269664.jpg&path=%2F%2Fproc%2Fthread-self%2Fcwd%2Fuploads%2Ftopics HTTP/1.1" 200 1371940 "-" "Mozilla/5.0 AppleWebKit/537.36 (KHTML, like Gecko; compatible; GPTBot/1.2; +https://openai.com/gptbot)"
98.84.70.201 - - [17/Jun/2025:23:06:11 +0800] "GET /welcome-to-mongolia?path=//home HTTP/1.1" 200 83704 "-" "Mozilla/5.0 AppleWebKit/537.36 (KHTML, like Gecko; compatible; Amazonbot/0.1; +https://developer.amazon.com/support/amazonbot) Chrome/119.0.6045.214 Safari/537.36"
20.171.207.161 - - [17/Jun/2025:23:06:11 +0800] "GET /sitepages/topic/2?action=edit&file=17110099413240.jpg&path=%2F%2Fproc%2Fthread-self%2Fcwd%2Fuploads%2Ftopics HTTP/1.1" 200 785583 "-" "Mozilla/5.0 AppleWebKit/537.36 (KHTML, like Gecko; compatible; GPTBot/1.2; +https://openai.com/gptbot)"
20.171.207.119 - - [17/Jun/2025:23:06:18 +0800] "GET /?path=%2F%2Fopt%2Falt%2Falt-nodejs6%2Froot%2Fusr%2Flib%2Fnode_modules%2Fnpm%2Fman HTTP/1.1" 200 93444 "-" "Mozilla/5.0 AppleWebKit/537.36 (KHTML, like Gecko; compatible; GPTBot/1.2; +https://openai.com/gptbot)"
3.212.219.113 - - [17/Jun/2025:23:06:19 +0800] "GET /sitepages/topic/9?path=/home/zuuttrav/bin HTTP/1.1" 200 83663 "-" "Mozilla/5.0 AppleWebKit/537.36 (KHTML, like Gecko; compatible; Amazonbot/0.1; +https://developer.amazon.com/support/amazonbot) Chrome/119.0.6045.214 Safari/537.36"
20.171.207.161 - - [17/Jun/2025:23:06:22 +0800] "GET /sitepages/topic/2?action=edit&file=17084817477458.jpg&path=%2F%2Fproc%2Fthread-self%2Fcwd%2Fuploads%2Ftopics HTTP/1.1" 200 557473 "-" "Mozilla/5.0 AppleWebKit/537.36 (KHTML, like Gecko; compatible; GPTBot/1.2; +https://openai.com/gptbot)"
44.215.235.20 - - [17/Jun/2025:23:06:24 +0800] "GET /cultural-tips?path=/home/zuuttrav/public_html HTTP/1.1" 200 69213 "-" "Mozilla/5.0 AppleWebKit/537.36 (KHTML, like Gecko; compatible; Amazonbot/0.1; +https://developer.amazon.com/support/amazonbot) Chrome/119.0.6045.214 Safari/537.36"
20.171.207.119 - - [17/Jun/2025:23:06:25 +0800] "GET /?path=%2F%2Fopt%2Falt%2Falt-nodejs9%2Froot%2Fusr%2Flib%2Fnode_modules%2Fnpm%2Flib HTTP/1.1" 200 110147 "-" "Mozilla/5.0 AppleWebKit/537.36 (KHTML, like Gecko; compatible; GPTBot/1.2; +https://openai.com/gptbot)"
54.86.59.155 - - [17/Jun/2025:23:06:27 +0800] "GET /blog/topic/79?path=/home/zuuttrav/perl HTTP/1.1" 200 63121 "-" "Mozilla/5.0 AppleWebKit/537.36 (KHTML, like Gecko; compatible; Amazonbot/0.1; +https://developer.amazon.com/support/amazonbot) Chrome/119.0.6045.214 Safari/537.36"
20.171.207.119 - - [17/Jun/2025:23:06:28 +0800] "GET /?path=%2F%2Fopt%2Falt%2Falt-nodejs8%2Froot%2Fusr%2Flib%2Fnode_modules%2Fnpm%2Fhtml HTTP/1.1" 200 89325 "-" "Mozilla/5.0 AppleWebKit/537.36 (KHTML, like Gecko; compatible; GPTBot/1.2; +https://openai.com/gptbot)"
20.171.207.161 - - [17/Jun/2025:23:06:29 +0800] "GET /sitepages/topic/2?action=edit&file=16959234383832.jpg&path=%2F%2Fproc%2Fthread-self%2Fcwd%2Fuploads%2Ftopics HTTP/1.1" 200 255418 "-" "Mozilla/5.0 AppleWebKit/537.36 (KHTML, like Gecko; compatible; GPTBot/1.2; +https://openai.com/gptbot)"
100.29.63.24 - - [17/Jun/2025:23:06:31 +0800] "GET /blog/topic/98?path=/home/zuuttrav/public_html/123 HTTP/1.1" 200 61258 "-" "Mozilla/5.0 AppleWebKit/537.36 (KHTML, like Gecko; compatible; Amazonbot/0.1; +https://developer.amazon.com/support/amazonbot) Chrome/119.0.6045.214 Safari/537.36"
3.212.219.113 - - [17/Jun/2025:23:06:34 +0800] "GET /welcome-to-mongolia?path=/home/zuuttrav/public_html/core/config HTTP/1.1" 200 92149 "-" "Mozilla/5.0 AppleWebKit/537.36 (KHTML, like Gecko; compatible; Amazonbot/0.1; +https://developer.amazon.com/support/amazonbot) Chrome/119.0.6045.214 Safari/537.36"
20.171.207.161 - - [17/Jun/2025:23:06:35 +0800] "GET /sitepages/topic/2?action=edit&file=17085682075766.jpg&path=%2F%2Fproc%2Fthread-self%2Fcwd%2Fuploads%2Ftopics HTTP/1.1" 200 226254 "-" "Mozilla/5.0 AppleWebKit/537.36 (KHTML, like Gecko; compatible; GPTBot/1.2; +https://openai.com/gptbot)"
20.171.207.119 - - [17/Jun/2025:23:06:35 +0800] "GET /?path=%2F%2Fopt%2Falt%2Falt-nodejs8%2Froot%2Fusr%2Flib%2Fnode_modules%2Fnpm%2Fman%2Fman2 HTTP/1.1" 200 87248 "-" "Mozilla/5.0 AppleWebKit/537.36 (KHTML, like Gecko; compatible; GPTBot/1.2; +https://openai.com/gptbot)"
66.249.79.165 - - [17/Jun/2025:23:06:36 +0800] "GET /?shopdetail/17098310 HTTP/1.1" 200 91190 "-" "Mozilla/5.0 (compatible; Googlebot/2.1; +http://www.google.com/bot.html)"
114.119.151.81 - - [17/Jun/2025:23:06:37 +0800] "GET /services/topic/111?action=edit&file=mongolian-foods.jpg&path=/home/zuuttrav/public_html/uploads/media HTTP/1.1" 200 196424 "https://zuuttravel.com/services/topic/111?path=/home/zuuttrav/public_html/uploads/media" "Mozilla/5.0 (Linux; Android 7.0;) AppleWebKit/537.36 (KHTML, like Gecko) Mobile Safari/537.36 (compatible; PetalBot;+https://webmaster.petalsearch.com/site/petalbot)"
52.54.95.127 - - [17/Jun/2025:23:06:37 +0800] "GET /?path=/home/zuuttrav/public_html/uploads/inbox HTTP/1.1" 200 87049 "-" "Mozilla/5.0 AppleWebKit/537.36 (KHTML, like Gecko; compatible; Amazonbot/0.1; +https://developer.amazon.com/support/amazonbot) Chrome/119.0.6045.214 Safari/537.36"
52.2.58.41 - - [17/Jun/2025:23:06:41 +0800] "GET /services/topic/16?path=/home/zuuttrav/.cl.selector HTTP/1.1" 200 84003 "-" "Mozilla/5.0 AppleWebKit/537.36 (KHTML, like Gecko; compatible; Amazonbot/0.1; +https://developer.amazon.com/support/amazonbot) Chrome/119.0.6045.214 Safari/537.36"
20.171.207.119 - - [17/Jun/2025:23:06:42 +0800] "GET /?action=edit&file=AUTHORS&path=%2F%2Fopt%2Falt%2Falt-nodejs9%2Froot%2Fusr%2Flib%2Fnode_modules%2Fnpm%2Fhtml HTTP/1.1" 200 176388 "-" "Mozilla/5.0 AppleWebKit/537.36 (KHTML, like Gecko; compatible; GPTBot/1.2; +https://openai.com/gptbot)"
20.171.207.161 - - [17/Jun/2025:23:06:42 +0800] "GET /sitepages/topic/2?action=edit&file=16959240485298.jpg&path=%2F%2Fproc%2Fthread-self%2Fcwd%2Fuploads%2Ftopics HTTP/1.1" 200 405708 "-" "Mozilla/5.0 AppleWebKit/537.36 (KHTML, like Gecko; compatible; GPTBot/1.2; +https://openai.com/gptbot)"
52.7.33.248 - - [17/Jun/2025:23:06:43 +0800] "GET /services/topic/101?path=/home/zuuttrav/.cpanel HTTP/1.1" 200 69538 "-" "Mozilla/5.0 AppleWebKit/537.36 (KHTML, like Gecko; compatible; Amazonbot/0.1; +https://developer.amazon.com/support/amazonbot) Chrome/119.0.6045.214 Safari/537.36"
20.171.207.161 - - [17/Jun/2025:23:06:44 +0800] "GET /sitepages/topic/2?action=edit&file=17110087081765.jpg&path=%2F%2Fproc%2Fthread-self%2Fcwd%2Fuploads%2Ftopics HTTP/1.1" 200 965672 "-" "Mozilla/5.0 AppleWebKit/537.36 (KHTML, like Gecko; compatible; GPTBot/1.2; +https://openai.com/gptbot)"
18.232.36.1 - - [17/Jun/2025:23:06:51 +0800] "GET /services/topic/8?path=/home/zuuttrav/public_html/core/app HTTP/1.1" 200 83386 "-" "Mozilla/5.0 AppleWebKit/537.36 (KHTML, like Gecko; compatible; Amazonbot/0.1; +https://developer.amazon.com/support/amazonbot) Chrome/119.0.6045.214 Safari/537.36"
20.171.207.161 - - [17/Jun/2025:23:06:51 +0800] "GET /sitepages/topic/2?action=edit&file=17110086807233.jpg&path=%2F%2Fproc%2Fthread-self%2Fcwd%2Fuploads%2Ftopics HTTP/1.1" 200 573737 "-" "Mozilla/5.0 AppleWebKit/537.36 (KHTML, like Gecko; compatible; GPTBot/1.2; +https://openai.com/gptbot)"
20.171.207.119 - - [17/Jun/2025:23:06:52 +0800] "GET /?action=edit&file=npm&path=%2F%2Fopt%2Falt%2Falt-nodejs9%2Froot%2Fusr%2Flib%2Fnode_modules%2Fnpm%2Fbin HTTP/1.1" 200 87270 "-" "Mozilla/5.0 AppleWebKit/537.36 (KHTML, like Gecko; compatible; GPTBot/1.2; +https://openai.com/gptbot)"
20.171.207.119 - - [17/Jun/2025:23:06:55 +0800] "GET /?action=edit&file=npm.cmd&path=%2F%2Fopt%2Falt%2Falt-nodejs9%2Froot%2Fusr%2Flib%2Fnode_modules%2Fnpm%2Fbin HTTP/1.1" 200 86853 "-" "Mozilla/5.0 AppleWebKit/537.36 (KHTML, like Gecko; compatible; GPTBot/1.2; +https://openai.com/gptbot)"
18.209.201.119 - - [17/Jun/2025:23:06:55 +0800] "GET /sitepages/topic/9?action=edit&file=.htaccess&path=/home/zuuttrav/public_html HTTP/1.1" 200 84202 "-" "Mozilla/5.0 AppleWebKit/537.36 (KHTML, like Gecko; compatible; Amazonbot/0.1; +https://developer.amazon.com/support/amazonbot) Chrome/119.0.6045.214 Safari/537.36"
52.70.123.241 - - [17/Jun/2025:23:06:55 +0800] "GET /blog/topic/75?action=edit&file=.imunify_patch_id&path=/home/zuuttrav HTTP/1.1" 200 59745 "-" "Mozilla/5.0 AppleWebKit/537.36 (KHTML, like Gecko; compatible; Amazonbot/0.1; +https://developer.amazon.com/support/amazonbot) Chrome/119.0.6045.214 Safari/537.36"
34.231.156.59 - - [17/Jun/2025:23:06:58 +0800] "GET /blog/topic/74?action=edit&file=.bash_profile&path=/home/zuuttrav HTTP/1.1" 200 60851 "-" "Mozilla/5.0 AppleWebKit/537.36 (KHTML, like Gecko; compatible; Amazonbot/0.1; +https://developer.amazon.com/support/amazonbot) Chrome/119.0.6045.214 Safari/537.36"
20.171.207.119 - - [17/Jun/2025:23:07:02 +0800] "GET /?action=edit&file=stars.js&path=%2F%2Fopt%2Falt%2Falt-nodejs8%2Froot%2Fusr%2Flib%2Fnode_modules%2Fnpm%2Flib HTTP/1.1" 200 87515 "-" "Mozilla/5.0 AppleWebKit/537.36 (KHTML, like Gecko; compatible; GPTBot/1.2; +https://openai.com/gptbot)"
98.83.72.38 - - [17/Jun/2025:23:07:03 +0800] "GET /services/topic/100?action=edit&file=.ftpquota&path=/home/zuuttrav HTTP/1.1" 200 65587 "-" "Mozilla/5.0 AppleWebKit/537.36 (KHTML, like Gecko; compatible; Amazonbot/0.1; +https://developer.amazon.com/support/amazonbot) Chrome/119.0.6045.214 Safari/537.36"
20.171.207.161 - - [17/Jun/2025:23:07:04 +0800] "GET /sitepages/topic/2?action=edit&file=17085085381302.jpg&path=%2F%2Fproc%2Fthread-self%2Fcwd%2Fuploads%2Ftopics HTTP/1.1" 200 153974 "-" "Mozilla/5.0 AppleWebKit/537.36 (KHTML, like Gecko; compatible; GPTBot/1.2; +https://openai.com/gptbot)"
34.206.249.188 - - [17/Jun/2025:23:07:07 +0800] "GET /blog/topic/80?action=edit&file=.ftpquota&path=/home/zuuttrav/public_html HTTP/1.1" 200 60677 "-" "Mozilla/5.0 AppleWebKit/537.36 (KHTML, like Gecko; compatible; Amazonbot/0.1; +https://developer.amazon.com/support/amazonbot) Chrome/119.0.6045.214 Safari/537.36"
34.205.163.103 - - [17/Jun/2025:23:07:10 +0800] "GET /blog/topic/95?action=edit&file=unizuut.mn.zip&path=/home/zuuttrav/public_html HTTP/1.1" 500 5 "-" "Mozilla/5.0 AppleWebKit/537.36 (KHTML, like Gecko; compatible; Amazonbot/0.1; +https://developer.amazon.com/support/amazonbot) Chrome/119.0.6045.214 Safari/537.36"
20.171.207.161 - - [17/Jun/2025:23:07:12 +0800] "GET /sitepages/topic/2?action=edit&file=17084992016882.jpg&path=%2F%2Fproc%2Fthread-self%2Fcwd%2Fuploads%2Ftopics HTTP/1.1" 200 1763250 "-" "Mozilla/5.0 AppleWebKit/537.36 (KHTML, like Gecko; compatible; GPTBot/1.2; +https://openai.com/gptbot)"
20.171.207.119 - - [17/Jun/2025:23:07:13 +0800] "GET /?action=edit&file=outdated.js&path=%2F%2Fopt%2Falt%2Falt-nodejs6%2Froot%2Fusr%2Flib%2Fnode_modules%2Fnpm%2Flib HTTP/1.1" 200 99864 "-" "Mozilla/5.0 AppleWebKit/537.36 (KHTML, like Gecko; compatible; GPTBot/1.2; +https://openai.com/gptbot)"
34.238.45.183 - - [17/Jun/2025:23:07:14 +0800] "GET /welcome-to-mongolia?action=edit&file=.contactemail&path=/home/zuuttrav HTTP/1.1" 200 83403 "-" "Mozilla/5.0 AppleWebKit/537.36 (KHTML, like Gecko; compatible; Amazonbot/0.1; +https://developer.amazon.com/support/amazonbot) Chrome/119.0.6045.214 Safari/537.36"
20.171.207.161 - - [17/Jun/2025:23:07:20 +0800] "GET /sitepages/topic/2?action=edit&file=16983231685429.jpg&path=%2F%2Fproc%2Fthread-self%2Fcwd%2Fuploads%2Ftopics HTTP/1.1" 200 224224 "-" "Mozilla/5.0 AppleWebKit/537.36 (KHTML, like Gecko; compatible; GPTBot/1.2; +https://openai.com/gptbot)"
20.171.207.119 - - [17/Jun/2025:23:07:20 +0800] "GET /?action=edit&file=help.js&path=%2F%2Fopt%2Falt%2Falt-nodejs8%2Froot%2Fusr%2Flib%2Fnode_modules%2Fnpm%2Flib HTTP/1.1" 200 93890 "-" "Mozilla/5.0 AppleWebKit/537.36 (KHTML, like Gecko; compatible; GPTBot/1.2; +https://openai.com/gptbot)"
20.171.207.161 - - [17/Jun/2025:23:07:22 +0800] "GET /sitepages/topic/2?action=edit&file=17110099515996.jpg&path=%2F%2Fproc%2Fthread-self%2Fcwd%2Fuploads%2Ftopics HTTP/1.1" 200 306526 "-" "Mozilla/5.0 AppleWebKit/537.36 (KHTML, like Gecko; compatible; GPTBot/1.2; +https://openai.com/gptbot)"
3.208.146.193 - - [17/Jun/2025:23:07:22 +0800] "GET /contact?path=/home/zuuttrav/public_html/.well-known/pki-validation HTTP/1.1" 200 65723 "-" "Mozilla/5.0 AppleWebKit/537.36 (KHTML, like Gecko; compatible; Amazonbot/0.1; +https://developer.amazon.com/support/amazonbot) Chrome/119.0.6045.214 Safari/537.36"
20.171.207.119 - - [17/Jun/2025:23:07:22 +0800] "GET /?action=edit&file=read-package-json.js&path=%2F%2Fopt%2Falt%2Falt-nodejs6%2Froot%2Fusr%2Flib%2Fnode_modules%2Fnpm%2Fbin HTTP/1.1" 200 86846 "-" "Mozilla/5.0 AppleWebKit/537.36 (KHTML, like Gecko; compatible; GPTBot/1.2; +https://openai.com/gptbot)"
20.171.207.161 - - [17/Jun/2025:23:07:28 +0800] "GET /sitepages/topic/2?action=edit&file=16967880528121.jpg&path=%2F%2Fproc%2Fthread-self%2Fcwd%2Fuploads%2Ftopics HTTP/1.1" 200 446047 "-" "Mozilla/5.0 AppleWebKit/537.36 (KHTML, like Gecko; compatible; GPTBot/1.2; +https://openai.com/gptbot)"
54.235.172.108 - - [17/Jun/2025:23:07:31 +0800] "GET /services/topic/100?action=edit&file=.gitignore&path=/home/zuuttrav/public_html/core HTTP/1.1" 200 65550 "-" "Mozilla/5.0 AppleWebKit/537.36 (KHTML, like Gecko; compatible; Amazonbot/0.1; +https://developer.amazon.com/support/amazonbot) Chrome/119.0.6045.214 Safari/537.36"
20.171.207.119 - - [17/Jun/2025:23:07:34 +0800] "GET /?action=edit&file=help.js&path=%2F%2Fopt%2Falt%2Falt-nodejs6%2Froot%2Fusr%2Flib%2Fnode_modules%2Fnpm%2Flib HTTP/1.1" 200 93705 "-" "Mozilla/5.0 AppleWebKit/537.36 (KHTML, like Gecko; compatible; GPTBot/1.2; +https://openai.com/gptbot)"
20.171.207.119 - - [17/Jun/2025:23:07:35 +0800] "GET /?action=edit&file=org.js&path=%2F%2Fopt%2Falt%2Falt-nodejs8%2Froot%2Fusr%2Flib%2Fnode_modules%2Fnpm%2Flib HTTP/1.1" 200 91204 "-" "Mozilla/5.0 AppleWebKit/537.36 (KHTML, like Gecko; compatible; GPTBot/1.2; +https://openai.com/gptbot)"
20.171.207.161 - - [17/Jun/2025:23:07:39 +0800] "GET /sitepages/topic/2?action=edit&file=17085812148529.jpg&path=%2F%2Fproc%2Fthread-self%2Fcwd%2Fuploads%2Ftopics HTTP/1.1" 200 2137149 "-" "Mozilla/5.0 AppleWebKit/537.36 (KHTML, like Gecko; compatible; GPTBot/1.2; +https://openai.com/gptbot)"
20.171.207.161 - - [17/Jun/2025:23:07:45 +0800] "GET /sitepages/topic/2?action=edit&file=16968578569206.jpg&path=%2F%2Fproc%2Fthread-self%2Fcwd%2Fuploads%2Ftopics HTTP/1.1" 200 180370 "-" "Mozilla/5.0 AppleWebKit/537.36 (KHTML, like Gecko; compatible; GPTBot/1.2; +https://openai.com/gptbot)"
20.171.207.119 - - [17/Jun/2025:23:07:47 +0800] "GET /?action=edit&file=help.js&path=%2F%2Fopt%2Falt%2Falt-nodejs9%2Froot%2Fusr%2Flib%2Fnode_modules%2Fnpm%2Flib HTTP/1.1" 200 93840 "-" "Mozilla/5.0 AppleWebKit/537.36 (KHTML, like Gecko; compatible; GPTBot/1.2; +https://openai.com/gptbot)"
20.171.207.161 - - [17/Jun/2025:23:07:47 +0800] "GET /sitepages/topic/2?action=edit&file=17080660133266.jpg&path=%2F%2Fproc%2Fthread-self%2Fcwd%2Fuploads%2Ftopics HTTP/1.1" 200 173961 "-" "Mozilla/5.0 AppleWebKit/537.36 (KHTML, like Gecko; compatible; GPTBot/1.2; +https://openai.com/gptbot)"
20.171.207.119 - - [17/Jun/2025:23:07:48 +0800] "GET /?action=edit&file=view.js&path=%2F%2Fopt%2Falt%2Falt-nodejs9%2Froot%2Fusr%2Flib%2Fnode_modules%2Fnpm%2Flib HTTP/1.1" 200 96857 "-" "Mozilla/5.0 AppleWebKit/537.36 (KHTML, like Gecko; compatible; GPTBot/1.2; +https://openai.com/gptbot)"
20.171.207.119 - - [17/Jun/2025:23:07:55 +0800] "GET /?action=edit&file=view.js&path=%2F%2Fopt%2Falt%2Falt-nodejs8%2Froot%2Fusr%2Flib%2Fnode_modules%2Fnpm%2Flib HTTP/1.1" 200 103577 "-" "Mozilla/5.0 AppleWebKit/537.36 (KHTML, like Gecko; compatible; GPTBot/1.2; +https://openai.com/gptbot)"
20.171.207.119 - - [17/Jun/2025:23:08:06 +0800] "GET /?action=edit&file=view.js&path=%2F%2Fopt%2Falt%2Falt-nodejs6%2Froot%2Fusr%2Flib%2Fnode_modules%2Fnpm%2Flib HTTP/1.1" 200 96707 "-" "Mozilla/5.0 AppleWebKit/537.36 (KHTML, like Gecko; compatible; GPTBot/1.2; +https://openai.com/gptbot)"
20.171.207.161 - - [17/Jun/2025:23:08:07 +0800] "GET /sitepages/topic/2?action=edit&file=17085809552135.jpg&path=%2F%2Fproc%2Fthread-self%2Fcwd%2Fuploads%2Ftopics HTTP/1.1" 200 3601066 "-" "Mozilla/5.0 AppleWebKit/537.36 (KHTML, like Gecko; compatible; GPTBot/1.2; +https://openai.com/gptbot)"
20.171.207.119 - - [17/Jun/2025:23:08:12 +0800] "GET /?action=edit&file=npm&path=%2F%2Fopt%2Falt%2Falt-nodejs6%2Froot%2Fusr%2Flib%2Fnode_modules%2Fnpm%2Fbin HTTP/1.1" 200 87286 "-" "Mozilla/5.0 AppleWebKit/537.36 (KHTML, like Gecko; compatible; GPTBot/1.2; +https://openai.com/gptbot)"
20.171.207.161 - - [17/Jun/2025:23:08:17 +0800] "GET /sitepages/topic/2?action=edit&file=16983244931203.jpg&path=%2F%2Fproc%2Fthread-self%2Fcwd%2Fuploads%2Ftopics HTTP/1.1" 200 260236 "-" "Mozilla/5.0 AppleWebKit/537.36 (KHTML, like Gecko; compatible; GPTBot/1.2; +https://openai.com/gptbot)"
20.171.207.119 - - [17/Jun/2025:23:08:19 +0800] "GET /?action=edit&file=team.js&path=%2F%2Fopt%2Falt%2Falt-nodejs8%2Froot%2Fusr%2Flib%2Fnode_modules%2Fnpm%2Flib HTTP/1.1" 200 91584 "-" "Mozilla/5.0 AppleWebKit/537.36 (KHTML, like Gecko; compatible; GPTBot/1.2; +https://openai.com/gptbot)"
20.171.207.119 - - [17/Jun/2025:23:08:21 +0800] "GET /?action=edit&file=edit.js&path=%2F%2Fopt%2Falt%2Falt-nodejs6%2Froot%2Fusr%2Flib%2Fnode_modules%2Fnpm%2Flib HTTP/1.1" 200 87411 "-" "Mozilla/5.0 AppleWebKit/537.36 (KHTML, like Gecko; compatible; GPTBot/1.2; +https://openai.com/gptbot)"
66.249.79.167 - - [17/Jun/2025:23:08:26 +0800] "GET /?shopdetail/28601210 HTTP/1.1" 200 91197 "-" "Mozilla/5.0 (Linux; Android 6.0.1; Nexus 5X Build/MMB29P) AppleWebKit/537.36 (KHTML, like Gecko) Chrome/136.0.7103.113 Mobile Safari/537.36 (compatible; Googlebot/2.1; +http://www.google.com/bot.html)"
20.171.207.119 - - [17/Jun/2025:23:08:28 +0800] "GET /?action=edit&file=npm.js&path=%2F%2Fopt%2Falt%2Falt-nodejs6%2Froot%2Fusr%2Flib%2Fnode_modules%2Fnpm%2Flib HTTP/1.1" 200 99028 "-" "Mozilla/5.0 AppleWebKit/537.36 (KHTML, like Gecko; compatible; GPTBot/1.2; +https://openai.com/gptbot)"
20.171.207.161 - - [17/Jun/2025:23:08:31 +0800] "GET /sitepages/topic/2?action=edit&file=17110099611431.jpg&path=%2F%2Fproc%2Fthread-self%2Fcwd%2Fuploads%2Ftopics HTTP/1.1" 200 657393 "-" "Mozilla/5.0 AppleWebKit/537.36 (KHTML, like Gecko; compatible; GPTBot/1.2; +https://openai.com/gptbot)"
20.171.207.119 - - [17/Jun/2025:23:08:39 +0800] "GET /?action=edit&file=bugs.js&path=%2F%2Fopt%2Falt%2Falt-nodejs9%2Froot%2Fusr%2Flib%2Fnode_modules%2Fnpm%2Flib HTTP/1.1" 200 87287 "-" "Mozilla/5.0 AppleWebKit/537.36 (KHTML, like Gecko; compatible; GPTBot/1.2; +https://openai.com/gptbot)"
20.171.207.119 - - [17/Jun/2025:23:08:40 +0800] "GET /?action=edit&file=org.js&path=%2F%2Fopt%2Falt%2Falt-nodejs8%2Froot%2Fusr%2Flib%2Fnode_modules%2Fnpm%2Flib HTTP/1.1" 200 91196 "-" "Mozilla/5.0 AppleWebKit/537.36 (KHTML, like Gecko; compatible; GPTBot/1.2; +https://openai.com/gptbot)"
20.171.207.161 - - [17/Jun/2025:23:08:47 +0800] "GET /sitepages/topic/2?action=edit&file=17110087007865.jpg&path=%2F%2Fproc%2Fthread-self%2Fcwd%2Fuploads%2Ftopics HTTP/1.1" 200 219235 "-" "Mozilla/5.0 AppleWebKit/537.36 (KHTML, like Gecko; compatible; GPTBot/1.2; +https://openai.com/gptbot)"
20.171.207.119 - - [17/Jun/2025:23:08:47 +0800] "GET /?action=edit&file=init.js&path=%2F%2Fopt%2Falt%2Falt-nodejs9%2Froot%2Fusr%2Flib%2Fnode_modules%2Fnpm%2Flib HTTP/1.1" 200 87799 "-" "Mozilla/5.0 AppleWebKit/537.36 (KHTML, like Gecko; compatible; GPTBot/1.2; +https://openai.com/gptbot)"
20.171.207.119 - - [17/Jun/2025:23:08:53 +0800] "GET /?action=edit&file=star.js&path=%2F%2Fopt%2Falt%2Falt-nodejs8%2Froot%2Fusr%2Flib%2Fnode_modules%2Fnpm%2Flib HTTP/1.1" 200 88790 "-" "Mozilla/5.0 AppleWebKit/537.36 (KHTML, like Gecko; compatible; GPTBot/1.2; +https://openai.com/gptbot)"
20.171.207.119 - - [17/Jun/2025:23:08:59 +0800] "GET /?action=edit&file=link.js&path=%2F%2Fopt%2Falt%2Falt-nodejs9%2Froot%2Fusr%2Flib%2Fnode_modules%2Fnpm%2Flib HTTP/1.1" 200 92577 "-" "Mozilla/5.0 AppleWebKit/537.36 (KHTML, like Gecko; compatible; GPTBot/1.2; +https://openai.com/gptbot)"
20.171.207.119 - - [17/Jun/2025:23:09:04 +0800] "GET /?action=edit&file=docs.js&path=%2F%2Fopt%2Falt%2Falt-nodejs8%2Froot%2Fusr%2Flib%2Fnode_modules%2Fnpm%2Flib HTTP/1.1" 200 87461 "-" "Mozilla/5.0 AppleWebKit/537.36 (KHTML, like Gecko; compatible; GPTBot/1.2; +https://openai.com/gptbot)"
20.171.207.161 - - [17/Jun/2025:23:09:07 +0800] "GET /sitepages/topic/2?action=edit&file=17116092066482.jpg&path=%2F%2Fproc%2Fthread-self%2Fcwd%2Fuploads%2Ftopics HTTP/1.1" 200 490484 "-" "Mozilla/5.0 AppleWebKit/537.36 (KHTML, like Gecko; compatible; GPTBot/1.2; +https://openai.com/gptbot)"
20.171.207.119 - - [17/Jun/2025:23:09:08 +0800] "GET /?action=edit&file=ls.js&path=%2F%2Fopt%2Falt%2Falt-nodejs8%2Froot%2Fusr%2Flib%2Fnode_modules%2Fnpm%2Flib HTTP/1.1" 200 104622 "-" "Mozilla/5.0 AppleWebKit/537.36 (KHTML, like Gecko; compatible; GPTBot/1.2; +https://openai.com/gptbot)"
20.171.207.119 - - [17/Jun/2025:23:09:17 +0800] "GET /?action=edit&file=ls.js&path=%2F%2Fopt%2Falt%2Falt-nodejs6%2Froot%2Fusr%2Flib%2Fnode_modules%2Fnpm%2Flib HTTP/1.1" 200 102178 "-" "Mozilla/5.0 AppleWebKit/537.36 (KHTML, like Gecko; compatible; GPTBot/1.2; +https://openai.com/gptbot)"
20.171.207.161 - - [17/Jun/2025:23:09:21 +0800] "GET /sitepages/topic/2?action=edit&file=16986551359929.jpg&path=%2F%2Fproc%2Fthread-self%2Fcwd%2Fuploads%2Ftopics HTTP/1.1" 200 185927 "-" "Mozilla/5.0 AppleWebKit/537.36 (KHTML, like Gecko; compatible; GPTBot/1.2; +https://openai.com/gptbot)"
20.171.207.119 - - [17/Jun/2025:23:09:24 +0800] "GET /?action=edit&file=root.js&path=%2F%2Fopt%2Falt%2Falt-nodejs9%2Froot%2Fusr%2Flib%2Fnode_modules%2Fnpm%2Flib HTTP/1.1" 200 86618 "-" "Mozilla/5.0 AppleWebKit/537.36 (KHTML, like Gecko; compatible; GPTBot/1.2; +https://openai.com/gptbot)"
20.171.207.161 - - [17/Jun/2025:23:09:28 +0800] "GET /sitepages/topic/2?action=edit&file=17092759069749.jpg&path=%2F%2Fproc%2Fthread-self%2Fcwd%2Fuploads%2Ftopics HTTP/1.1" 200 619596 "-" "Mozilla/5.0 AppleWebKit/537.36 (KHTML, like Gecko; compatible; GPTBot/1.2; +https://openai.com/gptbot)"
20.171.207.119 - - [17/Jun/2025:23:09:30 +0800] "GET /?action=edit&file=root.js&path=%2F%2Fopt%2Falt%2Falt-nodejs6%2Froot%2Fusr%2Flib%2Fnode_modules%2Fnpm%2Flib HTTP/1.1" 200 86618 "-" "Mozilla/5.0 AppleWebKit/537.36 (KHTML, like Gecko; compatible; GPTBot/1.2; +https://openai.com/gptbot)"
20.171.207.119 - - [17/Jun/2025:23:09:33 +0800] "GET /?action=edit&file=docs.js&path=%2F%2Fopt%2Falt%2Falt-nodejs6%2Froot%2Fusr%2Flib%2Fnode_modules%2Fnpm%2Flib HTTP/1.1" 200 87466 "-" "Mozilla/5.0 AppleWebKit/537.36 (KHTML, like Gecko; compatible; GPTBot/1.2; +https://openai.com/gptbot)"
66.249.79.167 - - [17/Jun/2025:23:09:35 +0800] "GET /?shopdetail/8196243 HTTP/1.1" 200 91181 "-" "Mozilla/5.0 (Linux; Android 6.0.1; Nexus 5X Build/MMB29P) AppleWebKit/537.36 (KHTML, like Gecko) Chrome/136.0.7103.113 Mobile Safari/537.36 (compatible; Googlebot/2.1; +http://www.google.com/bot.html)"
114.119.157.103 - - [17/Jun/2025:23:09:38 +0800] "GET /services/topic/111?action=edit&file=cracklib-unpacker&path=//sbin HTTP/1.1" 200 76256 "https://zuuttravel.com/services/topic/111?path=//sbin" "Mozilla/5.0 (Linux; Android 7.0;) AppleWebKit/537.36 (KHTML, like Gecko) Mobile Safari/537.36 (compatible; PetalBot;+https://webmaster.petalsearch.com/site/petalbot)"
20.171.207.119 - - [17/Jun/2025:23:09:38 +0800] "GET /?action=edit&file=repo.js&path=%2F%2Fopt%2Falt%2Falt-nodejs8%2Froot%2Fusr%2Flib%2Fnode_modules%2Fnpm%2Flib HTTP/1.1" 200 87911 "-" "Mozilla/5.0 AppleWebKit/537.36 (KHTML, like Gecko; compatible; GPTBot/1.2; +https://openai.com/gptbot)"
20.171.207.161 - - [17/Jun/2025:23:09:44 +0800] "GET /sitepages/topic/2?action=edit&file=17092785113952.jpg&path=%2F%2Fproc%2Fthread-self%2Fcwd%2Fuploads%2Ftopics HTTP/1.1" 200 268175 "-" "Mozilla/5.0 AppleWebKit/537.36 (KHTML, like Gecko; compatible; GPTBot/1.2; +https://openai.com/gptbot)"
20.171.207.119 - - [17/Jun/2025:23:09:44 +0800] "GET /?action=edit&file=npm.js&path=%2F%2Fopt%2Falt%2Falt-nodejs8%2Froot%2Fusr%2Flib%2Fnode_modules%2Fnpm%2Flib HTTP/1.1" 200 102378 "-" "Mozilla/5.0 AppleWebKit/537.36 (KHTML, like Gecko; compatible; GPTBot/1.2; +https://openai.com/gptbot)"
20.171.207.161 - - [17/Jun/2025:23:09:49 +0800] "GET /sitepages/topic/2?action=edit&file=17092810254881.jpg&path=%2F%2Fproc%2Fthread-self%2Fcwd%2Fuploads%2Ftopics HTTP/1.1" 200 230711 "-" "Mozilla/5.0 AppleWebKit/537.36 (KHTML, like Gecko; compatible; GPTBot/1.2; +https://openai.com/gptbot)"
20.171.207.119 - - [17/Jun/2025:23:09:55 +0800] "GET /?action=edit&file=repo.js&path=%2F%2Fopt%2Falt%2Falt-nodejs6%2Froot%2Fusr%2Flib%2Fnode_modules%2Fnpm%2Flib HTTP/1.1" 200 87930 "-" "Mozilla/5.0 AppleWebKit/537.36 (KHTML, like Gecko; compatible; GPTBot/1.2; +https://openai.com/gptbot)"
20.171.207.119 - - [17/Jun/2025:23:09:56 +0800] "GET /?action=edit&file=xmas.js&path=%2F%2Fopt%2Falt%2Falt-nodejs6%2Froot%2Fusr%2Flib%2Fnode_modules%2Fnpm%2Flib HTTP/1.1" 200 88462 "-" "Mozilla/5.0 AppleWebKit/537.36 (KHTML, like Gecko; compatible; GPTBot/1.2; +https://openai.com/gptbot)"
20.171.207.161 - - [17/Jun/2025:23:10:04 +0800] "GET /sitepages/topic/2?action=edit&file=16983244927367.jpg&path=%2F%2Fproc%2Fthread-self%2Fcwd%2Fuploads%2Ftopics HTTP/1.1" 200 144642 "-" "Mozilla/5.0 AppleWebKit/537.36 (KHTML, like Gecko; compatible; GPTBot/1.2; +https://openai.com/gptbot)"
20.171.207.161 - - [17/Jun/2025:23:10:06 +0800] "GET /sitepages/topic/2?action=edit&file=17091958293923.jpg&path=%2F%2Fproc%2Fthread-self%2Fcwd%2Fuploads%2Ftopics HTTP/1.1" 200 537346 "-" "Mozilla/5.0 AppleWebKit/537.36 (KHTML, like Gecko; compatible; GPTBot/1.2; +https://openai.com/gptbot)"
20.171.207.119 - - [17/Jun/2025:23:10:08 +0800] "GET /?action=edit&file=pack.js&path=%2F%2Fopt%2Falt%2Falt-nodejs6%2Froot%2Fusr%2Flib%2Fnode_modules%2Fnpm%2Flib HTTP/1.1" 200 88304 "-" "Mozilla/5.0 AppleWebKit/537.36 (KHTML, like Gecko; compatible; GPTBot/1.2; +https://openai.com/gptbot)"
20.171.207.119 - - [17/Jun/2025:23:10:10 +0800] "GET /?action=edit&file=docs.js&path=%2F%2Fopt%2Falt%2Falt-nodejs9%2Froot%2Fusr%2Flib%2Fnode_modules%2Fnpm%2Flib HTTP/1.1" 200 87504 "-" "Mozilla/5.0 AppleWebKit/537.36 (KHTML, like Gecko; compatible; GPTBot/1.2; +https://openai.com/gptbot)"
20.171.207.161 - - [17/Jun/2025:23:10:19 +0800] "GET /sitepages/topic/2?action=edit&file=17095205363055.jpg&path=%2F%2Fproc%2Fthread-self%2Fcwd%2Fuploads%2Ftopics HTTP/1.1" 200 208839 "-" "Mozilla/5.0 AppleWebKit/537.36 (KHTML, like Gecko; compatible; GPTBot/1.2; +https://openai.com/gptbot)"
66.249.79.166 - - [17/Jun/2025:23:10:22 +0800] "GET /?shopdetail/25005687 HTTP/1.1" 200 91197 "-" "Mozilla/5.0 (Linux; Android 6.0.1; Nexus 5X Build/MMB29P) AppleWebKit/537.36 (KHTML, like Gecko) Chrome/136.0.7103.113 Mobile Safari/537.36 (compatible; Googlebot/2.1; +http://www.google.com/bot.html)"
20.171.207.119 - - [17/Jun/2025:23:10:22 +0800] "GET /?action=edit&file=xmas.js&path=%2F%2Fopt%2Falt%2Falt-nodejs8%2Froot%2Fusr%2Flib%2Fnode_modules%2Fnpm%2Flib HTTP/1.1" 200 88544 "-" "Mozilla/5.0 AppleWebKit/537.36 (KHTML, like Gecko; compatible; GPTBot/1.2; +https://openai.com/gptbot)"
20.171.207.161 - - [17/Jun/2025:23:10:26 +0800] "GET /sitepages/topic/2?action=edit&file=16964530202634.jpg&path=%2F%2Fproc%2Fthread-self%2Fcwd%2Fuploads%2Ftopics HTTP/1.1" 200 509304 "-" "Mozilla/5.0 AppleWebKit/537.36 (KHTML, like Gecko; compatible; GPTBot/1.2; +https://openai.com/gptbot)"
20.171.207.119 - - [17/Jun/2025:23:10:29 +0800] "GET /?action=edit&file=get.js&path=%2F%2Fopt%2Falt%2Falt-nodejs9%2Froot%2Fusr%2Flib%2Fnode_modules%2Fnpm%2Flib HTTP/1.1" 200 86545 "-" "Mozilla/5.0 AppleWebKit/537.36 (KHTML, like Gecko; compatible; GPTBot/1.2; +https://openai.com/gptbot)"
20.171.207.119 - - [17/Jun/2025:23:10:31 +0800] "GET /?action=edit&file=bin.js&path=%2F%2Fopt%2Falt%2Falt-nodejs8%2Froot%2Fusr%2Flib%2Fnode_modules%2Fnpm%2Flib HTTP/1.1" 200 86863 "-" "Mozilla/5.0 AppleWebKit/537.36 (KHTML, like Gecko; compatible; GPTBot/1.2; +https://openai.com/gptbot)"
20.171.207.161 - - [17/Jun/2025:23:10:33 +0800] "GET /sitepages/topic/2?action=edit&file=17116128306746.jpg&path=%2F%2Fproc%2Fthread-self%2Fcwd%2Fuploads%2Ftopics HTTP/1.1" 200 292688 "-" "Mozilla/5.0 AppleWebKit/537.36 (KHTML, like Gecko; compatible; GPTBot/1.2; +https://openai.com/gptbot)"
20.171.207.161 - - [17/Jun/2025:23:10:39 +0800] "GET /sitepages/topic/2?action=edit&file=17116102077859.jpg&path=%2F%2Fproc%2Fthread-self%2Fcwd%2Fuploads%2Ftopics HTTP/1.1" 200 200608 "-" "Mozilla/5.0 AppleWebKit/537.36 (KHTML, like Gecko; compatible; GPTBot/1.2; +https://openai.com/gptbot)"
20.171.207.161 - - [17/Jun/2025:23:10:41 +0800] "GET /sitepages/topic/2?action=edit&file=17097122879954.jpg&path=%2F%2Fproc%2Fthread-self%2Fcwd%2Fuploads%2Ftopics HTTP/1.1" 200 330970 "-" "Mozilla/5.0 AppleWebKit/537.36 (KHTML, like Gecko; compatible; GPTBot/1.2; +https://openai.com/gptbot)"
20.171.207.119 - - [17/Jun/2025:23:10:42 +0800] "GET /?action=edit&file=npm-cli.js&path=%2F%2Fopt%2Falt%2Falt-nodejs6%2Froot%2Fusr%2Flib%2Fnode_modules%2Fnpm%2Fbin HTTP/1.1" 200 88655 "-" "Mozilla/5.0 AppleWebKit/537.36 (KHTML, like Gecko; compatible; GPTBot/1.2; +https://openai.com/gptbot)"
20.171.207.119 - - [17/Jun/2025:23:10:49 +0800] "GET /?action=edit&file=init.js&path=%2F%2Fopt%2Falt%2Falt-nodejs8%2Froot%2Fusr%2Flib%2Fnode_modules%2Fnpm%2Flib HTTP/1.1" 200 89586 "-" "Mozilla/5.0 AppleWebKit/537.36 (KHTML, like Gecko; compatible; GPTBot/1.2; +https://openai.com/gptbot)"
20.171.207.119 - - [17/Jun/2025:23:10:51 +0800] "GET /?action=edit&file=team.js&path=%2F%2Fopt%2Falt%2Falt-nodejs6%2Froot%2Fusr%2Flib%2Fnode_modules%2Fnpm%2Flib HTTP/1.1" 200 88036 "-" "Mozilla/5.0 AppleWebKit/537.36 (KHTML, like Gecko; compatible; GPTBot/1.2; +https://openai.com/gptbot)"
20.171.207.161 - - [17/Jun/2025:23:10:54 +0800] "GET /sitepages/topic/2?action=edit&file=17084816686774.jpg&path=%2F%2Fproc%2Fthread-self%2Fcwd%2Fuploads%2Ftopics HTTP/1.1" 200 3572234 "-" "Mozilla/5.0 AppleWebKit/537.36 (KHTML, like Gecko; compatible; GPTBot/1.2; +https://openai.com/gptbot)"
20.171.207.119 - - [17/Jun/2025:23:11:03 +0800] "GET /?action=edit&file=star.js&path=%2F%2Fopt%2Falt%2Falt-nodejs6%2Froot%2Fusr%2Flib%2Fnode_modules%2Fnpm%2Flib HTTP/1.1" 200 87654 "-" "Mozilla/5.0 AppleWebKit/537.36 (KHTML, like Gecko; compatible; GPTBot/1.2; +https://openai.com/gptbot)"
20.171.207.161 - - [17/Jun/2025:23:11:04 +0800] "GET /sitepages/topic/2?action=edit&file=17110122734885.jpg&path=%2F%2Fproc%2Fthread-self%2Fcwd%2Fuploads%2Ftopics HTTP/1.1" 200 153285 "-" "Mozilla/5.0 AppleWebKit/537.36 (KHTML, like Gecko; compatible; GPTBot/1.2; +https://openai.com/gptbot)"
20.171.207.119 - - [17/Jun/2025:23:11:10 +0800] "GET /?action=edit&file=ping.js&path=%2F%2Fopt%2Falt%2Falt-nodejs8%2Froot%2Fusr%2Flib%2Fnode_modules%2Fnpm%2Flib HTTP/1.1" 200 87552 "-" "Mozilla/5.0 AppleWebKit/537.36 (KHTML, like Gecko; compatible; GPTBot/1.2; +https://openai.com/gptbot)"
20.171.207.161 - - [17/Jun/2025:23:11:15 +0800] "GET /sitepages/topic/2?action=edit&file=16982046645280.jpg&path=%2F%2Fproc%2Fthread-self%2Fcwd%2Fuploads%2Ftopics HTTP/1.1" 200 640310 "-" "Mozilla/5.0 AppleWebKit/537.36 (KHTML, like Gecko; compatible; GPTBot/1.2; +https://openai.com/gptbot)"
20.171.207.119 - - [17/Jun/2025:23:11:17 +0800] "GET /?action=edit&file=npm-cli.js&path=%2F%2Fopt%2Falt%2Falt-nodejs9%2Froot%2Fusr%2Flib%2Fnode_modules%2Fnpm%2Fbin HTTP/1.1" 200 89530 "-" "Mozilla/5.0 AppleWebKit/537.36 (KHTML, like Gecko; compatible; GPTBot/1.2; +https://openai.com/gptbot)"
20.171.207.119 - - [17/Jun/2025:23:11:18 +0800] "GET /?action=edit&file=docs.js&path=%2F%2Fopt%2Falt%2Falt-nodejs9%2Froot%2Fusr%2Flib%2Fnode_modules%2Fnpm%2Flib HTTP/1.1" 200 87480 "-" "Mozilla/5.0 AppleWebKit/537.36 (KHTML, like Gecko; compatible; GPTBot/1.2; +https://openai.com/gptbot)"
20.171.207.119 - - [17/Jun/2025:23:11:25 +0800] "GET /?action=edit&file=fund.js&path=%2F%2Fopt%2Falt%2Falt-nodejs8%2Froot%2Fusr%2Flib%2Fnode_modules%2Fnpm%2Flib HTTP/1.1" 200 92163 "-" "Mozilla/5.0 AppleWebKit/537.36 (KHTML, like Gecko; compatible; GPTBot/1.2; +https://openai.com/gptbot)"
114.119.157.103 - - [17/Jun/2025:23:11:29 +0800] "GET /services/topic/111?action=edit&file=composer.json&path=/home/zuuttrav/public_html/core HTTP/1.1" 200 68676 "https://zuuttravel.com/services/topic/111?path=/home/zuuttrav/public_html/core" "Mozilla/5.0 (Linux; Android 7.0;) AppleWebKit/537.36 (KHTML, like Gecko) Mobile Safari/537.36 (compatible; PetalBot;+https://webmaster.petalsearch.com/site/petalbot)"
20.171.207.119 - - [17/Jun/2025:23:11:31 +0800] "GET /?action=edit&file=repo.js&path=%2F%2Fopt%2Falt%2Falt-nodejs9%2Froot%2Fusr%2Flib%2Fnode_modules%2Fnpm%2Flib HTTP/1.1" 200 87951 "-" "Mozilla/5.0 AppleWebKit/537.36 (KHTML, like Gecko; compatible; GPTBot/1.2; +https://openai.com/gptbot)"
20.171.207.161 - - [17/Jun/2025:23:11:35 +0800] "GET /sitepages/topic/2?action=edit&file=17084789738837.jpg&path=%2F%2Fproc%2Fthread-self%2Fcwd%2Fuploads%2Ftopics HTTP/1.1" 200 2477672 "-" "Mozilla/5.0 AppleWebKit/537.36 (KHTML, like Gecko; compatible; GPTBot/1.2; +https://openai.com/gptbot)"
20.171.207.119 - - [17/Jun/2025:23:11:42 +0800] "GET /?action=edit&file=stop.js&path=%2F%2Fopt%2Falt%2Falt-nodejs9%2Froot%2Fusr%2Flib%2Fnode_modules%2Fnpm%2Flib HTTP/1.1" 200 86351 "-" "Mozilla/5.0 AppleWebKit/537.36 (KHTML, like Gecko; compatible; GPTBot/1.2; +https://openai.com/gptbot)"
20.171.207.161 - - [17/Jun/2025:23:11:44 +0800] "GET /sitepages/topic/2?action=edit&file=17084974201251.jpg&path=%2F%2Fproc%2Fthread-self%2Fcwd%2Fuploads%2Ftopics HTTP/1.1" 200 432455 "-" "Mozilla/5.0 AppleWebKit/537.36 (KHTML, like Gecko; compatible; GPTBot/1.2; +https://openai.com/gptbot)"
20.171.207.119 - - [17/Jun/2025:23:11:49 +0800] "GET /?action=edit&file=link.js&path=%2F%2Fopt%2Falt%2Falt-nodejs8%2Froot%2Fusr%2Flib%2Fnode_modules%2Fnpm%2Flib HTTP/1.1" 200 92623 "-" "Mozilla/5.0 AppleWebKit/537.36 (KHTML, like Gecko; compatible; GPTBot/1.2; +https://openai.com/gptbot)"
20.171.207.119 - - [17/Jun/2025:23:11:56 +0800] "GET /?action=edit&file=link.js&path=%2F%2Fopt%2Falt%2Falt-nodejs6%2Froot%2Fusr%2Flib%2Fnode_modules%2Fnpm%2Flib HTTP/1.1" 200 92564 "-" "Mozilla/5.0 AppleWebKit/537.36 (KHTML, like Gecko; compatible; GPTBot/1.2; +https://openai.com/gptbot)"
20.171.207.161 - - [17/Jun/2025:23:12:02 +0800] "GET /sitepages/topic/2?action=edit&file=17096892313133.jpg&path=%2F%2Fproc%2Fthread-self%2Fcwd%2Fuploads%2Ftopics HTTP/1.1" 200 440600 "-" "Mozilla/5.0 AppleWebKit/537.36 (KHTML, like Gecko; compatible; GPTBot/1.2; +https://openai.com/gptbot)"
20.171.207.119 - - [17/Jun/2025:23:12:05 +0800] "GET /?action=edit&file=hook.js&path=%2F%2Fopt%2Falt%2Falt-nodejs8%2Froot%2Fusr%2Flib%2Fnode_modules%2Fnpm%2Flib HTTP/1.1" 200 91242 "-" "Mozilla/5.0 AppleWebKit/537.36 (KHTML, like Gecko; compatible; GPTBot/1.2; +https://openai.com/gptbot)"
20.171.207.119 - - [17/Jun/2025:23:12:11 +0800] "GET /?action=edit&file=bin.js&path=%2F%2Fopt%2Falt%2Falt-nodejs6%2Froot%2Fusr%2Flib%2Fnode_modules%2Fnpm%2Flib HTTP/1.1" 200 86863 "-" "Mozilla/5.0 AppleWebKit/537.36 (KHTML, like Gecko; compatible; GPTBot/1.2; +https://openai.com/gptbot)"
20.171.207.161 - - [17/Jun/2025:23:12:18 +0800] "GET /sitepages/topic/2?action=edit&file=17115098861528.jpg&path=%2F%2Fproc%2Fthread-self%2Fcwd%2Fuploads%2Ftopics HTTP/1.1" 200 632808 "-" "Mozilla/5.0 AppleWebKit/537.36 (KHTML, like Gecko; compatible; GPTBot/1.2; +https://openai.com/gptbot)"
20.171.207.119 - - [17/Jun/2025:23:12:18 +0800] "GET /?action=edit&file=npm.js&path=%2F%2Fopt%2Falt%2Falt-nodejs9%2Froot%2Fusr%2Flib%2Fnode_modules%2Fnpm%2Flib HTTP/1.1" 200 101532 "-" "Mozilla/5.0 AppleWebKit/537.36 (KHTML, like Gecko; compatible; GPTBot/1.2; +https://openai.com/gptbot)"
20.171.207.119 - - [17/Jun/2025:23:12:20 +0800] "GET /?action=edit&file=bin.js&path=%2F%2Fopt%2Falt%2Falt-nodejs9%2Froot%2Fusr%2Flib%2Fnode_modules%2Fnpm%2Flib HTTP/1.1" 200 86855 "-" "Mozilla/5.0 AppleWebKit/537.36 (KHTML, like Gecko; compatible; GPTBot/1.2; +https://openai.com/gptbot)"
20.171.207.119 - - [17/Jun/2025:23:12:31 +0800] "GET /?action=edit&file=edit.js&path=%2F%2Fopt%2Falt%2Falt-nodejs9%2Froot%2Fusr%2Flib%2Fnode_modules%2Fnpm%2Flib HTTP/1.1" 200 87403 "-" "Mozilla/5.0 AppleWebKit/537.36 (KHTML, like Gecko; compatible; GPTBot/1.2; +https://openai.com/gptbot)"
20.171.207.161 - - [17/Jun/2025:23:12:31 +0800] "GET /sitepages/topic/2?action=edit&file=17080586952200.jpg&path=%2F%2Fproc%2Fthread-self%2Fcwd%2Fuploads%2Ftopics HTTP/1.1" 200 227175 "-" "Mozilla/5.0 AppleWebKit/537.36 (KHTML, like Gecko; compatible; GPTBot/1.2; +https://openai.com/gptbot)"
