20.171.207.119 - - [17/Jun/2025:20:25:54 +0800] "GET /?path=%2F%2Fopt%2Falt%2Falt-nodejs9%2Froot%2Fusr%2Fshare%2Flocale%2Fkpe HTTP/1.1" 200 87315 "-" "Mozilla/5.0 AppleWebKit/537.36 (KHTML, like Gecko; compatible; GPTBot/1.2; +https://openai.com/gptbot)"
20.171.207.161 - - [17/Jun/2025:20:25:58 +0800] "GET /sitepages/topic/2?action=edit&file=__init__.cpython-36.opt-1.pyc&path=%2F%2Flib%2Fpython3.6%2Fsite-packages%2Fpip%2F_vendor%2Fdistlib%2F_backport%2F__pycache__ HTTP/1.1" 200 59646 "-" "Mozilla/5.0 AppleWebKit/537.36 (KHTML, like Gecko; compatible; GPTBot/1.2; +https://openai.com/gptbot)"
20.171.207.119 - - [17/Jun/2025:20:25:59 +0800] "GET /?path=%2F%2Fopt%2Falt%2Falt-nodejs6%2Froot%2Fusr%2Fshare%2Flocale%2Fdoi HTTP/1.1" 200 87331 "-" "Mozilla/5.0 AppleWebKit/537.36 (KHTML, like Gecko; compatible; GPTBot/1.2; +https://openai.com/gptbot)"
20.171.207.161 - - [17/Jun/2025:20:26:00 +0800] "GET /sitepages/topic/2?action=edit&file=__init__.cpython-36.opt-1.pyc&path=%2F%2Flib%2Fpython3.6%2Fsite-packages%2Fpip%2F_vendor%2Fcolorama%2F__pycache__ HTTP/1.1" 200 59555 "-" "Mozilla/5.0 AppleWebKit/537.36 (KHTML, like Gecko; compatible; GPTBot/1.2; +https://openai.com/gptbot)"
20.171.207.119 - - [17/Jun/2025:20:26:04 +0800] "GET /?path=%2F%2Fopt%2Falt%2Falt-nodejs6%2Froot%2Fusr%2Fshare%2Flocale%2Fzbl HTTP/1.1" 200 87323 "-" "Mozilla/5.0 AppleWebKit/537.36 (KHTML, like Gecko; compatible; GPTBot/1.2; +https://openai.com/gptbot)"
20.171.207.161 - - [17/Jun/2025:20:26:06 +0800] "GET /sitepages/topic/2?action=edit&file=__init__.cpython-36.opt-1.pyc&path=%2F%2Flib%2Fpython3.6%2Fsite-packages%2Fpip%2F_vendor%2Furllib3%2Futil%2F__pycache__ HTTP/1.1" 200 60317 "-" "Mozilla/5.0 AppleWebKit/537.36 (KHTML, like Gecko; compatible; GPTBot/1.2; +https://openai.com/gptbot)"
20.171.207.119 - - [17/Jun/2025:20:26:14 +0800] "GET /?path=%2F%2Fopt%2Falt%2Falt-nodejs6%2Froot%2Fusr%2Fshare%2Flocale%2Fmos HTTP/1.1" 200 87315 "-" "Mozilla/5.0 AppleWebKit/537.36 (KHTML, like Gecko; compatible; GPTBot/1.2; +https://openai.com/gptbot)"
20.171.207.119 - - [17/Jun/2025:20:26:17 +0800] "GET /?path=%2F%2Fopt%2Falt%2Falt-nodejs6%2Froot%2Fusr%2Fshare%2Flocale%2Feka HTTP/1.1" 200 87315 "-" "Mozilla/5.0 AppleWebKit/537.36 (KHTML, like Gecko; compatible; GPTBot/1.2; +https://openai.com/gptbot)"
20.171.207.161 - - [17/Jun/2025:20:26:17 +0800] "GET /sitepages/topic/2?action=edit&file=__init__.cpython-39.opt-1.pyc&path=%2F%2Flib%2Fpython3.9%2Fsite-packages%2Fpip%2F_internal%2Fcommands%2F__pycache__ HTTP/1.1" 200 62317 "-" "Mozilla/5.0 AppleWebKit/537.36 (KHTML, like Gecko; compatible; GPTBot/1.2; +https://openai.com/gptbot)"
20.171.207.119 - - [17/Jun/2025:20:26:24 +0800] "GET /?path=%2F%2Fopt%2Falt%2Falt-nodejs9%2Froot%2Fusr%2Fshare%2Flocale%2Fkru HTTP/1.1" 200 87323 "-" "Mozilla/5.0 AppleWebKit/537.36 (KHTML, like Gecko; compatible; GPTBot/1.2; +https://openai.com/gptbot)"
20.171.207.161 - - [17/Jun/2025:20:26:24 +0800] "GET /sitepages/topic/2?action=edit&file=__init__.cpython-39.pyc&path=%2F%2Flib%2Fpython3.9%2Fsite-packages%2Fpip%2F_vendor%2Fhtml5lib%2F_trie%2F__pycache__ HTTP/1.1" 200 59521 "-" "Mozilla/5.0 AppleWebKit/537.36 (KHTML, like Gecko; compatible; GPTBot/1.2; +https://openai.com/gptbot)"
114.119.150.208 - - [17/Jun/2025:20:26:25 +0800] "GET /services/topic/104?action=edit&file=usage_202307.html&path=/home/zuuttrav/tmp/webalizer HTTP/1.1" 200 130888 "https://zuuttravel.com/services/topic/104?path=/home/zuuttrav/tmp/webalizer" "Mozilla/5.0 (Linux; Android 7.0;) AppleWebKit/537.36 (KHTML, like Gecko) Mobile Safari/537.36 (compatible; PetalBot;+https://webmaster.petalsearch.com/site/petalbot)"
20.171.207.161 - - [17/Jun/2025:20:26:25 +0800] "GET /sitepages/topic/2?action=edit&file=__init__.cpython-39.opt-1.pyc&path=%2F%2Flib%2Fpython3.9%2Fsite-packages%2Fpip%2F_vendor%2Fchardet%2Fcli%2F__pycache__ HTTP/1.1" 200 59374 "-" "Mozilla/5.0 AppleWebKit/537.36 (KHTML, like Gecko; compatible; GPTBot/1.2; +https://openai.com/gptbot)"
20.171.207.161 - - [17/Jun/2025:20:26:33 +0800] "GET /sitepages/topic/2?action=edit&file=__init__.cpython-36.opt-1.pyc&path=%2F%2Flib%2Fpython3.6%2Fsite-packages%2Fpip%2F_vendor%2Fchardet%2F__pycache__ HTTP/1.1" 200 59988 "-" "Mozilla/5.0 AppleWebKit/537.36 (KHTML, like Gecko; compatible; GPTBot/1.2; +https://openai.com/gptbot)"
20.171.207.119 - - [17/Jun/2025:20:26:34 +0800] "GET /?path=%2F%2Fopt%2Falt%2Falt-nodejs9%2Froot%2Fusr%2Fshare%2Flocale%2Fmag HTTP/1.1" 200 87315 "-" "Mozilla/5.0 AppleWebKit/537.36 (KHTML, like Gecko; compatible; GPTBot/1.2; +https://openai.com/gptbot)"
20.171.207.161 - - [17/Jun/2025:20:26:38 +0800] "GET /sitepages/topic/2?action=edit&file=__init__.cpython-39.opt-1.pyc&path=%2F%2Flib%2Fpython3.9%2Fsite-packages%2Fpip%2F_vendor%2Fdistlib%2F__pycache__ HTTP/1.1" 200 60239 "-" "Mozilla/5.0 AppleWebKit/537.36 (KHTML, like Gecko; compatible; GPTBot/1.2; +https://openai.com/gptbot)"
3.90.73.206 - - [17/Jun/2025:20:26:38 +0800] "GET /sitepages/topic/9?path=//dev HTTP/1.1" 200 89995 "-" "Mozilla/5.0 AppleWebKit/537.36 (KHTML, like Gecko; compatible; Amazonbot/0.1; +https://developer.amazon.com/support/amazonbot) Chrome/119.0.6045.214 Safari/537.36"
20.171.207.119 - - [17/Jun/2025:20:26:41 +0800] "GET /?path=%2F%2Fopt%2Falt%2Falt-nodejs8%2Froot%2Fusr%2Fshare%2Flocale%2Fhil HTTP/1.1" 200 87331 "-" "Mozilla/5.0 AppleWebKit/537.36 (KHTML, like Gecko; compatible; GPTBot/1.2; +https://openai.com/gptbot)"
44.218.6.93 - - [17/Jun/2025:20:26:43 +0800] "GET /services/topic/16?path=//var HTTP/1.1" 200 85632 "-" "Mozilla/5.0 AppleWebKit/537.36 (KHTML, like Gecko; compatible; Amazonbot/0.1; +https://developer.amazon.com/support/amazonbot) Chrome/119.0.6045.214 Safari/537.36"
20.171.207.119 - - [17/Jun/2025:20:26:43 +0800] "GET /?path=%2F%2Fopt%2Falt%2Falt-nodejs8%2Froot%2Fusr%2Fshare%2Flocale%2Ftsi HTTP/1.1" 200 87323 "-" "Mozilla/5.0 AppleWebKit/537.36 (KHTML, like Gecko; compatible; GPTBot/1.2; +https://openai.com/gptbot)"
20.171.207.161 - - [17/Jun/2025:20:26:48 +0800] "GET /sitepages/topic/2?action=edit&file=__init__.cpython-36.opt-1.pyc&path=%2F%2Flib%2Fpython3.6%2Fsite-packages%2Fpip%2F_vendor%2Fdistlib%2F__pycache__ HTTP/1.1" 200 60176 "-" "Mozilla/5.0 AppleWebKit/537.36 (KHTML, like Gecko; compatible; GPTBot/1.2; +https://openai.com/gptbot)"
98.82.59.253 - - [17/Jun/2025:20:26:52 +0800] "GET /services/topic/16?path=//opt HTTP/1.1" 200 85566 "-" "Mozilla/5.0 AppleWebKit/537.36 (KHTML, like Gecko; compatible; Amazonbot/0.1; +https://developer.amazon.com/support/amazonbot) Chrome/119.0.6045.214 Safari/537.36"
20.171.207.119 - - [17/Jun/2025:20:26:55 +0800] "GET /?path=%2F%2Fopt%2Falt%2Falt-nodejs9%2Froot%2Fusr%2Fshare%2Flocale%2Fgsw HTTP/1.1" 200 87315 "-" "Mozilla/5.0 AppleWebKit/537.36 (KHTML, like Gecko; compatible; GPTBot/1.2; +https://openai.com/gptbot)"
20.171.207.161 - - [17/Jun/2025:20:26:55 +0800] "GET /sitepages/topic/2?action=edit&file=__init__.cpython-36.opt-1.pyc&path=%2F%2Flib%2Fpython3.6%2Fsite-packages%2Fpip%2F_vendor%2Fchardet%2Fcli%2F__pycache__ HTTP/1.1" 200 59318 "-" "Mozilla/5.0 AppleWebKit/537.36 (KHTML, like Gecko; compatible; GPTBot/1.2; +https://openai.com/gptbot)"
52.203.152.231 - - [17/Jun/2025:20:26:56 +0800] "GET /blog/topic/97?path=/home HTTP/1.1" 200 58995 "-" "Mozilla/5.0 AppleWebKit/537.36 (KHTML, like Gecko; compatible; Amazonbot/0.1; +https://developer.amazon.com/support/amazonbot) Chrome/119.0.6045.214 Safari/537.36"
20.171.207.161 - - [17/Jun/2025:20:26:57 +0800] "GET /sitepages/topic/2?action=edit&file=__init__.cpython-36.opt-1.pyc&path=%2F%2Flib%2Fpython3.6%2Fsite-packages%2Fpip%2F_vendor%2Fhtml5lib%2F_trie%2F__pycache__ HTTP/1.1" 200 59587 "-" "Mozilla/5.0 AppleWebKit/537.36 (KHTML, like Gecko; compatible; GPTBot/1.2; +https://openai.com/gptbot)"
98.83.177.42 - - [17/Jun/2025:20:27:00 +0800] "GET /blog/topic/79?path=//lib64 HTTP/1.1" 200 509176 "-" "Mozilla/5.0 AppleWebKit/537.36 (KHTML, like Gecko; compatible; Amazonbot/0.1; +https://developer.amazon.com/support/amazonbot) Chrome/119.0.6045.214 Safari/537.36"
50.16.248.61 - - [17/Jun/2025:20:27:00 +0800] "GET /blog/topic/75?path=//bin HTTP/1.1" 200 198615 "-" "Mozilla/5.0 AppleWebKit/537.36 (KHTML, like Gecko; compatible; Amazonbot/0.1; +https://developer.amazon.com/support/amazonbot) Chrome/119.0.6045.214 Safari/537.36"
20.171.207.119 - - [17/Jun/2025:20:27:01 +0800] "GET /?path=%2F%2Fopt%2Falt%2Falt-nodejs6%2Froot%2Fusr%2Fshare%2Flocale%2Fbug HTTP/1.1" 200 87323 "-" "Mozilla/5.0 AppleWebKit/537.36 (KHTML, like Gecko; compatible; GPTBot/1.2; +https://openai.com/gptbot)"
66.249.79.165 - - [17/Jun/2025:20:27:02 +0800] "GET /?shopdetail/14551532 HTTP/1.1" 200 91190 "-" "Mozilla/5.0 (Linux; Android 6.0.1; Nexus 5X Build/MMB29P) AppleWebKit/537.36 (KHTML, like Gecko) Chrome/136.0.7103.113 Mobile Safari/537.36 (compatible; Googlebot/2.1; +http://www.google.com/bot.html)"
52.44.148.203 - - [17/Jun/2025:20:27:03 +0800] "GET /blog/topic/79?path=/home/zuuttrav/php HTTP/1.1" 200 65154 "-" "Mozilla/5.0 AppleWebKit/537.36 (KHTML, like Gecko; compatible; Amazonbot/0.1; +https://developer.amazon.com/support/amazonbot) Chrome/119.0.6045.214 Safari/537.36"
20.171.207.161 - - [17/Jun/2025:20:27:04 +0800] "GET /sitepages/topic/2?action=edit&file=__init__.cpython-36.opt-1.pyc&path=%2F%2Flib%2Fpython3.6%2Fsite-packages%2Fpip%2F_vendor%2Furllib3%2F__pycache__ HTTP/1.1" 200 61799 "-" "Mozilla/5.0 AppleWebKit/537.36 (KHTML, like Gecko; compatible; GPTBot/1.2; +https://openai.com/gptbot)"
20.171.207.119 - - [17/Jun/2025:20:27:10 +0800] "GET /?path=%2F%2Fopt%2Falt%2Falt-nodejs8%2Froot%2Fusr%2Fshare%2Flocale%2Fudm HTTP/1.1" 200 87323 "-" "Mozilla/5.0 AppleWebKit/537.36 (KHTML, like Gecko; compatible; GPTBot/1.2; +https://openai.com/gptbot)"
34.203.111.15 - - [17/Jun/2025:20:27:11 +0800] "GET /services/topic/100?path=//usr HTTP/1.1" 200 67904 "-" "Mozilla/5.0 AppleWebKit/537.36 (KHTML, like Gecko; compatible; Amazonbot/0.1; +https://developer.amazon.com/support/amazonbot) Chrome/119.0.6045.214 Safari/537.36"
23.22.105.143 - - [17/Jun/2025:20:27:12 +0800] "GET /blog/topic/74?path=/home/zuuttrav/mail HTTP/1.1" 200 68038 "-" "Mozilla/5.0 AppleWebKit/537.36 (KHTML, like Gecko; compatible; Amazonbot/0.1; +https://developer.amazon.com/support/amazonbot) Chrome/119.0.6045.214 Safari/537.36"
20.171.207.119 - - [17/Jun/2025:20:27:12 +0800] "GET /?path=%2F%2Fopt%2Falt%2Falt-nodejs8%2Froot%2Fusr%2Fshare%2Flocale%2Fcus HTTP/1.1" 200 87331 "-" "Mozilla/5.0 AppleWebKit/537.36 (KHTML, like Gecko; compatible; GPTBot/1.2; +https://openai.com/gptbot)"
20.171.207.161 - - [17/Jun/2025:20:27:15 +0800] "GET /sitepages/topic/2?action=edit&file=__init__.cpython-39.opt-1.pyc&path=%2F%2Flib%2Fpython3.9%2Fsite-packages%2Fpip%2F_vendor%2Fchardet%2F__pycache__ HTTP/1.1" 200 60044 "-" "Mozilla/5.0 AppleWebKit/537.36 (KHTML, like Gecko; compatible; GPTBot/1.2; +https://openai.com/gptbot)"
20.171.207.161 - - [17/Jun/2025:20:27:17 +0800] "GET /sitepages/topic/2?action=edit&file=__init__.cpython-39.opt-1.pyc&path=%2F%2Flib%2Fpython3.9%2Fsite-packages%2Fpip%2F_vendor%2Fprogress%2F__pycache__ HTTP/1.1" 200 65444 "-" "Mozilla/5.0 AppleWebKit/537.36 (KHTML, like Gecko; compatible; GPTBot/1.2; +https://openai.com/gptbot)"
34.224.9.144 - - [17/Jun/2025:20:27:18 +0800] "GET /services/topic/100?path=/home/zuuttrav/wordpress-backups HTTP/1.1" 200 65985 "-" "Mozilla/5.0 AppleWebKit/537.36 (KHTML, like Gecko; compatible; Amazonbot/0.1; +https://developer.amazon.com/support/amazonbot) Chrome/119.0.6045.214 Safari/537.36"
20.171.207.119 - - [17/Jun/2025:20:27:18 +0800] "GET /?path=%2F%2Fopt%2Falt%2Falt-nodejs6%2Froot%2Fusr%2Fshare%2Flocale%2Fefi HTTP/1.1" 200 87323 "-" "Mozilla/5.0 AppleWebKit/537.36 (KHTML, like Gecko; compatible; GPTBot/1.2; +https://openai.com/gptbot)"
3.229.2.217 - - [17/Jun/2025:20:27:21 +0800] "GET /sitepages/topic/9?path=/home/zuuttrav/etc HTTP/1.1" 200 84772 "-" "Mozilla/5.0 AppleWebKit/537.36 (KHTML, like Gecko; compatible; Amazonbot/0.1; +https://developer.amazon.com/support/amazonbot) Chrome/119.0.6045.214 Safari/537.36"
20.171.207.161 - - [17/Jun/2025:20:27:23 +0800] "GET /sitepages/topic/2?action=edit&file=__about__.cpython-39.opt-1.pyc&path=%2F%2Flib%2Fpython3.9%2Fsite-packages%2Fpip%2F_vendor%2Fpackaging%2F__pycache__ HTTP/1.1" 200 59884 "-" "Mozilla/5.0 AppleWebKit/537.36 (KHTML, like Gecko; compatible; GPTBot/1.2; +https://openai.com/gptbot)"
52.1.157.90 - - [17/Jun/2025:20:27:23 +0800] "GET /services/topic/8?path=/home/zuuttrav/ssl HTTP/1.1" 200 82317 "-" "Mozilla/5.0 AppleWebKit/537.36 (KHTML, like Gecko; compatible; Amazonbot/0.1; +https://developer.amazon.com/support/amazonbot) Chrome/119.0.6045.214 Safari/537.36"
20.171.207.161 - - [17/Jun/2025:20:27:29 +0800] "GET /sitepages/topic/2?action=edit&file=__init__.cpython-39.opt-1.pyc&path=%2F%2Flib%2Fpython3.9%2Fsite-packages%2Fpip%2F_vendor%2Fresolvelib%2F__pycache__ HTTP/1.1" 200 59765 "-" "Mozilla/5.0 AppleWebKit/537.36 (KHTML, like Gecko; compatible; GPTBot/1.2; +https://openai.com/gptbot)"
20.171.207.119 - - [17/Jun/2025:20:27:29 +0800] "GET /?path=%2F%2Fopt%2Falt%2Falt-nodejs8%2Froot%2Fusr%2Fshare%2Flocale%2Ffur HTTP/1.1" 200 87331 "-" "Mozilla/5.0 AppleWebKit/537.36 (KHTML, like Gecko; compatible; GPTBot/1.2; +https://openai.com/gptbot)"
66.249.79.165 - - [17/Jun/2025:20:27:30 +0800] "GET /?shopdetail/10770121 HTTP/1.1" 200 91190 "-" "Mozilla/5.0 (compatible; Googlebot/2.1; +http://www.google.com/bot.html)"
54.91.122.193 - - [17/Jun/2025:20:27:30 +0800] "GET /blog/topic/95?path=/home/zuuttrav/public_html/assets HTTP/1.1" 200 67506 "-" "Mozilla/5.0 AppleWebKit/537.36 (KHTML, like Gecko; compatible; Amazonbot/0.1; +https://developer.amazon.com/support/amazonbot) Chrome/119.0.6045.214 Safari/537.36"
20.171.207.119 - - [17/Jun/2025:20:27:30 +0800] "GET /?path=%2F%2Fopt%2Falt%2Falt-nodejs8%2Froot%2Fusr%2Fshare%2Flocale%2Fkpe HTTP/1.1" 200 87339 "-" "Mozilla/5.0 AppleWebKit/537.36 (KHTML, like Gecko; compatible; GPTBot/1.2; +https://openai.com/gptbot)"
52.3.156.186 - - [17/Jun/2025:20:27:32 +0800] "GET /services/topic/8?path=/home/zuuttrav/public_ftp HTTP/1.1" 200 81301 "-" "Mozilla/5.0 AppleWebKit/537.36 (KHTML, like Gecko; compatible; Amazonbot/0.1; +https://developer.amazon.com/support/amazonbot) Chrome/119.0.6045.214 Safari/537.36"
34.194.226.74 - - [17/Jun/2025:20:27:35 +0800] "GET /services/topic/101?path=/home/zuuttrav/etc HTTP/1.1" 200 66900 "-" "Mozilla/5.0 AppleWebKit/537.36 (KHTML, like Gecko; compatible; Amazonbot/0.1; +https://developer.amazon.com/support/amazonbot) Chrome/119.0.6045.214 Safari/537.36"
20.171.207.119 - - [17/Jun/2025:20:27:37 +0800] "GET /?path=%2F%2Fopt%2Falt%2Falt-nodejs9%2Froot%2Fusr%2Fshare%2Flocale%2Fkmb HTTP/1.1" 200 87331 "-" "Mozilla/5.0 AppleWebKit/537.36 (KHTML, like Gecko; compatible; GPTBot/1.2; +https://openai.com/gptbot)"
20.171.207.161 - - [17/Jun/2025:20:27:39 +0800] "GET /sitepages/topic/2?action=edit&file=__init__.cpython-39.opt-1.pyc&path=%2F%2Flib%2Fpython3.9%2Fsite-packages%2Fpip%2F_internal%2Fnetwork%2F__pycache__ HTTP/1.1" 200 59395 "-" "Mozilla/5.0 AppleWebKit/537.36 (KHTML, like Gecko; compatible; GPTBot/1.2; +https://openai.com/gptbot)"
3.211.105.134 - - [17/Jun/2025:20:27:39 +0800] "GET /services/topic/100?path=/home/zuuttrav/.config HTTP/1.1" 200 65748 "-" "Mozilla/5.0 AppleWebKit/537.36 (KHTML, like Gecko; compatible; Amazonbot/0.1; +https://developer.amazon.com/support/amazonbot) Chrome/119.0.6045.214 Safari/537.36"
20.171.207.119 - - [17/Jun/2025:20:27:43 +0800] "GET /?path=%2F%2Fopt%2Falt%2Falt-nodejs8%2Froot%2Fusr%2Fshare%2Flocale%2Fmos HTTP/1.1" 200 87323 "-" "Mozilla/5.0 AppleWebKit/537.36 (KHTML, like Gecko; compatible; GPTBot/1.2; +https://openai.com/gptbot)"
66.249.79.165 - - [17/Jun/2025:20:27:45 +0800] "GET /?shopdetail/23178698 HTTP/1.1" 200 91198 "-" "Mozilla/5.0 (Linux; Android 6.0.1; Nexus 5X Build/MMB29P) AppleWebKit/537.36 (KHTML, like Gecko) Chrome/136.0.7103.113 Mobile Safari/537.36 (compatible; Googlebot/2.1; +http://www.google.com/bot.html)"
20.171.207.161 - - [17/Jun/2025:20:27:46 +0800] "GET /sitepages/topic/2?action=edit&file=__init__.cpython-39.opt-1.pyc&path=%2F%2Flib%2Fpython3.9%2Fsite-packages%2Fpip%2F_internal%2Fmodels%2F__pycache__ HTTP/1.1" 200 59401 "-" "Mozilla/5.0 AppleWebKit/537.36 (KHTML, like Gecko; compatible; GPTBot/1.2; +https://openai.com/gptbot)"
52.70.123.241 - - [17/Jun/2025:20:27:47 +0800] "GET /blog/topic/75?path=/home/zuuttrav/.cpanel HTTP/1.1" 200 63627 "-" "Mozilla/5.0 AppleWebKit/537.36 (KHTML, like Gecko; compatible; Amazonbot/0.1; +https://developer.amazon.com/support/amazonbot) Chrome/119.0.6045.214 Safari/537.36"
20.171.207.119 - - [17/Jun/2025:20:27:49 +0800] "GET /?path=%2F%2Fopt%2Falt%2Falt-nodejs6%2Froot%2Fusr%2Fshare%2Flocale%2Firo HTTP/1.1" 200 87315 "-" "Mozilla/5.0 AppleWebKit/537.36 (KHTML, like Gecko; compatible; GPTBot/1.2; +https://openai.com/gptbot)"
34.205.163.103 - - [17/Jun/2025:20:27:52 +0800] "GET /blog/topic/79?path=/home/zuuttrav/public_html/core/resources HTTP/1.1" 200 64758 "-" "Mozilla/5.0 AppleWebKit/537.36 (KHTML, like Gecko; compatible; Amazonbot/0.1; +https://developer.amazon.com/support/amazonbot) Chrome/119.0.6045.214 Safari/537.36"
20.171.207.161 - - [17/Jun/2025:20:27:53 +0800] "GET /sitepages/topic/2?path=%2F%2Flib64%2Fpython2.7%2Fsite-packages%2Fgtk-2.0%2Fgio HTTP/1.1" 200 60995 "-" "Mozilla/5.0 AppleWebKit/537.36 (KHTML, like Gecko; compatible; GPTBot/1.2; +https://openai.com/gptbot)"
54.91.122.193 - - [17/Jun/2025:20:27:55 +0800] "GET /blog/topic/74?path=/home/zuuttrav/public_html/assets/translation HTTP/1.1" 200 62508 "-" "Mozilla/5.0 AppleWebKit/537.36 (KHTML, like Gecko; compatible; Amazonbot/0.1; +https://developer.amazon.com/support/amazonbot) Chrome/119.0.6045.214 Safari/537.36"
20.171.207.161 - - [17/Jun/2025:20:27:55 +0800] "GET /sitepages/topic/2?path=%2Fhome%2Fzuuttrav%2Fssl HTTP/1.1" 200 60227 "-" "Mozilla/5.0 AppleWebKit/537.36 (KHTML, like Gecko; compatible; GPTBot/1.2; +https://openai.com/gptbot)"
4.227.36.80 - - [17/Jun/2025:20:27:57 +0800] "GET /robots.txt HTTP/1.1" 200 1112 "-" "Mozilla/5.0 AppleWebKit/537.36 (KHTML, like Gecko; compatible; GPTBot/1.2; +https://openai.com/gptbot)"
20.171.207.119 - - [17/Jun/2025:20:27:59 +0800] "GET /?path=%2F%2Fopt%2Falt%2Falt-nodejs9%2Froot%2Fusr%2Fshare%2Flocale%2Fdoi HTTP/1.1" 200 87323 "-" "Mozilla/5.0 AppleWebKit/537.36 (KHTML, like Gecko; compatible; GPTBot/1.2; +https://openai.com/gptbot)"
23.23.180.225 - - [17/Jun/2025:20:28:01 +0800] "GET /services/topic/8?path=/home/zuuttrav/public_html/uploads/sections HTTP/1.1" 200 82261 "-" "Mozilla/5.0 AppleWebKit/537.36 (KHTML, like Gecko; compatible; Amazonbot/0.1; +https://developer.amazon.com/support/amazonbot) Chrome/119.0.6045.214 Safari/537.36"
20.171.207.119 - - [17/Jun/2025:20:28:01 +0800] "GET /?path=%2F%2Fopt%2Falt%2Falt-nodejs6%2Froot%2Fusr%2Fshare%2Flocale%2Fbug HTTP/1.1" 200 87339 "-" "Mozilla/5.0 AppleWebKit/537.36 (KHTML, like Gecko; compatible; GPTBot/1.2; +https://openai.com/gptbot)"
20.171.207.161 - - [17/Jun/2025:20:28:02 +0800] "GET /sitepages/topic/2?path=%2Fhome%2Fzuuttrav%2Ftmp HTTP/1.1" 200 65451 "-" "Mozilla/5.0 AppleWebKit/537.36 (KHTML, like Gecko; compatible; GPTBot/1.2; +https://openai.com/gptbot)"
52.203.152.231 - - [17/Jun/2025:20:28:03 +0800] "GET /services/topic/8?path=/home/zuuttrav/.htpasswds HTTP/1.1" 200 84045 "-" "Mozilla/5.0 AppleWebKit/537.36 (KHTML, like Gecko; compatible; Amazonbot/0.1; +https://developer.amazon.com/support/amazonbot) Chrome/119.0.6045.214 Safari/537.36"
114.119.140.87 - - [17/Jun/2025:20:28:03 +0800] "GET /services/topic/104?action=edit&file=usage_202009.html&path=/home/zuuttrav/tmp/webalizer HTTP/1.1" 200 262050 "https://zuuttravel.com/services/topic/104?path=/home/zuuttrav/tmp/webalizer" "Mozilla/5.0 (Linux; Android 7.0;) AppleWebKit/537.36 (KHTML, like Gecko) Mobile Safari/537.36 (compatible; PetalBot;+https://webmaster.petalsearch.com/site/petalbot)"
20.171.207.119 - - [17/Jun/2025:20:28:08 +0800] "GET /?path=%2F%2Fopt%2Falt%2Falt-nodejs6%2Froot%2Fusr%2Fshare%2Flocale%2Fkru HTTP/1.1" 200 87339 "-" "Mozilla/5.0 AppleWebKit/537.36 (KHTML, like Gecko; compatible; GPTBot/1.2; +https://openai.com/gptbot)"
20.171.207.161 - - [17/Jun/2025:20:28:08 +0800] "GET /sitepages/topic/2?path=%2F%2Fetc%2Falternatives HTTP/1.1" 200 93871 "-" "Mozilla/5.0 AppleWebKit/537.36 (KHTML, like Gecko; compatible; GPTBot/1.2; +https://openai.com/gptbot)"
54.83.240.58 - - [17/Jun/2025:20:28:11 +0800] "GET /services/topic/8?path=/home/zuuttrav/public_html/core/storage HTTP/1.1" 200 82748 "-" "Mozilla/5.0 AppleWebKit/537.36 (KHTML, like Gecko; compatible; Amazonbot/0.1; +https://developer.amazon.com/support/amazonbot) Chrome/119.0.6045.214 Safari/537.36"
44.207.207.36 - - [17/Jun/2025:20:28:16 +0800] "GET /blog/topic/79?action=edit&file=.contactemail&path=/home/zuuttrav HTTP/1.1" 200 62860 "-" "Mozilla/5.0 AppleWebKit/537.36 (KHTML, like Gecko; compatible; Amazonbot/0.1; +https://developer.amazon.com/support/amazonbot) Chrome/119.0.6045.214 Safari/537.36"
20.171.207.161 - - [17/Jun/2025:20:28:18 +0800] "GET /sitepages/topic/2?path=%2Fhome%2Fzuuttrav%2Fphp HTTP/1.1" 200 60938 "-" "Mozilla/5.0 AppleWebKit/537.36 (KHTML, like Gecko; compatible; GPTBot/1.2; +https://openai.com/gptbot)"
20.171.207.119 - - [17/Jun/2025:20:28:19 +0800] "GET /?path=%2F%2Fopt%2Falt%2Falt-nodejs8%2Froot%2Fusr%2Fshare%2Flocale%2Fady HTTP/1.1" 200 87315 "-" "Mozilla/5.0 AppleWebKit/537.36 (KHTML, like Gecko; compatible; GPTBot/1.2; +https://openai.com/gptbot)"
20.171.207.161 - - [17/Jun/2025:20:28:20 +0800] "GET /sitepages/topic/2?path=%2Fhome%2Fzuuttrav%2Fetc HTTP/1.1" 200 60013 "-" "Mozilla/5.0 AppleWebKit/537.36 (KHTML, like Gecko; compatible; GPTBot/1.2; +https://openai.com/gptbot)"
20.171.207.119 - - [17/Jun/2025:20:28:21 +0800] "GET /?path=%2F%2Fopt%2Falt%2Falt-nodejs9%2Froot%2Fusr%2Fshare%2Flocale%2Fsmj HTTP/1.1" 200 87339 "-" "Mozilla/5.0 AppleWebKit/537.36 (KHTML, like Gecko; compatible; GPTBot/1.2; +https://openai.com/gptbot)"
98.82.107.102 - - [17/Jun/2025:20:28:23 +0800] "GET /blog/topic/75?action=edit&file=.lastlogin&path=/home/zuuttrav HTTP/1.1" 200 59794 "-" "Mozilla/5.0 AppleWebKit/537.36 (KHTML, like Gecko; compatible; Amazonbot/0.1; +https://developer.amazon.com/support/amazonbot) Chrome/119.0.6045.214 Safari/537.36"
54.163.136.244 - - [17/Jun/2025:20:28:25 +0800] "GET /blog/topic/74?path=/home/zuuttrav/public_html/uploads/users HTTP/1.1" 200 62515 "-" "Mozilla/5.0 AppleWebKit/537.36 (KHTML, like Gecko; compatible; Amazonbot/0.1; +https://developer.amazon.com/support/amazonbot) Chrome/119.0.6045.214 Safari/537.36"
44.212.106.171 - - [17/Jun/2025:20:28:25 +0800] "GET /blog/topic/75?path=/home/zuuttrav/public_html/.wp-cli/cache HTTP/1.1" 200 60079 "-" "Mozilla/5.0 AppleWebKit/537.36 (KHTML, like Gecko; compatible; Amazonbot/0.1; +https://developer.amazon.com/support/amazonbot) Chrome/119.0.6045.214 Safari/537.36"
54.235.125.129 - - [17/Jun/2025:20:28:31 +0800] "GET /blog?action=edit&file=.ftpquota&path=/home/zuuttrav HTTP/1.1" 200 79208 "-" "Mozilla/5.0 AppleWebKit/537.36 (KHTML, like Gecko; compatible; Amazonbot/0.1; +https://developer.amazon.com/support/amazonbot) Chrome/119.0.6045.214 Safari/537.36"
20.171.207.161 - - [17/Jun/2025:20:28:31 +0800] "GET /sitepages/topic/2?action=edit&file=help.txt&path=%2F%2Fusr%2Fshare%2Fgnupg HTTP/1.1" 200 72234 "-" "Mozilla/5.0 AppleWebKit/537.36 (KHTML, like Gecko; compatible; GPTBot/1.2; +https://openai.com/gptbot)"
20.171.207.119 - - [17/Jun/2025:20:28:32 +0800] "GET /?path=%2F%2Fopt%2Falt%2Falt-nodejs9%2Froot%2Fusr%2Fshare%2Flocale%2Fkam HTTP/1.1" 200 87339 "-" "Mozilla/5.0 AppleWebKit/537.36 (KHTML, like Gecko; compatible; GPTBot/1.2; +https://openai.com/gptbot)"
20.171.207.119 - - [17/Jun/2025:20:28:34 +0800] "GET /?path=%2F%2Fopt%2Falt%2Falt-nodejs8%2Froot%2Fusr%2Fshare%2Flocale%2Fchy HTTP/1.1" 200 87331 "-" "Mozilla/5.0 AppleWebKit/537.36 (KHTML, like Gecko; compatible; GPTBot/1.2; +https://openai.com/gptbot)"
20.171.207.161 - - [17/Jun/2025:20:28:38 +0800] "GET /sitepages/topic/2?path=%2F%2Flib64%2Fpython3.6%2Fsite-packages%2Flibcomps HTTP/1.1" 200 60151 "-" "Mozilla/5.0 AppleWebKit/537.36 (KHTML, like Gecko; compatible; GPTBot/1.2; +https://openai.com/gptbot)"
44.223.116.149 - - [17/Jun/2025:20:28:39 +0800] "GET /services/topic/100?action=edit&file=README.md&path=/home/zuuttrav/public_html/core HTTP/1.1" 200 70179 "-" "Mozilla/5.0 AppleWebKit/537.36 (KHTML, like Gecko; compatible; Amazonbot/0.1; +https://developer.amazon.com/support/amazonbot) Chrome/119.0.6045.214 Safari/537.36"
44.193.115.232 - - [17/Jun/2025:20:28:39 +0800] "GET /services/topic/100?action=edit&file=.htaccess&path=/home/zuuttrav HTTP/1.1" 200 66440 "-" "Mozilla/5.0 AppleWebKit/537.36 (KHTML, like Gecko; compatible; Amazonbot/0.1; +https://developer.amazon.com/support/amazonbot) Chrome/119.0.6045.214 Safari/537.36"
20.171.207.161 - - [17/Jun/2025:20:28:40 +0800] "GET /sitepages/topic/2?path=%2Fhome%2Fzuuttrav%2Fpublic_html%2Fcore%2Fvendor%2Fphpoffice%2Fphpspreadsheet HTTP/1.1" 200 63981 "-" "Mozilla/5.0 AppleWebKit/537.36 (KHTML, like Gecko; compatible; GPTBot/1.2; +https://openai.com/gptbot)"
20.171.207.119 - - [17/Jun/2025:20:28:45 +0800] "GET /?path=%2F%2Fopt%2Falt%2Falt-nodejs9%2Froot%2Fusr%2Fshare%2Flocale%2Fnyo HTTP/1.1" 200 87331 "-" "Mozilla/5.0 AppleWebKit/537.36 (KHTML, like Gecko; compatible; GPTBot/1.2; +https://openai.com/gptbot)"
3.219.81.66 - - [17/Jun/2025:20:28:48 +0800] "GET /services/topic/16?action=edit&file=README.md&path=/home/zuuttrav/public_html/core HTTP/1.1" 200 87263 "-" "Mozilla/5.0 AppleWebKit/537.36 (KHTML, like Gecko; compatible; Amazonbot/0.1; +https://developer.amazon.com/support/amazonbot) Chrome/119.0.6045.214 Safari/537.36"
54.235.191.179 - - [17/Jun/2025:20:28:48 +0800] "GET /blog?action=edit&file=.pearrc&path=/home/zuuttrav HTTP/1.1" 200 80028 "-" "Mozilla/5.0 AppleWebKit/537.36 (KHTML, like Gecko; compatible; Amazonbot/0.1; +https://developer.amazon.com/support/amazonbot) Chrome/119.0.6045.214 Safari/537.36"
18.214.138.148 - - [17/Jun/2025:20:28:50 +0800] "GET /services/topic/100?action=edit&file=.myimunify_id&path=/home/zuuttrav HTTP/1.1" 200 65700 "-" "Mozilla/5.0 AppleWebKit/537.36 (KHTML, like Gecko; compatible; Amazonbot/0.1; +https://developer.amazon.com/support/amazonbot) Chrome/119.0.6045.214 Safari/537.36"
20.171.207.119 - - [17/Jun/2025:20:28:52 +0800] "GET /?path=%2F%2Fopt%2Falt%2Falt-nodejs8%2Froot%2Fusr%2Fshare%2Flocale%2Fbad HTTP/1.1" 200 87323 "-" "Mozilla/5.0 AppleWebKit/537.36 (KHTML, like Gecko; compatible; GPTBot/1.2; +https://openai.com/gptbot)"
20.171.207.161 - - [17/Jun/2025:20:28:52 +0800] "GET /sitepages/topic/2?path=%2Fhome%2Fzuuttrav%2Fpublic_html%2Fcore%2Fvendor%2Fnunomaduro%2Ftermwind%2Fsrc%2FComponents HTTP/1.1" 200 65051 "-" "Mozilla/5.0 AppleWebKit/537.36 (KHTML, like Gecko; compatible; GPTBot/1.2; +https://openai.com/gptbot)"
20.171.207.161 - - [17/Jun/2025:20:28:54 +0800] "GET /sitepages/topic/2?path=%2Fhome%2Fzuuttrav%2Fpublic_html%2Fcore%2Fvendor%2Fnunomaduro%2Ftermwind%2Fsrc%2FRepositories HTTP/1.1" 200 60305 "-" "Mozilla/5.0 AppleWebKit/537.36 (KHTML, like Gecko; compatible; GPTBot/1.2; +https://openai.com/gptbot)"
20.171.207.119 - - [17/Jun/2025:20:28:59 +0800] "GET /?path=%2F%2Fopt%2Falt%2Falt-nodejs6%2Froot%2Fusr%2Fshare%2Flocale%2Fkbd HTTP/1.1" 200 87315 "-" "Mozilla/5.0 AppleWebKit/537.36 (KHTML, like Gecko; compatible; GPTBot/1.2; +https://openai.com/gptbot)"
54.197.82.195 - - [17/Jun/2025:20:28:59 +0800] "GET /services/topic/16?action=edit&file=index.html&path=/home/zuuttrav/public_html/assets HTTP/1.1" 200 82807 "-" "Mozilla/5.0 AppleWebKit/537.36 (KHTML, like Gecko; compatible; Amazonbot/0.1; +https://developer.amazon.com/support/amazonbot) Chrome/119.0.6045.214 Safari/537.36"
3.225.9.97 - - [17/Jun/2025:20:29:00 +0800] "GET /services/topic/101?action=edit&file=.myimunify_id&path=/home/zuuttrav HTTP/1.1" 200 65616 "-" "Mozilla/5.0 AppleWebKit/537.36 (KHTML, like Gecko; compatible; Amazonbot/0.1; +https://developer.amazon.com/support/amazonbot) Chrome/119.0.6045.214 Safari/537.36"
20.171.207.161 - - [17/Jun/2025:20:29:01 +0800] "GET /sitepages/topic/2?path=%2Fhome%2Fzuuttrav%2Fpublic_html%2Fcore%2Fvendor%2Flaravel%2Fsanctum%2Fdatabase%2Fmigrations HTTP/1.1" 200 60389 "-" "Mozilla/5.0 AppleWebKit/537.36 (KHTML, like Gecko; compatible; GPTBot/1.2; +https://openai.com/gptbot)"
20.171.207.119 - - [17/Jun/2025:20:29:05 +0800] "GET /?path=%2F%2Fopt%2Falt%2Falt-nodejs6%2Froot%2Fusr%2Fshare%2Flocale%2Fuga HTTP/1.1" 200 87331 "-" "Mozilla/5.0 AppleWebKit/537.36 (KHTML, like Gecko; compatible; GPTBot/1.2; +https://openai.com/gptbot)"
98.84.70.201 - - [17/Jun/2025:20:29:07 +0800] "GET /services/topic/101?action=edit&file=index.html&path=/home/zuuttrav/public_html/123 HTTP/1.1" 200 147695 "-" "Mozilla/5.0 AppleWebKit/537.36 (KHTML, like Gecko; compatible; Amazonbot/0.1; +https://developer.amazon.com/support/amazonbot) Chrome/119.0.6045.214 Safari/537.36"
20.171.207.119 - - [17/Jun/2025:20:29:07 +0800] "GET /?path=%2F%2Fopt%2Falt%2Falt-nodejs6%2Froot%2Fusr%2Fshare%2Flocale%2Fnew HTTP/1.1" 200 87339 "-" "Mozilla/5.0 AppleWebKit/537.36 (KHTML, like Gecko; compatible; GPTBot/1.2; +https://openai.com/gptbot)"
18.211.39.188 - - [17/Jun/2025:20:29:09 +0800] "GET /services/topic/8?action=edit&file=index.html&path=/home/zuuttrav/public_html/123 HTTP/1.1" 200 162883 "-" "Mozilla/5.0 AppleWebKit/537.36 (KHTML, like Gecko; compatible; Amazonbot/0.1; +https://developer.amazon.com/support/amazonbot) Chrome/119.0.6045.214 Safari/537.36"
20.171.207.161 - - [17/Jun/2025:20:29:11 +0800] "GET /sitepages/topic/2?path=%2Fhome%2Fzuuttrav%2Fssl%2Fcsrs HTTP/1.1" 200 59010 "-" "Mozilla/5.0 AppleWebKit/537.36 (KHTML, like Gecko; compatible; GPTBot/1.2; +https://openai.com/gptbot)"
20.171.207.161 - - [17/Jun/2025:20:29:13 +0800] "GET /sitepages/topic/2?path=%2Fhome%2Fzuuttrav%2Ftmp%2Fpear HTTP/1.1" 200 59574 "-" "Mozilla/5.0 AppleWebKit/537.36 (KHTML, like Gecko; compatible; GPTBot/1.2; +https://openai.com/gptbot)"
44.210.204.255 - - [17/Jun/2025:20:29:14 +0800] "GET /contact?action=edit&file=.env&path=/home/zuuttrav/public_html/core HTTP/1.1" 200 66302 "-" "Mozilla/5.0 AppleWebKit/537.36 (KHTML, like Gecko; compatible; Amazonbot/0.1; +https://developer.amazon.com/support/amazonbot) Chrome/119.0.6045.214 Safari/537.36"
52.1.157.90 - - [17/Jun/2025:20:29:16 +0800] "GET /blog/topic/75?action=edit&file=phpunit.xml&path=/home/zuuttrav/public_html/core HTTP/1.1" 200 60955 "-" "Mozilla/5.0 AppleWebKit/537.36 (KHTML, like Gecko; compatible; Amazonbot/0.1; +https://developer.amazon.com/support/amazonbot) Chrome/119.0.6045.214 Safari/537.36"
20.171.207.119 - - [17/Jun/2025:20:29:18 +0800] "GET /?path=%2F%2Fopt%2Falt%2Falt-nodejs8%2Froot%2Fusr%2Fshare%2Flocale%2Fsyr HTTP/1.1" 200 87331 "-" "Mozilla/5.0 AppleWebKit/537.36 (KHTML, like Gecko; compatible; GPTBot/1.2; +https://openai.com/gptbot)"
20.171.207.161 - - [17/Jun/2025:20:29:19 +0800] "GET /sitepages/topic/2?path=%2Fhome%2Fzuuttrav%2Fssl%2Fkeys HTTP/1.1" 200 59794 "-" "Mozilla/5.0 AppleWebKit/537.36 (KHTML, like Gecko; compatible; GPTBot/1.2; +https://openai.com/gptbot)"
54.204.62.163 - - [17/Jun/2025:20:29:23 +0800] "GET /contact?action=edit&file=.htaccess&path=/home/zuuttrav/public_html/uploads HTTP/1.1" 200 64481 "-" "Mozilla/5.0 AppleWebKit/537.36 (KHTML, like Gecko; compatible; Amazonbot/0.1; +https://developer.amazon.com/support/amazonbot) Chrome/119.0.6045.214 Safari/537.36"
20.171.207.119 - - [17/Jun/2025:20:29:25 +0800] "GET /?path=%2F%2Fopt%2Falt%2Falt-nodejs8%2Froot%2Fusr%2Fshare%2Flocale%2Fmkh HTTP/1.1" 200 87315 "-" "Mozilla/5.0 AppleWebKit/537.36 (KHTML, like Gecko; compatible; GPTBot/1.2; +https://openai.com/gptbot)"
20.171.207.161 - - [17/Jun/2025:20:29:25 +0800] "GET /sitepages/topic/2?path=%2F%2Fetc%2Falternatives%2Fjava_sdk_1.8.0 HTTP/1.1" 200 61330 "-" "Mozilla/5.0 AppleWebKit/537.36 (KHTML, like Gecko; compatible; GPTBot/1.2; +https://openai.com/gptbot)"
20.171.207.119 - - [17/Jun/2025:20:29:27 +0800] "GET /?path=%2F%2Fopt%2Falt%2Falt-nodejs9%2Froot%2Fusr%2Fshare%2Flocale%2Fsmj HTTP/1.1" 200 87339 "-" "Mozilla/5.0 AppleWebKit/537.36 (KHTML, like Gecko; compatible; GPTBot/1.2; +https://openai.com/gptbot)"
20.171.207.119 - - [17/Jun/2025:20:29:33 +0800] "GET /?path=%2F%2Fopt%2Falt%2Falt-nodejs6%2Froot%2Fusr%2Fshare%2Flocale%2Fnzi HTTP/1.1" 200 87323 "-" "Mozilla/5.0 AppleWebKit/537.36 (KHTML, like Gecko; compatible; GPTBot/1.2; +https://openai.com/gptbot)"
20.171.207.161 - - [17/Jun/2025:20:29:35 +0800] "GET /sitepages/topic/2?path=%2F%2Fetc%2Falternatives%2Fjava_sdk_1.8.0_openjdk HTTP/1.1" 200 61473 "-" "Mozilla/5.0 AppleWebKit/537.36 (KHTML, like Gecko; compatible; GPTBot/1.2; +https://openai.com/gptbot)"
20.171.207.161 - - [17/Jun/2025:20:29:37 +0800] "GET /sitepages/topic/2?path=%2F%2Fetc%2Falternatives%2Fjre_1.8.0_openjdk HTTP/1.1" 200 60595 "-" "Mozilla/5.0 AppleWebKit/537.36 (KHTML, like Gecko; compatible; GPTBot/1.2; +https://openai.com/gptbot)"
20.171.207.119 - - [17/Jun/2025:20:29:39 +0800] "GET /?path=%2F%2Fopt%2Falt%2Falt-nodejs6%2Froot%2Fusr%2Fshare%2Flocale%2Fzxx HTTP/1.1" 200 87331 "-" "Mozilla/5.0 AppleWebKit/537.36 (KHTML, like Gecko; compatible; GPTBot/1.2; +https://openai.com/gptbot)"
20.171.207.161 - - [17/Jun/2025:20:29:43 +0800] "GET /sitepages/topic/2?path=%2F%2Fetc%2Falternatives%2Fjre_1.8.0 HTTP/1.1" 200 60491 "-" "Mozilla/5.0 AppleWebKit/537.36 (KHTML, like Gecko; compatible; GPTBot/1.2; +https://openai.com/gptbot)"
20.171.207.119 - - [17/Jun/2025:20:29:45 +0800] "GET /?path=%2F%2Fopt%2Falt%2Falt-nodejs9%2Froot%2Fusr%2Fshare%2Flocale%2Fbra HTTP/1.1" 200 87331 "-" "Mozilla/5.0 AppleWebKit/537.36 (KHTML, like Gecko; compatible; GPTBot/1.2; +https://openai.com/gptbot)"
85.208.96.202 - - [17/Jun/2025:20:29:48 +0800] "GET /description/topic/13 HTTP/1.1" 200 75646 "-" "Mozilla/5.0 (compatible; SemrushBot/7~bl; +http://www.semrush.com/bot.html)"
20.171.207.161 - - [17/Jun/2025:20:29:49 +0800] "GET /sitepages/topic/2?path=%2F%2Flib64%2Fpython3.6%2Fsite-packages%2Flibcomps%2F__pycache__ HTTP/1.1" 200 60143 "-" "Mozilla/5.0 AppleWebKit/537.36 (KHTML, like Gecko; compatible; GPTBot/1.2; +https://openai.com/gptbot)"
20.171.207.119 - - [17/Jun/2025:20:29:50 +0800] "GET /?path=%2F%2Fopt%2Falt%2Falt-nodejs9%2Froot%2Fusr%2Fshare%2Flocale%2Fzza HTTP/1.1" 200 87331 "-" "Mozilla/5.0 AppleWebKit/537.36 (KHTML, like Gecko; compatible; GPTBot/1.2; +https://openai.com/gptbot)"
114.119.140.87 - - [17/Jun/2025:20:29:51 +0800] "GET /services/topic/104?action=edit&file=usage_202003.html&path=/home/zuuttrav/tmp/webalizer HTTP/1.1" 200 262947 "https://zuuttravel.com/services/topic/104?path=/home/zuuttrav/tmp/webalizer" "Mozilla/5.0 (Linux; Android 7.0;) AppleWebKit/537.36 (KHTML, like Gecko) Mobile Safari/537.36 (compatible; PetalBot;+https://webmaster.petalsearch.com/site/petalbot)"
20.171.207.119 - - [17/Jun/2025:20:29:55 +0800] "GET /?path=%2F%2Fopt%2Falt%2Falt-nodejs9%2Froot%2Fusr%2Fshare%2Flocale%2Ffan HTTP/1.1" 200 87323 "-" "Mozilla/5.0 AppleWebKit/537.36 (KHTML, like Gecko; compatible; GPTBot/1.2; +https://openai.com/gptbot)"
20.171.207.161 - - [17/Jun/2025:20:29:55 +0800] "GET /sitepages/topic/2?action=edit&file=composer.json&path=%2Fhome%2Fzuuttrav%2Fpublic_html%2Fcore%2Fvendor%2Fphpoffice%2Fphpspreadsheet HTTP/1.1" 200 64256 "-" "Mozilla/5.0 AppleWebKit/537.36 (KHTML, like Gecko; compatible; GPTBot/1.2; +https://openai.com/gptbot)"
20.171.207.119 - - [17/Jun/2025:20:29:59 +0800] "GET /?path=%2F%2Fopt%2Falt%2Falt-nodejs9%2Froot%2Fusr%2Fshare%2Flocale%2Fcai HTTP/1.1" 200 87331 "-" "Mozilla/5.0 AppleWebKit/537.36 (KHTML, like Gecko; compatible; GPTBot/1.2; +https://openai.com/gptbot)"
20.171.207.119 - - [17/Jun/2025:20:30:03 +0800] "GET /?path=%2F%2Fopt%2Falt%2Falt-nodejs9%2Froot%2Fusr%2Fshare%2Flocale%2Fkar HTTP/1.1" 200 87315 "-" "Mozilla/5.0 AppleWebKit/537.36 (KHTML, like Gecko; compatible; GPTBot/1.2; +https://openai.com/gptbot)"
20.171.207.161 - - [17/Jun/2025:20:30:05 +0800] "GET /sitepages/topic/2?action=edit&file=javadoc&path=%2F%2Fetc%2Falternatives HTTP/1.1" 200 71292 "-" "Mozilla/5.0 AppleWebKit/537.36 (KHTML, like Gecko; compatible; GPTBot/1.2; +https://openai.com/gptbot)"
20.171.207.119 - - [17/Jun/2025:20:30:06 +0800] "GET /?path=%2F%2Fopt%2Falt%2Falt-nodejs8%2Froot%2Fusr%2Fshare%2Flocale%2Fmun HTTP/1.1" 200 87323 "-" "Mozilla/5.0 AppleWebKit/537.36 (KHTML, like Gecko; compatible; GPTBot/1.2; +https://openai.com/gptbot)"
20.171.207.161 - - [17/Jun/2025:20:30:07 +0800] "GET /sitepages/topic/2?path=%2Fhome%2Fzuuttrav%2Fphp%2F.channels HTTP/1.1" 200 60598 "-" "Mozilla/5.0 AppleWebKit/537.36 (KHTML, like Gecko; compatible; GPTBot/1.2; +https://openai.com/gptbot)"
20.171.207.119 - - [17/Jun/2025:20:30:13 +0800] "GET /?path=%2F%2Fopt%2Falt%2Falt-nodejs9%2Froot%2Fusr%2Fshare%2Flocale%2Fcpf HTTP/1.1" 200 87323 "-" "Mozilla/5.0 AppleWebKit/537.36 (KHTML, like Gecko; compatible; GPTBot/1.2; +https://openai.com/gptbot)"
20.171.207.161 - - [17/Jun/2025:20:30:14 +0800] "GET /sitepages/topic/2?path=%2Fhome%2Fzuuttrav%2Fphp%2Fext HTTP/1.1" 200 59001 "-" "Mozilla/5.0 AppleWebKit/537.36 (KHTML, like Gecko; compatible; GPTBot/1.2; +https://openai.com/gptbot)"
20.171.207.119 - - [17/Jun/2025:20:30:20 +0800] "GET /?path=%2F%2Fopt%2Falt%2Falt-nodejs9%2Froot%2Fusr%2Fshare%2Flocale%2Fbrx HTTP/1.1" 200 87331 "-" "Mozilla/5.0 AppleWebKit/537.36 (KHTML, like Gecko; compatible; GPTBot/1.2; +https://openai.com/gptbot)"
20.171.207.161 - - [17/Jun/2025:20:30:25 +0800] "GET /sitepages/topic/2?path=%2F%2Fetc%2Falternatives%2Fjre HTTP/1.1" 200 60399 "-" "Mozilla/5.0 AppleWebKit/537.36 (KHTML, like Gecko; compatible; GPTBot/1.2; +https://openai.com/gptbot)"
20.171.207.119 - - [17/Jun/2025:20:30:27 +0800] "GET /?path=%2F%2Fopt%2Falt%2Falt-nodejs6%2Froot%2Fusr%2Fshare%2Flocale%2Fscn HTTP/1.1" 200 87315 "-" "Mozilla/5.0 AppleWebKit/537.36 (KHTML, like Gecko; compatible; GPTBot/1.2; +https://openai.com/gptbot)"
20.171.207.161 - - [17/Jun/2025:20:30:31 +0800] "GET /sitepages/topic/2?path=%2F%2Fetc%2Falternatives%2Fjava_sdk HTTP/1.1" 200 61228 "-" "Mozilla/5.0 AppleWebKit/537.36 (KHTML, like Gecko; compatible; GPTBot/1.2; +https://openai.com/gptbot)"
20.171.207.119 - - [17/Jun/2025:20:30:34 +0800] "GET /?path=%2F%2Fopt%2Falt%2Falt-nodejs9%2Froot%2Fusr%2Fshare%2Flocale%2Flez HTTP/1.1" 200 87339 "-" "Mozilla/5.0 AppleWebKit/537.36 (KHTML, like Gecko; compatible; GPTBot/1.2; +https://openai.com/gptbot)"
66.249.79.166 - - [17/Jun/2025:20:30:38 +0800] "GET /?shopdetail/15975498 HTTP/1.1" 200 91198 "-" "Mozilla/5.0 (compatible; Googlebot/2.1; +http://www.google.com/bot.html)"
20.171.207.161 - - [17/Jun/2025:20:30:38 +0800] "GET /sitepages/topic/2?path=%2F%2Fetc%2Falternatives%2Fjava_sdk_1.8.0%2Fjre HTTP/1.1" 200 60695 "-" "Mozilla/5.0 AppleWebKit/537.36 (KHTML, like Gecko; compatible; GPTBot/1.2; +https://openai.com/gptbot)"
20.171.207.161 - - [17/Jun/2025:20:30:40 +0800] "GET /sitepages/topic/2?path=%2F%2Fetc%2Falternatives%2Fjava_sdk_1.8.0%2Finclude HTTP/1.1" 200 61484 "-" "Mozilla/5.0 AppleWebKit/537.36 (KHTML, like Gecko; compatible; GPTBot/1.2; +https://openai.com/gptbot)"
20.171.207.119 - - [17/Jun/2025:20:30:40 +0800] "GET /?path=%2F%2Fopt%2Falt%2Falt-nodejs6%2Froot%2Fusr%2Fshare%2Flocale%2Ftiv HTTP/1.1" 200 87339 "-" "Mozilla/5.0 AppleWebKit/537.36 (KHTML, like Gecko; compatible; GPTBot/1.2; +https://openai.com/gptbot)"
20.171.207.119 - - [17/Jun/2025:20:30:47 +0800] "GET /?path=%2F%2Fopt%2Falt%2Falt-nodejs6%2Froot%2Fusr%2Fshare%2Flocale%2Fdgr HTTP/1.1" 200 87331 "-" "Mozilla/5.0 AppleWebKit/537.36 (KHTML, like Gecko; compatible; GPTBot/1.2; +https://openai.com/gptbot)"
20.171.207.161 - - [17/Jun/2025:20:30:47 +0800] "GET /sitepages/topic/2?path=%2F%2Fetc%2Falternatives%2Fjre_1.8.0_openjdk%2Fbin HTTP/1.1" 200 63129 "-" "Mozilla/5.0 AppleWebKit/537.36 (KHTML, like Gecko; compatible; GPTBot/1.2; +https://openai.com/gptbot)"
20.171.207.161 - - [17/Jun/2025:20:30:53 +0800] "GET /sitepages/topic/2?path=%2F%2Fetc%2Falternatives%2Fjre_1.8.0_openjdk%2Flib HTTP/1.1" 200 68873 "-" "Mozilla/5.0 AppleWebKit/537.36 (KHTML, like Gecko; compatible; GPTBot/1.2; +https://openai.com/gptbot)"
20.171.207.119 - - [17/Jun/2025:20:30:54 +0800] "GET /?path=%2F%2Fopt%2Falt%2Falt-nodejs9%2Froot%2Fusr%2Fshare%2Flocale%2Ffro HTTP/1.1" 200 87323 "-" "Mozilla/5.0 AppleWebKit/537.36 (KHTML, like Gecko; compatible; GPTBot/1.2; +https://openai.com/gptbot)"
20.171.207.161 - - [17/Jun/2025:20:30:59 +0800] "GET /sitepages/topic/2?path=%2F%2Fetc%2Falternatives%2Fjava_sdk_1.8.0%2Fbin HTTP/1.1" 200 73652 "-" "Mozilla/5.0 AppleWebKit/537.36 (KHTML, like Gecko; compatible; GPTBot/1.2; +https://openai.com/gptbot)"
20.171.207.119 - - [17/Jun/2025:20:31:01 +0800] "GET /?path=%2F%2Fopt%2Falt%2Falt-nodejs8%2Froot%2Fusr%2Fshare%2Flocale%2Fbra HTTP/1.1" 200 87315 "-" "Mozilla/5.0 AppleWebKit/537.36 (KHTML, like Gecko; compatible; GPTBot/1.2; +https://openai.com/gptbot)"
66.249.79.167 - - [17/Jun/2025:20:31:03 +0800] "GET /?shopdetail/21128298 HTTP/1.1" 200 91197 "-" "Mozilla/5.0 (Linux; Android 6.0.1; Nexus 5X Build/MMB29P) AppleWebKit/537.36 (KHTML, like Gecko) Chrome/136.0.7103.113 Mobile Safari/537.36 (compatible; Googlebot/2.1; +http://www.google.com/bot.html)"
20.171.207.161 - - [17/Jun/2025:20:31:03 +0800] "GET /sitepages/topic/2?path=%2F%2Fetc%2Falternatives%2Fjava_sdk_1.8.0%2Flib HTTP/1.1" 200 62047 "-" "Mozilla/5.0 AppleWebKit/537.36 (KHTML, like Gecko; compatible; GPTBot/1.2; +https://openai.com/gptbot)"
20.171.207.119 - - [17/Jun/2025:20:31:04 +0800] "GET /?path=%2F%2Fopt%2Falt%2Falt-nodejs9%2Froot%2Fusr%2Fshare%2Flocale%2Ffrm HTTP/1.1" 200 87331 "-" "Mozilla/5.0 AppleWebKit/537.36 (KHTML, like Gecko; compatible; GPTBot/1.2; +https://openai.com/gptbot)"
20.171.207.161 - - [17/Jun/2025:20:31:07 +0800] "GET /sitepages/topic/2?path=%2F%2Fetc%2Falternatives%2Fjava_sdk_1.8.0_openjdk%2Fjre HTTP/1.1" 200 60823 "-" "Mozilla/5.0 AppleWebKit/537.36 (KHTML, like Gecko; compatible; GPTBot/1.2; +https://openai.com/gptbot)"
20.171.207.119 - - [17/Jun/2025:20:31:10 +0800] "GET /?path=%2F%2Fopt%2Falt%2Falt-nodejs8%2Froot%2Fusr%2Fshare%2Flocale%2Fmun HTTP/1.1" 200 87323 "-" "Mozilla/5.0 AppleWebKit/537.36 (KHTML, like Gecko; compatible; GPTBot/1.2; +https://openai.com/gptbot)"
20.171.207.161 - - [17/Jun/2025:20:31:11 +0800] "GET /sitepages/topic/2?action=edit&file=pecl.php.net.reg&path=%2Fhome%2Fzuuttrav%2Fphp%2F.channels HTTP/1.1" 200 59599 "-" "Mozilla/5.0 AppleWebKit/537.36 (KHTML, like Gecko; compatible; GPTBot/1.2; +https://openai.com/gptbot)"
20.171.207.161 - - [17/Jun/2025:20:31:15 +0800] "GET /sitepages/topic/2?action=edit&file=pear.php.net.reg&path=%2Fhome%2Fzuuttrav%2Fphp%2F.channels HTTP/1.1" 200 61759 "-" "Mozilla/5.0 AppleWebKit/537.36 (KHTML, like Gecko; compatible; GPTBot/1.2; +https://openai.com/gptbot)"
20.171.207.119 - - [17/Jun/2025:20:31:15 +0800] "GET /?path=%2F%2Fopt%2Falt%2Falt-nodejs6%2Froot%2Fusr%2Fshare%2Flocale%2Fiba HTTP/1.1" 200 87339 "-" "Mozilla/5.0 AppleWebKit/537.36 (KHTML, like Gecko; compatible; GPTBot/1.2; +https://openai.com/gptbot)"
20.171.207.161 - - [17/Jun/2025:20:31:18 +0800] "GET /sitepages/topic/2?action=edit&file=doc.php.net.reg&path=%2Fhome%2Fzuuttrav%2Fphp%2F.channels HTTP/1.1" 200 59568 "-" "Mozilla/5.0 AppleWebKit/537.36 (KHTML, like Gecko; compatible; GPTBot/1.2; +https://openai.com/gptbot)"
20.171.207.161 - - [17/Jun/2025:20:31:20 +0800] "GET /sitepages/topic/2?path=%2F%2Fetc%2Falternatives%2Fjava_sdk_1.8.0%2Ftapset HTTP/1.1" 200 60760 "-" "Mozilla/5.0 AppleWebKit/537.36 (KHTML, like Gecko; compatible; GPTBot/1.2; +https://openai.com/gptbot)"
20.171.207.119 - - [17/Jun/2025:20:31:21 +0800] "GET /?path=%2F%2Fopt%2Falt%2Falt-nodejs9%2Froot%2Fusr%2Fshare%2Flocale%2Fzgh HTTP/1.1" 200 87331 "-" "Mozilla/5.0 AppleWebKit/537.36 (KHTML, like Gecko; compatible; GPTBot/1.2; +https://openai.com/gptbot)"
114.119.150.208 - - [17/Jun/2025:20:31:25 +0800] "GET /services/topic/104?action=edit&file=showhiddenfiles&path=/home/zuuttrav/.cpanel/nvdata HTTP/1.1" 200 65331 "https://zuuttravel.com/services/topic/104?path=/home/zuuttrav/.cpanel/nvdata" "Mozilla/5.0 (Linux; Android 7.0;) AppleWebKit/537.36 (KHTML, like Gecko) Mobile Safari/537.36 (compatible; PetalBot;+https://webmaster.petalsearch.com/site/petalbot)"
20.171.207.119 - - [17/Jun/2025:20:31:26 +0800] "GET /?path=%2F%2Fopt%2Falt%2Falt-nodejs6%2Froot%2Fusr%2Fshare%2Flocale%2Fmoh HTTP/1.1" 200 87315 "-" "Mozilla/5.0 AppleWebKit/537.36 (KHTML, like Gecko; compatible; GPTBot/1.2; +https://openai.com/gptbot)"
20.171.207.161 - - [17/Jun/2025:20:31:28 +0800] "GET /sitepages/topic/2?path=%2F%2Fetc%2Falternatives%2Fjava_sdk_1.8.0_openjdk%2Ftapset HTTP/1.1" 200 60895 "-" "Mozilla/5.0 AppleWebKit/537.36 (KHTML, like Gecko; compatible; GPTBot/1.2; +https://openai.com/gptbot)"
20.171.207.119 - - [17/Jun/2025:20:31:30 +0800] "GET /?path=%2F%2Fopt%2Falt%2Falt-nodejs6%2Froot%2Fusr%2Fshare%2Flocale%2Fenm HTTP/1.1" 200 87323 "-" "Mozilla/5.0 AppleWebKit/537.36 (KHTML, like Gecko; compatible; GPTBot/1.2; +https://openai.com/gptbot)"
20.171.207.119 - - [17/Jun/2025:20:31:34 +0800] "GET /?path=%2F%2Fopt%2Falt%2Falt-nodejs6%2Froot%2Fusr%2Fshare%2Flocale%2Fsem HTTP/1.1" 200 87347 "-" "Mozilla/5.0 AppleWebKit/537.36 (KHTML, like Gecko; compatible; GPTBot/1.2; +https://openai.com/gptbot)"
20.171.207.161 - - [17/Jun/2025:20:31:35 +0800] "GET /sitepages/topic/2?path=%2F%2Fetc%2Falternatives%2Fjava_sdk_1.8.0%2Fjre%2Fbin HTTP/1.1" 200 63249 "-" "Mozilla/5.0 AppleWebKit/537.36 (KHTML, like Gecko; compatible; GPTBot/1.2; +https://openai.com/gptbot)"
20.171.207.161 - - [17/Jun/2025:20:31:37 +0800] "GET /sitepages/topic/2?path=%2F%2Fetc%2Falternatives%2Fjava_sdk_1.8.0%2Fjre%2Flib HTTP/1.1" 200 69049 "-" "Mozilla/5.0 AppleWebKit/537.36 (KHTML, like Gecko; compatible; GPTBot/1.2; +https://openai.com/gptbot)"
20.171.207.119 - - [17/Jun/2025:20:31:38 +0800] "GET /?path=%2F%2Fopt%2Falt%2Falt-nodejs8%2Froot%2Fusr%2Fshare%2Flocale%2Fnqo HTTP/1.1" 200 87323 "-" "Mozilla/5.0 AppleWebKit/537.36 (KHTML, like Gecko; compatible; GPTBot/1.2; +https://openai.com/gptbot)"
20.171.207.119 - - [17/Jun/2025:20:31:41 +0800] "GET /?path=%2F%2Fopt%2Falt%2Falt-nodejs6%2Froot%2Fusr%2Fshare%2Flocale%2Fijo HTTP/1.1" 200 87347 "-" "Mozilla/5.0 AppleWebKit/537.36 (KHTML, like Gecko; compatible; GPTBot/1.2; +https://openai.com/gptbot)"
20.171.207.161 - - [17/Jun/2025:20:31:48 +0800] "GET /sitepages/topic/2?action=edit&file=net.properties&path=%2F%2Fetc%2Falternatives%2Fjre_1.8.0_openjdk%2Flib HTTP/1.1" 200 65185 "-" "Mozilla/5.0 AppleWebKit/537.36 (KHTML, like Gecko; compatible; GPTBot/1.2; +https://openai.com/gptbot)"
20.171.207.119 - - [17/Jun/2025:20:31:49 +0800] "GET /?path=%2F%2Fopt%2Falt%2Falt-nodejs9%2Froot%2Fusr%2Fshare%2Flocale%2Fkok HTTP/1.1" 200 87339 "-" "Mozilla/5.0 AppleWebKit/537.36 (KHTML, like Gecko; compatible; GPTBot/1.2; +https://openai.com/gptbot)"
20.171.207.119 - - [17/Jun/2025:20:31:55 +0800] "GET /?path=%2F%2Fopt%2Falt%2Falt-nodejs8%2Froot%2Fusr%2Fshare%2Flocale%2Fnyo HTTP/1.1" 200 87323 "-" "Mozilla/5.0 AppleWebKit/537.36 (KHTML, like Gecko; compatible; GPTBot/1.2; +https://openai.com/gptbot)"
20.171.207.161 - - [17/Jun/2025:20:31:55 +0800] "GET /sitepages/topic/2?path=%2F%2Fetc%2Falternatives%2Fjre_1.8.0_openjdk%2Flib%2Fimages HTTP/1.1" 200 59627 "-" "Mozilla/5.0 AppleWebKit/537.36 (KHTML, like Gecko; compatible; GPTBot/1.2; +https://openai.com/gptbot)"
20.171.207.119 - - [17/Jun/2025:20:31:57 +0800] "GET /?path=%2F%2Fopt%2Falt%2Falt-nodejs6%2Froot%2Fusr%2Fshare%2Flocale%2Fyap HTTP/1.1" 200 87315 "-" "Mozilla/5.0 AppleWebKit/537.36 (KHTML, like Gecko; compatible; GPTBot/1.2; +https://openai.com/gptbot)"
20.171.207.161 - - [17/Jun/2025:20:31:57 +0800] "GET /sitepages/topic/2?path=%2F%2Fetc%2Falternatives%2Fjre_1.8.0_openjdk%2Flib%2Fext HTTP/1.1" 200 62741 "-" "Mozilla/5.0 AppleWebKit/537.36 (KHTML, like Gecko; compatible; GPTBot/1.2; +https://openai.com/gptbot)"
20.171.207.119 - - [17/Jun/2025:20:32:04 +0800] "GET /?path=%2F%2Fopt%2Falt%2Falt-nodejs9%2Froot%2Fusr%2Fshare%2Flocale%2Fmkh HTTP/1.1" 200 87331 "-" "Mozilla/5.0 AppleWebKit/537.36 (KHTML, like Gecko; compatible; GPTBot/1.2; +https://openai.com/gptbot)"
20.171.207.161 - - [17/Jun/2025:20:32:04 +0800] "GET /sitepages/topic/2?path=%2F%2Fetc%2Falternatives%2Fjava_sdk_1.8.0_openjdk%2Fjre%2Fbin HTTP/1.1" 200 63435 "-" "Mozilla/5.0 AppleWebKit/537.36 (KHTML, like Gecko; compatible; GPTBot/1.2; +https://openai.com/gptbot)"
20.171.207.161 - - [17/Jun/2025:20:32:09 +0800] "GET /sitepages/topic/2?path=%2F%2Fetc%2Falternatives%2Fjava_sdk_1.8.0_openjdk%2Fjre%2Flib HTTP/1.1" 200 69377 "-" "Mozilla/5.0 AppleWebKit/537.36 (KHTML, like Gecko; compatible; GPTBot/1.2; +https://openai.com/gptbot)"
20.171.207.119 - - [17/Jun/2025:20:32:10 +0800] "GET /?path=%2F%2Fopt%2Falt%2Falt-nodejs6%2Froot%2Fusr%2Fshare%2Flocale%2Fzun HTTP/1.1" 200 87315 "-" "Mozilla/5.0 AppleWebKit/537.36 (KHTML, like Gecko; compatible; GPTBot/1.2; +https://openai.com/gptbot)"
66.249.79.167 - - [17/Jun/2025:20:32:12 +0800] "GET /?shopdetail/15975498 HTTP/1.1" 200 91182 "-" "Mozilla/5.0 (Linux; Android 6.0.1; Nexus 5X Build/MMB29P) AppleWebKit/537.36 (KHTML, like Gecko) Chrome/136.0.7103.113 Mobile Safari/537.36 (compatible; Googlebot/2.1; +http://www.google.com/bot.html)"
20.171.207.161 - - [17/Jun/2025:20:32:15 +0800] "GET /sitepages/topic/2?path=%2F%2Fetc%2Falternatives%2Fjre_1.8.0_openjdk%2Flib%2Fmanagement HTTP/1.1" 200 60844 "-" "Mozilla/5.0 AppleWebKit/537.36 (KHTML, like Gecko; compatible; GPTBot/1.2; +https://openai.com/gptbot)"
20.171.207.119 - - [17/Jun/2025:20:32:20 +0800] "GET /?path=%2F%2Fopt%2Falt%2Falt-nodejs8%2Froot%2Fusr%2Fshare%2Flocale%2Fmno HTTP/1.1" 200 87323 "-" "Mozilla/5.0 AppleWebKit/537.36 (KHTML, like Gecko; compatible; GPTBot/1.2; +https://openai.com/gptbot)"
20.171.207.161 - - [17/Jun/2025:20:32:25 +0800] "GET /sitepages/topic/2?path=%2F%2Fetc%2Falternatives%2Fjre_1.8.0_openjdk%2Flib%2Fjfr HTTP/1.1" 200 60005 "-" "Mozilla/5.0 AppleWebKit/537.36 (KHTML, like Gecko; compatible; GPTBot/1.2; +https://openai.com/gptbot)"
