54.197.102.71 - - [17/Jun/2025:22:02:18 +0800] "GET /services/topic/16?path=//run HTTP/1.1" 200 83200 "-" "Mozilla/5.0 AppleWebKit/537.36 (KHTML, like Gecko; compatible; Amazonbot/0.1; +https://developer.amazon.com/support/amazonbot) Chrome/119.0.6045.214 Safari/537.36"
20.171.207.119 - - [17/Jun/2025:22:02:22 +0800] "GET /?action=edit&file=thresholds.xml&path=%2F%2Fopt%2Falt%2Falt-ImageMagick%2Fetc%2FImageMagick-7 HTTP/1.1" 200 99780 "-" "Mozilla/5.0 AppleWebKit/537.36 (KHTML, like Gecko; compatible; GPTBot/1.2; +https://openai.com/gptbot)"
52.200.142.199 - - [17/Jun/2025:22:02:23 +0800] "GET /services/topic/100?path=//lib HTTP/1.1" 200 76289 "-" "Mozilla/5.0 AppleWebKit/537.36 (KHTML, like Gecko; compatible; Amazonbot/0.1; +https://developer.amazon.com/support/amazonbot) Chrome/119.0.6045.214 Safari/537.36"
20.171.207.161 - - [17/Jun/2025:22:02:24 +0800] "GET /sitepages/topic/2?action=edit&file=LAPACK_free.3.gz&path=%2F%2Fusr%2Fshare%2Fman%2Fman3 HTTP/1.1" 200 58822 "-" "Mozilla/5.0 AppleWebKit/537.36 (KHTML, like Gecko; compatible; GPTBot/1.2; +https://openai.com/gptbot)"
34.192.67.98 - - [17/Jun/2025:22:02:26 +0800] "GET /blog/topic/97?path=/ HTTP/1.1" 200 61685 "-" "Mozilla/5.0 AppleWebKit/537.36 (KHTML, like Gecko; compatible; Amazonbot/0.1; +https://developer.amazon.com/support/amazonbot) Chrome/119.0.6045.214 Safari/537.36"
20.171.207.161 - - [17/Jun/2025:22:02:28 +0800] "GET /sitepages/topic/2?action=edit&file=LAPACKE_cggsvd3_work.3.gz&path=%2F%2Fusr%2Fshare%2Fman%2Fman3 HTTP/1.1" 200 58875 "-" "Mozilla/5.0 AppleWebKit/537.36 (KHTML, like Gecko; compatible; GPTBot/1.2; +https://openai.com/gptbot)"
3.212.205.90 - - [17/Jun/2025:22:02:31 +0800] "GET /cultural-tips?path=/home HTTP/1.1" 200 63522 "-" "Mozilla/5.0 AppleWebKit/537.36 (KHTML, like Gecko; compatible; Amazonbot/0.1; +https://developer.amazon.com/support/amazonbot) Chrome/119.0.6045.214 Safari/537.36"
20.171.207.119 - - [17/Jun/2025:22:02:34 +0800] "GET /?action=edit&file=npm-search.1.gz&path=%2F%2Fopt%2Falt%2Falt-nodejs9%2Froot%2Fusr%2Fshare%2Fman%2Fman1 HTTP/1.1" 200 88788 "-" "Mozilla/5.0 AppleWebKit/537.36 (KHTML, like Gecko; compatible; GPTBot/1.2; +https://openai.com/gptbot)"
20.171.207.119 - - [17/Jun/2025:22:02:37 +0800] "GET /?action=edit&file=npm-search.1.gz&path=%2F%2Fopt%2Falt%2Falt-nodejs8%2Froot%2Fusr%2Fshare%2Fman%2Fman1 HTTP/1.1" 200 88754 "-" "Mozilla/5.0 AppleWebKit/537.36 (KHTML, like Gecko; compatible; GPTBot/1.2; +https://openai.com/gptbot)"
20.171.207.161 - - [17/Jun/2025:22:02:39 +0800] "GET /sitepages/topic/2?action=edit&file=X509_LOOKUP_by_subject.3ssl.gz&path=%2F%2Fusr%2Fshare%2Fman%2Fman3 HTTP/1.1" 200 66272 "-" "Mozilla/5.0 AppleWebKit/537.36 (KHTML, like Gecko; compatible; GPTBot/1.2; +https://openai.com/gptbot)"
3.217.171.106 - - [17/Jun/2025:22:02:39 +0800] "GET /blog/topic/75?path=//tmp HTTP/1.1" 200 66702 "-" "Mozilla/5.0 AppleWebKit/537.36 (KHTML, like Gecko; compatible; Amazonbot/0.1; +https://developer.amazon.com/support/amazonbot) Chrome/119.0.6045.214 Safari/537.36"
52.73.142.41 - - [17/Jun/2025:22:02:42 +0800] "GET /blog?path=/home/zuuttrav/access-logs HTTP/1.1" 200 81025 "-" "Mozilla/5.0 AppleWebKit/537.36 (KHTML, like Gecko; compatible; Amazonbot/0.1; +https://developer.amazon.com/support/amazonbot) Chrome/119.0.6045.214 Safari/537.36"
3.224.215.150 - - [17/Jun/2025:22:02:44 +0800] "GET /contact?path=//lib64 HTTP/1.1" 200 510995 "-" "Mozilla/5.0 AppleWebKit/537.36 (KHTML, like Gecko; compatible; Amazonbot/0.1; +https://developer.amazon.com/support/amazonbot) Chrome/119.0.6045.214 Safari/537.36"
20.171.207.119 - - [17/Jun/2025:22:02:45 +0800] "GET /?action=edit&file=npm-search.1.gz&path=%2F%2Fopt%2Falt%2Falt-nodejs6%2Froot%2Fusr%2Fshare%2Fman%2Fman1 HTTP/1.1" 200 87625 "-" "Mozilla/5.0 AppleWebKit/537.36 (KHTML, like Gecko; compatible; GPTBot/1.2; +https://openai.com/gptbot)"
54.144.185.255 - - [17/Jun/2025:22:02:47 +0800] "GET /blog?path=/home/zuuttrav/logs HTTP/1.1" 200 91610 "-" "Mozilla/5.0 AppleWebKit/537.36 (KHTML, like Gecko; compatible; Amazonbot/0.1; +https://developer.amazon.com/support/amazonbot) Chrome/119.0.6045.214 Safari/537.36"
20.171.207.161 - - [17/Jun/2025:22:02:47 +0800] "GET /sitepages/topic/2?action=edit&file=d2i_ASN1_ENUMERATED.3ssl.gz&path=%2F%2Fusr%2Fshare%2Fman%2Fman3 HTTP/1.1" 200 71486 "-" "Mozilla/5.0 AppleWebKit/537.36 (KHTML, like Gecko; compatible; GPTBot/1.2; +https://openai.com/gptbot)"
20.171.207.119 - - [17/Jun/2025:22:02:50 +0800] "GET /?action=edit&file=install.5.gz&path=%2F%2Fopt%2Falt%2Falt-nodejs8%2Froot%2Flib%2Fnode_modules%2Fnpm%2Fman%2Fman5 HTTP/1.1" 200 88259 "-" "Mozilla/5.0 AppleWebKit/537.36 (KHTML, like Gecko; compatible; GPTBot/1.2; +https://openai.com/gptbot)"
34.234.206.30 - - [17/Jun/2025:22:02:51 +0800] "GET /welcome-to-mongolia?path=//usr HTTP/1.1" 200 85705 "-" "Mozilla/5.0 AppleWebKit/537.36 (KHTML, like Gecko; compatible; Amazonbot/0.1; +https://developer.amazon.com/support/amazonbot) Chrome/119.0.6045.214 Safari/537.36"
20.171.207.161 - - [17/Jun/2025:22:02:56 +0800] "GET /sitepages/topic/2?action=edit&file=BIO_ADDRINFO_address.3ssl.gz&path=%2F%2Fusr%2Fshare%2Fman%2Fman3 HTTP/1.1" 200 65019 "-" "Mozilla/5.0 AppleWebKit/537.36 (KHTML, like Gecko; compatible; GPTBot/1.2; +https://openai.com/gptbot)"
34.206.249.188 - - [17/Jun/2025:22:02:59 +0800] "GET /sitepages/topic/9?path=/home/zuuttrav/public_html/core/app HTTP/1.1" 200 86062 "-" "Mozilla/5.0 AppleWebKit/537.36 (KHTML, like Gecko; compatible; Amazonbot/0.1; +https://developer.amazon.com/support/amazonbot) Chrome/119.0.6045.214 Safari/537.36"
20.171.207.119 - - [17/Jun/2025:22:03:00 +0800] "GET /?path=%2F%2Fopt%2Falt%2Fphp-internal HTTP/1.1" 200 86671 "-" "Mozilla/5.0 AppleWebKit/537.36 (KHTML, like Gecko; compatible; GPTBot/1.2; +https://openai.com/gptbot)"
18.214.138.148 - - [17/Jun/2025:22:03:01 +0800] "GET /blog?path=/home/zuuttrav/.config HTTP/1.1" 200 79859 "-" "Mozilla/5.0 AppleWebKit/537.36 (KHTML, like Gecko; compatible; Amazonbot/0.1; +https://developer.amazon.com/support/amazonbot) Chrome/119.0.6045.214 Safari/537.36"
66.249.79.167 - - [17/Jun/2025:22:03:03 +0800] "GET /?shopdetail/13073232 HTTP/1.1" 200 91197 "-" "Mozilla/5.0 (Linux; Android 6.0.1; Nexus 5X Build/MMB29P) AppleWebKit/537.36 (KHTML, like Gecko) Chrome/136.0.7103.113 Mobile Safari/537.36 (compatible; Googlebot/2.1; +http://www.google.com/bot.html)"
3.94.40.182 - - [17/Jun/2025:22:03:03 +0800] "GET /services/topic/8?path=/home/zuuttrav/php HTTP/1.1" 200 83036 "-" "Mozilla/5.0 AppleWebKit/537.36 (KHTML, like Gecko; compatible; Amazonbot/0.1; +https://developer.amazon.com/support/amazonbot) Chrome/119.0.6045.214 Safari/537.36"
20.171.207.119 - - [17/Jun/2025:22:03:03 +0800] "GET /?path=%2F%2Fopt%2Falt%2Falt-nodejs6%2Froot%2Fusr%2Fshare%2Flocale%2Fca%40valencia%2FLC_MESSAGES HTTP/1.1" 200 87210 "-" "Mozilla/5.0 AppleWebKit/537.36 (KHTML, like Gecko; compatible; GPTBot/1.2; +https://openai.com/gptbot)"
20.171.207.161 - - [17/Jun/2025:22:03:04 +0800] "GET /sitepages/topic/2?action=edit&file=GENERAL_NAME_free.3ssl.gz&path=%2F%2Fusr%2Fshare%2Fman%2Fman3 HTTP/1.1" 200 66224 "-" "Mozilla/5.0 AppleWebKit/537.36 (KHTML, like Gecko; compatible; GPTBot/1.2; +https://openai.com/gptbot)"
20.171.207.161 - - [17/Jun/2025:22:03:07 +0800] "GET /sitepages/topic/2?action=edit&file=BIO_ADDRINFO_protocol.3ssl.gz&path=%2F%2Fusr%2Fshare%2Fman%2Fman3 HTTP/1.1" 200 65024 "-" "Mozilla/5.0 AppleWebKit/537.36 (KHTML, like Gecko; compatible; GPTBot/1.2; +https://openai.com/gptbot)"
35.169.240.53 - - [17/Jun/2025:22:03:07 +0800] "GET /blog/topic/75?path=/home/zuuttrav/public_html/assets/file-manager HTTP/1.1" 200 61118 "-" "Mozilla/5.0 AppleWebKit/537.36 (KHTML, like Gecko; compatible; Amazonbot/0.1; +https://developer.amazon.com/support/amazonbot) Chrome/119.0.6045.214 Safari/537.36"
52.204.253.129 - - [17/Jun/2025:22:03:11 +0800] "GET /blog/topic/75?path=/home/zuuttrav/public_html/assets/installer HTTP/1.1" 200 60968 "-" "Mozilla/5.0 AppleWebKit/537.36 (KHTML, like Gecko; compatible; Amazonbot/0.1; +https://developer.amazon.com/support/amazonbot) Chrome/119.0.6045.214 Safari/537.36"
20.171.207.119 - - [17/Jun/2025:22:03:15 +0800] "GET /?action=edit&file=npm-view.1.gz&path=%2F%2Fopt%2Falt%2Falt-nodejs9%2Froot%2Flib%2Fnode_modules%2Fnpm%2Fman%2Fman1 HTTP/1.1" 200 88796 "-" "Mozilla/5.0 AppleWebKit/537.36 (KHTML, like Gecko; compatible; GPTBot/1.2; +https://openai.com/gptbot)"
20.171.207.119 - - [17/Jun/2025:22:03:18 +0800] "GET /?action=edit&file=npm-view.1.gz&path=%2F%2Fopt%2Falt%2Falt-nodejs6%2Froot%2Flib%2Fnode_modules%2Fnpm%2Fman%2Fman1 HTTP/1.1" 200 88880 "-" "Mozilla/5.0 AppleWebKit/537.36 (KHTML, like Gecko; compatible; GPTBot/1.2; +https://openai.com/gptbot)"
20.171.207.161 - - [17/Jun/2025:22:03:18 +0800] "GET /sitepages/topic/2?action=edit&file=LAPACKE_che_nancheck.3.gz&path=%2F%2Fusr%2Fshare%2Fman%2Fman3 HTTP/1.1" 200 58906 "-" "Mozilla/5.0 AppleWebKit/537.36 (KHTML, like Gecko; compatible; GPTBot/1.2; +https://openai.com/gptbot)"
114.119.133.103 - - [17/Jun/2025:22:03:19 +0800] "GET /services/topic/77?action=edit&file=zuuttravel.com-May-2022.gz&path=/home/zuuttrav/logs HTTP/1.1" 200 605853 "https://zuuttravel.com/services/topic/77?path=/home/zuuttrav/logs" "Mozilla/5.0 (Linux; Android 7.0;) AppleWebKit/537.36 (KHTML, like Gecko) Mobile Safari/537.36 (compatible; PetalBot;+https://webmaster.petalsearch.com/site/petalbot)"
185.191.171.10 - - [17/Jun/2025:22:03:20 +0800] "GET /northern-mongolia-1/topic/54 HTTP/1.1" 200 65192 "-" "Mozilla/5.0 (compatible; SemrushBot/7~bl; +http://www.semrush.com/bot.html)"
34.194.95.99 - - [17/Jun/2025:22:03:21 +0800] "GET /welcome-to-mongolia?path=/home/zuuttrav/www HTTP/1.1" 200 88768 "-" "Mozilla/5.0 AppleWebKit/537.36 (KHTML, like Gecko; compatible; Amazonbot/0.1; +https://developer.amazon.com/support/amazonbot) Chrome/119.0.6045.214 Safari/537.36"
23.23.99.55 - - [17/Jun/2025:22:03:23 +0800] "GET /services/topic/16?path=/home/zuuttrav/www HTTP/1.1" 200 88064 "-" "Mozilla/5.0 AppleWebKit/537.36 (KHTML, like Gecko; compatible; Amazonbot/0.1; +https://developer.amazon.com/support/amazonbot) Chrome/119.0.6045.214 Safari/537.36"
20.171.207.119 - - [17/Jun/2025:22:03:24 +0800] "GET /?action=edit&file=npm-view.1.gz&path=%2F%2Fopt%2Falt%2Falt-nodejs8%2Froot%2Flib%2Fnode_modules%2Fnpm%2Fman%2Fman1 HTTP/1.1" 200 88829 "-" "Mozilla/5.0 AppleWebKit/537.36 (KHTML, like Gecko; compatible; GPTBot/1.2; +https://openai.com/gptbot)"
44.221.180.179 - - [17/Jun/2025:22:03:25 +0800] "GET /topic/about?path=/home/zuuttrav/public_html/assets HTTP/1.1" 200 63558 "-" "Mozilla/5.0 AppleWebKit/537.36 (KHTML, like Gecko; compatible; Amazonbot/0.1; +https://developer.amazon.com/support/amazonbot) Chrome/119.0.6045.214 Safari/537.36"
20.171.207.161 - - [17/Jun/2025:22:03:26 +0800] "GET /sitepages/topic/2?action=edit&file=XkbSetModActionVMods.3.gz&path=%2F%2Fusr%2Fshare%2Fman%2Fman3 HTTP/1.1" 200 60806 "-" "Mozilla/5.0 AppleWebKit/537.36 (KHTML, like Gecko; compatible; GPTBot/1.2; +https://openai.com/gptbot)"
100.29.155.89 - - [17/Jun/2025:22:03:26 +0800] "GET /services/topic/8?path=/home/zuuttrav/public_html/core/routes HTTP/1.1" 200 83854 "-" "Mozilla/5.0 AppleWebKit/537.36 (KHTML, like Gecko; compatible; Amazonbot/0.1; +https://developer.amazon.com/support/amazonbot) Chrome/119.0.6045.214 Safari/537.36"
20.171.207.119 - - [17/Jun/2025:22:03:30 +0800] "GET /?action=edit&file=shrinkwrap-json.5.gz&path=%2F%2Fopt%2Falt%2Falt-nodejs8%2Froot%2Fusr%2Fshare%2Fman%2Fman5 HTTP/1.1" 200 87415 "-" "Mozilla/5.0 AppleWebKit/537.36 (KHTML, like Gecko; compatible; GPTBot/1.2; +https://openai.com/gptbot)"
34.206.212.24 - - [17/Jun/2025:22:03:31 +0800] "GET /welcome-to-mongolia?path=/home/zuuttrav/public_html/core/resources HTTP/1.1" 200 85301 "-" "Mozilla/5.0 AppleWebKit/537.36 (KHTML, like Gecko; compatible; Amazonbot/0.1; +https://developer.amazon.com/support/amazonbot) Chrome/119.0.6045.214 Safari/537.36"
20.171.207.161 - - [17/Jun/2025:22:03:33 +0800] "GET /sitepages/topic/2?action=edit&file=xfs.5.gz&path=%2F%2Fusr%2Fshare%2Fman%2Fman5 HTTP/1.1" 200 67715 "-" "Mozilla/5.0 AppleWebKit/537.36 (KHTML, like Gecko; compatible; GPTBot/1.2; +https://openai.com/gptbot)"
44.194.139.149 - - [17/Jun/2025:22:03:36 +0800] "GET /services/topic/101?path=/home/zuuttrav/public_html/core/resources HTTP/1.1" 200 67429 "-" "Mozilla/5.0 AppleWebKit/537.36 (KHTML, like Gecko; compatible; Amazonbot/0.1; +https://developer.amazon.com/support/amazonbot) Chrome/119.0.6045.214 Safari/537.36"
20.171.207.161 - - [17/Jun/2025:22:03:36 +0800] "GET /sitepages/topic/2?action=edit&file=javap-java-1.8.0-openjdk-1.8.0.452.b09-2.el8.x86_64.1.gz&path=%2F%2Fusr%2Fshare%2Fman%2Fman1 HTTP/1.1" 200 64346 "-" "Mozilla/5.0 AppleWebKit/537.36 (KHTML, like Gecko; compatible; GPTBot/1.2; +https://openai.com/gptbot)"
20.171.207.119 - - [17/Jun/2025:22:03:36 +0800] "GET /?action=edit&file=package-lock-json.5.gz&path=%2F%2Fopt%2Falt%2Falt-nodejs8%2Froot%2Flib%2Fnode_modules%2Fnpm%2Fman%2Fman5 HTTP/1.1" 200 90524 "-" "Mozilla/5.0 AppleWebKit/537.36 (KHTML, like Gecko; compatible; GPTBot/1.2; +https://openai.com/gptbot)"
44.218.6.93 - - [17/Jun/2025:22:03:40 +0800] "GET /blog/topic/74?action=edit&file=.bashrc&path=/home/zuuttrav HTTP/1.1" 403 66313 "-" "Mozilla/5.0 AppleWebKit/537.36 (KHTML, like Gecko; compatible; Amazonbot/0.1; +https://developer.amazon.com/support/amazonbot) Chrome/119.0.6045.214 Safari/537.36"
20.171.207.119 - - [17/Jun/2025:22:03:41 +0800] "GET /?action=edit&file=package-lock.json.5.gz&path=%2F%2Fopt%2Falt%2Falt-nodejs9%2Froot%2Flib%2Fnode_modules%2Fnpm%2Fman%2Fman5 HTTP/1.1" 200 90341 "-" "Mozilla/5.0 AppleWebKit/537.36 (KHTML, like Gecko; compatible; GPTBot/1.2; +https://openai.com/gptbot)"
20.171.207.161 - - [17/Jun/2025:22:03:47 +0800] "GET /sitepages/topic/2?action=edit&file=XContextDependentDrawing.3.gz&path=%2F%2Fusr%2Fshare%2Fman%2Fman3 HTTP/1.1" 200 58907 "-" "Mozilla/5.0 AppleWebKit/537.36 (KHTML, like Gecko; compatible; GPTBot/1.2; +https://openai.com/gptbot)"
54.204.62.163 - - [17/Jun/2025:22:03:48 +0800] "GET /blog/topic/80?action=edit&file=smtp_wss&path=/home/zuuttrav/public_html HTTP/1.1" 200 62518 "-" "Mozilla/5.0 AppleWebKit/537.36 (KHTML, like Gecko; compatible; Amazonbot/0.1; +https://developer.amazon.com/support/amazonbot) Chrome/119.0.6045.214 Safari/537.36"
20.171.207.161 - - [17/Jun/2025:22:03:50 +0800] "GET /sitepages/topic/2?action=edit&file=ssytf2_rk.3.gz&path=%2F%2Fusr%2Fshare%2Fman%2Fman3 HTTP/1.1" 200 58807 "-" "Mozilla/5.0 AppleWebKit/537.36 (KHTML, like Gecko; compatible; GPTBot/1.2; +https://openai.com/gptbot)"
3.220.148.166 - - [17/Jun/2025:22:03:50 +0800] "GET /blog/topic/79?action=edit&file=.spamassassinenable&path=/home/zuuttrav HTTP/1.1" 200 62877 "-" "Mozilla/5.0 AppleWebKit/537.36 (KHTML, like Gecko; compatible; Amazonbot/0.1; +https://developer.amazon.com/support/amazonbot) Chrome/119.0.6045.214 Safari/537.36"
20.171.207.119 - - [17/Jun/2025:22:03:51 +0800] "GET /?action=edit&file=package-json.5.gz&path=%2F%2Fopt%2Falt%2Falt-nodejs8%2Froot%2Flib%2Fnode_modules%2Fnpm%2Fman%2Fman5 HTTP/1.1" 200 105365 "-" "Mozilla/5.0 AppleWebKit/537.36 (KHTML, like Gecko; compatible; GPTBot/1.2; +https://openai.com/gptbot)"
3.219.81.66 - - [17/Jun/2025:22:03:54 +0800] "GET /services/topic/16?path=/home/zuuttrav/public_html/assets/frontend HTTP/1.1" 200 84687 "-" "Mozilla/5.0 AppleWebKit/537.36 (KHTML, like Gecko; compatible; Amazonbot/0.1; +https://developer.amazon.com/support/amazonbot) Chrome/119.0.6045.214 Safari/537.36"
20.171.207.161 - - [17/Jun/2025:22:03:56 +0800] "GET /sitepages/topic/2?action=edit&file=Pod%3A%3AHtml.3pm.gz&path=%2F%2Fusr%2Fshare%2Fman%2Fman3 HTTP/1.1" 200 65527 "-" "Mozilla/5.0 AppleWebKit/537.36 (KHTML, like Gecko; compatible; GPTBot/1.2; +https://openai.com/gptbot)"
20.171.207.119 - - [17/Jun/2025:22:03:58 +0800] "GET /?action=edit&file=CODEOWNERS&path=%2F%2Fopt%2Falt%2Falt-nodejs9%2Froot%2Flib%2Fnode_modules%2Fnpm%2F.github HTTP/1.1" 200 86274 "-" "Mozilla/5.0 AppleWebKit/537.36 (KHTML, like Gecko; compatible; GPTBot/1.2; +https://openai.com/gptbot)"
34.234.200.207 - - [17/Jun/2025:22:03:59 +0800] "GET /blog/topic/95?action=edit&file=favicon.ico&path=/home/zuuttrav/public_html HTTP/1.1" 200 65195 "-" "Mozilla/5.0 AppleWebKit/537.36 (KHTML, like Gecko; compatible; Amazonbot/0.1; +https://developer.amazon.com/support/amazonbot) Chrome/119.0.6045.214 Safari/537.36"
20.171.207.161 - - [17/Jun/2025:22:04:02 +0800] "GET /sitepages/topic/2?action=edit&file=cgbtf2.f.3.gz&path=%2F%2Fusr%2Fshare%2Fman%2Fman3 HTTP/1.1" 200 61700 "-" "Mozilla/5.0 AppleWebKit/537.36 (KHTML, like Gecko; compatible; GPTBot/1.2; +https://openai.com/gptbot)"
20.171.207.119 - - [17/Jun/2025:22:04:06 +0800] "GET /?path=%2F%2Fopt%2Falt%2Fphp71%2Fetc%2Fphp-fpm.d HTTP/1.1" 200 87106 "-" "Mozilla/5.0 AppleWebKit/537.36 (KHTML, like Gecko; compatible; GPTBot/1.2; +https://openai.com/gptbot)"
20.171.207.161 - - [17/Jun/2025:22:04:07 +0800] "GET /sitepages/topic/2?action=edit&file=lapacke_zgeqrt3.c.3.gz&path=%2F%2Fusr%2Fshare%2Fman%2Fman3 HTTP/1.1" 200 59495 "-" "Mozilla/5.0 AppleWebKit/537.36 (KHTML, like Gecko; compatible; GPTBot/1.2; +https://openai.com/gptbot)"
100.24.167.60 - - [17/Jun/2025:22:04:08 +0800] "GET /services/topic/101?path=/home/zuuttrav/public_html/uploads/banners HTTP/1.1" 200 71732 "-" "Mozilla/5.0 AppleWebKit/537.36 (KHTML, like Gecko; compatible; Amazonbot/0.1; +https://developer.amazon.com/support/amazonbot) Chrome/119.0.6045.214 Safari/537.36"
20.171.207.161 - - [17/Jun/2025:22:04:12 +0800] "GET /sitepages/topic/2?action=edit&file=zher2k.3.gz&path=%2F%2Fusr%2Fshare%2Fman%2Fman3 HTTP/1.1" 200 58779 "-" "Mozilla/5.0 AppleWebKit/537.36 (KHTML, like Gecko; compatible; GPTBot/1.2; +https://openai.com/gptbot)"
66.249.79.167 - - [17/Jun/2025:22:04:12 +0800] "GET /?shopdetail/25940887 HTTP/1.1" 200 91182 "-" "Mozilla/5.0 (compatible; Googlebot/2.1; +http://www.google.com/bot.html)"
35.168.238.50 - - [17/Jun/2025:22:04:13 +0800] "GET /services/topic/100?path=/home/zuuttrav/public_html/core/vendor HTTP/1.1" 200 79547 "-" "Mozilla/5.0 AppleWebKit/537.36 (KHTML, like Gecko; compatible; Amazonbot/0.1; +https://developer.amazon.com/support/amazonbot) Chrome/119.0.6045.214 Safari/537.36"
20.171.207.119 - - [17/Jun/2025:22:04:14 +0800] "GET /?path=%2F%2Fopt%2Falt%2Fphp-internal HTTP/1.1" 200 86655 "-" "Mozilla/5.0 AppleWebKit/537.36 (KHTML, like Gecko; compatible; GPTBot/1.2; +https://openai.com/gptbot)"
34.235.239.240 - - [17/Jun/2025:22:04:14 +0800] "GET /contact?action=edit&file=.wget-hsts&path=/home/zuuttrav HTTP/1.1" 200 64689 "-" "Mozilla/5.0 AppleWebKit/537.36 (KHTML, like Gecko; compatible; Amazonbot/0.1; +https://developer.amazon.com/support/amazonbot) Chrome/119.0.6045.214 Safari/537.36"
34.231.118.144 - - [17/Jun/2025:22:04:15 +0800] "GET /blog/topic/81?action=edit&file=gxq.txt&path=/home/zuuttrav/public_html HTTP/1.1" 200 59695 "-" "Mozilla/5.0 AppleWebKit/537.36 (KHTML, like Gecko; compatible; Amazonbot/0.1; +https://developer.amazon.com/support/amazonbot) Chrome/119.0.6045.214 Safari/537.36"
20.171.207.161 - - [17/Jun/2025:22:04:21 +0800] "GET /sitepages/topic/2?action=edit&file=dorbdb3.3.gz&path=%2F%2Fusr%2Fshare%2Fman%2Fman3 HTTP/1.1" 200 58777 "-" "Mozilla/5.0 AppleWebKit/537.36 (KHTML, like Gecko; compatible; GPTBot/1.2; +https://openai.com/gptbot)"
20.171.207.119 - - [17/Jun/2025:22:04:22 +0800] "GET /?path=%2F%2Fopt%2Falt%2Flibzip HTTP/1.1" 200 86863 "-" "Mozilla/5.0 AppleWebKit/537.36 (KHTML, like Gecko; compatible; GPTBot/1.2; +https://openai.com/gptbot)"
107.22.208.39 - - [17/Jun/2025:22:04:22 +0800] "GET /services/topic/16?action=edit&file=.contactemail&path=/home/zuuttrav HTTP/1.1" 200 82699 "-" "Mozilla/5.0 AppleWebKit/537.36 (KHTML, like Gecko; compatible; Amazonbot/0.1; +https://developer.amazon.com/support/amazonbot) Chrome/119.0.6045.214 Safari/537.36"
18.214.138.148 - - [17/Jun/2025:22:04:24 +0800] "GET /services/topic/8?action=edit&file=.spamassassinboxenable&path=/home/zuuttrav HTTP/1.1" 200 80765 "-" "Mozilla/5.0 AppleWebKit/537.36 (KHTML, like Gecko; compatible; Amazonbot/0.1; +https://developer.amazon.com/support/amazonbot) Chrome/119.0.6045.214 Safari/537.36"
20.171.207.161 - - [17/Jun/2025:22:04:24 +0800] "GET /sitepages/topic/2?action=edit&file=lapacke_dgeqrt3.c.3.gz&path=%2F%2Fusr%2Fshare%2Fman%2Fman3 HTTP/1.1" 200 59502 "-" "Mozilla/5.0 AppleWebKit/537.36 (KHTML, like Gecko; compatible; GPTBot/1.2; +https://openai.com/gptbot)"
20.171.207.119 - - [17/Jun/2025:22:04:25 +0800] "GET /?path=%2F%2Fopt%2Falt%2Falt-nodejs8%2Froot%2Fetc%2Fopt HTTP/1.1" 200 86850 "-" "Mozilla/5.0 AppleWebKit/537.36 (KHTML, like Gecko; compatible; GPTBot/1.2; +https://openai.com/gptbot)"
20.171.207.119 - - [17/Jun/2025:22:04:32 +0800] "GET /?action=edit&file=npm-view.1.gz&path=%2F%2Fopt%2Falt%2Falt-nodejs6%2Froot%2Flib%2Fnode_modules%2Fnpm%2Fman%2Fman1 HTTP/1.1" 200 88864 "-" "Mozilla/5.0 AppleWebKit/537.36 (KHTML, like Gecko; compatible; GPTBot/1.2; +https://openai.com/gptbot)"
34.227.234.246 - - [17/Jun/2025:22:04:36 +0800] "GET /services/topic/8?path=/home/zuuttrav/public_html/.well-known/pki-validation HTTP/1.1" 200 82061 "-" "Mozilla/5.0 AppleWebKit/537.36 (KHTML, like Gecko; compatible; Amazonbot/0.1; +https://developer.amazon.com/support/amazonbot) Chrome/119.0.6045.214 Safari/537.36"
3.224.104.67 - - [17/Jun/2025:22:04:36 +0800] "GET /cultural-tips?action=edit&file=unizuut.mn.zip&path=/home/zuuttrav/public_html HTTP/1.1" 499 0 "-" "Mozilla/5.0 AppleWebKit/537.36 (KHTML, like Gecko; compatible; Amazonbot/0.1; +https://developer.amazon.com/support/amazonbot) Chrome/119.0.6045.214 Safari/537.36"
20.171.207.119 - - [17/Jun/2025:22:04:40 +0800] "GET /?path=%2F%2Fopt%2Falt%2Falt-nodejs8%2Froot%2Fusr%2Fetc HTTP/1.1" 200 86873 "-" "Mozilla/5.0 AppleWebKit/537.36 (KHTML, like Gecko; compatible; GPTBot/1.2; +https://openai.com/gptbot)"
20.171.207.161 - - [17/Jun/2025:22:04:41 +0800] "GET /sitepages/topic/2?action=edit&file=ztgsy2.3.gz&path=%2F%2Fusr%2Fshare%2Fman%2Fman3 HTTP/1.1" 200 58772 "-" "Mozilla/5.0 AppleWebKit/537.36 (KHTML, like Gecko; compatible; GPTBot/1.2; +https://openai.com/gptbot)"
35.168.238.50 - - [17/Jun/2025:22:04:41 +0800] "GET /services/topic/102?action=edit&file=mix-manifest.json&path=/home/zuuttrav/public_html HTTP/1.1" 200 65745 "-" "Mozilla/5.0 AppleWebKit/537.36 (KHTML, like Gecko; compatible; Amazonbot/0.1; +https://developer.amazon.com/support/amazonbot) Chrome/119.0.6045.214 Safari/537.36"
54.159.98.248 - - [17/Jun/2025:22:04:43 +0800] "GET /services/topic/101?action=edit&file=.htaccess&path=/home/zuuttrav/public_html/core HTTP/1.1" 200 65888 "-" "Mozilla/5.0 AppleWebKit/537.36 (KHTML, like Gecko; compatible; Amazonbot/0.1; +https://developer.amazon.com/support/amazonbot) Chrome/119.0.6045.214 Safari/537.36"
3.215.59.93 - - [17/Jun/2025:22:04:43 +0800] "GET /services/topic/101?action=edit&file=.editorconfig&path=/home/zuuttrav/public_html/core HTTP/1.1" 200 65906 "-" "Mozilla/5.0 AppleWebKit/537.36 (KHTML, like Gecko; compatible; Amazonbot/0.1; +https://developer.amazon.com/support/amazonbot) Chrome/119.0.6045.214 Safari/537.36"
20.171.207.119 - - [17/Jun/2025:22:04:45 +0800] "GET /?path=%2F%2Fopt%2Falt%2Falt-nodejs8%2Froot%2Fvar%2Ftmp HTTP/1.1" 200 86849 "-" "Mozilla/5.0 AppleWebKit/537.36 (KHTML, like Gecko; compatible; GPTBot/1.2; +https://openai.com/gptbot)"
20.171.207.161 - - [17/Jun/2025:22:04:45 +0800] "GET /sitepages/topic/2?action=edit&file=IO%3A%3AHandle.3pm.gz&path=%2F%2Fusr%2Fshare%2Fman%2Fman3 HTTP/1.1" 200 69471 "-" "Mozilla/5.0 AppleWebKit/537.36 (KHTML, like Gecko; compatible; GPTBot/1.2; +https://openai.com/gptbot)"
20.171.207.119 - - [17/Jun/2025:22:04:51 +0800] "GET /?path=%2F%2Fopt%2Falt%2Falt-nodejs6%2Froot%2Fusr%2Ftmp HTTP/1.1" 200 86849 "-" "Mozilla/5.0 AppleWebKit/537.36 (KHTML, like Gecko; compatible; GPTBot/1.2; +https://openai.com/gptbot)"
54.83.56.1 - - [17/Jun/2025:22:04:52 +0800] "GET /welcome-to-mongolia?action=edit&file=package.json&path=/home/zuuttrav/public_html/core HTTP/1.1" 200 84058 "-" "Mozilla/5.0 AppleWebKit/537.36 (KHTML, like Gecko; compatible; Amazonbot/0.1; +https://developer.amazon.com/support/amazonbot) Chrome/119.0.6045.214 Safari/537.36"
20.171.207.161 - - [17/Jun/2025:22:04:58 +0800] "GET /sitepages/topic/2?action=edit&file=zsytf2_rk.f.3.gz&path=%2F%2Fusr%2Fshare%2Fman%2Fman3 HTTP/1.1" 200 63453 "-" "Mozilla/5.0 AppleWebKit/537.36 (KHTML, like Gecko; compatible; GPTBot/1.2; +https://openai.com/gptbot)"
20.171.207.119 - - [17/Jun/2025:22:05:01 +0800] "GET /?path=%2F%2Fopt%2Falt%2Falt-nodejs9%2Froot%2Fvar%2Ftmp HTTP/1.1" 200 86857 "-" "Mozilla/5.0 AppleWebKit/537.36 (KHTML, like Gecko; compatible; GPTBot/1.2; +https://openai.com/gptbot)"
114.119.157.103 - - [17/Jun/2025:22:05:08 +0800] "GET /services/topic/77?action=edit&file=zuuttravel.com-Jun-2025.gz&path=/home/zuuttrav/logs HTTP/1.1" 200 71586 "https://zuuttravel.com/services/topic/77?path=/home/zuuttrav/logs" "Mozilla/5.0 (Linux; Android 7.0;) AppleWebKit/537.36 (KHTML, like Gecko) Mobile Safari/537.36 (compatible; PetalBot;+https://webmaster.petalsearch.com/site/petalbot)"
20.171.207.161 - - [17/Jun/2025:22:05:09 +0800] "GET /sitepages/topic/2?action=edit&file=lapacke_sgetf2.c.3.gz&path=%2F%2Fusr%2Fshare%2Fman%2Fman3 HTTP/1.1" 200 59469 "-" "Mozilla/5.0 AppleWebKit/537.36 (KHTML, like Gecko; compatible; GPTBot/1.2; +https://openai.com/gptbot)"
20.171.207.119 - - [17/Jun/2025:22:05:11 +0800] "GET /?path=%2F%2Fopt%2Falt%2Falt-nodejs8%2Froot%2Fvar%2Flog HTTP/1.1" 200 86849 "-" "Mozilla/5.0 AppleWebKit/537.36 (KHTML, like Gecko; compatible; GPTBot/1.2; +https://openai.com/gptbot)"
20.171.207.161 - - [17/Jun/2025:22:05:16 +0800] "GET /sitepages/topic/2?action=edit&file=dsytrs2.f.3.gz&path=%2F%2Fusr%2Fshare%2Fman%2Fman3 HTTP/1.1" 200 61126 "-" "Mozilla/5.0 AppleWebKit/537.36 (KHTML, like Gecko; compatible; GPTBot/1.2; +https://openai.com/gptbot)"
20.171.207.119 - - [17/Jun/2025:22:05:19 +0800] "GET /?path=%2F%2Fopt%2Falt%2Falt-nodejs6%2Froot%2Fusr%2Fsrc HTTP/1.1" 200 87373 "-" "Mozilla/5.0 AppleWebKit/537.36 (KHTML, like Gecko; compatible; GPTBot/1.2; +https://openai.com/gptbot)"
20.171.207.119 - - [17/Jun/2025:22:05:22 +0800] "GET /?path=%2F%2Fopt%2Falt%2Falt-nodejs8%2Froot%2Fusr%2Fsrc HTTP/1.1" 200 87381 "-" "Mozilla/5.0 AppleWebKit/537.36 (KHTML, like Gecko; compatible; GPTBot/1.2; +https://openai.com/gptbot)"
20.171.207.161 - - [17/Jun/2025:22:05:25 +0800] "GET /sitepages/topic/2?action=edit&file=slaqp2.f.3.gz&path=%2F%2Fusr%2Fshare%2Fman%2Fman3 HTTP/1.1" 200 61145 "-" "Mozilla/5.0 AppleWebKit/537.36 (KHTML, like Gecko; compatible; GPTBot/1.2; +https://openai.com/gptbot)"
20.171.207.161 - - [17/Jun/2025:22:05:32 +0800] "GET /sitepages/topic/2?action=edit&file=pcre2_substring_get_byname.3.gz&path=%2F%2Fusr%2Fshare%2Fman%2Fman3 HTTP/1.1" 200 60443 "-" "Mozilla/5.0 AppleWebKit/537.36 (KHTML, like Gecko; compatible; GPTBot/1.2; +https://openai.com/gptbot)"
20.171.207.119 - - [17/Jun/2025:22:05:34 +0800] "GET /?path=%2F%2Fopt%2Falt%2Falt-nodejs6%2Froot%2Fvar%2Fadm HTTP/1.1" 200 86857 "-" "Mozilla/5.0 AppleWebKit/537.36 (KHTML, like Gecko; compatible; GPTBot/1.2; +https://openai.com/gptbot)"
20.171.207.119 - - [17/Jun/2025:22:05:42 +0800] "GET /?path=%2F%2Fopt%2Falt%2Flibzip HTTP/1.1" 200 86871 "-" "Mozilla/5.0 AppleWebKit/537.36 (KHTML, like Gecko; compatible; GPTBot/1.2; +https://openai.com/gptbot)"
20.171.207.161 - - [17/Jun/2025:22:05:44 +0800] "GET /sitepages/topic/2?action=edit&file=Filter%3A%3Adecrypt.3pm.gz&path=%2F%2Fusr%2Fshare%2Fman%2Fman3 HTTP/1.1" 200 63342 "-" "Mozilla/5.0 AppleWebKit/537.36 (KHTML, like Gecko; compatible; GPTBot/1.2; +https://openai.com/gptbot)"
20.171.207.119 - - [17/Jun/2025:22:05:45 +0800] "GET /?path=%2F%2Fopt%2Falt%2Falt-nodejs6%2Froot%2Fvar%2Fopt HTTP/1.1" 200 86849 "-" "Mozilla/5.0 AppleWebKit/537.36 (KHTML, like Gecko; compatible; GPTBot/1.2; +https://openai.com/gptbot)"
20.171.207.161 - - [17/Jun/2025:22:05:46 +0800] "GET /sitepages/topic/2?action=edit&file=BIO_get_conn_address.3ssl.gz&path=%2F%2Fusr%2Fshare%2Fman%2Fman3 HTTP/1.1" 200 67211 "-" "Mozilla/5.0 AppleWebKit/537.36 (KHTML, like Gecko; compatible; GPTBot/1.2; +https://openai.com/gptbot)"
20.171.207.161 - - [17/Jun/2025:22:05:53 +0800] "GET /sitepages/topic/2?action=edit&file=Tcl_UtfCharComplete.3.gz&path=%2F%2Fusr%2Fshare%2Fman%2Fman3 HTTP/1.1" 200 68544 "-" "Mozilla/5.0 AppleWebKit/537.36 (KHTML, like Gecko; compatible; GPTBot/1.2; +https://openai.com/gptbot)"
20.171.207.119 - - [17/Jun/2025:22:05:57 +0800] "GET /?path=%2F%2Fopt%2Falt%2Falt-nodejs6%2Froot%2Fusr%2Fetc HTTP/1.1" 200 86849 "-" "Mozilla/5.0 AppleWebKit/537.36 (KHTML, like Gecko; compatible; GPTBot/1.2; +https://openai.com/gptbot)"
20.171.207.161 - - [17/Jun/2025:22:05:58 +0800] "GET /sitepages/topic/2?action=edit&file=TLS_server_method.3ssl.gz&path=%2F%2Fusr%2Fshare%2Fman%2Fman3 HTTP/1.1" 200 66842 "-" "Mozilla/5.0 AppleWebKit/537.36 (KHTML, like Gecko; compatible; GPTBot/1.2; +https://openai.com/gptbot)"
20.171.207.119 - - [17/Jun/2025:22:06:00 +0800] "GET /?path=%2F%2Fopt%2Falt%2Flibzip%2Fusr HTTP/1.1" 200 87178 "-" "Mozilla/5.0 AppleWebKit/537.36 (KHTML, like Gecko; compatible; GPTBot/1.2; +https://openai.com/gptbot)"
20.171.207.161 - - [17/Jun/2025:22:06:04 +0800] "GET /sitepages/topic/2?action=edit&file=XtGetErrorDatabase.3.gz&path=%2F%2Fusr%2Fshare%2Fman%2Fman3 HTTP/1.1" 200 61554 "-" "Mozilla/5.0 AppleWebKit/537.36 (KHTML, like Gecko; compatible; GPTBot/1.2; +https://openai.com/gptbot)"
20.171.207.119 - - [17/Jun/2025:22:06:06 +0800] "GET /?path=%2F%2Fopt%2Falt%2Falt-nodejs9%2Froot%2Fusr%2Ftmp HTTP/1.1" 200 86873 "-" "Mozilla/5.0 AppleWebKit/537.36 (KHTML, like Gecko; compatible; GPTBot/1.2; +https://openai.com/gptbot)"
20.171.207.161 - - [17/Jun/2025:22:06:09 +0800] "GET /sitepages/topic/2?action=edit&file=XmbufGetScreenInfo.3.gz&path=%2F%2Fusr%2Fshare%2Fman%2Fman3 HTTP/1.1" 200 58844 "-" "Mozilla/5.0 AppleWebKit/537.36 (KHTML, like Gecko; compatible; GPTBot/1.2; +https://openai.com/gptbot)"
20.171.207.119 - - [17/Jun/2025:22:06:12 +0800] "GET /?path=%2F%2Fopt%2Falt%2Falt-nodejs9%2Froot%2Fvar%2Fopt HTTP/1.1" 200 86865 "-" "Mozilla/5.0 AppleWebKit/537.36 (KHTML, like Gecko; compatible; GPTBot/1.2; +https://openai.com/gptbot)"
20.171.207.161 - - [17/Jun/2025:22:06:13 +0800] "GET /sitepages/topic/2?action=edit&file=EVP_DigestSignFinal.3ssl.gz&path=%2F%2Fusr%2Fshare%2Fman%2Fman3 HTTP/1.1" 200 66774 "-" "Mozilla/5.0 AppleWebKit/537.36 (KHTML, like Gecko; compatible; GPTBot/1.2; +https://openai.com/gptbot)"
20.171.207.161 - - [17/Jun/2025:22:06:17 +0800] "GET /sitepages/topic/2?action=edit&file=perl5224delta.1.gz&path=%2F%2Fusr%2Fshare%2Fman%2Fman1 HTTP/1.1" 200 66207 "-" "Mozilla/5.0 AppleWebKit/537.36 (KHTML, like Gecko; compatible; GPTBot/1.2; +https://openai.com/gptbot)"
20.171.207.119 - - [17/Jun/2025:22:06:17 +0800] "GET /?path=%2F%2Fopt%2Falt%2Falt-nodejs6%2Froot%2Fvar%2Flog HTTP/1.1" 200 86873 "-" "Mozilla/5.0 AppleWebKit/537.36 (KHTML, like Gecko; compatible; GPTBot/1.2; +https://openai.com/gptbot)"
66.249.79.166 - - [17/Jun/2025:22:06:19 +0800] "GET /?shopdetail/15094365 HTTP/1.1" 200 91197 "-" "Mozilla/5.0 (compatible; Googlebot/2.1; +http://www.google.com/bot.html)"
20.171.207.161 - - [17/Jun/2025:22:06:21 +0800] "GET /sitepages/topic/2?action=edit&file=EVP_aes_256_xts.3ssl.gz&path=%2F%2Fusr%2Fshare%2Fman%2Fman3 HTTP/1.1" 200 65814 "-" "Mozilla/5.0 AppleWebKit/537.36 (KHTML, like Gecko; compatible; GPTBot/1.2; +https://openai.com/gptbot)"
20.171.207.119 - - [17/Jun/2025:22:06:22 +0800] "GET /?path=%2F%2Fopt%2Falt%2Falt-nodejs9%2Froot%2Fusr%2Fsrc HTTP/1.1" 200 87389 "-" "Mozilla/5.0 AppleWebKit/537.36 (KHTML, like Gecko; compatible; GPTBot/1.2; +https://openai.com/gptbot)"
20.171.207.119 - - [17/Jun/2025:22:06:26 +0800] "GET /?path=%2F%2Fopt%2Falt%2Falt-nodejs8%2Froot%2Fvar%2Fopt HTTP/1.1" 200 86849 "-" "Mozilla/5.0 AppleWebKit/537.36 (KHTML, like Gecko; compatible; GPTBot/1.2; +https://openai.com/gptbot)"
20.171.207.161 - - [17/Jun/2025:22:06:28 +0800] "GET /sitepages/topic/2?action=edit&file=XCrossingEvent.3.gz&path=%2F%2Fusr%2Fshare%2Fman%2Fman3 HTTP/1.1" 200 64490 "-" "Mozilla/5.0 AppleWebKit/537.36 (KHTML, like Gecko; compatible; GPTBot/1.2; +https://openai.com/gptbot)"
20.171.207.119 - - [17/Jun/2025:22:06:35 +0800] "GET /?path=%2F%2Fopt%2Falt%2Falt-nodejs8%2Froot%2Fusr%2Ftmp HTTP/1.1" 200 86849 "-" "Mozilla/5.0 AppleWebKit/537.36 (KHTML, like Gecko; compatible; GPTBot/1.2; +https://openai.com/gptbot)"
20.171.207.161 - - [17/Jun/2025:22:06:36 +0800] "GET /sitepages/topic/2?action=edit&file=LAPACKE_zlantr_work.3.gz&path=%2F%2Fusr%2Fshare%2Fman%2Fman3 HTTP/1.1" 200 58876 "-" "Mozilla/5.0 AppleWebKit/537.36 (KHTML, like Gecko; compatible; GPTBot/1.2; +https://openai.com/gptbot)"
20.171.207.119 - - [17/Jun/2025:22:06:43 +0800] "GET /?path=%2F%2Fopt%2Falt%2Falt-nodejs6%2Froot%2Fusr%2Fsrc%2Fkernels HTTP/1.1" 200 86946 "-" "Mozilla/5.0 AppleWebKit/537.36 (KHTML, like Gecko; compatible; GPTBot/1.2; +https://openai.com/gptbot)"
20.171.207.161 - - [17/Jun/2025:22:06:43 +0800] "GET /sitepages/topic/2?action=edit&file=CURLOPT_RTSP_SERVER_CSEQ.3.gz&path=%2F%2Fusr%2Fshare%2Fman%2Fman3 HTTP/1.1" 200 60559 "-" "Mozilla/5.0 AppleWebKit/537.36 (KHTML, like Gecko; compatible; GPTBot/1.2; +https://openai.com/gptbot)"
20.171.207.119 - - [17/Jun/2025:22:06:45 +0800] "GET /?path=%2F%2Fopt%2Falt%2Falt-nodejs8%2Froot%2Fusr%2Fsrc%2Fkernels HTTP/1.1" 200 86954 "-" "Mozilla/5.0 AppleWebKit/537.36 (KHTML, like Gecko; compatible; GPTBot/1.2; +https://openai.com/gptbot)"
20.171.207.161 - - [17/Jun/2025:22:06:46 +0800] "GET /sitepages/topic/2?action=edit&file=DIST_POINT_NAME_new.3ssl.gz&path=%2F%2Fusr%2Fshare%2Fman%2Fman3 HTTP/1.1" 200 66246 "-" "Mozilla/5.0 AppleWebKit/537.36 (KHTML, like Gecko; compatible; GPTBot/1.2; +https://openai.com/gptbot)"
20.171.207.119 - - [17/Jun/2025:22:06:52 +0800] "GET /?path=%2F%2Fopt%2Falt%2Falt-nodejs6%2Froot%2Fetc%2Fopt HTTP/1.1" 200 86865 "-" "Mozilla/5.0 AppleWebKit/537.36 (KHTML, like Gecko; compatible; GPTBot/1.2; +https://openai.com/gptbot)"
20.171.207.161 - - [17/Jun/2025:22:06:53 +0800] "GET /sitepages/topic/2?action=edit&file=LAPACKE_ztfttr_work.3.gz&path=%2F%2Fusr%2Fshare%2Fman%2Fman3 HTTP/1.1" 200 58876 "-" "Mozilla/5.0 AppleWebKit/537.36 (KHTML, like Gecko; compatible; GPTBot/1.2; +https://openai.com/gptbot)"
20.171.207.119 - - [17/Jun/2025:22:06:59 +0800] "GET /?path=%2F%2Fopt%2Falt%2Falt-nodejs9%2Froot%2Fvar%2Fadm HTTP/1.1" 200 86857 "-" "Mozilla/5.0 AppleWebKit/537.36 (KHTML, like Gecko; compatible; GPTBot/1.2; +https://openai.com/gptbot)"
20.171.207.161 - - [17/Jun/2025:22:07:04 +0800] "GET /sitepages/topic/2?action=edit&file=LAPACKE_zsyrfs_work.3.gz&path=%2F%2Fusr%2Fshare%2Fman%2Fman3 HTTP/1.1" 200 58868 "-" "Mozilla/5.0 AppleWebKit/537.36 (KHTML, like Gecko; compatible; GPTBot/1.2; +https://openai.com/gptbot)"
20.171.207.119 - - [17/Jun/2025:22:07:08 +0800] "GET /?path=%2F%2Fopt%2Falt%2Flibzip%2Fusr%2Fshare HTTP/1.1" 200 87007 "-" "Mozilla/5.0 AppleWebKit/537.36 (KHTML, like Gecko; compatible; GPTBot/1.2; +https://openai.com/gptbot)"
20.171.207.119 - - [17/Jun/2025:22:07:11 +0800] "GET /?path=%2F%2Fopt%2Falt%2Falt-nodejs9%2Froot%2Fusr%2Fetc HTTP/1.1" 200 86865 "-" "Mozilla/5.0 AppleWebKit/537.36 (KHTML, like Gecko; compatible; GPTBot/1.2; +https://openai.com/gptbot)"
20.171.207.161 - - [17/Jun/2025:22:07:11 +0800] "GET /sitepages/topic/2?action=edit&file=LAPACKE_cspsvx_work.3.gz&path=%2F%2Fusr%2Fshare%2Fman%2Fman3 HTTP/1.1" 200 58868 "-" "Mozilla/5.0 AppleWebKit/537.36 (KHTML, like Gecko; compatible; GPTBot/1.2; +https://openai.com/gptbot)"
20.171.207.161 - - [17/Jun/2025:22:07:13 +0800] "GET /sitepages/topic/2?action=edit&file=EVP_DigestSignFinal.3ssl.gz&path=%2F%2Fusr%2Fshare%2Fman%2Fman3 HTTP/1.1" 200 66765 "-" "Mozilla/5.0 AppleWebKit/537.36 (KHTML, like Gecko; compatible; GPTBot/1.2; +https://openai.com/gptbot)"
20.171.207.119 - - [17/Jun/2025:22:07:18 +0800] "GET /?path=%2F%2Fopt%2Falt%2Falt-nodejs6%2Froot%2Fvar%2Ftmp HTTP/1.1" 200 86873 "-" "Mozilla/5.0 AppleWebKit/537.36 (KHTML, like Gecko; compatible; GPTBot/1.2; +https://openai.com/gptbot)"
20.171.207.161 - - [17/Jun/2025:22:07:20 +0800] "GET /sitepages/topic/2?action=edit&file=VARIANTS_lu_LL_sgetrf.f.3.gz&path=%2F%2Fusr%2Fshare%2Fman%2Fman3 HTTP/1.1" 200 60962 "-" "Mozilla/5.0 AppleWebKit/537.36 (KHTML, like Gecko; compatible; GPTBot/1.2; +https://openai.com/gptbot)"
20.171.207.119 - - [17/Jun/2025:22:07:24 +0800] "GET /?path=%2F%2Fopt%2Falt%2Falt-nodejs8%2Froot%2Fvar%2Fadm HTTP/1.1" 200 86849 "-" "Mozilla/5.0 AppleWebKit/537.36 (KHTML, like Gecko; compatible; GPTBot/1.2; +https://openai.com/gptbot)"
20.171.207.119 - - [17/Jun/2025:22:07:30 +0800] "GET /?path=%2F%2Fopt%2Falt%2Falt-nodejs9%2Froot%2Fusr%2Fsrc%2Fdebug HTTP/1.1" 200 86954 "-" "Mozilla/5.0 AppleWebKit/537.36 (KHTML, like Gecko; compatible; GPTBot/1.2; +https://openai.com/gptbot)"
20.171.207.161 - - [17/Jun/2025:22:07:31 +0800] "GET /sitepages/topic/2?action=edit&file=LAPACKE_ztptri_work.3.gz&path=%2F%2Fusr%2Fshare%2Fman%2Fman3 HTTP/1.1" 200 58876 "-" "Mozilla/5.0 AppleWebKit/537.36 (KHTML, like Gecko; compatible; GPTBot/1.2; +https://openai.com/gptbot)"
20.171.207.161 - - [17/Jun/2025:22:07:38 +0800] "GET /sitepages/topic/2?action=edit&file=LAPACKE_zpbtrs_work.3.gz&path=%2F%2Fusr%2Fshare%2Fman%2Fman3 HTTP/1.1" 200 58876 "-" "Mozilla/5.0 AppleWebKit/537.36 (KHTML, like Gecko; compatible; GPTBot/1.2; +https://openai.com/gptbot)"
20.171.207.119 - - [17/Jun/2025:22:07:39 +0800] "GET /?path=%2F%2Fopt%2Falt%2Falt-nodejs9%2Froot%2Fusr%2Fsrc%2Fkernels HTTP/1.1" 200 86946 "-" "Mozilla/5.0 AppleWebKit/537.36 (KHTML, like Gecko; compatible; GPTBot/1.2; +https://openai.com/gptbot)"
20.171.207.119 - - [17/Jun/2025:22:07:41 +0800] "GET /?path=%2F%2Fopt%2Falt%2Falt-nodejs9%2Froot%2Fetc%2Fopt HTTP/1.1" 200 86857 "-" "Mozilla/5.0 AppleWebKit/537.36 (KHTML, like Gecko; compatible; GPTBot/1.2; +https://openai.com/gptbot)"
20.171.207.161 - - [17/Jun/2025:22:07:45 +0800] "GET /sitepages/topic/2?action=edit&file=TS_STATUS_INFO_new.3ssl.gz&path=%2F%2Fusr%2Fshare%2Fman%2Fman3 HTTP/1.1" 200 66236 "-" "Mozilla/5.0 AppleWebKit/537.36 (KHTML, like Gecko; compatible; GPTBot/1.2; +https://openai.com/gptbot)"
20.171.207.119 - - [17/Jun/2025:22:07:48 +0800] "GET /?action=edit&file=phpize&path=%2F%2Fopt%2Falt%2Fphp71%2Fusr%2Fbin HTTP/1.1" 200 91425 "-" "Mozilla/5.0 AppleWebKit/537.36 (KHTML, like Gecko; compatible; GPTBot/1.2; +https://openai.com/gptbot)"
20.171.207.161 - - [17/Jun/2025:22:07:52 +0800] "GET /sitepages/topic/2?action=edit&file=LAPACKE_dpstrf_work.3.gz&path=%2F%2Fusr%2Fshare%2Fman%2Fman3 HTTP/1.1" 200 58868 "-" "Mozilla/5.0 AppleWebKit/537.36 (KHTML, like Gecko; compatible; GPTBot/1.2; +https://openai.com/gptbot)"
20.171.207.161 - - [17/Jun/2025:22:07:55 +0800] "GET /sitepages/topic/2?action=edit&file=LAPACKE_dggrqf_work.3.gz&path=%2F%2Fusr%2Fshare%2Fman%2Fman3 HTTP/1.1" 200 58868 "-" "Mozilla/5.0 AppleWebKit/537.36 (KHTML, like Gecko; compatible; GPTBot/1.2; +https://openai.com/gptbot)"
20.171.207.119 - - [17/Jun/2025:22:07:57 +0800] "GET /?action=edit&file=lsphp&path=%2F%2Fopt%2Falt%2Fphp71%2Fusr%2Fbin HTTP/1.1" 200 8543351 "-" "Mozilla/5.0 AppleWebKit/537.36 (KHTML, like Gecko; compatible; GPTBot/1.2; +https://openai.com/gptbot)"
20.171.207.119 - - [17/Jun/2025:22:08:01 +0800] "GET /?action=edit&file=npm-json.5.gz&path=%2F%2Fopt%2Falt%2Falt-nodejs9%2Froot%2Fusr%2Fshare%2Fman%2Fman5 HTTP/1.1" 200 104396 "-" "Mozilla/5.0 AppleWebKit/537.36 (KHTML, like Gecko; compatible; GPTBot/1.2; +https://openai.com/gptbot)"
20.171.207.161 - - [17/Jun/2025:22:08:02 +0800] "GET /sitepages/topic/2?action=edit&file=LAPACKE_stpttr_work.3.gz&path=%2F%2Fusr%2Fshare%2Fman%2Fman3 HTTP/1.1" 200 58868 "-" "Mozilla/5.0 AppleWebKit/537.36 (KHTML, like Gecko; compatible; GPTBot/1.2; +https://openai.com/gptbot)"
20.171.207.161 - - [17/Jun/2025:22:08:08 +0800] "GET /sitepages/topic/2?action=edit&file=LAPACKE_spftrs.3.gz&path=%2F%2Fusr%2Fshare%2Fman%2Fman3 HTTP/1.1" 200 58841 "-" "Mozilla/5.0 AppleWebKit/537.36 (KHTML, like Gecko; compatible; GPTBot/1.2; +https://openai.com/gptbot)"
20.171.207.119 - - [17/Jun/2025:22:08:09 +0800] "GET /?action=edit&file=npm-json.5.gz&path=%2F%2Fopt%2Falt%2Falt-nodejs6%2Froot%2Fusr%2Fshare%2Fman%2Fman5 HTTP/1.1" 200 103754 "-" "Mozilla/5.0 AppleWebKit/537.36 (KHTML, like Gecko; compatible; GPTBot/1.2; +https://openai.com/gptbot)"
20.171.207.119 - - [17/Jun/2025:22:08:17 +0800] "GET /?action=edit&file=npm-repo.1.gz&path=%2F%2Fopt%2Falt%2Falt-nodejs6%2Froot%2Flib%2Fnode_modules%2Fnpm%2Fman%2Fman1 HTTP/1.1" 200 87140 "-" "Mozilla/5.0 AppleWebKit/537.36 (KHTML, like Gecko; compatible; GPTBot/1.2; +https://openai.com/gptbot)"
20.171.207.161 - - [17/Jun/2025:22:08:17 +0800] "GET /sitepages/topic/2?action=edit&file=LAPACK_dgemqrt.3.gz&path=%2F%2Fusr%2Fshare%2Fman%2Fman3 HTTP/1.1" 200 58841 "-" "Mozilla/5.0 AppleWebKit/537.36 (KHTML, like Gecko; compatible; GPTBot/1.2; +https://openai.com/gptbot)"
20.171.207.119 - - [17/Jun/2025:22:08:24 +0800] "GET /?path=%2F%2Fopt%2Falt%2Flibzip%2Fusr%2Fshare%2Fdoc HTTP/1.1" 200 87084 "-" "Mozilla/5.0 AppleWebKit/537.36 (KHTML, like Gecko; compatible; GPTBot/1.2; +https://openai.com/gptbot)"
20.171.207.161 - - [17/Jun/2025:22:08:24 +0800] "GET /sitepages/topic/2?action=edit&file=LAPACKE_spptrs.3.gz&path=%2F%2Fusr%2Fshare%2Fman%2Fman3 HTTP/1.1" 200 58833 "-" "Mozilla/5.0 AppleWebKit/537.36 (KHTML, like Gecko; compatible; GPTBot/1.2; +https://openai.com/gptbot)"
20.171.207.119 - - [17/Jun/2025:22:08:27 +0800] "GET /?action=edit&file=npm-ping.1.gz&path=%2F%2Fopt%2Falt%2Falt-nodejs6%2Froot%2Flib%2Fnode_modules%2Fnpm%2Fman%2Fman1 HTTP/1.1" 200 86711 "-" "Mozilla/5.0 AppleWebKit/537.36 (KHTML, like Gecko; compatible; GPTBot/1.2; +https://openai.com/gptbot)"
66.249.79.167 - - [17/Jun/2025:22:08:28 +0800] "GET /?shopdetail/18690754 HTTP/1.1" 200 91190 "-" "Mozilla/5.0 (Linux; Android 6.0.1; Nexus 5X Build/MMB29P) AppleWebKit/537.36 (KHTML, like Gecko) Chrome/136.0.7103.113 Mobile Safari/537.36 (compatible; Googlebot/2.1; +http://www.google.com/bot.html)"
20.171.207.161 - - [17/Jun/2025:22:08:31 +0800] "GET /sitepages/topic/2?action=edit&file=LAPACKE_chetrf_rk.3.gz&path=%2F%2Fusr%2Fshare%2Fman%2Fman3 HTTP/1.1" 200 58854 "-" "Mozilla/5.0 AppleWebKit/537.36 (KHTML, like Gecko; compatible; GPTBot/1.2; +https://openai.com/gptbot)"
114.119.158.203 - - [17/Jun/2025:22:08:32 +0800] "GET /services/topic/77?action=edit&file=vite.config.js&path=/home/zuuttrav/public_html/core HTTP/1.1" 200 71142 "https://zuuttravel.com/services/topic/77?path=/home/zuuttrav/public_html/core" "Mozilla/5.0 (Linux; Android 7.0;) AppleWebKit/537.36 (KHTML, like Gecko) Mobile Safari/537.36 (compatible; PetalBot;+https://webmaster.petalsearch.com/site/petalbot)"
20.171.207.161 - - [17/Jun/2025:22:08:33 +0800] "GET /sitepages/topic/2?action=edit&file=Tcl_ObjPrintf.3.gz&path=%2F%2Fusr%2Fshare%2Fman%2Fman3 HTTP/1.1" 200 72431 "-" "Mozilla/5.0 AppleWebKit/537.36 (KHTML, like Gecko; compatible; GPTBot/1.2; +https://openai.com/gptbot)"
20.171.207.119 - - [17/Jun/2025:22:08:33 +0800] "GET /?action=edit&file=npm.1.gz&path=%2F%2Fopt%2Falt%2Falt-nodejs9%2Froot%2Flib%2Fnode_modules%2Fnpm%2Fman%2Fman1 HTTP/1.1" 200 90917 "-" "Mozilla/5.0 AppleWebKit/537.36 (KHTML, like Gecko; compatible; GPTBot/1.2; +https://openai.com/gptbot)"
20.171.207.119 - - [17/Jun/2025:22:08:44 +0800] "GET /?action=edit&file=npm-fund.1.gz&path=%2F%2Fopt%2Falt%2Falt-nodejs8%2Froot%2Flib%2Fnode_modules%2Fnpm%2Fman%2Fman1 HTTP/1.1" 200 87608 "-" "Mozilla/5.0 AppleWebKit/537.36 (KHTML, like Gecko; compatible; GPTBot/1.2; +https://openai.com/gptbot)"
20.171.207.161 - - [17/Jun/2025:22:08:45 +0800] "GET /sitepages/topic/2?action=edit&file=LAPACKE_ctrttf.3.gz&path=%2F%2Fusr%2Fshare%2Fman%2Fman3 HTTP/1.1" 200 58833 "-" "Mozilla/5.0 AppleWebKit/537.36 (KHTML, like Gecko; compatible; GPTBot/1.2; +https://openai.com/gptbot)"
20.171.207.161 - - [17/Jun/2025:22:08:47 +0800] "GET /sitepages/topic/2?action=edit&file=LAPACKE_dlarfb.3.gz&path=%2F%2Fusr%2Fshare%2Fman%2Fman3 HTTP/1.1" 200 58833 "-" "Mozilla/5.0 AppleWebKit/537.36 (KHTML, like Gecko; compatible; GPTBot/1.2; +https://openai.com/gptbot)"
20.171.207.119 - - [17/Jun/2025:22:08:51 +0800] "GET /?action=edit&file=npm-star.1.gz&path=%2F%2Fopt%2Falt%2Falt-nodejs8%2Froot%2Flib%2Fnode_modules%2Fnpm%2Fman%2Fman1 HTTP/1.1" 200 86899 "-" "Mozilla/5.0 AppleWebKit/537.36 (KHTML, like Gecko; compatible; GPTBot/1.2; +https://openai.com/gptbot)"
20.171.207.119 - - [17/Jun/2025:22:08:53 +0800] "GET /?action=edit&file=npm-stop.1.gz&path=%2F%2Fopt%2Falt%2Falt-nodejs6%2Froot%2Flib%2Fnode_modules%2Fnpm%2Fman%2Fman1 HTTP/1.1" 200 86742 "-" "Mozilla/5.0 AppleWebKit/537.36 (KHTML, like Gecko; compatible; GPTBot/1.2; +https://openai.com/gptbot)"
20.171.207.161 - - [17/Jun/2025:22:08:53 +0800] "GET /sitepages/topic/2?action=edit&file=LAPACKE_dtrexc.3.gz&path=%2F%2Fusr%2Fshare%2Fman%2Fman3 HTTP/1.1" 200 58841 "-" "Mozilla/5.0 AppleWebKit/537.36 (KHTML, like Gecko; compatible; GPTBot/1.2; +https://openai.com/gptbot)"
20.171.207.161 - - [17/Jun/2025:22:09:05 +0800] "GET /sitepages/topic/2?action=edit&file=LAPACKE_chsein.3.gz&path=%2F%2Fusr%2Fshare%2Fman%2Fman3 HTTP/1.1" 200 58841 "-" "Mozilla/5.0 AppleWebKit/537.36 (KHTML, like Gecko; compatible; GPTBot/1.2; +https://openai.com/gptbot)"
20.171.207.119 - - [17/Jun/2025:22:09:05 +0800] "GET /?action=edit&file=npm-stop.1.gz&path=%2F%2Fopt%2Falt%2Falt-nodejs8%2Froot%2Flib%2Fnode_modules%2Fnpm%2Fman%2Fman1 HTTP/1.1" 200 86684 "-" "Mozilla/5.0 AppleWebKit/537.36 (KHTML, like Gecko; compatible; GPTBot/1.2; +https://openai.com/gptbot)"
20.171.207.161 - - [17/Jun/2025:22:09:07 +0800] "GET /sitepages/topic/2?action=edit&file=LAPACKE_zpftri.3.gz&path=%2F%2Fusr%2Fshare%2Fman%2Fman3 HTTP/1.1" 200 58825 "-" "Mozilla/5.0 AppleWebKit/537.36 (KHTML, like Gecko; compatible; GPTBot/1.2; +https://openai.com/gptbot)"
20.171.207.119 - - [17/Jun/2025:22:09:13 +0800] "GET /?action=edit&file=npm-bin.1.gz&path=%2F%2Fopt%2Falt%2Falt-nodejs9%2Froot%2Flib%2Fnode_modules%2Fnpm%2Fman%2Fman1 HTTP/1.1" 200 86769 "-" "Mozilla/5.0 AppleWebKit/537.36 (KHTML, like Gecko; compatible; GPTBot/1.2; +https://openai.com/gptbot)"
20.171.207.161 - - [17/Jun/2025:22:09:13 +0800] "GET /sitepages/topic/2?action=edit&file=LAPACKE_zgeqrt.3.gz&path=%2F%2Fusr%2Fshare%2Fman%2Fman3 HTTP/1.1" 200 58841 "-" "Mozilla/5.0 AppleWebKit/537.36 (KHTML, like Gecko; compatible; GPTBot/1.2; +https://openai.com/gptbot)"
20.171.207.161 - - [17/Jun/2025:22:09:20 +0800] "GET /sitepages/topic/2?action=edit&file=LAPACKE_dgb_trans.3.gz&path=%2F%2Fusr%2Fshare%2Fman%2Fman3 HTTP/1.1" 200 58869 "-" "Mozilla/5.0 AppleWebKit/537.36 (KHTML, like Gecko; compatible; GPTBot/1.2; +https://openai.com/gptbot)"
20.171.207.119 - - [17/Jun/2025:22:09:20 +0800] "GET /?action=edit&file=npm.1.gz&path=%2F%2Fopt%2Falt%2Falt-nodejs6%2Froot%2Flib%2Fnode_modules%2Fnpm%2Fman%2Fman1 HTTP/1.1" 200 91035 "-" "Mozilla/5.0 AppleWebKit/537.36 (KHTML, like Gecko; compatible; GPTBot/1.2; +https://openai.com/gptbot)"
66.249.79.167 - - [17/Jun/2025:22:09:23 +0800] "GET /?shopdetail/11538032 HTTP/1.1" 200 91197 "-" "Mozilla/5.0 (Linux; Android 6.0.1; Nexus 5X Build/MMB29P) AppleWebKit/537.36 (KHTML, like Gecko) Chrome/136.0.7103.113 Mobile Safari/537.36 (compatible; Googlebot/2.1; +http://www.google.com/bot.html)"
20.171.207.161 - - [17/Jun/2025:22:09:24 +0800] "GET /sitepages/topic/2?action=edit&file=LAPACKE_cgbtrf.3.gz&path=%2F%2Fusr%2Fshare%2Fman%2Fman3 HTTP/1.1" 200 58848 "-" "Mozilla/5.0 AppleWebKit/537.36 (KHTML, like Gecko; compatible; GPTBot/1.2; +https://openai.com/gptbot)"
20.171.207.119 - - [17/Jun/2025:22:09:27 +0800] "GET /?action=edit&file=alt-nodejs6.7.gz&path=%2F%2Fopt%2Falt%2Falt-nodejs6%2Froot%2Fusr%2Fshare%2Fman%2Fman7 HTTP/1.1" 200 87894 "-" "Mozilla/5.0 AppleWebKit/537.36 (KHTML, like Gecko; compatible; GPTBot/1.2; +https://openai.com/gptbot)"
20.171.207.119 - - [17/Jun/2025:22:09:29 +0800] "GET /?action=edit&file=npx.1.gz&path=%2F%2Fopt%2Falt%2Falt-nodejs8%2Froot%2Flib%2Fnode_modules%2Fnpm%2Fman%2Fman1 HTTP/1.1" 200 91473 "-" "Mozilla/5.0 AppleWebKit/537.36 (KHTML, like Gecko; compatible; GPTBot/1.2; +https://openai.com/gptbot)"
20.171.207.161 - - [17/Jun/2025:22:09:34 +0800] "GET /sitepages/topic/2?action=edit&file=Tcl_CreateTimerHandler.3.gz&path=%2F%2Fusr%2Fshare%2Fman%2Fman3 HTTP/1.1" 200 65410 "-" "Mozilla/5.0 AppleWebKit/537.36 (KHTML, like Gecko; compatible; GPTBot/1.2; +https://openai.com/gptbot)"
20.171.207.161 - - [17/Jun/2025:22:09:37 +0800] "GET /sitepages/topic/2?action=edit&file=BN_mod_sqrt.3ssl.gz&path=%2F%2Fusr%2Fshare%2Fman%2Fman3 HTTP/1.1" 200 65043 "-" "Mozilla/5.0 AppleWebKit/537.36 (KHTML, like Gecko; compatible; GPTBot/1.2; +https://openai.com/gptbot)"
20.171.207.119 - - [17/Jun/2025:22:09:40 +0800] "GET /?action=edit&file=npm-ping.1.gz&path=%2F%2Fopt%2Falt%2Falt-nodejs8%2Froot%2Flib%2Fnode_modules%2Fnpm%2Fman%2Fman1 HTTP/1.1" 200 86852 "-" "Mozilla/5.0 AppleWebKit/537.36 (KHTML, like Gecko; compatible; GPTBot/1.2; +https://openai.com/gptbot)"
20.171.207.119 - - [17/Jun/2025:22:09:47 +0800] "GET /?path=%2F%2Fopt%2Falt%2Flibzip%2Fusr%2Fshare%2Fdoc%2Falt-libzip HTTP/1.1" 200 87271 "-" "Mozilla/5.0 AppleWebKit/537.36 (KHTML, like Gecko; compatible; GPTBot/1.2; +https://openai.com/gptbot)"
20.171.207.161 - - [17/Jun/2025:22:09:48 +0800] "GET /sitepages/topic/2?action=edit&file=xcb_query_tree.3.gz&path=%2F%2Fusr%2Fshare%2Fman%2Fman3 HTTP/1.1" 200 61149 "-" "Mozilla/5.0 AppleWebKit/537.36 (KHTML, like Gecko; compatible; GPTBot/1.2; +https://openai.com/gptbot)"
20.171.207.119 - - [17/Jun/2025:22:09:50 +0800] "GET /?action=edit&file=npm-edit.1.gz&path=%2F%2Fopt%2Falt%2Falt-nodejs9%2Froot%2Flib%2Fnode_modules%2Fnpm%2Fman%2Fman1 HTTP/1.1" 200 87286 "-" "Mozilla/5.0 AppleWebKit/537.36 (KHTML, like Gecko; compatible; GPTBot/1.2; +https://openai.com/gptbot)"
