20.171.207.119 - - [17/Jun/2025:23:12:33 +0800] "GET /?action=edit&file=edit.js&path=%2F%2Fopt%2Falt%2Falt-nodejs8%2Froot%2Fusr%2Flib%2Fnode_modules%2Fnpm%2Flib HTTP/1.1" 200 87848 "-" "Mozilla/5.0 AppleWebKit/537.36 (KHTML, like Gecko; compatible; GPTBot/1.2; +https://openai.com/gptbot)"
20.171.207.119 - - [17/Jun/2025:23:12:39 +0800] "GET /?action=edit&file=stop.js&path=%2F%2Fopt%2Falt%2Falt-nodejs8%2Froot%2Fusr%2Flib%2Fnode_modules%2Fnpm%2Flib HTTP/1.1" 200 86343 "-" "Mozilla/5.0 AppleWebKit/537.36 (KHTML, like Gecko; compatible; GPTBot/1.2; +https://openai.com/gptbot)"
20.171.207.161 - - [17/Jun/2025:23:12:45 +0800] "GET /sitepages/topic/2?action=edit&file=17092657145527.jpg&path=%2F%2Fproc%2Fthread-self%2Fcwd%2Fuploads%2Ftopics HTTP/1.1" 200 488374 "-" "Mozilla/5.0 AppleWebKit/537.36 (KHTML, like Gecko; compatible; GPTBot/1.2; +https://openai.com/gptbot)"
20.171.207.119 - - [17/Jun/2025:23:12:49 +0800] "GET /?action=edit&file=set.js&path=%2F%2Fopt%2Falt%2Falt-nodejs6%2Froot%2Fusr%2Flib%2Fnode_modules%2Fnpm%2Flib HTTP/1.1" 200 86571 "-" "Mozilla/5.0 AppleWebKit/537.36 (KHTML, like Gecko; compatible; GPTBot/1.2; +https://openai.com/gptbot)"
20.171.207.119 - - [17/Jun/2025:23:12:51 +0800] "GET /?action=edit&file=test.js&path=%2F%2Fopt%2Falt%2Falt-nodejs9%2Froot%2Fusr%2Flib%2Fnode_modules%2Fnpm%2Flib HTTP/1.1" 200 86626 "-" "Mozilla/5.0 AppleWebKit/537.36 (KHTML, like Gecko; compatible; GPTBot/1.2; +https://openai.com/gptbot)"
20.171.207.161 - - [17/Jun/2025:23:12:57 +0800] "GET /sitepages/topic/2?action=edit&file=17084992473929.jpg&path=%2F%2Fproc%2Fthread-self%2Fcwd%2Fuploads%2Ftopics HTTP/1.1" 200 911322 "-" "Mozilla/5.0 AppleWebKit/537.36 (KHTML, like Gecko; compatible; GPTBot/1.2; +https://openai.com/gptbot)"
20.171.207.119 - - [17/Jun/2025:23:12:58 +0800] "GET /?action=edit&file=init.js&path=%2F%2Fopt%2Falt%2Falt-nodejs6%2Froot%2Fusr%2Flib%2Fnode_modules%2Fnpm%2Flib HTTP/1.1" 200 87814 "-" "Mozilla/5.0 AppleWebKit/537.36 (KHTML, like Gecko; compatible; GPTBot/1.2; +https://openai.com/gptbot)"
20.171.207.161 - - [17/Jun/2025:23:13:04 +0800] "GET /sitepages/topic/2?action=edit&file=17092731084108.jpg&path=%2F%2Fproc%2Fthread-self%2Fcwd%2Fuploads%2Ftopics HTTP/1.1" 200 653379 "-" "Mozilla/5.0 AppleWebKit/537.36 (KHTML, like Gecko; compatible; GPTBot/1.2; +https://openai.com/gptbot)"
66.249.79.165 - - [17/Jun/2025:23:13:07 +0800] "GET /?shopdetail/20715098 HTTP/1.1" 200 91190 "-" "Mozilla/5.0 (compatible; Googlebot/2.1; +http://www.google.com/bot.html)"
20.171.207.119 - - [17/Jun/2025:23:13:09 +0800] "GET /?action=edit&file=set.js&path=%2F%2Fopt%2Falt%2Falt-nodejs8%2Froot%2Fusr%2Flib%2Fnode_modules%2Fnpm%2Flib HTTP/1.1" 200 86571 "-" "Mozilla/5.0 AppleWebKit/537.36 (KHTML, like Gecko; compatible; GPTBot/1.2; +https://openai.com/gptbot)"
20.171.207.161 - - [17/Jun/2025:23:13:13 +0800] "GET /sitepages/topic/2?action=edit&file=17110087298337.jpg&path=%2F%2Fproc%2Fthread-self%2Fcwd%2Fuploads%2Ftopics HTTP/1.1" 200 211525 "-" "Mozilla/5.0 AppleWebKit/537.36 (KHTML, like Gecko; compatible; GPTBot/1.2; +https://openai.com/gptbot)"
20.171.207.119 - - [17/Jun/2025:23:13:16 +0800] "GET /?action=edit&file=bugs.js&path=%2F%2Fopt%2Falt%2Falt-nodejs8%2Froot%2Fusr%2Flib%2Fnode_modules%2Fnpm%2Flib HTTP/1.1" 200 87278 "-" "Mozilla/5.0 AppleWebKit/537.36 (KHTML, like Gecko; compatible; GPTBot/1.2; +https://openai.com/gptbot)"
20.171.207.119 - - [17/Jun/2025:23:13:17 +0800] "GET /?action=edit&file=bugs.js&path=%2F%2Fopt%2Falt%2Falt-nodejs6%2Froot%2Fusr%2Flib%2Fnode_modules%2Fnpm%2Flib HTTP/1.1" 200 87273 "-" "Mozilla/5.0 AppleWebKit/537.36 (KHTML, like Gecko; compatible; GPTBot/1.2; +https://openai.com/gptbot)"
114.119.133.103 - - [17/Jun/2025:23:13:20 +0800] "GET /services/topic/111?action=edit&file=chroot&path=//sbin HTTP/1.1" 200 126279 "https://zuuttravel.com/services/topic/111?path=//sbin" "Mozilla/5.0 (Linux; Android 7.0;) AppleWebKit/537.36 (KHTML, like Gecko) Mobile Safari/537.36 (compatible; PetalBot;+https://webmaster.petalsearch.com/site/petalbot)"
20.171.207.161 - - [17/Jun/2025:23:13:22 +0800] "GET /sitepages/topic/2?action=edit&file=17091959625023.jpg&path=%2F%2Fproc%2Fthread-self%2Fcwd%2Fuploads%2Ftopics HTTP/1.1" 200 599856 "-" "Mozilla/5.0 AppleWebKit/537.36 (KHTML, like Gecko; compatible; GPTBot/1.2; +https://openai.com/gptbot)"
20.171.207.119 - - [17/Jun/2025:23:13:25 +0800] "GET /?action=edit&file=ping.js&path=%2F%2Fopt%2Falt%2Falt-nodejs9%2Froot%2Fusr%2Flib%2Fnode_modules%2Fnpm%2Flib HTTP/1.1" 200 87030 "-" "Mozilla/5.0 AppleWebKit/537.36 (KHTML, like Gecko; compatible; GPTBot/1.2; +https://openai.com/gptbot)"
20.171.207.161 - - [17/Jun/2025:23:13:30 +0800] "GET /sitepages/topic/2?action=edit&file=17092759331267.jpg&path=%2F%2Fproc%2Fthread-self%2Fcwd%2Fuploads%2Ftopics HTTP/1.1" 200 175430 "-" "Mozilla/5.0 AppleWebKit/537.36 (KHTML, like Gecko; compatible; GPTBot/1.2; +https://openai.com/gptbot)"
20.171.207.119 - - [17/Jun/2025:23:13:31 +0800] "GET /?action=edit&file=xmas.js&path=%2F%2Fopt%2Falt%2Falt-nodejs9%2Froot%2Fusr%2Flib%2Fnode_modules%2Fnpm%2Flib HTTP/1.1" 200 88462 "-" "Mozilla/5.0 AppleWebKit/537.36 (KHTML, like Gecko; compatible; GPTBot/1.2; +https://openai.com/gptbot)"
20.171.207.119 - - [17/Jun/2025:23:13:41 +0800] "GET /?action=edit&file=pack.js&path=%2F%2Fopt%2Falt%2Falt-nodejs8%2Froot%2Fusr%2Flib%2Fnode_modules%2Fnpm%2Flib HTTP/1.1" 200 100039 "-" "Mozilla/5.0 AppleWebKit/537.36 (KHTML, like Gecko; compatible; GPTBot/1.2; +https://openai.com/gptbot)"
20.171.207.161 - - [17/Jun/2025:23:13:42 +0800] "GET /sitepages/topic/2?action=edit&file=17080768499229.jpg&path=%2F%2Fproc%2Fthread-self%2Fcwd%2Fuploads%2Ftopics HTTP/1.1" 200 1605304 "-" "Mozilla/5.0 AppleWebKit/537.36 (KHTML, like Gecko; compatible; GPTBot/1.2; +https://openai.com/gptbot)"
20.171.207.119 - - [17/Jun/2025:23:13:44 +0800] "GET /?action=edit&file=ci.js&path=%2F%2Fopt%2Falt%2Falt-nodejs8%2Froot%2Fusr%2Flib%2Fnode_modules%2Fnpm%2Flib HTTP/1.1" 200 87617 "-" "Mozilla/5.0 AppleWebKit/537.36 (KHTML, like Gecko; compatible; GPTBot/1.2; +https://openai.com/gptbot)"
20.171.207.161 - - [17/Jun/2025:23:13:50 +0800] "GET /sitepages/topic/2?action=edit&file=17085811606015.jpg&path=%2F%2Fproc%2Fthread-self%2Fcwd%2Fuploads%2Ftopics HTTP/1.1" 200 667169 "-" "Mozilla/5.0 AppleWebKit/537.36 (KHTML, like Gecko; compatible; GPTBot/1.2; +https://openai.com/gptbot)"
20.171.207.119 - - [17/Jun/2025:23:13:56 +0800] "GET /?action=edit&file=test.js&path=%2F%2Fopt%2Falt%2Falt-nodejs8%2Froot%2Fusr%2Flib%2Fnode_modules%2Fnpm%2Flib HTTP/1.1" 200 86692 "-" "Mozilla/5.0 AppleWebKit/537.36 (KHTML, like Gecko; compatible; GPTBot/1.2; +https://openai.com/gptbot)"
20.171.207.161 - - [17/Jun/2025:23:13:56 +0800] "GET /sitepages/topic/2?action=edit&file=17080663003301.jpg&path=%2F%2Fproc%2Fthread-self%2Fcwd%2Fuploads%2Ftopics HTTP/1.1" 200 118336 "-" "Mozilla/5.0 AppleWebKit/537.36 (KHTML, like Gecko; compatible; GPTBot/1.2; +https://openai.com/gptbot)"
20.171.207.161 - - [17/Jun/2025:23:13:58 +0800] "GET /sitepages/topic/2?action=edit&file=17110099724691.jpg&path=%2F%2Fproc%2Fthread-self%2Fcwd%2Fuploads%2Ftopics HTTP/1.1" 200 164519 "-" "Mozilla/5.0 AppleWebKit/537.36 (KHTML, like Gecko; compatible; GPTBot/1.2; +https://openai.com/gptbot)"
20.171.207.119 - - [17/Jun/2025:23:14:02 +0800] "GET /?action=edit&file=test.js&path=%2F%2Fopt%2Falt%2Falt-nodejs6%2Froot%2Fusr%2Flib%2Fnode_modules%2Fnpm%2Flib HTTP/1.1" 200 86596 "-" "Mozilla/5.0 AppleWebKit/537.36 (KHTML, like Gecko; compatible; GPTBot/1.2; +https://openai.com/gptbot)"
20.171.207.119 - - [17/Jun/2025:23:14:05 +0800] "GET /?action=edit&file=pack.js&path=%2F%2Fopt%2Falt%2Falt-nodejs9%2Froot%2Fusr%2Flib%2Fnode_modules%2Fnpm%2Flib HTTP/1.1" 200 94789 "-" "Mozilla/5.0 AppleWebKit/537.36 (KHTML, like Gecko; compatible; GPTBot/1.2; +https://openai.com/gptbot)"
20.171.207.161 - - [17/Jun/2025:23:14:05 +0800] "GET /sitepages/topic/2?action=edit&file=17092759235241.jpg&path=%2F%2Fproc%2Fthread-self%2Fcwd%2Fuploads%2Ftopics HTTP/1.1" 200 167485 "-" "Mozilla/5.0 AppleWebKit/537.36 (KHTML, like Gecko; compatible; GPTBot/1.2; +https://openai.com/gptbot)"
20.171.207.119 - - [17/Jun/2025:23:14:10 +0800] "GET /?action=edit&file=set.js&path=%2F%2Fopt%2Falt%2Falt-nodejs8%2Froot%2Fusr%2Flib%2Fnode_modules%2Fnpm%2Flib HTTP/1.1" 200 86578 "-" "Mozilla/5.0 AppleWebKit/537.36 (KHTML, like Gecko; compatible; GPTBot/1.2; +https://openai.com/gptbot)"
20.171.207.161 - - [17/Jun/2025:23:14:15 +0800] "GET /sitepages/topic/2?action=edit&file=17092779848847.jpg&path=%2F%2Fproc%2Fthread-self%2Fcwd%2Fuploads%2Ftopics HTTP/1.1" 200 560543 "-" "Mozilla/5.0 AppleWebKit/537.36 (KHTML, like Gecko; compatible; GPTBot/1.2; +https://openai.com/gptbot)"
66.249.79.166 - - [17/Jun/2025:23:14:16 +0800] "GET /?shopdetail/27589909 HTTP/1.1" 200 91197 "-" "Mozilla/5.0 (Linux; Android 6.0.1; Nexus 5X Build/MMB29P) AppleWebKit/537.36 (KHTML, like Gecko) Chrome/136.0.7103.113 Mobile Safari/537.36 (compatible; Googlebot/2.1; +http://www.google.com/bot.html)"
20.171.207.119 - - [17/Jun/2025:23:14:16 +0800] "GET /?action=edit&file=root.js&path=%2F%2Fopt%2Falt%2Falt-nodejs8%2Froot%2Fusr%2Flib%2Fnode_modules%2Fnpm%2Flib HTTP/1.1" 200 86615 "-" "Mozilla/5.0 AppleWebKit/537.36 (KHTML, like Gecko; compatible; GPTBot/1.2; +https://openai.com/gptbot)"
20.171.207.161 - - [17/Jun/2025:23:14:17 +0800] "GET /sitepages/topic/2?action=edit&file=16983242117884.jpg&path=%2F%2Fproc%2Fthread-self%2Fcwd%2Fuploads%2Ftopics HTTP/1.1" 200 147029 "-" "Mozilla/5.0 AppleWebKit/537.36 (KHTML, like Gecko; compatible; GPTBot/1.2; +https://openai.com/gptbot)"
20.171.207.119 - - [17/Jun/2025:23:14:27 +0800] "GET /?action=edit&file=get.js&path=%2F%2Fopt%2Falt%2Falt-nodejs6%2Froot%2Fusr%2Flib%2Fnode_modules%2Fnpm%2Flib HTTP/1.1" 200 86529 "-" "Mozilla/5.0 AppleWebKit/537.36 (KHTML, like Gecko; compatible; GPTBot/1.2; +https://openai.com/gptbot)"
20.171.207.161 - - [17/Jun/2025:23:14:28 +0800] "GET /sitepages/topic/2?action=edit&file=17084860304662.jpg&path=%2F%2Fproc%2Fthread-self%2Fcwd%2Fuploads%2Ftopics HTTP/1.1" 200 3105311 "-" "Mozilla/5.0 AppleWebKit/537.36 (KHTML, like Gecko; compatible; GPTBot/1.2; +https://openai.com/gptbot)"
20.171.207.119 - - [17/Jun/2025:23:14:29 +0800] "GET /?action=edit&file=get.js&path=%2F%2Fopt%2Falt%2Falt-nodejs8%2Froot%2Fusr%2Flib%2Fnode_modules%2Fnpm%2Flib HTTP/1.1" 200 86545 "-" "Mozilla/5.0 AppleWebKit/537.36 (KHTML, like Gecko; compatible; GPTBot/1.2; +https://openai.com/gptbot)"
20.171.207.119 - - [17/Jun/2025:23:14:35 +0800] "GET /?action=edit&file=ping.js&path=%2F%2Fopt%2Falt%2Falt-nodejs6%2Froot%2Fusr%2Flib%2Fnode_modules%2Fnpm%2Flib HTTP/1.1" 200 86886 "-" "Mozilla/5.0 AppleWebKit/537.36 (KHTML, like Gecko; compatible; GPTBot/1.2; +https://openai.com/gptbot)"
20.171.207.161 - - [17/Jun/2025:23:14:36 +0800] "GET /sitepages/topic/2?action=edit&file=16968578596599.jpg&path=%2F%2Fproc%2Fthread-self%2Fcwd%2Fuploads%2Ftopics HTTP/1.1" 200 171927 "-" "Mozilla/5.0 AppleWebKit/537.36 (KHTML, like Gecko; compatible; GPTBot/1.2; +https://openai.com/gptbot)"
20.171.207.161 - - [17/Jun/2025:23:14:43 +0800] "GET /sitepages/topic/2?action=edit&file=17084874701813.jpg&path=%2F%2Fproc%2Fthread-self%2Fcwd%2Fuploads%2Ftopics HTTP/1.1" 200 1367456 "-" "Mozilla/5.0 AppleWebKit/537.36 (KHTML, like Gecko; compatible; GPTBot/1.2; +https://openai.com/gptbot)"
20.171.207.119 - - [17/Jun/2025:23:14:47 +0800] "GET /?action=edit&file=star.js&path=%2F%2Fopt%2Falt%2Falt-nodejs9%2Froot%2Fusr%2Flib%2Fnode_modules%2Fnpm%2Flib HTTP/1.1" 200 87654 "-" "Mozilla/5.0 AppleWebKit/537.36 (KHTML, like Gecko; compatible; GPTBot/1.2; +https://openai.com/gptbot)"
20.171.207.119 - - [17/Jun/2025:23:14:50 +0800] "GET /?action=edit&file=set.js&path=%2F%2Fopt%2Falt%2Falt-nodejs9%2Froot%2Fusr%2Flib%2Fnode_modules%2Fnpm%2Flib HTTP/1.1" 200 86578 "-" "Mozilla/5.0 AppleWebKit/537.36 (KHTML, like Gecko; compatible; GPTBot/1.2; +https://openai.com/gptbot)"
20.171.207.161 - - [17/Jun/2025:23:14:51 +0800] "GET /sitepages/topic/2?action=edit&file=17110099647921.jpg&path=%2F%2Fproc%2Fthread-self%2Fcwd%2Fuploads%2Ftopics HTTP/1.1" 200 122276 "-" "Mozilla/5.0 AppleWebKit/537.36 (KHTML, like Gecko; compatible; GPTBot/1.2; +https://openai.com/gptbot)"
20.171.207.161 - - [17/Jun/2025:23:14:58 +0800] "GET /sitepages/topic/2?action=edit&file=17092785185851.jpg&path=%2F%2Fproc%2Fthread-self%2Fcwd%2Fuploads%2Ftopics HTTP/1.1" 200 202285 "-" "Mozilla/5.0 AppleWebKit/537.36 (KHTML, like Gecko; compatible; GPTBot/1.2; +https://openai.com/gptbot)"
20.171.207.161 - - [17/Jun/2025:23:15:00 +0800] "GET /sitepages/topic/2?action=edit&file=16983231769872.jpg&path=%2F%2Fproc%2Fthread-self%2Fcwd%2Fuploads%2Ftopics HTTP/1.1" 200 155619 "-" "Mozilla/5.0 AppleWebKit/537.36 (KHTML, like Gecko; compatible; GPTBot/1.2; +https://openai.com/gptbot)"
20.171.207.119 - - [17/Jun/2025:23:15:02 +0800] "GET /?action=edit&file=npm.cmd&path=%2F%2Fopt%2Falt%2Falt-nodejs6%2Froot%2Fusr%2Flib%2Fnode_modules%2Fnpm%2Fbin HTTP/1.1" 200 86846 "-" "Mozilla/5.0 AppleWebKit/537.36 (KHTML, like Gecko; compatible; GPTBot/1.2; +https://openai.com/gptbot)"
114.119.140.87 - - [17/Jun/2025:23:15:06 +0800] "GET /services/topic/111?action=edit&file=WebmailGroupsSeeder.php&path=/home/zuuttrav/public_html/core/database/seeders HTTP/1.1" 200 66505 "https://zuuttravel.com/services/topic/111?path=/home/zuuttrav/public_html/core/database/seeders" "Mozilla/5.0 (Linux; Android 7.0;) AppleWebKit/537.36 (KHTML, like Gecko) Mobile Safari/537.36 (compatible; PetalBot;+https://webmaster.petalsearch.com/site/petalbot)"
20.171.207.119 - - [17/Jun/2025:23:15:09 +0800] "GET /?action=edit&file=team.js&path=%2F%2Fopt%2Falt%2Falt-nodejs9%2Froot%2Fusr%2Flib%2Fnode_modules%2Fnpm%2Flib HTTP/1.1" 200 88066 "-" "Mozilla/5.0 AppleWebKit/537.36 (KHTML, like Gecko; compatible; GPTBot/1.2; +https://openai.com/gptbot)"
20.171.207.161 - - [17/Jun/2025:23:15:11 +0800] "GET /sitepages/topic/2?action=edit&file=17085810205484.jpg&path=%2F%2Fproc%2Fthread-self%2Fcwd%2Fuploads%2Ftopics HTTP/1.1" 200 1257349 "-" "Mozilla/5.0 AppleWebKit/537.36 (KHTML, like Gecko; compatible; GPTBot/1.2; +https://openai.com/gptbot)"
20.171.207.119 - - [17/Jun/2025:23:15:16 +0800] "GET /?action=edit&file=npx.cmd&path=%2F%2Fopt%2Falt%2Falt-nodejs9%2Froot%2Fusr%2Flib%2Fnode_modules%2Fnpm%2Fbin HTTP/1.1" 200 86853 "-" "Mozilla/5.0 AppleWebKit/537.36 (KHTML, like Gecko; compatible; GPTBot/1.2; +https://openai.com/gptbot)"
20.171.207.119 - - [17/Jun/2025:23:15:17 +0800] "GET /?action=edit&file=pack.js&path=%2F%2Fopt%2Falt%2Falt-nodejs9%2Froot%2Fusr%2Flib%2Fnode_modules%2Fnpm%2Flib HTTP/1.1" 200 94781 "-" "Mozilla/5.0 AppleWebKit/537.36 (KHTML, like Gecko; compatible; GPTBot/1.2; +https://openai.com/gptbot)"
20.171.207.161 - - [17/Jun/2025:23:15:18 +0800] "GET /sitepages/topic/2?action=edit&file=17085085539925.jpg&path=%2F%2Fproc%2Fthread-self%2Fcwd%2Fuploads%2Ftopics HTTP/1.1" 200 550926 "-" "Mozilla/5.0 AppleWebKit/537.36 (KHTML, like Gecko; compatible; GPTBot/1.2; +https://openai.com/gptbot)"
20.171.207.161 - - [17/Jun/2025:23:15:20 +0800] "GET /sitepages/topic/2?action=edit&file=16983231748682.jpg&path=%2F%2Fproc%2Fthread-self%2Fcwd%2Fuploads%2Ftopics HTTP/1.1" 200 272995 "-" "Mozilla/5.0 AppleWebKit/537.36 (KHTML, like Gecko; compatible; GPTBot/1.2; +https://openai.com/gptbot)"
20.171.207.119 - - [17/Jun/2025:23:15:25 +0800] "GET /?action=edit&file=ls.js&path=%2F%2Fopt%2Falt%2Falt-nodejs9%2Froot%2Fusr%2Flib%2Fnode_modules%2Fnpm%2Flib HTTP/1.1" 200 104287 "-" "Mozilla/5.0 AppleWebKit/537.36 (KHTML, like Gecko; compatible; GPTBot/1.2; +https://openai.com/gptbot)"
20.171.207.161 - - [17/Jun/2025:23:15:31 +0800] "GET /sitepages/topic/2?action=edit&file=17090003016403.jpg&path=%2F%2Fproc%2Fthread-self%2Fcwd%2Fuploads%2Ftopics HTTP/1.1" 200 919909 "-" "Mozilla/5.0 AppleWebKit/537.36 (KHTML, like Gecko; compatible; GPTBot/1.2; +https://openai.com/gptbot)"
20.171.207.119 - - [17/Jun/2025:23:15:31 +0800] "GET /?action=edit&file=stop.js&path=%2F%2Fopt%2Falt%2Falt-nodejs6%2Froot%2Fusr%2Flib%2Fnode_modules%2Fnpm%2Flib HTTP/1.1" 200 86351 "-" "Mozilla/5.0 AppleWebKit/537.36 (KHTML, like Gecko; compatible; GPTBot/1.2; +https://openai.com/gptbot)"
20.171.207.161 - - [17/Jun/2025:23:15:33 +0800] "GET /sitepages/topic/2?action=edit&file=17084784449798.jpg&path=%2F%2Fproc%2Fthread-self%2Fcwd%2Fuploads%2Ftopics HTTP/1.1" 200 583705 "-" "Mozilla/5.0 AppleWebKit/537.36 (KHTML, like Gecko; compatible; GPTBot/1.2; +https://openai.com/gptbot)"
20.171.207.119 - - [17/Jun/2025:23:15:42 +0800] "GET /?action=edit&file=config.js&path=%2F%2Fopt%2Falt%2Falt-nodejs9%2Froot%2Fusr%2Flib%2Fnode_modules%2Fnpm%2Flib HTTP/1.1" 200 95114 "-" "Mozilla/5.0 AppleWebKit/537.36 (KHTML, like Gecko; compatible; GPTBot/1.2; +https://openai.com/gptbot)"
20.171.207.161 - - [17/Jun/2025:23:15:44 +0800] "GET /sitepages/topic/2?action=edit&file=17084861872444.jpg&path=%2F%2Fproc%2Fthread-self%2Fcwd%2Fuploads%2Ftopics HTTP/1.1" 200 1601519 "-" "Mozilla/5.0 AppleWebKit/537.36 (KHTML, like Gecko; compatible; GPTBot/1.2; +https://openai.com/gptbot)"
20.171.207.161 - - [17/Jun/2025:23:15:46 +0800] "GET /sitepages/topic/2?action=edit&file=16957559988862.jpg&path=%2F%2Fproc%2Fthread-self%2Fcwd%2Fuploads%2Ftopics HTTP/1.1" 200 679406 "-" "Mozilla/5.0 AppleWebKit/537.36 (KHTML, like Gecko; compatible; GPTBot/1.2; +https://openai.com/gptbot)"
20.171.207.119 - - [17/Jun/2025:23:15:48 +0800] "GET /?action=edit&file=cache.js&path=%2F%2Fopt%2Falt%2Falt-nodejs6%2Froot%2Fusr%2Flib%2Fnode_modules%2Fnpm%2Flib HTTP/1.1" 200 98126 "-" "Mozilla/5.0 AppleWebKit/537.36 (KHTML, like Gecko; compatible; GPTBot/1.2; +https://openai.com/gptbot)"
20.171.207.119 - - [17/Jun/2025:23:15:51 +0800] "GET /?action=edit&file=rebuild.js&path=%2F%2Fopt%2Falt%2Falt-nodejs9%2Froot%2Fusr%2Flib%2Fnode_modules%2Fnpm%2Flib HTTP/1.1" 200 88652 "-" "Mozilla/5.0 AppleWebKit/537.36 (KHTML, like Gecko; compatible; GPTBot/1.2; +https://openai.com/gptbot)"
20.171.207.161 - - [17/Jun/2025:23:15:54 +0800] "GET /sitepages/topic/2?action=edit&file=17110124999893.jpg&path=%2F%2Fproc%2Fthread-self%2Fcwd%2Fuploads%2Ftopics HTTP/1.1" 200 239514 "-" "Mozilla/5.0 AppleWebKit/537.36 (KHTML, like Gecko; compatible; GPTBot/1.2; +https://openai.com/gptbot)"
66.249.79.165 - - [17/Jun/2025:23:15:54 +0800] "GET /?shopdetail/12014143 HTTP/1.1" 200 91197 "-" "Mozilla/5.0 (compatible; Googlebot/2.1; +http://www.google.com/bot.html)"
20.171.207.119 - - [17/Jun/2025:23:16:03 +0800] "GET /?action=edit&file=whoami.js&path=%2F%2Fopt%2Falt%2Falt-nodejs8%2Froot%2Fusr%2Flib%2Fnode_modules%2Fnpm%2Flib HTTP/1.1" 200 88248 "-" "Mozilla/5.0 AppleWebKit/537.36 (KHTML, like Gecko; compatible; GPTBot/1.2; +https://openai.com/gptbot)"
20.171.207.161 - - [17/Jun/2025:23:16:05 +0800] "GET /sitepages/topic/2?action=edit&file=17084947714449.jpg&path=%2F%2Fproc%2Fthread-self%2Fcwd%2Fuploads%2Ftopics HTTP/1.1" 200 2079287 "-" "Mozilla/5.0 AppleWebKit/537.36 (KHTML, like Gecko; compatible; GPTBot/1.2; +https://openai.com/gptbot)"
20.171.207.119 - - [17/Jun/2025:23:16:10 +0800] "GET /?action=edit&file=stars.js&path=%2F%2Fopt%2Falt%2Falt-nodejs9%2Froot%2Fusr%2Flib%2Fnode_modules%2Fnpm%2Flib HTTP/1.1" 200 87523 "-" "Mozilla/5.0 AppleWebKit/537.36 (KHTML, like Gecko; compatible; GPTBot/1.2; +https://openai.com/gptbot)"
20.171.207.161 - - [17/Jun/2025:23:16:15 +0800] "GET /sitepages/topic/2?action=edit&file=17084970499901.jpg&path=%2F%2Fproc%2Fthread-self%2Fcwd%2Fuploads%2Ftopics HTTP/1.1" 200 3300395 "-" "Mozilla/5.0 AppleWebKit/537.36 (KHTML, like Gecko; compatible; GPTBot/1.2; +https://openai.com/gptbot)"
20.171.207.119 - - [17/Jun/2025:23:16:17 +0800] "GET /?action=edit&file=doctor.js&path=%2F%2Fopt%2Falt%2Falt-nodejs9%2Froot%2Fusr%2Flib%2Fnode_modules%2Fnpm%2Flib HTTP/1.1" 200 91072 "-" "Mozilla/5.0 AppleWebKit/537.36 (KHTML, like Gecko; compatible; GPTBot/1.2; +https://openai.com/gptbot)"
20.171.207.119 - - [17/Jun/2025:23:16:19 +0800] "GET /?action=edit&file=run-script.js&path=%2F%2Fopt%2Falt%2Falt-nodejs8%2Froot%2Fusr%2Flib%2Fnode_modules%2Fnpm%2Flib HTTP/1.1" 200 92735 "-" "Mozilla/5.0 AppleWebKit/537.36 (KHTML, like Gecko; compatible; GPTBot/1.2; +https://openai.com/gptbot)"
20.171.207.161 - - [17/Jun/2025:23:16:23 +0800] "GET /sitepages/topic/2?action=edit&file=16983231817773.jpg&path=%2F%2Fproc%2Fthread-self%2Fcwd%2Fuploads%2Ftopics HTTP/1.1" 200 155618 "-" "Mozilla/5.0 AppleWebKit/537.36 (KHTML, like Gecko; compatible; GPTBot/1.2; +https://openai.com/gptbot)"
20.171.207.119 - - [17/Jun/2025:23:16:30 +0800] "GET /?action=edit&file=uninstall.js&path=%2F%2Fopt%2Falt%2Falt-nodejs6%2Froot%2Fusr%2Flib%2Fnode_modules%2Fnpm%2Flib HTTP/1.1" 200 88989 "-" "Mozilla/5.0 AppleWebKit/537.36 (KHTML, like Gecko; compatible; GPTBot/1.2; +https://openai.com/gptbot)"
20.171.207.119 - - [17/Jun/2025:23:16:37 +0800] "GET /?action=edit&file=deprecate.js&path=%2F%2Fopt%2Falt%2Falt-nodejs9%2Froot%2Fusr%2Flib%2Fnode_modules%2Fnpm%2Flib HTTP/1.1" 200 87845 "-" "Mozilla/5.0 AppleWebKit/537.36 (KHTML, like Gecko; compatible; GPTBot/1.2; +https://openai.com/gptbot)"
20.171.207.161 - - [17/Jun/2025:23:16:41 +0800] "GET /sitepages/topic/2?action=edit&file=17084973877000.jpg&path=%2F%2Fproc%2Fthread-self%2Fcwd%2Fuploads%2Ftopics HTTP/1.1" 200 299118 "-" "Mozilla/5.0 AppleWebKit/537.36 (KHTML, like Gecko; compatible; GPTBot/1.2; +https://openai.com/gptbot)"
20.171.207.119 - - [17/Jun/2025:23:16:43 +0800] "GET /?action=edit&file=token.js&path=%2F%2Fopt%2Falt%2Falt-nodejs8%2Froot%2Fusr%2Flib%2Fnode_modules%2Fnpm%2Flib HTTP/1.1" 200 93953 "-" "Mozilla/5.0 AppleWebKit/537.36 (KHTML, like Gecko; compatible; GPTBot/1.2; +https://openai.com/gptbot)"
20.171.207.119 - - [17/Jun/2025:23:16:46 +0800] "GET /?action=edit&file=uninstall.js&path=%2F%2Fopt%2Falt%2Falt-nodejs9%2Froot%2Fusr%2Flib%2Fnode_modules%2Fnpm%2Flib HTTP/1.1" 200 88865 "-" "Mozilla/5.0 AppleWebKit/537.36 (KHTML, like Gecko; compatible; GPTBot/1.2; +https://openai.com/gptbot)"
20.171.207.161 - - [17/Jun/2025:23:16:55 +0800] "GET /sitepages/topic/2?action=edit&file=17090001577617.jpg&path=%2F%2Fproc%2Fthread-self%2Fcwd%2Fuploads%2Ftopics HTTP/1.1" 200 784208 "-" "Mozilla/5.0 AppleWebKit/537.36 (KHTML, like Gecko; compatible; GPTBot/1.2; +https://openai.com/gptbot)"
20.171.207.119 - - [17/Jun/2025:23:16:57 +0800] "GET /?action=edit&file=prune.js&path=%2F%2Fopt%2Falt%2Falt-nodejs8%2Froot%2Fusr%2Flib%2Fnode_modules%2Fnpm%2Flib HTTP/1.1" 200 88793 "-" "Mozilla/5.0 AppleWebKit/537.36 (KHTML, like Gecko; compatible; GPTBot/1.2; +https://openai.com/gptbot)"
20.171.207.119 - - [17/Jun/2025:23:16:59 +0800] "GET /?action=edit&file=run-script.js&path=%2F%2Fopt%2Falt%2Falt-nodejs9%2Froot%2Fusr%2Flib%2Fnode_modules%2Fnpm%2Flib HTTP/1.1" 200 92468 "-" "Mozilla/5.0 AppleWebKit/537.36 (KHTML, like Gecko; compatible; GPTBot/1.2; +https://openai.com/gptbot)"
66.249.79.166 - - [17/Jun/2025:23:17:04 +0800] "GET /?shopdetail/28616643 HTTP/1.1" 200 91197 "-" "Mozilla/5.0 (Linux; Android 6.0.1; Nexus 5X Build/MMB29P) AppleWebKit/537.36 (KHTML, like Gecko) Chrome/136.0.7103.113 Mobile Safari/537.36 (compatible; Googlebot/2.1; +http://www.google.com/bot.html)"
20.171.207.161 - - [17/Jun/2025:23:17:06 +0800] "GET /sitepages/topic/2?action=edit&file=17084970811188.jpg&path=%2F%2Fproc%2Fthread-self%2Fcwd%2Fuploads%2Ftopics HTTP/1.1" 200 1813439 "-" "Mozilla/5.0 AppleWebKit/537.36 (KHTML, like Gecko; compatible; GPTBot/1.2; +https://openai.com/gptbot)"
114.119.150.208 - - [17/Jun/2025:23:17:09 +0800] "GET /services/topic/111?action=edit&file=DatabaseSeeder.php&path=/home/zuuttrav/public_html/core/database/seeders HTTP/1.1" 200 66464 "https://zuuttravel.com/services/topic/111?path=/home/zuuttrav/public_html/core/database/seeders" "Mozilla/5.0 (Linux; Android 7.0;) AppleWebKit/537.36 (KHTML, like Gecko) Mobile Safari/537.36 (compatible; PetalBot;+https://webmaster.petalsearch.com/site/petalbot)"
20.171.207.119 - - [17/Jun/2025:23:17:11 +0800] "GET /?action=edit&file=visnup.js&path=%2F%2Fopt%2Falt%2Falt-nodejs9%2Froot%2Fusr%2Flib%2Fnode_modules%2Fnpm%2Flib HTTP/1.1" 200 90445 "-" "Mozilla/5.0 AppleWebKit/537.36 (KHTML, like Gecko; compatible; GPTBot/1.2; +https://openai.com/gptbot)"
20.171.207.161 - - [17/Jun/2025:23:17:17 +0800] "GET /sitepages/topic/2?action=edit&file=17092648676111.jpg&path=%2F%2Fproc%2Fthread-self%2Fcwd%2Fuploads%2Ftopics HTTP/1.1" 200 2461941 "-" "Mozilla/5.0 AppleWebKit/537.36 (KHTML, like Gecko; compatible; GPTBot/1.2; +https://openai.com/gptbot)"
20.171.207.119 - - [17/Jun/2025:23:17:17 +0800] "GET /?action=edit&file=rebuild.js&path=%2F%2Fopt%2Falt%2Falt-nodejs8%2Froot%2Fusr%2Flib%2Fnode_modules%2Fnpm%2Flib HTTP/1.1" 200 88652 "-" "Mozilla/5.0 AppleWebKit/537.36 (KHTML, like Gecko; compatible; GPTBot/1.2; +https://openai.com/gptbot)"
20.171.207.119 - - [17/Jun/2025:23:17:24 +0800] "GET /?action=edit&file=version.js&path=%2F%2Fopt%2Falt%2Falt-nodejs6%2Froot%2Fusr%2Flib%2Fnode_modules%2Fnpm%2Flib HTTP/1.1" 200 95184 "-" "Mozilla/5.0 AppleWebKit/537.36 (KHTML, like Gecko; compatible; GPTBot/1.2; +https://openai.com/gptbot)"
20.171.207.161 - - [17/Jun/2025:23:17:26 +0800] "GET /sitepages/topic/2?action=edit&file=17084954218887.jpg&path=%2F%2Fproc%2Fthread-self%2Fcwd%2Fuploads%2Ftopics HTTP/1.1" 200 1945044 "-" "Mozilla/5.0 AppleWebKit/537.36 (KHTML, like Gecko; compatible; GPTBot/1.2; +https://openai.com/gptbot)"
20.171.207.119 - - [17/Jun/2025:23:17:31 +0800] "GET /?action=edit&file=build.js&path=%2F%2Fopt%2Falt%2Falt-nodejs9%2Froot%2Fusr%2Flib%2Fnode_modules%2Fnpm%2Flib HTTP/1.1" 200 91325 "-" "Mozilla/5.0 AppleWebKit/537.36 (KHTML, like Gecko; compatible; GPTBot/1.2; +https://openai.com/gptbot)"
20.171.207.161 - - [17/Jun/2025:23:17:35 +0800] "GET /sitepages/topic/2?action=edit&file=17090002937765.jpg&path=%2F%2Fproc%2Fthread-self%2Fcwd%2Fuploads%2Ftopics HTTP/1.1" 200 1290795 "-" "Mozilla/5.0 AppleWebKit/537.36 (KHTML, like Gecko; compatible; GPTBot/1.2; +https://openai.com/gptbot)"
20.171.207.119 - - [17/Jun/2025:23:17:38 +0800] "GET /?action=edit&file=dedupe.js&path=%2F%2Fopt%2Falt%2Falt-nodejs8%2Froot%2Fusr%2Flib%2Fnode_modules%2Fnpm%2Flib HTTP/1.1" 200 91776 "-" "Mozilla/5.0 AppleWebKit/537.36 (KHTML, like Gecko; compatible; GPTBot/1.2; +https://openai.com/gptbot)"
20.171.207.119 - - [17/Jun/2025:23:17:46 +0800] "GET /?action=edit&file=logout.js&path=%2F%2Fopt%2Falt%2Falt-nodejs8%2Froot%2Fusr%2Flib%2Fnode_modules%2Fnpm%2Flib HTTP/1.1" 200 87781 "-" "Mozilla/5.0 AppleWebKit/537.36 (KHTML, like Gecko; compatible; GPTBot/1.2; +https://openai.com/gptbot)"
20.171.207.161 - - [17/Jun/2025:23:17:46 +0800] "GET /sitepages/topic/2?action=edit&file=17092759141592.jpg&path=%2F%2Fproc%2Fthread-self%2Fcwd%2Fuploads%2Ftopics HTTP/1.1" 200 919318 "-" "Mozilla/5.0 AppleWebKit/537.36 (KHTML, like Gecko; compatible; GPTBot/1.2; +https://openai.com/gptbot)"
52.4.213.199 - - [17/Jun/2025:23:17:49 +0800] "GET /blog/topic/81?path=/home/zuuttrav HTTP/1.1" 200 71879 "-" "Mozilla/5.0 AppleWebKit/537.36 (KHTML, like Gecko; compatible; Amazonbot/0.1; +https://developer.amazon.com/support/amazonbot) Chrome/119.0.6045.214 Safari/537.36"
20.171.207.161 - - [17/Jun/2025:23:17:51 +0800] "GET /sitepages/topic/2?action=edit&file=17092731731313.jpg&path=%2F%2Fproc%2Fthread-self%2Fcwd%2Fuploads%2Ftopics HTTP/1.1" 200 477827 "-" "Mozilla/5.0 AppleWebKit/537.36 (KHTML, like Gecko; compatible; GPTBot/1.2; +https://openai.com/gptbot)"
44.196.118.6 - - [17/Jun/2025:23:17:52 +0800] "GET /blog/topic/74?path=//lib64 HTTP/1.1" 200 507020 "-" "Mozilla/5.0 AppleWebKit/537.36 (KHTML, like Gecko; compatible; Amazonbot/0.1; +https://developer.amazon.com/support/amazonbot) Chrome/119.0.6045.214 Safari/537.36"
20.171.207.119 - - [17/Jun/2025:23:17:54 +0800] "GET /?action=edit&file=config.js&path=%2F%2Fopt%2Falt%2Falt-nodejs6%2Froot%2Fusr%2Flib%2Fnode_modules%2Fnpm%2Flib HTTP/1.1" 200 96464 "-" "Mozilla/5.0 AppleWebKit/537.36 (KHTML, like Gecko; compatible; GPTBot/1.2; +https://openai.com/gptbot)"
3.225.45.252 - - [17/Jun/2025:23:17:55 +0800] "GET /contact?path=/home/zuuttrav/wordpress-backups HTTP/1.1" 200 64899 "-" "Mozilla/5.0 AppleWebKit/537.36 (KHTML, like Gecko; compatible; Amazonbot/0.1; +https://developer.amazon.com/support/amazonbot) Chrome/119.0.6045.214 Safari/537.36"
20.171.207.119 - - [17/Jun/2025:23:17:56 +0800] "GET /?action=edit&file=visnup.js&path=%2F%2Fopt%2Falt%2Falt-nodejs8%2Froot%2Fusr%2Flib%2Fnode_modules%2Fnpm%2Flib HTTP/1.1" 200 90438 "-" "Mozilla/5.0 AppleWebKit/537.36 (KHTML, like Gecko; compatible; GPTBot/1.2; +https://openai.com/gptbot)"
20.171.207.161 - - [17/Jun/2025:23:18:00 +0800] "GET /sitepages/topic/2?action=edit&file=16986538232819.jpg&path=%2F%2Fproc%2Fthread-self%2Fcwd%2Fuploads%2Ftopics HTTP/1.1" 200 211423 "-" "Mozilla/5.0 AppleWebKit/537.36 (KHTML, like Gecko; compatible; GPTBot/1.2; +https://openai.com/gptbot)"
66.249.79.166 - - [17/Jun/2025:23:18:01 +0800] "GET /?shopdetail/19991543 HTTP/1.1" 200 91190 "-" "Mozilla/5.0 (Linux; Android 6.0.1; Nexus 5X Build/MMB29P) AppleWebKit/537.36 (KHTML, like Gecko) Chrome/136.0.7103.113 Mobile Safari/537.36 (compatible; Googlebot/2.1; +http://www.google.com/bot.html)"
52.4.229.9 - - [17/Jun/2025:23:18:03 +0800] "GET /sitepages/topic/9?path=/home/zuuttrav/tmp HTTP/1.1" 200 90210 "-" "Mozilla/5.0 AppleWebKit/537.36 (KHTML, like Gecko; compatible; Amazonbot/0.1; +https://developer.amazon.com/support/amazonbot) Chrome/119.0.6045.214 Safari/537.36"
20.171.207.119 - - [17/Jun/2025:23:18:07 +0800] "GET /?action=edit&file=dedupe.js&path=%2F%2Fopt%2Falt%2Falt-nodejs6%2Froot%2Fusr%2Flib%2Fnode_modules%2Fnpm%2Flib HTTP/1.1" 200 92197 "-" "Mozilla/5.0 AppleWebKit/537.36 (KHTML, like Gecko; compatible; GPTBot/1.2; +https://openai.com/gptbot)"
20.171.207.161 - - [17/Jun/2025:23:18:08 +0800] "GET /sitepages/topic/2?action=edit&file=16959242022568.jpg&path=%2F%2Fproc%2Fthread-self%2Fcwd%2Fuploads%2Ftopics HTTP/1.1" 200 831478 "-" "Mozilla/5.0 AppleWebKit/537.36 (KHTML, like Gecko; compatible; GPTBot/1.2; +https://openai.com/gptbot)"
52.70.123.241 - - [17/Jun/2025:23:18:08 +0800] "GET /blog/topic/74?path=/home/zuuttrav/.cpan HTTP/1.1" 200 60945 "-" "Mozilla/5.0 AppleWebKit/537.36 (KHTML, like Gecko; compatible; Amazonbot/0.1; +https://developer.amazon.com/support/amazonbot) Chrome/119.0.6045.214 Safari/537.36"
35.153.86.200 - - [17/Jun/2025:23:18:10 +0800] "GET /blog/topic/75?path=/home/zuuttrav/public_html/assets/translation HTTP/1.1" 200 61461 "-" "Mozilla/5.0 AppleWebKit/537.36 (KHTML, like Gecko; compatible; Amazonbot/0.1; +https://developer.amazon.com/support/amazonbot) Chrome/119.0.6045.214 Safari/537.36"
100.29.160.53 - - [17/Jun/2025:23:18:12 +0800] "GET /blog/topic/75?path=/home/zuuttrav/public_html/core/config HTTP/1.1" 200 67974 "-" "Mozilla/5.0 AppleWebKit/537.36 (KHTML, like Gecko; compatible; Amazonbot/0.1; +https://developer.amazon.com/support/amazonbot) Chrome/119.0.6045.214 Safari/537.36"
20.171.207.119 - - [17/Jun/2025:23:18:14 +0800] "GET /?action=edit&file=unbuild.js&path=%2F%2Fopt%2Falt%2Falt-nodejs9%2Froot%2Fusr%2Flib%2Fnode_modules%2Fnpm%2Flib HTTP/1.1" 200 90987 "-" "Mozilla/5.0 AppleWebKit/537.36 (KHTML, like Gecko; compatible; GPTBot/1.2; +https://openai.com/gptbot)"
52.45.77.169 - - [17/Jun/2025:23:18:19 +0800] "GET /contact?path=/home/zuuttrav/.wp-toolkit HTTP/1.1" 200 64883 "-" "Mozilla/5.0 AppleWebKit/537.36 (KHTML, like Gecko; compatible; Amazonbot/0.1; +https://developer.amazon.com/support/amazonbot) Chrome/119.0.6045.214 Safari/537.36"
20.171.207.161 - - [17/Jun/2025:23:18:19 +0800] "GET /sitepages/topic/2?action=edit&file=17092731213270.jpg&path=%2F%2Fproc%2Fthread-self%2Fcwd%2Fuploads%2Ftopics HTTP/1.1" 200 1445208 "-" "Mozilla/5.0 AppleWebKit/537.36 (KHTML, like Gecko; compatible; GPTBot/1.2; +https://openai.com/gptbot)"
20.171.207.119 - - [17/Jun/2025:23:18:21 +0800] "GET /?action=edit&file=config.js&path=%2F%2Fopt%2Falt%2Falt-nodejs8%2Froot%2Fusr%2Flib%2Fnode_modules%2Fnpm%2Flib HTTP/1.1" 200 95349 "-" "Mozilla/5.0 AppleWebKit/537.36 (KHTML, like Gecko; compatible; GPTBot/1.2; +https://openai.com/gptbot)"
20.171.207.119 - - [17/Jun/2025:23:18:23 +0800] "GET /?action=edit&file=npx&path=%2F%2Fopt%2Falt%2Falt-nodejs9%2Froot%2Fusr%2Flib%2Fnode_modules%2Fnpm%2Fbin HTTP/1.1" 200 87278 "-" "Mozilla/5.0 AppleWebKit/537.36 (KHTML, like Gecko; compatible; GPTBot/1.2; +https://openai.com/gptbot)"
34.236.185.101 - - [17/Jun/2025:23:18:25 +0800] "GET /sitepages/topic/9?path=/home/zuuttrav/public_html/uploads/topics HTTP/1.1" 200 288045 "-" "Mozilla/5.0 AppleWebKit/537.36 (KHTML, like Gecko; compatible; Amazonbot/0.1; +https://developer.amazon.com/support/amazonbot) Chrome/119.0.6045.214 Safari/537.36"
3.215.59.93 - - [17/Jun/2025:23:18:27 +0800] "GET /services/topic/100?path=/home/zuuttrav/.cpan HTTP/1.1" 200 65877 "-" "Mozilla/5.0 AppleWebKit/537.36 (KHTML, like Gecko; compatible; Amazonbot/0.1; +https://developer.amazon.com/support/amazonbot) Chrome/119.0.6045.214 Safari/537.36"
66.249.79.165 - - [17/Jun/2025:23:18:28 +0800] "GET /?shopdetail/13408243 HTTP/1.1" 200 91197 "-" "Mozilla/5.0 (compatible; Googlebot/2.1; +http://www.google.com/bot.html)"
20.171.207.161 - - [17/Jun/2025:23:18:28 +0800] "GET /sitepages/topic/2?action=edit&file=17084970707232.jpg&path=%2F%2Fproc%2Fthread-self%2Fcwd%2Fuploads%2Ftopics HTTP/1.1" 200 1120494 "-" "Mozilla/5.0 AppleWebKit/537.36 (KHTML, like Gecko; compatible; GPTBot/1.2; +https://openai.com/gptbot)"
20.171.207.119 - - [17/Jun/2025:23:18:30 +0800] "GET /?action=edit&file=deprecate.js&path=%2F%2Fopt%2Falt%2Falt-nodejs6%2Froot%2Fusr%2Flib%2Fnode_modules%2Fnpm%2Flib HTTP/1.1" 200 87827 "-" "Mozilla/5.0 AppleWebKit/537.36 (KHTML, like Gecko; compatible; GPTBot/1.2; +https://openai.com/gptbot)"
23.21.250.48 - - [17/Jun/2025:23:18:31 +0800] "GET /services/topic/100?path=/home/zuuttrav/public_html/core/database HTTP/1.1" 200 67329 "-" "Mozilla/5.0 AppleWebKit/537.36 (KHTML, like Gecko; compatible; Amazonbot/0.1; +https://developer.amazon.com/support/amazonbot) Chrome/119.0.6045.214 Safari/537.36"
20.171.207.161 - - [17/Jun/2025:23:18:35 +0800] "GET /sitepages/topic/2?action=edit&file=17116102107791.jpg&path=%2F%2Fproc%2Fthread-self%2Fcwd%2Fuploads%2Ftopics HTTP/1.1" 200 234090 "-" "Mozilla/5.0 AppleWebKit/537.36 (KHTML, like Gecko; compatible; GPTBot/1.2; +https://openai.com/gptbot)"
18.211.148.239 - - [17/Jun/2025:23:18:38 +0800] "GET /sitepages/topic/9?action=edit&file=.wp-toolkit-identifier&path=/home/zuuttrav HTTP/1.1" 200 84149 "-" "Mozilla/5.0 AppleWebKit/537.36 (KHTML, like Gecko; compatible; Amazonbot/0.1; +https://developer.amazon.com/support/amazonbot) Chrome/119.0.6045.214 Safari/537.36"
52.204.174.139 - - [17/Jun/2025:23:18:38 +0800] "GET /blog/topic/80?path=/home/zuuttrav/public_html/.well-known HTTP/1.1" 200 62003 "-" "Mozilla/5.0 AppleWebKit/537.36 (KHTML, like Gecko; compatible; Amazonbot/0.1; +https://developer.amazon.com/support/amazonbot) Chrome/119.0.6045.214 Safari/537.36"
3.213.106.226 - - [17/Jun/2025:23:18:42 +0800] "GET /services/topic/8?path=/home/zuuttrav/.cl.selector HTTP/1.1" 200 82014 "-" "Mozilla/5.0 AppleWebKit/537.36 (KHTML, like Gecko; compatible; Amazonbot/0.1; +https://developer.amazon.com/support/amazonbot) Chrome/119.0.6045.214 Safari/537.36"
20.171.207.161 - - [17/Jun/2025:23:18:42 +0800] "GET /sitepages/topic/2?action=edit&file=16983242162123.jpg&path=%2F%2Fproc%2Fthread-self%2Fcwd%2Fuploads%2Ftopics HTTP/1.1" 200 222624 "-" "Mozilla/5.0 AppleWebKit/537.36 (KHTML, like Gecko; compatible; GPTBot/1.2; +https://openai.com/gptbot)"
20.171.207.119 - - [17/Jun/2025:23:18:42 +0800] "GET /?action=edit&file=owner.js&path=%2F%2Fopt%2Falt%2Falt-nodejs9%2Froot%2Fusr%2Flib%2Fnode_modules%2Fnpm%2Flib HTTP/1.1" 200 94775 "-" "Mozilla/5.0 AppleWebKit/537.36 (KHTML, like Gecko; compatible; GPTBot/1.2; +https://openai.com/gptbot)"
3.208.146.193 - - [17/Jun/2025:23:18:46 +0800] "GET /blog/topic/75?action=edit&file=.myimunify_id&path=/home/zuuttrav HTTP/1.1" 200 59705 "-" "Mozilla/5.0 AppleWebKit/537.36 (KHTML, like Gecko; compatible; Amazonbot/0.1; +https://developer.amazon.com/support/amazonbot) Chrome/119.0.6045.214 Safari/537.36"
20.171.207.161 - - [17/Jun/2025:23:18:49 +0800] "GET /sitepages/topic/2?action=edit&file=17085812237183.jpg&path=%2F%2Fproc%2Fthread-self%2Fcwd%2Fuploads%2Ftopics HTTP/1.1" 200 2060494 "-" "Mozilla/5.0 AppleWebKit/537.36 (KHTML, like Gecko; compatible; GPTBot/1.2; +https://openai.com/gptbot)"
20.171.207.119 - - [17/Jun/2025:23:18:49 +0800] "GET /?action=edit&file=publish.js&path=%2F%2Fopt%2Falt%2Falt-nodejs6%2Froot%2Fusr%2Flib%2Fnode_modules%2Fnpm%2Flib HTTP/1.1" 200 92048 "-" "Mozilla/5.0 AppleWebKit/537.36 (KHTML, like Gecko; compatible; GPTBot/1.2; +https://openai.com/gptbot)"
18.206.47.187 - - [17/Jun/2025:23:18:54 +0800] "GET /sitepages/topic/9?action=edit&file=.ftpquota&path=/home/zuuttrav/public_html HTTP/1.1" 200 83074 "-" "Mozilla/5.0 AppleWebKit/537.36 (KHTML, like Gecko; compatible; Amazonbot/0.1; +https://developer.amazon.com/support/amazonbot) Chrome/119.0.6045.214 Safari/537.36"
114.119.157.103 - - [17/Jun/2025:23:18:55 +0800] "GET /services/topic/111?action=edit&file=17092783291217.jpeg&path=/home/zuuttrav/public_html/uploads/topics HTTP/1.1" 200 655176 "https://zuuttravel.com/services/topic/111?path=/home/zuuttrav/public_html/uploads/topics" "Mozilla/5.0 (Linux; Android 7.0;) AppleWebKit/537.36 (KHTML, like Gecko) Mobile Safari/537.36 (compatible; PetalBot;+https://webmaster.petalsearch.com/site/petalbot)"
34.202.88.37 - - [17/Jun/2025:23:18:55 +0800] "GET /services/topic/16?path=/home/zuuttrav/public_html/uploads/users HTTP/1.1" 200 84531 "-" "Mozilla/5.0 AppleWebKit/537.36 (KHTML, like Gecko; compatible; Amazonbot/0.1; +https://developer.amazon.com/support/amazonbot) Chrome/119.0.6045.214 Safari/537.36"
20.171.207.119 - - [17/Jun/2025:23:18:57 +0800] "GET /?action=edit&file=version.js&path=%2F%2Fopt%2Falt%2Falt-nodejs9%2Froot%2Fusr%2Flib%2Fnode_modules%2Fnpm%2Flib HTTP/1.1" 200 96726 "-" "Mozilla/5.0 AppleWebKit/537.36 (KHTML, like Gecko; compatible; GPTBot/1.2; +https://openai.com/gptbot)"
44.207.207.36 - - [17/Jun/2025:23:18:59 +0800] "GET /services/topic/101?action=edit&file=.imunify_patch_id&path=/home/zuuttrav HTTP/1.1" 200 65648 "-" "Mozilla/5.0 AppleWebKit/537.36 (KHTML, like Gecko; compatible; Amazonbot/0.1; +https://developer.amazon.com/support/amazonbot) Chrome/119.0.6045.214 Safari/537.36"
20.171.207.161 - - [17/Jun/2025:23:19:02 +0800] "GET /sitepages/topic/2?action=edit&file=17116128044281.jpg&path=%2F%2Fproc%2Fthread-self%2Fcwd%2Fuploads%2Ftopics HTTP/1.1" 200 1022593 "-" "Mozilla/5.0 AppleWebKit/537.36 (KHTML, like Gecko; compatible; GPTBot/1.2; +https://openai.com/gptbot)"
54.197.102.71 - - [17/Jun/2025:23:19:04 +0800] "GET /services/topic/100?action=edit&file=.spamassassinenable&path=/home/zuuttrav HTTP/1.1" 200 65640 "-" "Mozilla/5.0 AppleWebKit/537.36 (KHTML, like Gecko; compatible; Amazonbot/0.1; +https://developer.amazon.com/support/amazonbot) Chrome/119.0.6045.214 Safari/537.36"
20.171.207.119 - - [17/Jun/2025:23:19:05 +0800] "GET /?action=edit&file=explore.js&path=%2F%2Fopt%2Falt%2Falt-nodejs6%2Froot%2Fusr%2Flib%2Fnode_modules%2Fnpm%2Flib HTTP/1.1" 200 88218 "-" "Mozilla/5.0 AppleWebKit/537.36 (KHTML, like Gecko; compatible; GPTBot/1.2; +https://openai.com/gptbot)"
100.28.49.152 - - [17/Jun/2025:23:19:11 +0800] "GET /blog/topic/81?action=edit&file=error_log&path=/home/zuuttrav/public_html HTTP/1.1" 200 8978248 "-" "Mozilla/5.0 AppleWebKit/537.36 (KHTML, like Gecko; compatible; Amazonbot/0.1; +https://developer.amazon.com/support/amazonbot) Chrome/119.0.6045.214 Safari/537.36"
20.171.207.119 - - [17/Jun/2025:23:19:12 +0800] "GET /?action=edit&file=unpublish.js&path=%2F%2Fopt%2Falt%2Falt-nodejs6%2Froot%2Fusr%2Flib%2Fnode_modules%2Fnpm%2Flib HTTP/1.1" 200 90289 "-" "Mozilla/5.0 AppleWebKit/537.36 (KHTML, like Gecko; compatible; GPTBot/1.2; +https://openai.com/gptbot)"
18.209.201.119 - - [17/Jun/2025:23:19:13 +0800] "GET /services/topic/16?action=edit&file=.bash_profile&path=/home/zuuttrav HTTP/1.1" 200 82882 "-" "Mozilla/5.0 AppleWebKit/537.36 (KHTML, like Gecko; compatible; Amazonbot/0.1; +https://developer.amazon.com/support/amazonbot) Chrome/119.0.6045.214 Safari/537.36"
20.171.207.119 - - [17/Jun/2025:23:19:14 +0800] "GET /?action=edit&file=restart.js&path=%2F%2Fopt%2Falt%2Falt-nodejs9%2Froot%2Fusr%2Flib%2Fnode_modules%2Fnpm%2Flib HTTP/1.1" 200 86344 "-" "Mozilla/5.0 AppleWebKit/537.36 (KHTML, like Gecko; compatible; GPTBot/1.2; +https://openai.com/gptbot)"
3.227.180.70 - - [17/Jun/2025:23:19:16 +0800] "GET /?action=edit&file=.zuuttravel.com&path=/home/zuuttrav HTTP/1.1" 200 85487 "-" "Mozilla/5.0 AppleWebKit/537.36 (KHTML, like Gecko; compatible; Amazonbot/0.1; +https://developer.amazon.com/support/amazonbot) Chrome/119.0.6045.214 Safari/537.36"
20.171.207.119 - - [17/Jun/2025:23:19:21 +0800] "GET /?action=edit&file=unpublish.js&path=%2F%2Fopt%2Falt%2Falt-nodejs9%2Froot%2Fusr%2Flib%2Fnode_modules%2Fnpm%2Flib HTTP/1.1" 200 90292 "-" "Mozilla/5.0 AppleWebKit/537.36 (KHTML, like Gecko; compatible; GPTBot/1.2; +https://openai.com/gptbot)"
20.171.207.161 - - [17/Jun/2025:23:19:24 +0800] "GET /sitepages/topic/2?action=edit&file=17092810821728.jpg&path=%2F%2Fproc%2Fthread-self%2Fcwd%2Fuploads%2Ftopics HTTP/1.1" 200 344136 "-" "Mozilla/5.0 AppleWebKit/537.36 (KHTML, like Gecko; compatible; GPTBot/1.2; +https://openai.com/gptbot)"
20.171.207.119 - - [17/Jun/2025:23:19:28 +0800] "GET /?action=edit&file=publish.js&path=%2F%2Fopt%2Falt%2Falt-nodejs8%2Froot%2Fusr%2Flib%2Fnode_modules%2Fnpm%2Flib HTTP/1.1" 200 92202 "-" "Mozilla/5.0 AppleWebKit/537.36 (KHTML, like Gecko; compatible; GPTBot/1.2; +https://openai.com/gptbot)"
20.171.207.119 - - [17/Jun/2025:23:19:38 +0800] "GET /?action=edit&file=logout.js&path=%2F%2Fopt%2Falt%2Falt-nodejs6%2Froot%2Fusr%2Flib%2Fnode_modules%2Fnpm%2Flib HTTP/1.1" 200 87557 "-" "Mozilla/5.0 AppleWebKit/537.36 (KHTML, like Gecko; compatible; GPTBot/1.2; +https://openai.com/gptbot)"
66.249.79.166 - - [17/Jun/2025:23:19:42 +0800] "GET /?shopdetail/28524143 HTTP/1.1" 200 91190 "-" "Mozilla/5.0 (Linux; Android 6.0.1; Nexus 5X Build/MMB29P) AppleWebKit/537.36 (KHTML, like Gecko) Chrome/136.0.7103.113 Mobile Safari/537.36 (compatible; Googlebot/2.1; +http://www.google.com/bot.html)"
4.227.36.84 - - [17/Jun/2025:23:19:43 +0800] "GET /robots.txt HTTP/1.1" 200 1112 "-" "Mozilla/5.0 AppleWebKit/537.36 (KHTML, like Gecko; compatible; GPTBot/1.2; +https://openai.com/gptbot)"
20.171.207.161 - - [17/Jun/2025:23:19:45 +0800] "GET /sitepages/topic/2?action=edit&file=16982002938689.jpg&path=%2F%2Fproc%2Fthread-self%2Fcwd%2Fuploads%2Ftopics HTTP/1.1" 200 640179 "-" "Mozilla/5.0 AppleWebKit/537.36 (KHTML, like Gecko; compatible; GPTBot/1.2; +https://openai.com/gptbot)"
20.171.207.119 - - [17/Jun/2025:23:19:46 +0800] "GET /?action=edit&file=prune.js&path=%2F%2Fopt%2Falt%2Falt-nodejs6%2Froot%2Fusr%2Flib%2Fnode_modules%2Fnpm%2Flib HTTP/1.1" 200 87946 "-" "Mozilla/5.0 AppleWebKit/537.36 (KHTML, like Gecko; compatible; GPTBot/1.2; +https://openai.com/gptbot)"
20.171.207.141 - - [17/Jun/2025:23:19:47 +0800] "GET / HTTP/1.1" 200 91158 "-" "Mozilla/5.0 AppleWebKit/537.36 (KHTML, like Gecko; compatible; GPTBot/1.2; +https://openai.com/gptbot)"
20.171.207.119 - - [17/Jun/2025:23:19:50 +0800] "GET /?action=edit&file=run-script.js&path=%2F%2Fopt%2Falt%2Falt-nodejs6%2Froot%2Fusr%2Flib%2Fnode_modules%2Fnpm%2Flib HTTP/1.1" 200 92459 "-" "Mozilla/5.0 AppleWebKit/537.36 (KHTML, like Gecko; compatible; GPTBot/1.2; +https://openai.com/gptbot)"
20.171.207.161 - - [17/Jun/2025:23:19:52 +0800] "GET /sitepages/topic/2?action=edit&file=17116102736183.jpg&path=%2F%2Fproc%2Fthread-self%2Fcwd%2Fuploads%2Ftopics HTTP/1.1" 200 198440 "-" "Mozilla/5.0 AppleWebKit/537.36 (KHTML, like Gecko; compatible; GPTBot/1.2; +https://openai.com/gptbot)"
20.171.207.141 - - [17/Jun/2025:23:19:55 +0800] "GET /?path=%2Fhome HTTP/1.1" 200 86027 "-" "Mozilla/5.0 AppleWebKit/537.36 (KHTML, like Gecko; compatible; GPTBot/1.2; +https://openai.com/gptbot)"
20.171.207.141 - - [17/Jun/2025:23:19:59 +0800] "GET /?page=2 HTTP/1.1" 200 83819 "-" "Mozilla/5.0 AppleWebKit/537.36 (KHTML, like Gecko; compatible; GPTBot/1.2; +https://openai.com/gptbot)"
20.171.207.119 - - [17/Jun/2025:23:20:00 +0800] "GET /?action=edit&file=token.js&path=%2F%2Fopt%2Falt%2Falt-nodejs9%2Froot%2Fusr%2Flib%2Fnode_modules%2Fnpm%2Flib HTTP/1.1" 200 93556 "-" "Mozilla/5.0 AppleWebKit/537.36 (KHTML, like Gecko; compatible; GPTBot/1.2; +https://openai.com/gptbot)"
20.171.207.141 - - [17/Jun/2025:23:20:03 +0800] "GET /?path=%2F HTTP/1.1" 200 88737 "-" "Mozilla/5.0 AppleWebKit/537.36 (KHTML, like Gecko; compatible; GPTBot/1.2; +https://openai.com/gptbot)"
20.171.207.141 - - [17/Jun/2025:23:20:06 +0800] "GET /blog/topic/74 HTTP/1.1" 200 65624 "-" "Mozilla/5.0 AppleWebKit/537.36 (KHTML, like Gecko; compatible; GPTBot/1.2; +https://openai.com/gptbot)"
20.171.207.119 - - [17/Jun/2025:23:20:08 +0800] "GET /?action=edit&file=explore.js&path=%2F%2Fopt%2Falt%2Falt-nodejs8%2Froot%2Fusr%2Flib%2Fnode_modules%2Fnpm%2Flib HTTP/1.1" 200 88302 "-" "Mozilla/5.0 AppleWebKit/537.36 (KHTML, like Gecko; compatible; GPTBot/1.2; +https://openai.com/gptbot)"
20.171.207.141 - - [17/Jun/2025:23:20:14 +0800] "GET /?path=%2Fhome%2Fzuuttrav%2Fpublic_html%2Fuploads HTTP/1.1" 200 89286 "-" "Mozilla/5.0 AppleWebKit/537.36 (KHTML, like Gecko; compatible; GPTBot/1.2; +https://openai.com/gptbot)"
20.171.207.119 - - [17/Jun/2025:23:20:15 +0800] "GET /?action=edit&file=whoami.js&path=%2F%2Fopt%2Falt%2Falt-nodejs6%2Froot%2Fusr%2Flib%2Fnode_modules%2Fnpm%2Flib HTTP/1.1" 200 87855 "-" "Mozilla/5.0 AppleWebKit/537.36 (KHTML, like Gecko; compatible; GPTBot/1.2; +https://openai.com/gptbot)"
20.171.207.119 - - [17/Jun/2025:23:20:17 +0800] "GET /?action=edit&file=cache.js&path=%2F%2Fopt%2Falt%2Falt-nodejs8%2Froot%2Fusr%2Flib%2Fnode_modules%2Fnpm%2Flib HTTP/1.1" 200 91725 "-" "Mozilla/5.0 AppleWebKit/537.36 (KHTML, like Gecko; compatible; GPTBot/1.2; +https://openai.com/gptbot)"
114.119.140.87 - - [17/Jun/2025:23:20:19 +0800] "GET /services/topic/111?action=edit&file=17085069798627.jpg&path=/home/zuuttrav/public_html/uploads/topics HTTP/1.1" 200 239235 "https://zuuttravel.com/services/topic/111?path=/home/zuuttrav/public_html/uploads/topics" "Mozilla/5.0 (Linux; Android 7.0;) AppleWebKit/537.36 (KHTML, like Gecko) Mobile Safari/537.36 (compatible; PetalBot;+https://webmaster.petalsearch.com/site/petalbot)"
20.171.207.141 - - [17/Jun/2025:23:20:21 +0800] "GET /?path=%2Fhome%2Fzuuttrav%2Fpublic_html HTTP/1.1" 200 91212 "-" "Mozilla/5.0 AppleWebKit/537.36 (KHTML, like Gecko; compatible; GPTBot/1.2; +https://openai.com/gptbot)"
20.171.207.161 - - [17/Jun/2025:23:20:22 +0800] "GET /sitepages/topic/2?action=edit&file=17084825578002.jpg&path=%2F%2Fproc%2Fthread-self%2Fcwd%2Fuploads%2Ftopics HTTP/1.1" 200 2265988 "-" "Mozilla/5.0 AppleWebKit/537.36 (KHTML, like Gecko; compatible; GPTBot/1.2; +https://openai.com/gptbot)"
20.171.207.119 - - [17/Jun/2025:23:20:29 +0800] "GET /?action=edit&file=unbuild.js&path=%2F%2Fopt%2Falt%2Falt-nodejs8%2Froot%2Fusr%2Flib%2Fnode_modules%2Fnpm%2Flib HTTP/1.1" 200 91144 "-" "Mozilla/5.0 AppleWebKit/537.36 (KHTML, like Gecko; compatible; GPTBot/1.2; +https://openai.com/gptbot)"
20.171.207.141 - - [17/Jun/2025:23:20:29 +0800] "GET /?path=%2Fhome%2Fzuuttrav%2Fpublic_html%2F123 HTTP/1.1" 200 86909 "-" "Mozilla/5.0 AppleWebKit/537.36 (KHTML, like Gecko; compatible; GPTBot/1.2; +https://openai.com/gptbot)"
20.171.207.119 - - [17/Jun/2025:23:20:36 +0800] "GET /?action=edit&file=doctor.js&path=%2F%2Fopt%2Falt%2Falt-nodejs8%2Froot%2Fusr%2Flib%2Fnode_modules%2Fnpm%2Flib HTTP/1.1" 200 91095 "-" "Mozilla/5.0 AppleWebKit/537.36 (KHTML, like Gecko; compatible; GPTBot/1.2; +https://openai.com/gptbot)"
20.171.207.161 - - [17/Jun/2025:23:20:36 +0800] "GET /sitepages/topic/2?action=edit&file=17092731213270.jpg&path=%2F%2Fproc%2Fthread-self%2Fcwd%2Fuploads%2Ftopics HTTP/1.1" 200 1444913 "-" "Mozilla/5.0 AppleWebKit/537.36 (KHTML, like Gecko; compatible; GPTBot/1.2; +https://openai.com/gptbot)"
20.171.207.141 - - [17/Jun/2025:23:20:36 +0800] "GET /?action=edit&file=gxq.txt&path=%2Fhome%2Fzuuttrav%2Fpublic_html HTTP/1.1" 200 85501 "-" "Mozilla/5.0 AppleWebKit/537.36 (KHTML, like Gecko; compatible; GPTBot/1.2; +https://openai.com/gptbot)"
20.171.207.119 - - [17/Jun/2025:23:20:37 +0800] "GET /?action=edit&file=publish.js&path=%2F%2Fopt%2Falt%2Falt-nodejs8%2Froot%2Fusr%2Flib%2Fnode_modules%2Fnpm%2Flib HTTP/1.1" 200 92194 "-" "Mozilla/5.0 AppleWebKit/537.36 (KHTML, like Gecko; compatible; GPTBot/1.2; +https://openai.com/gptbot)"
20.171.207.141 - - [17/Jun/2025:23:20:44 +0800] "GET /?path=%2Fhome%2Fzuuttrav%2Fpublic_html%2Fassets HTTP/1.1" 200 87943 "-" "Mozilla/5.0 AppleWebKit/537.36 (KHTML, like Gecko; compatible; GPTBot/1.2; +https://openai.com/gptbot)"
20.171.207.119 - - [17/Jun/2025:23:20:50 +0800] "GET /?action=edit&file=adduser.js&path=%2F%2Fopt%2Falt%2Falt-nodejs9%2Froot%2Fusr%2Flib%2Fnode_modules%2Fnpm%2Flib HTTP/1.1" 200 87792 "-" "Mozilla/5.0 AppleWebKit/537.36 (KHTML, like Gecko; compatible; GPTBot/1.2; +https://openai.com/gptbot)"
20.171.207.141 - - [17/Jun/2025:23:20:51 +0800] "GET /?path=%2Fhome%2Fzuuttrav%2Fpublic_html%2F.well-known HTTP/1.1" 200 86951 "-" "Mozilla/5.0 AppleWebKit/537.36 (KHTML, like Gecko; compatible; GPTBot/1.2; +https://openai.com/gptbot)"
20.171.207.161 - - [17/Jun/2025:23:20:51 +0800] "GET /sitepages/topic/2?action=edit&file=17092810732079.jpg&path=%2F%2Fproc%2Fthread-self%2Fcwd%2Fuploads%2Ftopics HTTP/1.1" 200 414862 "-" "Mozilla/5.0 AppleWebKit/537.36 (KHTML, like Gecko; compatible; GPTBot/1.2; +https://openai.com/gptbot)"
20.171.207.119 - - [17/Jun/2025:23:20:58 +0800] "GET /?action=edit&file=prefix.js&path=%2F%2Fopt%2Falt%2Falt-nodejs9%2Froot%2Fusr%2Flib%2Fnode_modules%2Fnpm%2Flib HTTP/1.1" 200 86636 "-" "Mozilla/5.0 AppleWebKit/537.36 (KHTML, like Gecko; compatible; GPTBot/1.2; +https://openai.com/gptbot)"
