20.171.207.119 - - [17/Jun/2025:21:14:24 +0800] "GET /?path=%2F%2Fopt%2Falt%2Falt-nodejs8%2Froot%2Fusr%2Fshare%2Flocale%2Fsr%40ijekavian HTTP/1.1" 200 87372 "-" "Mozilla/5.0 AppleWebKit/537.36 (KHTML, like Gecko; compatible; GPTBot/1.2; +https://openai.com/gptbot)"
20.171.207.161 - - [17/Jun/2025:21:14:25 +0800] "GET /sitepages/topic/2?path=%2F%2Fproc%2Firq%2F50%2FPCIe+PME HTTP/1.1" 200 59026 "-" "Mozilla/5.0 AppleWebKit/537.36 (KHTML, like Gecko; compatible; GPTBot/1.2; +https://openai.com/gptbot)"
20.171.207.119 - - [17/Jun/2025:21:14:25 +0800] "GET /?path=%2F%2Fopt%2Falt%2Falt-nodejs9%2Froot%2Fusr%2Fshare%2Flocale%2Fuz%40cyrillic HTTP/1.1" 200 87367 "-" "Mozilla/5.0 AppleWebKit/537.36 (KHTML, like Gecko; compatible; GPTBot/1.2; +https://openai.com/gptbot)"
20.171.207.119 - - [17/Jun/2025:21:14:32 +0800] "GET /?path=%2F%2Fopt%2Falt%2Falt-nodejs8%2Froot%2Fusr%2Fshare%2Flocale%2Fuz%40cyrillic HTTP/1.1" 200 87375 "-" "Mozilla/5.0 AppleWebKit/537.36 (KHTML, like Gecko; compatible; GPTBot/1.2; +https://openai.com/gptbot)"
66.249.79.165 - - [17/Jun/2025:21:14:32 +0800] "GET /?shopdetail/8084587 HTTP/1.1" 200 91189 "-" "Mozilla/5.0 (compatible; Googlebot/2.1; +http://www.google.com/bot.html)"
20.171.207.161 - - [17/Jun/2025:21:14:37 +0800] "GET /sitepages/topic/2?path=%2F%2Fproc%2Firq%2F45%2FPCIe+PME HTTP/1.1" 200 59018 "-" "Mozilla/5.0 AppleWebKit/537.36 (KHTML, like Gecko; compatible; GPTBot/1.2; +https://openai.com/gptbot)"
20.171.207.119 - - [17/Jun/2025:21:14:43 +0800] "GET /?path=%2F%2Fopt%2Falt%2Falt-nodejs6%2Froot%2Fusr%2Fshare%2Flocale%2Fuz%40cyrillic HTTP/1.1" 200 87359 "-" "Mozilla/5.0 AppleWebKit/537.36 (KHTML, like Gecko; compatible; GPTBot/1.2; +https://openai.com/gptbot)"
20.171.207.161 - - [17/Jun/2025:21:14:43 +0800] "GET /sitepages/topic/2?path=%2F%2Fproc%2Firq%2F48%2FPCIe+PME HTTP/1.1" 200 59026 "-" "Mozilla/5.0 AppleWebKit/537.36 (KHTML, like Gecko; compatible; GPTBot/1.2; +https://openai.com/gptbot)"
20.171.207.119 - - [17/Jun/2025:21:14:44 +0800] "GET /?path=%2F%2Fopt%2Falt%2Falt-nodejs6%2Froot%2Fusr%2Fshare%2Flocale%2Fsr%40Latn%2FLC_MESSAGES HTTP/1.1" 200 87174 "-" "Mozilla/5.0 AppleWebKit/537.36 (KHTML, like Gecko; compatible; GPTBot/1.2; +https://openai.com/gptbot)"
20.171.207.161 - - [17/Jun/2025:21:14:45 +0800] "GET /sitepages/topic/2?path=%2F%2Fproc%2Ftty%2Fdriver HTTP/1.1" 200 58905 "-" "Mozilla/5.0 AppleWebKit/537.36 (KHTML, like Gecko; compatible; GPTBot/1.2; +https://openai.com/gptbot)"
20.171.207.119 - - [17/Jun/2025:21:14:53 +0800] "GET /?path=%2F%2Fopt%2Falt%2Falt-nodejs9%2Froot%2Fusr%2Fshare%2Flocale%2Fsr%40Latn%2FLC_MESSAGES HTTP/1.1" 200 87174 "-" "Mozilla/5.0 AppleWebKit/537.36 (KHTML, like Gecko; compatible; GPTBot/1.2; +https://openai.com/gptbot)"
20.171.207.161 - - [17/Jun/2025:21:14:56 +0800] "GET /sitepages/topic/2?path=%2Fhome%2Fzuuttrav%2Fpublic_html%2Fcore%2Fvendor%2Fsebastian%2Fcomparator%2Fsrc HTTP/1.1" 200 65371 "-" "Mozilla/5.0 AppleWebKit/537.36 (KHTML, like Gecko; compatible; GPTBot/1.2; +https://openai.com/gptbot)"
20.171.207.119 - - [17/Jun/2025:21:14:59 +0800] "GET /?path=%2F%2Fopt%2Falt%2Falt-nodejs8%2Froot%2Fusr%2Fshare%2Flocale%2Fsr%40Latn%2FLC_MESSAGES HTTP/1.1" 200 87174 "-" "Mozilla/5.0 AppleWebKit/537.36 (KHTML, like Gecko; compatible; GPTBot/1.2; +https://openai.com/gptbot)"
20.171.207.161 - - [17/Jun/2025:21:15:03 +0800] "GET /sitepages/topic/2?path=%2F%2Fproc%2Firq%2F33%2FPCIe+PME HTTP/1.1" 200 59026 "-" "Mozilla/5.0 AppleWebKit/537.36 (KHTML, like Gecko; compatible; GPTBot/1.2; +https://openai.com/gptbot)"
20.171.207.161 - - [17/Jun/2025:21:15:04 +0800] "GET /sitepages/topic/2?path=%2F%2Fproc%2Firq%2F55%2FPCIe+PME HTTP/1.1" 200 59033 "-" "Mozilla/5.0 AppleWebKit/537.36 (KHTML, like Gecko; compatible; GPTBot/1.2; +https://openai.com/gptbot)"
20.171.207.119 - - [17/Jun/2025:21:15:10 +0800] "GET /?path=%2F%2Fopt%2Falt%2Falt-nodejs6%2Froot%2Fusr%2Fshare%2Flocale%2Fzh_TW.Big5 HTTP/1.1" 200 87343 "-" "Mozilla/5.0 AppleWebKit/537.36 (KHTML, like Gecko; compatible; GPTBot/1.2; +https://openai.com/gptbot)"
114.119.151.107 - - [17/Jun/2025:21:15:12 +0800] "GET /services/topic/104?action=edit&file=daily_usage_202109.png&path=/home/zuuttrav/tmp/webalizer HTTP/1.1" 200 72739 "https://zuuttravel.com/services/topic/104?path=/home/zuuttrav/tmp/webalizer" "Mozilla/5.0 (Linux; Android 7.0;) AppleWebKit/537.36 (KHTML, like Gecko) Mobile Safari/537.36 (compatible; PetalBot;+https://webmaster.petalsearch.com/site/petalbot)"
20.171.207.119 - - [17/Jun/2025:21:15:15 +0800] "GET /?path=%2F%2Fopt%2Falt%2Falt-nodejs8%2Froot%2Fusr%2Fshare%2Flocale%2Fzh_TW.Big5 HTTP/1.1" 200 87358 "-" "Mozilla/5.0 AppleWebKit/537.36 (KHTML, like Gecko; compatible; GPTBot/1.2; +https://openai.com/gptbot)"
20.171.207.161 - - [17/Jun/2025:21:15:16 +0800] "GET /sitepages/topic/2?path=%2F%2Fproc%2Firq%2F44%2FPCIe+PME HTTP/1.1" 200 59018 "-" "Mozilla/5.0 AppleWebKit/537.36 (KHTML, like Gecko; compatible; GPTBot/1.2; +https://openai.com/gptbot)"
20.171.207.161 - - [17/Jun/2025:21:15:17 +0800] "GET /sitepages/topic/2?path=%2F%2Fproc%2Fsys%2Fkernel%2Fsched_domain%2Fcpu2 HTTP/1.1" 200 59726 "-" "Mozilla/5.0 AppleWebKit/537.36 (KHTML, like Gecko; compatible; GPTBot/1.2; +https://openai.com/gptbot)"
66.249.79.166 - - [17/Jun/2025:21:15:18 +0800] "GET /?shopdetail/29654821 HTTP/1.1" 200 91190 "-" "Mozilla/5.0 (Linux; Android 6.0.1; Nexus 5X Build/MMB29P) AppleWebKit/537.36 (KHTML, like Gecko) Chrome/136.0.7103.113 Mobile Safari/537.36 (compatible; Googlebot/2.1; +http://www.google.com/bot.html)"
20.171.207.161 - - [17/Jun/2025:21:15:29 +0800] "GET /sitepages/topic/2?action=edit&file=__init__.cpython-39.opt-1.pyc&path=%2F%2Flib%2Fpython3.9%2Fsite-packages%2Fpip%2F_vendor%2Fpep517%2F__pycache__ HTTP/1.1" 200 59418 "-" "Mozilla/5.0 AppleWebKit/537.36 (KHTML, like Gecko; compatible; GPTBot/1.2; +https://openai.com/gptbot)"
20.171.207.161 - - [17/Jun/2025:21:15:30 +0800] "GET /sitepages/topic/2?action=edit&file=envbuild.cpython-39.opt-1.pyc&path=%2F%2Flib%2Fpython3.9%2Fsite-packages%2Fpip%2F_vendor%2Fpep517%2F__pycache__ HTTP/1.1" 200 63954 "-" "Mozilla/5.0 AppleWebKit/537.36 (KHTML, like Gecko; compatible; GPTBot/1.2; +https://openai.com/gptbot)"
20.171.207.119 - - [17/Jun/2025:21:15:30 +0800] "GET /?path=%2F%2Fopt%2Falt%2Falt-nodejs9%2Froot%2Fusr%2Fshare%2Flocale%2Fzh_TW.Big5 HTTP/1.1" 200 87350 "-" "Mozilla/5.0 AppleWebKit/537.36 (KHTML, like Gecko; compatible; GPTBot/1.2; +https://openai.com/gptbot)"
20.171.207.161 - - [17/Jun/2025:21:15:47 +0800] "GET /sitepages/topic/2?path=%2F%2Fproc%2Fsys%2Fkernel%2Fsched_domain%2Fcpu12 HTTP/1.1" 200 59737 "-" "Mozilla/5.0 AppleWebKit/537.36 (KHTML, like Gecko; compatible; GPTBot/1.2; +https://openai.com/gptbot)"
66.249.79.166 - - [17/Jun/2025:21:15:47 +0800] "GET /?shopdetail/19422210 HTTP/1.1" 200 91190 "-" "Mozilla/5.0 (compatible; Googlebot/2.1; +http://www.google.com/bot.html)"
20.171.207.161 - - [17/Jun/2025:21:15:53 +0800] "GET /sitepages/topic/2?action=edit&file=ip6_mr_cache&path=%2F%2Fproc%2Fnet HTTP/1.1" 200 58473 "-" "Mozilla/5.0 AppleWebKit/537.36 (KHTML, like Gecko; compatible; GPTBot/1.2; +https://openai.com/gptbot)"
20.171.207.161 - - [17/Jun/2025:21:16:01 +0800] "GET /sitepages/topic/2?action=edit&file=softnet_stat&path=%2F%2Fproc%2Fnet HTTP/1.1" 200 58465 "-" "Mozilla/5.0 AppleWebKit/537.36 (KHTML, like Gecko; compatible; GPTBot/1.2; +https://openai.com/gptbot)"
20.171.207.119 - - [17/Jun/2025:21:16:05 +0800] "GET /?path=%2F%2Fopt%2Falt%2Falt-nodejs6%2Froot%2Fusr%2Fshare%2Flocale%2Fsr%40ije HTTP/1.1" 200 87350 "-" "Mozilla/5.0 AppleWebKit/537.36 (KHTML, like Gecko; compatible; GPTBot/1.2; +https://openai.com/gptbot)"
66.249.79.165 - - [17/Jun/2025:21:16:05 +0800] "GET /?shopdetail/14350098 HTTP/1.1" 200 91197 "-" "Mozilla/5.0 (Linux; Android 6.0.1; Nexus 5X Build/MMB29P) AppleWebKit/537.36 (KHTML, like Gecko) Chrome/136.0.7103.113 Mobile Safari/537.36 (compatible; Googlebot/2.1; +http://www.google.com/bot.html)"
20.171.207.161 - - [17/Jun/2025:21:16:17 +0800] "GET /sitepages/topic/2?path=%2F%2Fproc%2Firq%2F16%2Fvmwgfx HTTP/1.1" 200 58996 "-" "Mozilla/5.0 AppleWebKit/537.36 (KHTML, like Gecko; compatible; GPTBot/1.2; +https://openai.com/gptbot)"
66.249.79.165 - - [17/Jun/2025:21:16:17 +0800] "GET /?shopdetail/21136187 HTTP/1.1" 200 91197 "-" "Mozilla/5.0 (Linux; Android 6.0.1; Nexus 5X Build/MMB29P) AppleWebKit/537.36 (KHTML, like Gecko) Chrome/136.0.7103.113 Mobile Safari/537.36 (compatible; Googlebot/2.1; +http://www.google.com/bot.html)"
20.171.207.161 - - [17/Jun/2025:21:16:27 +0800] "GET /sitepages/topic/2?action=edit&file=build.cpython-39.opt-1.pyc&path=%2F%2Flib%2Fpython3.9%2Fsite-packages%2Fpip%2F_vendor%2Fpep517%2F__pycache__ HTTP/1.1" 200 62906 "-" "Mozilla/5.0 AppleWebKit/537.36 (KHTML, like Gecko; compatible; GPTBot/1.2; +https://openai.com/gptbot)"
20.171.207.161 - - [17/Jun/2025:21:16:31 +0800] "GET /sitepages/topic/2?path=%2F%2Fproc%2Firq%2F63%2Fens160-rxtx-7 HTTP/1.1" 200 59051 "-" "Mozilla/5.0 AppleWebKit/537.36 (KHTML, like Gecko; compatible; GPTBot/1.2; +https://openai.com/gptbot)"
66.249.79.165 - - [17/Jun/2025:21:16:38 +0800] "GET /?shopdetail/12883043 HTTP/1.1" 200 91197 "-" "Mozilla/5.0 (compatible; Googlebot/2.1; +http://www.google.com/bot.html)"
20.171.207.161 - - [17/Jun/2025:21:16:43 +0800] "GET /sitepages/topic/2?path=%2F%2Fproc%2Firq%2F58%2Fens160-rxtx-2 HTTP/1.1" 200 59059 "-" "Mozilla/5.0 AppleWebKit/537.36 (KHTML, like Gecko; compatible; GPTBot/1.2; +https://openai.com/gptbot)"
20.171.207.161 - - [17/Jun/2025:21:16:45 +0800] "GET /sitepages/topic/2?path=%2F%2Fproc%2Firq%2F61%2Fens160-rxtx-5 HTTP/1.1" 200 59051 "-" "Mozilla/5.0 AppleWebKit/537.36 (KHTML, like Gecko; compatible; GPTBot/1.2; +https://openai.com/gptbot)"
20.171.207.161 - - [17/Jun/2025:21:16:52 +0800] "GET /sitepages/topic/2?path=%2F%2Fproc%2Firq%2F57%2Fens160-rxtx-1 HTTP/1.1" 200 59074 "-" "Mozilla/5.0 AppleWebKit/537.36 (KHTML, like Gecko; compatible; GPTBot/1.2; +https://openai.com/gptbot)"
114.119.155.203 - - [17/Jun/2025:21:16:57 +0800] "GET /services/topic/104?action=edit&file=daily_usage_202108.png&path=/home/zuuttrav/tmp/webalizer HTTP/1.1" 200 72732 "https://zuuttravel.com/services/topic/104?path=/home/zuuttrav/tmp/webalizer" "Mozilla/5.0 (Linux; Android 7.0;) AppleWebKit/537.36 (KHTML, like Gecko) Mobile Safari/537.36 (compatible; PetalBot;+https://webmaster.petalsearch.com/site/petalbot)"
20.171.207.161 - - [17/Jun/2025:21:16:58 +0800] "GET /sitepages/topic/2?path=%2F%2Fproc%2Firq%2F56%2Fens160-rxtx-0 HTTP/1.1" 200 59059 "-" "Mozilla/5.0 AppleWebKit/537.36 (KHTML, like Gecko; compatible; GPTBot/1.2; +https://openai.com/gptbot)"
20.171.207.161 - - [17/Jun/2025:21:17:08 +0800] "GET /sitepages/topic/2?path=%2F%2Fproc%2Firq%2F60%2Fens160-rxtx-4 HTTP/1.1" 200 59051 "-" "Mozilla/5.0 AppleWebKit/537.36 (KHTML, like Gecko; compatible; GPTBot/1.2; +https://openai.com/gptbot)"
20.171.207.161 - - [17/Jun/2025:21:17:09 +0800] "GET /sitepages/topic/2?path=%2Fhome%2Fzuuttrav%2Fpublic_html%2Fcore%2Fvendor%2Fnunomaduro%2Fcollision HTTP/1.1" 200 61239 "-" "Mozilla/5.0 AppleWebKit/537.36 (KHTML, like Gecko; compatible; GPTBot/1.2; +https://openai.com/gptbot)"
20.171.207.161 - - [17/Jun/2025:21:17:16 +0800] "GET /sitepages/topic/2?path=%2F%2Fetc%2Fapache2%2Flogs HTTP/1.1" 200 59166 "-" "Mozilla/5.0 AppleWebKit/537.36 (KHTML, like Gecko; compatible; GPTBot/1.2; +https://openai.com/gptbot)"
20.171.207.161 - - [17/Jun/2025:21:17:27 +0800] "GET /sitepages/topic/2?path=%2F%2Fusr%2Finclude%2Flinux%2Fgenwqe HTTP/1.1" 200 59374 "-" "Mozilla/5.0 AppleWebKit/537.36 (KHTML, like Gecko; compatible; GPTBot/1.2; +https://openai.com/gptbot)"
20.171.207.161 - - [17/Jun/2025:21:17:28 +0800] "GET /sitepages/topic/2?path=%2F%2Flib%2Ffirmware%2Famphion%2Fvpu HTTP/1.1" 200 59727 "-" "Mozilla/5.0 AppleWebKit/537.36 (KHTML, like Gecko; compatible; GPTBot/1.2; +https://openai.com/gptbot)"
20.171.207.161 - - [17/Jun/2025:21:17:39 +0800] "GET /sitepages/topic/2?path=%2F%2Flib64%2Fperl5%2Fvendor_perl%2Fauto%2FUnicode%2FNormalize HTTP/1.1" 200 59767 "-" "Mozilla/5.0 AppleWebKit/537.36 (KHTML, like Gecko; compatible; GPTBot/1.2; +https://openai.com/gptbot)"
20.171.207.161 - - [17/Jun/2025:21:17:45 +0800] "GET /sitepages/topic/2?path=%2F%2Flib64%2Fperl5%2Fvendor_perl%2FDBI%2FGofer%2FSerializer HTTP/1.1" 200 60413 "-" "Mozilla/5.0 AppleWebKit/537.36 (KHTML, like Gecko; compatible; GPTBot/1.2; +https://openai.com/gptbot)"
66.249.79.167 - - [17/Jun/2025:21:17:47 +0800] "GET /?shopdetail/22251221 HTTP/1.1" 200 91190 "-" "Mozilla/5.0 (Linux; Android 6.0.1; Nexus 5X Build/MMB29P) AppleWebKit/537.36 (KHTML, like Gecko) Chrome/136.0.7103.113 Mobile Safari/537.36 (compatible; Googlebot/2.1; +http://www.google.com/bot.html)"
20.171.207.161 - - [17/Jun/2025:21:17:48 +0800] "GET /sitepages/topic/2?path=%2F%2Fopt%2Fcloudlinux%2Fflags%2Favailable-flags.d HTTP/1.1" 200 59182 "-" "Mozilla/5.0 AppleWebKit/537.36 (KHTML, like Gecko; compatible; GPTBot/1.2; +https://openai.com/gptbot)"
20.171.207.161 - - [17/Jun/2025:21:17:54 +0800] "GET /sitepages/topic/2?path=%2Fhome%2Fzuuttrav%2Fpublic_html%2F123%2Fimg HTTP/1.1" 200 60412 "-" "Mozilla/5.0 AppleWebKit/537.36 (KHTML, like Gecko; compatible; GPTBot/1.2; +https://openai.com/gptbot)"
20.171.207.161 - - [17/Jun/2025:21:18:00 +0800] "GET /sitepages/topic/2?path=%2F%2Fhome%2Fzuuttrav%2Fpublic_html%2Fcore%2Fvendor%2Fjoedixon%2Flaravel-translation%2Fsrc HTTP/1.1" 200 64868 "-" "Mozilla/5.0 AppleWebKit/537.36 (KHTML, like Gecko; compatible; GPTBot/1.2; +https://openai.com/gptbot)"
66.249.79.165 - - [17/Jun/2025:21:18:01 +0800] "GET /?shopdetail/13408243 HTTP/1.1" 200 91197 "-" "Mozilla/5.0 (Linux; Android 6.0.1; Nexus 5X Build/MMB29P) AppleWebKit/537.36 (KHTML, like Gecko) Chrome/136.0.7103.113 Mobile Safari/537.36 (compatible; Googlebot/2.1; +http://www.google.com/bot.html)"
54.235.158.162 - - [17/Jun/2025:21:18:02 +0800] "GET /blog/topic/95?path=/home/zuuttrav HTTP/1.1" 200 77361 "-" "Mozilla/5.0 AppleWebKit/537.36 (KHTML, like Gecko; compatible; Amazonbot/0.1; +https://developer.amazon.com/support/amazonbot) Chrome/119.0.6045.214 Safari/537.36"
20.171.207.161 - - [17/Jun/2025:21:18:05 +0800] "GET /sitepages/topic/2?path=%2F%2Fusr%2Flib64%2Fperl5 HTTP/1.1" 200 74549 "-" "Mozilla/5.0 AppleWebKit/537.36 (KHTML, like Gecko; compatible; GPTBot/1.2; +https://openai.com/gptbot)"
52.71.216.196 - - [17/Jun/2025:21:18:08 +0800] "GET /blog/topic/79?path=/home/zuuttrav/.razor HTTP/1.1" 200 65486 "-" "Mozilla/5.0 AppleWebKit/537.36 (KHTML, like Gecko; compatible; Amazonbot/0.1; +https://developer.amazon.com/support/amazonbot) Chrome/119.0.6045.214 Safari/537.36"
184.73.239.35 - - [17/Jun/2025:21:18:08 +0800] "GET /sitepages/topic/9?path=//lib64 HTTP/1.1" 200 529750 "-" "Mozilla/5.0 AppleWebKit/537.36 (KHTML, like Gecko; compatible; Amazonbot/0.1; +https://developer.amazon.com/support/amazonbot) Chrome/119.0.6045.214 Safari/537.36"
20.171.207.161 - - [17/Jun/2025:21:18:10 +0800] "GET /sitepages/topic/2?path=%2Fhome%2Fzuuttrav%2Fpublic_html%2Fcore%2Fvendor%2Fnunomaduro%2Fcollision%2Fsrc HTTP/1.1" 200 63541 "-" "Mozilla/5.0 AppleWebKit/537.36 (KHTML, like Gecko; compatible; GPTBot/1.2; +https://openai.com/gptbot)"
52.202.52.82 - - [17/Jun/2025:21:18:14 +0800] "GET /blog/topic/78?path=/home/zuuttrav/public_html/uploads HTTP/1.1" 200 70385 "-" "Mozilla/5.0 AppleWebKit/537.36 (KHTML, like Gecko; compatible; Amazonbot/0.1; +https://developer.amazon.com/support/amazonbot) Chrome/119.0.6045.214 Safari/537.36"
20.171.207.161 - - [17/Jun/2025:21:18:14 +0800] "GET /sitepages/topic/2?path=%2F%2Fetc%2Fapache2%2Flogs%2Fdomlogs HTTP/1.1" 200 59049 "-" "Mozilla/5.0 AppleWebKit/537.36 (KHTML, like Gecko; compatible; GPTBot/1.2; +https://openai.com/gptbot)"
52.6.97.88 - - [17/Jun/2025:21:18:18 +0800] "GET /services/topic/8?path=/home/zuuttrav/.razor HTTP/1.1" 200 83360 "-" "Mozilla/5.0 AppleWebKit/537.36 (KHTML, like Gecko; compatible; Amazonbot/0.1; +https://developer.amazon.com/support/amazonbot) Chrome/119.0.6045.214 Safari/537.36"
20.171.207.161 - - [17/Jun/2025:21:18:18 +0800] "GET /sitepages/topic/2?path=%2F%2Flib64%2Fperl5%2Fasm HTTP/1.1" 200 63552 "-" "Mozilla/5.0 AppleWebKit/537.36 (KHTML, like Gecko; compatible; GPTBot/1.2; +https://openai.com/gptbot)"
54.83.240.58 - - [17/Jun/2025:21:18:19 +0800] "GET /services/topic/100?path=/home/zuuttrav/public_html/assets/file-manager HTTP/1.1" 200 66725 "-" "Mozilla/5.0 AppleWebKit/537.36 (KHTML, like Gecko; compatible; Amazonbot/0.1; +https://developer.amazon.com/support/amazonbot) Chrome/119.0.6045.214 Safari/537.36"
66.249.79.166 - - [17/Jun/2025:21:18:19 +0800] "GET /?shopdetail/22701109 HTTP/1.1" 200 91198 "-" "Mozilla/5.0 (Linux; Android 6.0.1; Nexus 5X Build/MMB29P) AppleWebKit/537.36 (KHTML, like Gecko) Chrome/136.0.7103.113 Mobile Safari/537.36 (compatible; Googlebot/2.1; +http://www.google.com/bot.html)"
20.171.207.161 - - [17/Jun/2025:21:18:27 +0800] "GET /sitepages/topic/2?path=%2F%2Flib64%2Fperl5%2FSys HTTP/1.1" 200 59217 "-" "Mozilla/5.0 AppleWebKit/537.36 (KHTML, like Gecko; compatible; GPTBot/1.2; +https://openai.com/gptbot)"
34.231.118.144 - - [17/Jun/2025:21:18:27 +0800] "GET /services/topic/16?path=/home/zuuttrav/public_html/core/public HTTP/1.1" 200 83261 "-" "Mozilla/5.0 AppleWebKit/537.36 (KHTML, like Gecko; compatible; Amazonbot/0.1; +https://developer.amazon.com/support/amazonbot) Chrome/119.0.6045.214 Safari/537.36"
114.119.151.81 - - [17/Jun/2025:21:18:30 +0800] "GET /services/topic/104?action=edit&file=daily_usage_202003.png&path=/home/zuuttrav/tmp/webalizer HTTP/1.1" 200 72687 "https://zuuttravel.com/services/topic/104?path=/home/zuuttrav/tmp/webalizer" "Mozilla/5.0 (Linux; Android 7.0;) AppleWebKit/537.36 (KHTML, like Gecko) Mobile Safari/537.36 (compatible; PetalBot;+https://webmaster.petalsearch.com/site/petalbot)"
52.205.141.124 - - [17/Jun/2025:21:18:31 +0800] "GET /?path=/home/zuuttrav/public_html/core/vendor HTTP/1.1" 200 99880 "-" "Mozilla/5.0 AppleWebKit/537.36 (KHTML, like Gecko; compatible; Amazonbot/0.1; +https://developer.amazon.com/support/amazonbot) Chrome/119.0.6045.214 Safari/537.36"
44.215.210.112 - - [17/Jun/2025:21:18:32 +0800] "GET /sitepages/topic/9?action=edit&file=web.config&path=/home/zuuttrav/public_html HTTP/1.1" 403 88741 "-" "Mozilla/5.0 AppleWebKit/537.36 (KHTML, like Gecko; compatible; Amazonbot/0.1; +https://developer.amazon.com/support/amazonbot) Chrome/119.0.6045.214 Safari/537.36"
20.171.207.161 - - [17/Jun/2025:21:18:33 +0800] "GET /sitepages/topic/2?path=%2Fhome%2Fzuuttrav%2F.htpasswds%2Fwordpress-backups HTTP/1.1" 200 59197 "-" "Mozilla/5.0 AppleWebKit/537.36 (KHTML, like Gecko; compatible; GPTBot/1.2; +https://openai.com/gptbot)"
44.205.180.155 - - [17/Jun/2025:21:18:34 +0800] "GET /services/topic/100?action=edit&file=.wp-toolkit-identifier&path=/home/zuuttrav HTTP/1.1" 200 65949 "-" "Mozilla/5.0 AppleWebKit/537.36 (KHTML, like Gecko; compatible; Amazonbot/0.1; +https://developer.amazon.com/support/amazonbot) Chrome/119.0.6045.214 Safari/537.36"
20.171.207.161 - - [17/Jun/2025:21:18:35 +0800] "GET /sitepages/topic/2?action=edit&file=nkf.so&path=%2F%2Flib64%2Fruby HTTP/1.1" 200 495439 "-" "Mozilla/5.0 AppleWebKit/537.36 (KHTML, like Gecko; compatible; GPTBot/1.2; +https://openai.com/gptbot)"
20.171.207.161 - - [17/Jun/2025:21:18:42 +0800] "GET /sitepages/topic/2?path=%2F%2Flib%2Fmotd.d HTTP/1.1" 200 58806 "-" "Mozilla/5.0 AppleWebKit/537.36 (KHTML, like Gecko; compatible; GPTBot/1.2; +https://openai.com/gptbot)"
3.93.211.16 - - [17/Jun/2025:21:18:43 +0800] "GET /welcome-to-mongolia?action=edit&file=.wp-toolkit-identifier&path=/home/zuuttrav HTTP/1.1" 200 84125 "-" "Mozilla/5.0 AppleWebKit/537.36 (KHTML, like Gecko; compatible; Amazonbot/0.1; +https://developer.amazon.com/support/amazonbot) Chrome/119.0.6045.214 Safari/537.36"
35.173.38.202 - - [17/Jun/2025:21:18:44 +0800] "GET /blog?action=edit&file=.lastlogin&path=/home/zuuttrav HTTP/1.1" 200 79765 "-" "Mozilla/5.0 AppleWebKit/537.36 (KHTML, like Gecko; compatible; Amazonbot/0.1; +https://developer.amazon.com/support/amazonbot) Chrome/119.0.6045.214 Safari/537.36"
107.20.25.33 - - [17/Jun/2025:21:18:51 +0800] "GET /blog/topic/79?action=edit&file=.zuuttravel.com&path=/home/zuuttrav HTTP/1.1" 200 62858 "-" "Mozilla/5.0 AppleWebKit/537.36 (KHTML, like Gecko; compatible; Amazonbot/0.1; +https://developer.amazon.com/support/amazonbot) Chrome/119.0.6045.214 Safari/537.36"
20.171.207.161 - - [17/Jun/2025:21:18:53 +0800] "GET /sitepages/topic/2?path=%2F%2Fetc%2Fmotd.d HTTP/1.1" 403 64116 "-" "Mozilla/5.0 AppleWebKit/537.36 (KHTML, like Gecko; compatible; GPTBot/1.2; +https://openai.com/gptbot)"
184.73.239.35 - - [17/Jun/2025:21:18:55 +0800] "GET /blog/topic/74?action=edit&file=composer.json&path=/home/zuuttrav/public_html/core HTTP/1.1" 200 64115 "-" "Mozilla/5.0 AppleWebKit/537.36 (KHTML, like Gecko; compatible; Amazonbot/0.1; +https://developer.amazon.com/support/amazonbot) Chrome/119.0.6045.214 Safari/537.36"
34.194.233.48 - - [17/Jun/2025:21:18:56 +0800] "GET /cultural-tips?action=edit&file=.htaccess&path=/home/zuuttrav/public_html HTTP/1.1" 200 64419 "-" "Mozilla/5.0 AppleWebKit/537.36 (KHTML, like Gecko; compatible; Amazonbot/0.1; +https://developer.amazon.com/support/amazonbot) Chrome/119.0.6045.214 Safari/537.36"
20.171.207.161 - - [17/Jun/2025:21:18:59 +0800] "GET /sitepages/topic/2?path=%2F%2Fhome%2Fzuuttrav%2Fpublic_html%2Fcore%2Fvendor%2Fjoedixon%2Flaravel-translation%2Fsrc%2FEvents HTTP/1.1" 200 60410 "-" "Mozilla/5.0 AppleWebKit/537.36 (KHTML, like Gecko; compatible; GPTBot/1.2; +https://openai.com/gptbot)"
20.171.207.161 - - [17/Jun/2025:21:19:01 +0800] "GET /sitepages/topic/2?path=%2F%2Fusr%2Flib64%2Fperl5%2Fvendor_perl HTTP/1.1" 200 70927 "-" "Mozilla/5.0 AppleWebKit/537.36 (KHTML, like Gecko; compatible; GPTBot/1.2; +https://openai.com/gptbot)"
50.19.102.70 - - [17/Jun/2025:21:19:04 +0800] "GET /services/topic/16?action=edit&file=.user.ini&path=/home/zuuttrav HTTP/1.1" 200 83268 "-" "Mozilla/5.0 AppleWebKit/537.36 (KHTML, like Gecko; compatible; Amazonbot/0.1; +https://developer.amazon.com/support/amazonbot) Chrome/119.0.6045.214 Safari/537.36"
20.171.207.161 - - [17/Jun/2025:21:19:12 +0800] "GET /sitepages/topic/2?path=%2F%2Fhome%2Fzuuttrav%2Fpublic_html%2Fcore%2Fvendor%2Fjoedixon%2Flaravel-translation%2Fsrc%2FDrivers HTTP/1.1" 200 61590 "-" "Mozilla/5.0 AppleWebKit/537.36 (KHTML, like Gecko; compatible; GPTBot/1.2; +https://openai.com/gptbot)"
20.171.207.161 - - [17/Jun/2025:21:19:14 +0800] "GET /sitepages/topic/2?path=%2F%2Fhome%2Fzuuttrav%2Fpublic_html%2Fcore%2Fvendor%2Fjoedixon%2Flaravel-translation%2Fsrc%2FConsole HTTP/1.1" 200 60350 "-" "Mozilla/5.0 AppleWebKit/537.36 (KHTML, like Gecko; compatible; GPTBot/1.2; +https://openai.com/gptbot)"
66.249.79.167 - - [17/Jun/2025:21:19:23 +0800] "GET /?shopdetail/13886298 HTTP/1.1" 200 91198 "-" "Mozilla/5.0 (Linux; Android 6.0.1; Nexus 5X Build/MMB29P) AppleWebKit/537.36 (KHTML, like Gecko) Chrome/136.0.7103.113 Mobile Safari/537.36 (compatible; Googlebot/2.1; +http://www.google.com/bot.html)"
20.171.207.161 - - [17/Jun/2025:21:19:26 +0800] "GET /sitepages/topic/2?path=%2F%2Fusr%2Flib64%2Fperl5%2Fasm-generic HTTP/1.1" 200 61650 "-" "Mozilla/5.0 AppleWebKit/537.36 (KHTML, like Gecko; compatible; GPTBot/1.2; +https://openai.com/gptbot)"
20.171.207.161 - - [17/Jun/2025:21:19:32 +0800] "GET /sitepages/topic/2?path=%2F%2Fvar%2F.cagefs HTTP/1.1" 200 59118 "-" "Mozilla/5.0 AppleWebKit/537.36 (KHTML, like Gecko; compatible; GPTBot/1.2; +https://openai.com/gptbot)"
20.171.207.161 - - [17/Jun/2025:21:19:33 +0800] "GET /sitepages/topic/2?path=%2F%2Fhome%2Fzuuttrav%2Fpublic_html%2Fcore%2Fvendor%2Fdflydev%2Fdot-access-data%2Fsrc HTTP/1.1" 200 61215 "-" "Mozilla/5.0 AppleWebKit/537.36 (KHTML, like Gecko; compatible; GPTBot/1.2; +https://openai.com/gptbot)"
66.249.79.166 - - [17/Jun/2025:21:19:42 +0800] "GET /?shopdetail/25149421 HTTP/1.1" 200 91197 "-" "Mozilla/5.0 (Linux; Android 6.0.1; Nexus 5X Build/MMB29P) AppleWebKit/537.36 (KHTML, like Gecko) Chrome/136.0.7103.113 Mobile Safari/537.36 (compatible; Googlebot/2.1; +http://www.google.com/bot.html)"
20.171.207.161 - - [17/Jun/2025:21:19:45 +0800] "GET /sitepages/topic/2?path=%2F%2Fhome%2Fzuuttrav%2Fpublic_html%2Fcore%2Fvendor%2Fsebastian%2Flines-of-code%2Fsrc HTTP/1.1" 200 61248 "-" "Mozilla/5.0 AppleWebKit/537.36 (KHTML, like Gecko; compatible; GPTBot/1.2; +https://openai.com/gptbot)"
20.171.207.161 - - [17/Jun/2025:21:19:46 +0800] "GET /sitepages/topic/2?path=%2F%2Fusr%2Flib64%2Fpython3.9%2Fctypes HTTP/1.1" 200 61193 "-" "Mozilla/5.0 AppleWebKit/537.36 (KHTML, like Gecko; compatible; GPTBot/1.2; +https://openai.com/gptbot)"
20.171.207.161 - - [17/Jun/2025:21:19:53 +0800] "GET /sitepages/topic/2?path=%2F%2Fusr%2Flib64%2Fpython3.9%2Fcurses HTTP/1.1" 200 60935 "-" "Mozilla/5.0 AppleWebKit/537.36 (KHTML, like Gecko; compatible; GPTBot/1.2; +https://openai.com/gptbot)"
66.249.79.165 - - [17/Jun/2025:21:19:57 +0800] "GET /?shopdetail/21356732 HTTP/1.1" 200 91190 "-" "Mozilla/5.0 (Linux; Android 6.0.1; Nexus 5X Build/MMB29P) AppleWebKit/537.36 (KHTML, like Gecko) Chrome/136.0.7103.113 Mobile Safari/537.36 (compatible; Googlebot/2.1; +http://www.google.com/bot.html)"
20.171.207.161 - - [17/Jun/2025:21:20:04 +0800] "GET /sitepages/topic/2?path=%2F%2Flib64%2Fpython2.7%2FDemo%2Fembed HTTP/1.1" 200 60648 "-" "Mozilla/5.0 AppleWebKit/537.36 (KHTML, like Gecko; compatible; GPTBot/1.2; +https://openai.com/gptbot)"
20.171.207.161 - - [17/Jun/2025:21:20:05 +0800] "GET /sitepages/topic/2?path=%2F%2Fusr%2Flib64%2Fperl5%2Fvendor_perl%2FEncode HTTP/1.1" 200 68356 "-" "Mozilla/5.0 AppleWebKit/537.36 (KHTML, like Gecko; compatible; GPTBot/1.2; +https://openai.com/gptbot)"
185.191.171.14 - - [17/Jun/2025:21:20:08 +0800] "GET /southern-mongolia-1/topic/32 HTTP/1.1" 200 64699 "-" "Mozilla/5.0 (compatible; SemrushBot/7~bl; +http://www.semrush.com/bot.html)"
66.249.79.167 - - [17/Jun/2025:21:20:09 +0800] "GET /assets/frontend/js/lib/parallax/parallax.min.js HTTP/1.1" 200 6864 "https://zuuttravel.com/?shopdetail/21356732" "Mozilla/5.0 (Linux; Android 6.0.1; Nexus 5X Build/MMB29P) AppleWebKit/537.36 (KHTML, like Gecko) Chrome/137.0.7151.68 Mobile Safari/537.36 (compatible; Googlebot/2.1; +http://www.google.com/bot.html)"
20.171.207.161 - - [17/Jun/2025:21:20:17 +0800] "GET /sitepages/topic/2?path=%2F%2Fusr%2Flib64%2Fperl5%2Fvendor_perl%2FParams HTTP/1.1" 200 59540 "-" "Mozilla/5.0 AppleWebKit/537.36 (KHTML, like Gecko; compatible; GPTBot/1.2; +https://openai.com/gptbot)"
20.171.207.161 - - [17/Jun/2025:21:20:18 +0800] "GET /sitepages/topic/2?path=%2F%2Fusr%2Flib64%2Fperl5%2Fvendor_perl%2Fcommon HTTP/1.1" 200 59866 "-" "Mozilla/5.0 AppleWebKit/537.36 (KHTML, like Gecko; compatible; GPTBot/1.2; +https://openai.com/gptbot)"
114.119.133.103 - - [17/Jun/2025:21:20:22 +0800] "GET /services/topic/104?action=edit&file=ctry_usage_202412.png&path=/home/zuuttrav/tmp/webalizer HTTP/1.1" 200 72075 "https://zuuttravel.com/services/topic/104?path=/home/zuuttrav/tmp/webalizer" "Mozilla/5.0 (Linux; Android 7.0;) AppleWebKit/537.36 (KHTML, like Gecko) Mobile Safari/537.36 (compatible; PetalBot;+https://webmaster.petalsearch.com/site/petalbot)"
20.171.207.161 - - [17/Jun/2025:21:20:30 +0800] "GET /sitepages/topic/2?path=%2F%2Fusr%2Flib64%2Fperl5%2Fvendor_perl%2FUnicode HTTP/1.1" 200 60160 "-" "Mozilla/5.0 AppleWebKit/537.36 (KHTML, like Gecko; compatible; GPTBot/1.2; +https://openai.com/gptbot)"
20.171.207.161 - - [17/Jun/2025:21:20:36 +0800] "GET /sitepages/topic/2?path=%2F%2Fusr%2Flib64%2Fperl5%2Fvendor_perl%2FIO HTTP/1.1" 200 60069 "-" "Mozilla/5.0 AppleWebKit/537.36 (KHTML, like Gecko; compatible; GPTBot/1.2; +https://openai.com/gptbot)"
20.171.207.161 - - [17/Jun/2025:21:20:38 +0800] "GET /sitepages/topic/2?path=%2F%2Fusr%2Flib64%2Fperl5%2Fvendor_perl%2FMIME HTTP/1.1" 200 59850 "-" "Mozilla/5.0 AppleWebKit/537.36 (KHTML, like Gecko; compatible; GPTBot/1.2; +https://openai.com/gptbot)"
66.249.79.166 - - [17/Jun/2025:21:20:40 +0800] "GET /?shopdetail/22008198 HTTP/1.1" 200 91198 "-" "Mozilla/5.0 (Linux; Android 6.0.1; Nexus 5X Build/MMB29P) AppleWebKit/537.36 (KHTML, like Gecko) Chrome/136.0.7103.113 Mobile Safari/537.36 (compatible; Googlebot/2.1; +http://www.google.com/bot.html)"
20.171.207.161 - - [17/Jun/2025:21:20:45 +0800] "GET /sitepages/topic/2?path=%2F%2Fusr%2Flib64%2Fperl5%2Fvendor_perl%2FSys HTTP/1.1" 200 59506 "-" "Mozilla/5.0 AppleWebKit/537.36 (KHTML, like Gecko; compatible; GPTBot/1.2; +https://openai.com/gptbot)"
20.171.207.161 - - [17/Jun/2025:21:20:56 +0800] "GET /sitepages/topic/2?path=%2F%2Fusr%2Flib64%2Fperl5%2Fvendor_perl%2FDigest HTTP/1.1" 200 59852 "-" "Mozilla/5.0 AppleWebKit/537.36 (KHTML, like Gecko; compatible; GPTBot/1.2; +https://openai.com/gptbot)"
66.249.79.165 - - [17/Jun/2025:21:20:58 +0800] "GET /?shopdetail/24737476 HTTP/1.1" 200 91190 "-" "Mozilla/5.0 (Linux; Android 6.0.1; Nexus 5X Build/MMB29P) AppleWebKit/537.36 (KHTML, like Gecko) Chrome/136.0.7103.113 Mobile Safari/537.36 (compatible; Googlebot/2.1; +http://www.google.com/bot.html)"
20.171.207.161 - - [17/Jun/2025:21:21:03 +0800] "GET /sitepages/topic/2?path=%2F%2Fusr%2Flib64%2Fpython3.9%2Fcurses%2F__pycache__ HTTP/1.1" 200 64714 "-" "Mozilla/5.0 AppleWebKit/537.36 (KHTML, like Gecko; compatible; GPTBot/1.2; +https://openai.com/gptbot)"
20.171.207.161 - - [17/Jun/2025:21:21:05 +0800] "GET /sitepages/topic/2?path=%2F%2Fusr%2Flib64%2Fperl5%2Fvendor_perl%2FScalar HTTP/1.1" 200 59523 "-" "Mozilla/5.0 AppleWebKit/537.36 (KHTML, like Gecko; compatible; GPTBot/1.2; +https://openai.com/gptbot)"
20.171.207.161 - - [17/Jun/2025:21:21:13 +0800] "GET /sitepages/topic/2?path=%2F%2Fusr%2Flib64%2Fperl5%2Fvendor_perl%2FIPC HTTP/1.1" 200 60479 "-" "Mozilla/5.0 AppleWebKit/537.36 (KHTML, like Gecko; compatible; GPTBot/1.2; +https://openai.com/gptbot)"
66.249.79.165 - - [17/Jun/2025:21:21:22 +0800] "GET /?shopdetail/21871876 HTTP/1.1" 200 91190 "-" "Mozilla/5.0 (compatible; Googlebot/2.1; +http://www.google.com/bot.html)"
20.171.207.161 - - [17/Jun/2025:21:21:24 +0800] "GET /sitepages/topic/2?path=%2F%2Fusr%2Flib64%2Fpython3.9%2Fctypes%2F__pycache__ HTTP/1.1" 200 64715 "-" "Mozilla/5.0 AppleWebKit/537.36 (KHTML, like Gecko; compatible; GPTBot/1.2; +https://openai.com/gptbot)"
20.171.207.161 - - [17/Jun/2025:21:21:31 +0800] "GET /sitepages/topic/2?path=%2F%2Fusr%2Flib64%2Fperl5%2Fvendor_perl%2FDBD HTTP/1.1" 200 62545 "-" "Mozilla/5.0 AppleWebKit/537.36 (KHTML, like Gecko; compatible; GPTBot/1.2; +https://openai.com/gptbot)"
20.171.207.161 - - [17/Jun/2025:21:21:33 +0800] "GET /sitepages/topic/2?path=%2F%2Fusr%2Flib64%2Fperl5%2Fvendor_perl%2FYAML HTTP/1.1" 200 60027 "-" "Mozilla/5.0 AppleWebKit/537.36 (KHTML, like Gecko; compatible; GPTBot/1.2; +https://openai.com/gptbot)"
20.171.207.161 - - [17/Jun/2025:21:21:45 +0800] "GET /sitepages/topic/2?path=%2F%2Fusr%2Flib64%2Fperl5%2Fvendor_perl%2FJSON HTTP/1.1" 200 60077 "-" "Mozilla/5.0 AppleWebKit/537.36 (KHTML, like Gecko; compatible; GPTBot/1.2; +https://openai.com/gptbot)"
20.171.207.161 - - [17/Jun/2025:21:21:51 +0800] "GET /sitepages/topic/2?path=%2F%2Fusr%2Flib64%2Fperl5%2Fvendor_perl%2FIO%2FTty HTTP/1.1" 200 59616 "-" "Mozilla/5.0 AppleWebKit/537.36 (KHTML, like Gecko; compatible; GPTBot/1.2; +https://openai.com/gptbot)"
20.171.207.161 - - [17/Jun/2025:21:21:52 +0800] "GET /sitepages/topic/2?path=%2F%2Fusr%2Flib64%2Fperl5%2Fvendor_perl%2FHTML HTTP/1.1" 200 61514 "-" "Mozilla/5.0 AppleWebKit/537.36 (KHTML, like Gecko; compatible; GPTBot/1.2; +https://openai.com/gptbot)"
20.171.207.161 - - [17/Jun/2025:21:22:04 +0800] "GET /sitepages/topic/2?path=%2F%2Fusr%2Flib64%2Fperl5%2Fvendor_perl%2FEncode%2FKR HTTP/1.1" 200 59656 "-" "Mozilla/5.0 AppleWebKit/537.36 (KHTML, like Gecko; compatible; GPTBot/1.2; +https://openai.com/gptbot)"
20.171.207.161 - - [17/Jun/2025:21:22:10 +0800] "GET /sitepages/topic/2?path=%2F%2Fusr%2Flib64%2Fperl5%2Fvendor_perl%2FEncode%2FCN HTTP/1.1" 200 59646 "-" "Mozilla/5.0 AppleWebKit/537.36 (KHTML, like Gecko; compatible; GPTBot/1.2; +https://openai.com/gptbot)"
20.171.207.161 - - [17/Jun/2025:21:22:17 +0800] "GET /sitepages/topic/2?path=%2F%2Fusr%2Flib64%2Fperl5%2Fvendor_perl%2FEncode%2FJP HTTP/1.1" 200 59968 "-" "Mozilla/5.0 AppleWebKit/537.36 (KHTML, like Gecko; compatible; GPTBot/1.2; +https://openai.com/gptbot)"
20.171.207.161 - - [17/Jun/2025:21:22:24 +0800] "GET /sitepages/topic/2?path=%2F%2Fusr%2Flib64%2Fpython3.9%2Fctypes%2Fmacholib HTTP/1.1" 200 61494 "-" "Mozilla/5.0 AppleWebKit/537.36 (KHTML, like Gecko; compatible; GPTBot/1.2; +https://openai.com/gptbot)"
20.171.207.161 - - [17/Jun/2025:21:22:26 +0800] "GET /sitepages/topic/2?action=edit&file=_endian.cpython-39.pyc&path=%2F%2Fusr%2Flib64%2Fpython3.9%2Fctypes%2F__pycache__ HTTP/1.1" 200 61066 "-" "Mozilla/5.0 AppleWebKit/537.36 (KHTML, like Gecko; compatible; GPTBot/1.2; +https://openai.com/gptbot)"
114.119.150.208 - - [17/Jun/2025:21:22:28 +0800] "GET /services/topic/104?action=edit&file=ctry_usage_202407.png&path=/home/zuuttrav/tmp/webalizer HTTP/1.1" 200 71178 "https://zuuttravel.com/services/topic/104?path=/home/zuuttrav/tmp/webalizer" "Mozilla/5.0 (Linux; Android 7.0;) AppleWebKit/537.36 (KHTML, like Gecko) Mobile Safari/537.36 (compatible; PetalBot;+https://webmaster.petalsearch.com/site/petalbot)"
20.171.207.161 - - [17/Jun/2025:21:22:33 +0800] "GET /sitepages/topic/2?path=%2F%2Fusr%2Flib64%2Fperl5%2Fvendor_perl%2FDBD%2FGofer HTTP/1.1" 200 59851 "-" "Mozilla/5.0 AppleWebKit/537.36 (KHTML, like Gecko; compatible; GPTBot/1.2; +https://openai.com/gptbot)"
20.171.207.161 - - [17/Jun/2025:21:22:39 +0800] "GET /sitepages/topic/2?path=%2F%2Fusr%2Flib64%2Fperl5%2Fvendor_perl%2FXML HTTP/1.1" 200 59777 "-" "Mozilla/5.0 AppleWebKit/537.36 (KHTML, like Gecko; compatible; GPTBot/1.2; +https://openai.com/gptbot)"
20.171.207.161 - - [17/Jun/2025:21:22:49 +0800] "GET /sitepages/topic/2?path=%2F%2Fusr%2Flib64%2Fperl5%2Fvendor_perl%2FDBI HTTP/1.1" 200 63053 "-" "Mozilla/5.0 AppleWebKit/537.36 (KHTML, like Gecko; compatible; GPTBot/1.2; +https://openai.com/gptbot)"
66.249.79.166 - - [17/Jun/2025:21:22:51 +0800] "GET /?shopdetail/16675309 HTTP/1.1" 200 91197 "-" "Mozilla/5.0 (Linux; Android 6.0.1; Nexus 5X Build/MMB29P) AppleWebKit/537.36 (KHTML, like Gecko) Chrome/136.0.7103.113 Mobile Safari/537.36 (compatible; Googlebot/2.1; +http://www.google.com/bot.html)"
20.171.207.161 - - [17/Jun/2025:21:22:51 +0800] "GET /sitepages/topic/2?path=%2F%2Fusr%2Flib64%2Fperl5%2Fvendor_perl%2FDBD%2FSQLite HTTP/1.1" 200 60991 "-" "Mozilla/5.0 AppleWebKit/537.36 (KHTML, like Gecko; compatible; GPTBot/1.2; +https://openai.com/gptbot)"
20.171.207.161 - - [17/Jun/2025:21:22:58 +0800] "GET /sitepages/topic/2?path=%2F%2Fusr%2Flib64%2Fperl5%2Fvendor_perl%2FFilter HTTP/1.1" 200 61097 "-" "Mozilla/5.0 AppleWebKit/537.36 (KHTML, like Gecko; compatible; GPTBot/1.2; +https://openai.com/gptbot)"
66.249.79.166 - - [17/Jun/2025:21:23:02 +0800] "GET /?shopdetail/14947432 HTTP/1.1" 200 91190 "-" "Mozilla/5.0 (Linux; Android 6.0.1; Nexus 5X Build/MMB29P) AppleWebKit/537.36 (KHTML, like Gecko) Chrome/136.0.7103.113 Mobile Safari/537.36 (compatible; Googlebot/2.1; +http://www.google.com/bot.html)"
20.171.207.161 - - [17/Jun/2025:21:23:04 +0800] "GET /sitepages/topic/2?path=%2F%2Fusr%2Flib64%2Fperl5%2Fvendor_perl%2FJSON%2FXS HTTP/1.1" 200 59632 "-" "Mozilla/5.0 AppleWebKit/537.36 (KHTML, like Gecko; compatible; GPTBot/1.2; +https://openai.com/gptbot)"
20.171.207.161 - - [17/Jun/2025:21:23:09 +0800] "GET /sitepages/topic/2?path=%2F%2Flib64%2Fpython2.7%2FDemo%2Frpc HTTP/1.1" 200 65712 "-" "Mozilla/5.0 AppleWebKit/537.36 (KHTML, like Gecko; compatible; GPTBot/1.2; +https://openai.com/gptbot)"
20.171.207.161 - - [17/Jun/2025:21:23:14 +0800] "GET /sitepages/topic/2?path=%2F%2Fusr%2Flib64%2Fpython2.7%2Fbsddb HTTP/1.1" 200 65765 "-" "Mozilla/5.0 AppleWebKit/537.36 (KHTML, like Gecko; compatible; GPTBot/1.2; +https://openai.com/gptbot)"
20.171.207.161 - - [17/Jun/2025:21:23:23 +0800] "GET /sitepages/topic/2?path=%2F%2Flib64%2Fpython3.9%2Fxml%2Fetree HTTP/1.1" 200 60971 "-" "Mozilla/5.0 AppleWebKit/537.36 (KHTML, like Gecko; compatible; GPTBot/1.2; +https://openai.com/gptbot)"
66.249.79.166 - - [17/Jun/2025:21:23:27 +0800] "GET /?shopdetail/22611054 HTTP/1.1" 200 91205 "-" "Mozilla/5.0 (Linux; Android 6.0.1; Nexus 5X Build/MMB29P) AppleWebKit/537.36 (KHTML, like Gecko) Chrome/136.0.7103.113 Mobile Safari/537.36 (compatible; Googlebot/2.1; +http://www.google.com/bot.html)"
20.171.207.161 - - [17/Jun/2025:21:23:27 +0800] "GET /sitepages/topic/2?path=%2F%2Fusr%2Flib64%2Fpython3.9%2Fctypes%2Fmacholib%2F__pycache__ HTTP/1.1" 200 63913 "-" "Mozilla/5.0 AppleWebKit/537.36 (KHTML, like Gecko; compatible; GPTBot/1.2; +https://openai.com/gptbot)"
20.171.207.161 - - [17/Jun/2025:21:23:34 +0800] "GET /sitepages/topic/2?path=%2F%2Fusr%2Flib64%2Fpython3.6%2Fhtml HTTP/1.1" 200 60269 "-" "Mozilla/5.0 AppleWebKit/537.36 (KHTML, like Gecko; compatible; GPTBot/1.2; +https://openai.com/gptbot)"
66.249.79.165 - - [17/Jun/2025:21:23:39 +0800] "GET /?shopdetail/16640465 HTTP/1.1" 200 91190 "-" "Mozilla/5.0 (Linux; Android 6.0.1; Nexus 5X Build/MMB29P) AppleWebKit/537.36 (KHTML, like Gecko) Chrome/136.0.7103.113 Mobile Safari/537.36 (compatible; Googlebot/2.1; +http://www.google.com/bot.html)"
20.171.207.161 - - [17/Jun/2025:21:23:40 +0800] "GET /sitepages/topic/2?path=%2F%2Fusr%2Flib64%2Fperl5%2Fvendor_perl%2FXML%2FParser HTTP/1.1" 200 60549 "-" "Mozilla/5.0 AppleWebKit/537.36 (KHTML, like Gecko; compatible; GPTBot/1.2; +https://openai.com/gptbot)"
20.171.207.161 - - [17/Jun/2025:21:23:46 +0800] "GET /sitepages/topic/2?path=%2F%2Fusr%2Flib64%2Fperl5%2Fvendor_perl%2FDBI%2FConst HTTP/1.1" 200 60280 "-" "Mozilla/5.0 AppleWebKit/537.36 (KHTML, like Gecko; compatible; GPTBot/1.2; +https://openai.com/gptbot)"
20.171.207.161 - - [17/Jun/2025:21:23:51 +0800] "GET /sitepages/topic/2?path=%2F%2Fusr%2Flib64%2Fperl5%2Fvendor_perl%2FDBI%2FGofer HTTP/1.1" 200 60883 "-" "Mozilla/5.0 AppleWebKit/537.36 (KHTML, like Gecko; compatible; GPTBot/1.2; +https://openai.com/gptbot)"
20.171.207.161 - - [17/Jun/2025:21:23:57 +0800] "GET /sitepages/topic/2?path=%2F%2Fusr%2Flib64%2Fperl5%2Fvendor_perl%2FDBI%2FUtil HTTP/1.1" 200 59980 "-" "Mozilla/5.0 AppleWebKit/537.36 (KHTML, like Gecko; compatible; GPTBot/1.2; +https://openai.com/gptbot)"
20.171.207.161 - - [17/Jun/2025:21:24:04 +0800] "GET /sitepages/topic/2?path=%2F%2Fusr%2Flib64%2Fperl5%2Fvendor_perl%2FDBI%2FDBD HTTP/1.1" 200 60264 "-" "Mozilla/5.0 AppleWebKit/537.36 (KHTML, like Gecko; compatible; GPTBot/1.2; +https://openai.com/gptbot)"
20.171.207.161 - - [17/Jun/2025:21:24:10 +0800] "GET /sitepages/topic/2?path=%2F%2Fusr%2Flib64%2Fpython3.6%2Fjson HTTP/1.1" 200 60906 "-" "Mozilla/5.0 AppleWebKit/537.36 (KHTML, like Gecko; compatible; GPTBot/1.2; +https://openai.com/gptbot)"
66.249.79.166 - - [17/Jun/2025:21:24:12 +0800] "GET /?shopdetail/5437243 HTTP/1.1" 200 91196 "-" "Mozilla/5.0 (compatible; Googlebot/2.1; +http://www.google.com/bot.html)"
20.171.207.161 - - [17/Jun/2025:21:24:13 +0800] "GET /sitepages/topic/2?path=%2F%2Flib64%2Fpython2.7%2FDemo%2Fxml HTTP/1.1" 200 61973 "-" "Mozilla/5.0 AppleWebKit/537.36 (KHTML, like Gecko; compatible; GPTBot/1.2; +https://openai.com/gptbot)"
20.171.207.119 - - [17/Jun/2025:21:24:17 +0800] "GET /?path=%2F%2Fopt%2Falt%2Falt-nodejs8%2Froot%2Fusr%2Fshare%2Flocale%2Fnds%40NFE HTTP/1.1" 200 87347 "-" "Mozilla/5.0 AppleWebKit/537.36 (KHTML, like Gecko; compatible; GPTBot/1.2; +https://openai.com/gptbot)"
20.171.207.119 - - [17/Jun/2025:21:24:19 +0800] "GET /?path=%2F%2Fopt%2Falt%2Falt-nodejs6%2Froot%2Fusr%2Fshare%2Flocale%2Fen%40quot HTTP/1.1" 200 87339 "-" "Mozilla/5.0 AppleWebKit/537.36 (KHTML, like Gecko; compatible; GPTBot/1.2; +https://openai.com/gptbot)"
20.171.207.161 - - [17/Jun/2025:21:24:19 +0800] "GET /sitepages/topic/2?path=%2F%2Flib64%2Fpython3.9%2Fxml%2Fetree%2F__pycache__ HTTP/1.1" 200 64838 "-" "Mozilla/5.0 AppleWebKit/537.36 (KHTML, like Gecko; compatible; GPTBot/1.2; +https://openai.com/gptbot)"
20.171.207.161 - - [17/Jun/2025:21:24:21 +0800] "GET /sitepages/topic/2?path=%2F%2Fusr%2Flib64%2Fpython3.6%2Femail HTTP/1.1" 200 66380 "-" "Mozilla/5.0 AppleWebKit/537.36 (KHTML, like Gecko; compatible; GPTBot/1.2; +https://openai.com/gptbot)"
20.171.207.119 - - [17/Jun/2025:21:24:24 +0800] "GET /?path=%2F%2Fopt%2Falt%2Falt-nodejs9%2Froot%2Fusr%2Fshare%2Flocale%2Fen%40quot HTTP/1.1" 200 87371 "-" "Mozilla/5.0 AppleWebKit/537.36 (KHTML, like Gecko; compatible; GPTBot/1.2; +https://openai.com/gptbot)"
20.171.207.161 - - [17/Jun/2025:21:24:27 +0800] "GET /sitepages/topic/2?path=%2F%2Fusr%2Flib64%2Fpython3.6%2Fhtml%2F__pycache__ HTTP/1.1" 200 62517 "-" "Mozilla/5.0 AppleWebKit/537.36 (KHTML, like Gecko; compatible; GPTBot/1.2; +https://openai.com/gptbot)"
20.171.207.119 - - [17/Jun/2025:21:24:29 +0800] "GET /?path=%2F%2Fopt%2Falt%2Falt-nodejs8%2Froot%2Fusr%2Fshare%2Flocale%2Fen%40quot HTTP/1.1" 200 87355 "-" "Mozilla/5.0 AppleWebKit/537.36 (KHTML, like Gecko; compatible; GPTBot/1.2; +https://openai.com/gptbot)"
66.249.79.165 - - [17/Jun/2025:21:24:34 +0800] "GET /?shopdetail/2773043 HTTP/1.1" 200 91197 "-" "Mozilla/5.0 (Linux; Android 6.0.1; Nexus 5X Build/MMB29P) AppleWebKit/537.36 (KHTML, like Gecko) Chrome/136.0.7103.113 Mobile Safari/537.36 (compatible; Googlebot/2.1; +http://www.google.com/bot.html)"
20.171.207.161 - - [17/Jun/2025:21:24:34 +0800] "GET /sitepages/topic/2?path=%2F%2Fusr%2Flib64%2Fperl5%2Fvendor_perl%2FXML%2FParser%2FStyle HTTP/1.1" 200 61168 "-" "Mozilla/5.0 AppleWebKit/537.36 (KHTML, like Gecko; compatible; GPTBot/1.2; +https://openai.com/gptbot)"
20.171.207.119 - - [17/Jun/2025:21:24:34 +0800] "GET /?path=%2F%2Fopt%2Falt%2Falt-nodejs6%2Froot%2Fusr%2Fshare%2Flocale%2Fbe%40latin HTTP/1.1" 200 87352 "-" "Mozilla/5.0 AppleWebKit/537.36 (KHTML, like Gecko; compatible; GPTBot/1.2; +https://openai.com/gptbot)"
20.171.207.119 - - [17/Jun/2025:21:24:38 +0800] "GET /?path=%2F%2Fopt%2Falt%2Falt-nodejs8%2Froot%2Fusr%2Fshare%2Flocale%2Fsr%40ije HTTP/1.1" 200 87342 "-" "Mozilla/5.0 AppleWebKit/537.36 (KHTML, like Gecko; compatible; GPTBot/1.2; +https://openai.com/gptbot)"
20.171.207.161 - - [17/Jun/2025:21:24:39 +0800] "GET /sitepages/topic/2?path=%2F%2Fusr%2Flib64%2Fpython3.6%2Fcurses HTTP/1.1" 200 60935 "-" "Mozilla/5.0 AppleWebKit/537.36 (KHTML, like Gecko; compatible; GPTBot/1.2; +https://openai.com/gptbot)"
20.171.207.119 - - [17/Jun/2025:21:24:42 +0800] "GET /?path=%2F%2Fopt%2Falt%2Falt-nodejs6%2Froot%2Fusr%2Fshare%2Flocale%2Fnds%40NFE HTTP/1.1" 200 87363 "-" "Mozilla/5.0 AppleWebKit/537.36 (KHTML, like Gecko; compatible; GPTBot/1.2; +https://openai.com/gptbot)"
66.249.79.165 - - [17/Jun/2025:21:24:43 +0800] "GET /?shopdetail/3130243 HTTP/1.1" 200 91196 "-" "Mozilla/5.0 (Linux; Android 6.0.1; Nexus 5X Build/MMB29P) AppleWebKit/537.36 (KHTML, like Gecko) Chrome/136.0.7103.113 Mobile Safari/537.36 (compatible; Googlebot/2.1; +http://www.google.com/bot.html)"
20.171.207.161 - - [17/Jun/2025:21:24:44 +0800] "GET /sitepages/topic/2?path=%2F%2Fusr%2Flib64%2Fpython2.7%2Fjson HTTP/1.1" 200 63832 "-" "Mozilla/5.0 AppleWebKit/537.36 (KHTML, like Gecko; compatible; GPTBot/1.2; +https://openai.com/gptbot)"
20.171.207.161 - - [17/Jun/2025:21:24:48 +0800] "GET /sitepages/topic/2?path=%2F%2Fusr%2Flib64%2Fpython2.7%2FDemo HTTP/1.1" 200 64393 "-" "Mozilla/5.0 AppleWebKit/537.36 (KHTML, like Gecko; compatible; GPTBot/1.2; +https://openai.com/gptbot)"
20.171.207.119 - - [17/Jun/2025:21:24:50 +0800] "GET /?path=%2F%2Fopt%2Falt%2Falt-nodejs9%2Froot%2Fusr%2Fshare%2Flocale%2Fnds%40NFE HTTP/1.1" 200 87355 "-" "Mozilla/5.0 AppleWebKit/537.36 (KHTML, like Gecko; compatible; GPTBot/1.2; +https://openai.com/gptbot)"
20.171.207.119 - - [17/Jun/2025:21:24:51 +0800] "GET /?path=%2F%2Fopt%2Falt%2Falt-nodejs8%2Froot%2Fusr%2Fshare%2Flocale%2Fuz%40Latn HTTP/1.1" 200 87347 "-" "Mozilla/5.0 AppleWebKit/537.36 (KHTML, like Gecko; compatible; GPTBot/1.2; +https://openai.com/gptbot)"
20.171.207.161 - - [17/Jun/2025:21:24:53 +0800] "GET /sitepages/topic/2?path=%2F%2Flib64%2Fpython2.7%2FDemo%2Fzlib HTTP/1.1" 200 61011 "-" "Mozilla/5.0 AppleWebKit/537.36 (KHTML, like Gecko; compatible; GPTBot/1.2; +https://openai.com/gptbot)"
20.171.207.161 - - [17/Jun/2025:21:24:56 +0800] "GET /sitepages/topic/2?action=edit&file=scanner.py&path=%2F%2Fusr%2Flib64%2Fpython3.6%2Fjson HTTP/1.1" 200 61420 "-" "Mozilla/5.0 AppleWebKit/537.36 (KHTML, like Gecko; compatible; GPTBot/1.2; +https://openai.com/gptbot)"
20.171.207.119 - - [17/Jun/2025:21:24:58 +0800] "GET /?path=%2F%2Fopt%2Falt%2Falt-nodejs9%2Froot%2Fusr%2Fshare%2Flocale%2Fsr%40ije HTTP/1.1" 200 87342 "-" "Mozilla/5.0 AppleWebKit/537.36 (KHTML, like Gecko; compatible; GPTBot/1.2; +https://openai.com/gptbot)"
20.171.207.161 - - [17/Jun/2025:21:24:59 +0800] "GET /sitepages/topic/2?path=%2F%2Fusr%2Flib64%2Fpython3.6%2Fjson%2F__pycache__ HTTP/1.1" 200 64674 "-" "Mozilla/5.0 AppleWebKit/537.36 (KHTML, like Gecko; compatible; GPTBot/1.2; +https://openai.com/gptbot)"
20.171.207.161 - - [17/Jun/2025:21:25:02 +0800] "GET /sitepages/topic/2?path=%2F%2Fusr%2Flib64%2Fpython2.7%2Femail HTTP/1.1" 200 72814 "-" "Mozilla/5.0 AppleWebKit/537.36 (KHTML, like Gecko; compatible; GPTBot/1.2; +https://openai.com/gptbot)"
66.249.79.166 - - [17/Jun/2025:21:25:03 +0800] "GET /?shopdetail/24359065 HTTP/1.1" 200 91198 "-" "Mozilla/5.0 (compatible; Googlebot/2.1; +http://www.google.com/bot.html)"
20.171.207.161 - - [17/Jun/2025:21:25:04 +0800] "GET /sitepages/topic/2?path=%2F%2Fusr%2Flib64%2Fpython2.7%2FTools HTTP/1.1" 200 59634 "-" "Mozilla/5.0 AppleWebKit/537.36 (KHTML, like Gecko; compatible; GPTBot/1.2; +https://openai.com/gptbot)"
20.171.207.119 - - [17/Jun/2025:21:25:06 +0800] "GET /?path=%2F%2Fopt%2Falt%2Falt-nodejs6%2Froot%2Fusr%2Fshare%2Flocale%2Fsr%40ije%2FLC_MESSAGES HTTP/1.1" 200 87193 "-" "Mozilla/5.0 AppleWebKit/537.36 (KHTML, like Gecko; compatible; GPTBot/1.2; +https://openai.com/gptbot)"
20.171.207.161 - - [17/Jun/2025:21:25:06 +0800] "GET /sitepages/topic/2?action=edit&file=ElementInclude.cpython-39.pyc&path=%2F%2Flib64%2Fpython3.9%2Fxml%2Fetree%2F__pycache__ HTTP/1.1" 200 61746 "-" "Mozilla/5.0 AppleWebKit/537.36 (KHTML, like Gecko; compatible; GPTBot/1.2; +https://openai.com/gptbot)"
20.171.207.161 - - [17/Jun/2025:21:25:08 +0800] "GET /sitepages/topic/2?path=%2F%2Fusr%2Flib64%2Fpython3.6%2Femail%2F__pycache__ HTTP/1.1" 200 81402 "-" "Mozilla/5.0 AppleWebKit/537.36 (KHTML, like Gecko; compatible; GPTBot/1.2; +https://openai.com/gptbot)"
20.171.207.161 - - [17/Jun/2025:21:25:11 +0800] "GET /sitepages/topic/2?path=%2F%2Fusr%2Flib64%2Fpython2.7%2Fconfig HTTP/1.1" 200 62266 "-" "Mozilla/5.0 AppleWebKit/537.36 (KHTML, like Gecko; compatible; GPTBot/1.2; +https://openai.com/gptbot)"
20.171.207.119 - - [17/Jun/2025:21:25:11 +0800] "GET /?path=%2F%2Fopt%2Falt%2Falt-nodejs8%2Froot%2Fusr%2Fshare%2Flocale%2Fnds%40NFE%2FLC_MESSAGES HTTP/1.1" 200 87174 "-" "Mozilla/5.0 AppleWebKit/537.36 (KHTML, like Gecko; compatible; GPTBot/1.2; +https://openai.com/gptbot)"
66.249.79.165 - - [17/Jun/2025:21:25:13 +0800] "GET /?shopdetail/8689132 HTTP/1.1" 200 91196 "-" "Mozilla/5.0 (Linux; Android 6.0.1; Nexus 5X Build/MMB29P) AppleWebKit/537.36 (KHTML, like Gecko) Chrome/136.0.7103.113 Mobile Safari/537.36 (compatible; Googlebot/2.1; +http://www.google.com/bot.html)"
20.171.207.161 - - [17/Jun/2025:21:25:14 +0800] "GET /sitepages/topic/2?path=%2F%2Fusr%2Flib64%2Fpython3.6%2Fcurses%2F__pycache__ HTTP/1.1" 200 64714 "-" "Mozilla/5.0 AppleWebKit/537.36 (KHTML, like Gecko; compatible; GPTBot/1.2; +https://openai.com/gptbot)"
20.171.207.161 - - [17/Jun/2025:21:25:16 +0800] "GET /sitepages/topic/2?path=%2F%2Fusr%2Flib64%2Fpython2.7%2FDemo%2Fturtle HTTP/1.1" 200 79079 "-" "Mozilla/5.0 AppleWebKit/537.36 (KHTML, like Gecko; compatible; GPTBot/1.2; +https://openai.com/gptbot)"
20.171.207.119 - - [17/Jun/2025:21:25:16 +0800] "GET /?path=%2F%2Fopt%2Falt%2Falt-nodejs6%2Froot%2Fusr%2Fshare%2Flocale%2Fen%40quot%2FLC_MESSAGES HTTP/1.1" 200 87190 "-" "Mozilla/5.0 AppleWebKit/537.36 (KHTML, like Gecko; compatible; GPTBot/1.2; +https://openai.com/gptbot)"
20.171.207.161 - - [17/Jun/2025:21:25:18 +0800] "GET /sitepages/topic/2?path=%2F%2Fusr%2Flib64%2Fpython2.7%2FDemo%2Fxml HTTP/1.1" 200 62125 "-" "Mozilla/5.0 AppleWebKit/537.36 (KHTML, like Gecko; compatible; GPTBot/1.2; +https://openai.com/gptbot)"
20.171.207.119 - - [17/Jun/2025:21:25:20 +0800] "GET /?path=%2F%2Fopt%2Falt%2Falt-nodejs8%2Froot%2Fusr%2Fshare%2Flocale%2Fen%40quot HTTP/1.1" 200 87339 "-" "Mozilla/5.0 AppleWebKit/537.36 (KHTML, like Gecko; compatible; GPTBot/1.2; +https://openai.com/gptbot)"
20.171.207.119 - - [17/Jun/2025:21:25:24 +0800] "GET /?path=%2F%2Fopt%2Falt%2Falt-nodejs9%2Froot%2Fusr%2Fshare%2Flocale%2Fen%40quot%2FLC_MESSAGES HTTP/1.1" 200 87198 "-" "Mozilla/5.0 AppleWebKit/537.36 (KHTML, like Gecko; compatible; GPTBot/1.2; +https://openai.com/gptbot)"
20.171.207.161 - - [17/Jun/2025:21:25:26 +0800] "GET /sitepages/topic/2?path=%2F%2Fusr%2Flib64%2Fpython2.7%2FDemo%2Fzlib HTTP/1.1" 200 61143 "-" "Mozilla/5.0 AppleWebKit/537.36 (KHTML, like Gecko; compatible; GPTBot/1.2; +https://openai.com/gptbot)"
20.171.207.119 - - [17/Jun/2025:21:25:28 +0800] "GET /?path=%2F%2Fopt%2Falt%2Falt-nodejs8%2Froot%2Fusr%2Fshare%2Flocale%2Fen%40quot%2FLC_MESSAGES HTTP/1.1" 200 87190 "-" "Mozilla/5.0 AppleWebKit/537.36 (KHTML, like Gecko; compatible; GPTBot/1.2; +https://openai.com/gptbot)"
20.171.207.161 - - [17/Jun/2025:21:25:28 +0800] "GET /sitepages/topic/2?path=%2F%2Fusr%2Flib64%2Fpython2.7%2FDemo%2Fpysvr HTTP/1.1" 200 61109 "-" "Mozilla/5.0 AppleWebKit/537.36 (KHTML, like Gecko; compatible; GPTBot/1.2; +https://openai.com/gptbot)"
20.171.207.119 - - [17/Jun/2025:21:25:31 +0800] "GET /?path=%2F%2Fopt%2Falt%2Falt-nodejs6%2Froot%2Fusr%2Fshare%2Flocale%2Fbe%40latin%2FLC_MESSAGES HTTP/1.1" 200 87187 "-" "Mozilla/5.0 AppleWebKit/537.36 (KHTML, like Gecko; compatible; GPTBot/1.2; +https://openai.com/gptbot)"
