20.171.207.119 - - [17/Jun/2025:23:57:24 +0800] "GET /?path=%2F%2Fopt%2Falt%2Falt-nodejs8%2Froot%2Fusr%2Flib%2Fnode_modules%2Fnpm%2Fman%2Fman0p HTTP/1.1" 200 87236 "-" "Mozilla/5.0 AppleWebKit/537.36 (KHTML, like Gecko; compatible; GPTBot/1.2; +https://openai.com/gptbot)"
20.171.207.119 - - [17/Jun/2025:23:57:26 +0800] "GET /?path=%2F%2Fopt%2Falt%2Falt-nodejs9%2Froot%2Fusr%2Flib%2Fnode_modules%2Fnpm%2Fman%2Fman3 HTTP/1.1" 200 87256 "-" "Mozilla/5.0 AppleWebKit/537.36 (KHTML, like Gecko; compatible; GPTBot/1.2; +https://openai.com/gptbot)"
20.171.207.141 - - [17/Jun/2025:23:57:30 +0800] "GET /?action=edit&file=p14.png&path=%2Fhome%2Fzuuttrav%2Fpublic_html%2Fuploads%2Fpattern HTTP/1.1" 200 90929 "-" "Mozilla/5.0 AppleWebKit/537.36 (KHTML, like Gecko; compatible; GPTBot/1.2; +https://openai.com/gptbot)"
20.171.207.161 - - [17/Jun/2025:23:57:31 +0800] "GET /?action=edit&file=libpixmap.so&path=%2F%2Flib64%2Fgtk-2.0%2F2.10.0%2Fengines HTTP/1.1" 200 156579 "-" "Mozilla/5.0 AppleWebKit/537.36 (KHTML, like Gecko; compatible; GPTBot/1.2; +https://openai.com/gptbot)"
20.171.207.161 - - [17/Jun/2025:23:57:32 +0800] "GET /?action=edit&file=ndbm.cpython-36.opt-2.pyc&path=%2F%2Flib64%2Fpython3.6%2Fdbm%2F__pycache__ HTTP/1.1" 200 86281 "-" "Mozilla/5.0 AppleWebKit/537.36 (KHTML, like Gecko; compatible; GPTBot/1.2; +https://openai.com/gptbot)"
20.171.207.141 - - [17/Jun/2025:23:57:37 +0800] "GET /?action=edit&file=p17.png&path=%2Fhome%2Fzuuttrav%2Fpublic_html%2Fuploads%2Fpattern HTTP/1.1" 200 86696 "-" "Mozilla/5.0 AppleWebKit/537.36 (KHTML, like Gecko; compatible; GPTBot/1.2; +https://openai.com/gptbot)"
20.171.207.119 - - [17/Jun/2025:23:57:38 +0800] "GET /?path=%2F%2Fopt%2Falt%2Falt-nodejs8%2Froot%2Fusr%2Flib%2Fnode_modules%2Fnpm%2Fman%2Fman8x HTTP/1.1" 200 87236 "-" "Mozilla/5.0 AppleWebKit/537.36 (KHTML, like Gecko; compatible; GPTBot/1.2; +https://openai.com/gptbot)"
20.171.207.161 - - [17/Jun/2025:23:57:39 +0800] "GET /?action=edit&file=gnu.cpython-36.opt-2.pyc&path=%2F%2Flib64%2Fpython3.6%2Fdbm%2F__pycache__ HTTP/1.1" 200 86287 "-" "Mozilla/5.0 AppleWebKit/537.36 (KHTML, like Gecko; compatible; GPTBot/1.2; +https://openai.com/gptbot)"
35.174.253.85 - - [17/Jun/2025:23:57:41 +0800] "GET /services/topic/101?path=//var HTTP/1.1" 200 68472 "-" "Mozilla/5.0 AppleWebKit/537.36 (KHTML, like Gecko; compatible; Amazonbot/0.1; +https://developer.amazon.com/support/amazonbot) Chrome/119.0.6045.214 Safari/537.36"
34.230.124.21 - - [17/Jun/2025:23:57:43 +0800] "GET /blog/topic/79?path=//home HTTP/1.1" 200 63161 "-" "Mozilla/5.0 AppleWebKit/537.36 (KHTML, like Gecko; compatible; Amazonbot/0.1; +https://developer.amazon.com/support/amazonbot) Chrome/119.0.6045.214 Safari/537.36"
20.171.207.141 - - [17/Jun/2025:23:57:45 +0800] "GET /?action=edit&file=p15.png&path=%2Fhome%2Fzuuttrav%2Fpublic_html%2Fuploads%2Fpattern HTTP/1.1" 200 85848 "-" "Mozilla/5.0 AppleWebKit/537.36 (KHTML, like Gecko; compatible; GPTBot/1.2; +https://openai.com/gptbot)"
20.171.207.119 - - [17/Jun/2025:23:57:46 +0800] "GET /?path=%2F%2Fopt%2Falt%2Falt-nodejs6%2Froot%2Fusr%2Flib%2Fnode_modules%2Fnpm%2Fman%2Fman1p HTTP/1.1" 200 87252 "-" "Mozilla/5.0 AppleWebKit/537.36 (KHTML, like Gecko; compatible; GPTBot/1.2; +https://openai.com/gptbot)"
100.29.107.38 - - [17/Jun/2025:23:57:49 +0800] "GET /blog/topic/75?path=/home/zuuttrav/wordpress-backups HTTP/1.1" 200 59998 "-" "Mozilla/5.0 AppleWebKit/537.36 (KHTML, like Gecko; compatible; Amazonbot/0.1; +https://developer.amazon.com/support/amazonbot) Chrome/119.0.6045.214 Safari/537.36"
20.171.207.161 - - [17/Jun/2025:23:57:50 +0800] "GET /?action=edit&file=__init__.cpython-36.opt-2.pyc&path=%2F%2Flib64%2Fpython3.6%2Fxml%2F__pycache__ HTTP/1.1" 200 86298 "-" "Mozilla/5.0 AppleWebKit/537.36 (KHTML, like Gecko; compatible; GPTBot/1.2; +https://openai.com/gptbot)"
20.171.207.141 - - [17/Jun/2025:23:57:52 +0800] "GET /?action=edit&file=p16.png&path=%2Fhome%2Fzuuttrav%2Fpublic_html%2Fuploads%2Fpattern HTTP/1.1" 200 123169 "-" "Mozilla/5.0 AppleWebKit/537.36 (KHTML, like Gecko; compatible; GPTBot/1.2; +https://openai.com/gptbot)"
54.159.18.27 - - [17/Jun/2025:23:57:52 +0800] "GET /blog/topic/81?path=/ HTTP/1.1" 200 62636 "-" "Mozilla/5.0 AppleWebKit/537.36 (KHTML, like Gecko; compatible; Amazonbot/0.1; +https://developer.amazon.com/support/amazonbot) Chrome/119.0.6045.214 Safari/537.36"
20.171.207.161 - - [17/Jun/2025:23:57:53 +0800] "GET /?action=edit&file=__init__.cpython-36.opt-1.pyc&path=%2F%2Flib64%2Fpython3.6%2Fxml%2F__pycache__ HTTP/1.1" 200 86841 "-" "Mozilla/5.0 AppleWebKit/537.36 (KHTML, like Gecko; compatible; GPTBot/1.2; +https://openai.com/gptbot)"
20.171.207.119 - - [17/Jun/2025:23:57:53 +0800] "GET /?action=edit&file=npm-json.5.gz&path=%2F%2Fopt%2Falt%2Falt-nodejs9%2Froot%2Fusr%2Flib%2Fnode_modules%2Fnpm%2Fman%2Fman5 HTTP/1.1" 200 104422 "-" "Mozilla/5.0 AppleWebKit/537.36 (KHTML, like Gecko; compatible; GPTBot/1.2; +https://openai.com/gptbot)"
3.213.213.161 - - [17/Jun/2025:23:57:56 +0800] "GET /blog/topic/74?path=/home/zuuttrav/logs HTTP/1.1" 200 72933 "-" "Mozilla/5.0 AppleWebKit/537.36 (KHTML, like Gecko; compatible; Amazonbot/0.1; +https://developer.amazon.com/support/amazonbot) Chrome/119.0.6045.214 Safari/537.36"
20.171.207.119 - - [17/Jun/2025:23:57:59 +0800] "GET /?action=edit&file=npm-global.5.gz&path=%2F%2Fopt%2Falt%2Falt-nodejs9%2Froot%2Fusr%2Flib%2Fnode_modules%2Fnpm%2Fman%2Fman5 HTTP/1.1" 200 92297 "-" "Mozilla/5.0 AppleWebKit/537.36 (KHTML, like Gecko; compatible; GPTBot/1.2; +https://openai.com/gptbot)"
18.206.47.187 - - [17/Jun/2025:23:57:59 +0800] "GET /sitepages/topic/9?path=/home/zuuttrav/.htpasswds HTTP/1.1" 200 86728 "-" "Mozilla/5.0 AppleWebKit/537.36 (KHTML, like Gecko; compatible; Amazonbot/0.1; +https://developer.amazon.com/support/amazonbot) Chrome/119.0.6045.214 Safari/537.36"
20.171.207.141 - - [17/Jun/2025:23:58:00 +0800] "GET /?action=edit&file=p23.png&path=%2Fhome%2Fzuuttrav%2Fpublic_html%2Fuploads%2Fpattern HTTP/1.1" 200 85783 "-" "Mozilla/5.0 AppleWebKit/537.36 (KHTML, like Gecko; compatible; GPTBot/1.2; +https://openai.com/gptbot)"
20.171.207.161 - - [17/Jun/2025:23:58:01 +0800] "GET /?action=edit&file=dumb.cpython-36.opt-1.pyc&path=%2F%2Flib64%2Fpython3.6%2Fdbm%2F__pycache__ HTTP/1.1" 200 95067 "-" "Mozilla/5.0 AppleWebKit/537.36 (KHTML, like Gecko; compatible; GPTBot/1.2; +https://openai.com/gptbot)"
20.171.207.119 - - [17/Jun/2025:23:58:02 +0800] "GET /?action=edit&file=folders.5.gz&path=%2F%2Fopt%2Falt%2Falt-nodejs8%2Froot%2Fusr%2Flib%2Fnode_modules%2Fnpm%2Fman%2Fman5 HTTP/1.1" 200 87736 "-" "Mozilla/5.0 AppleWebKit/537.36 (KHTML, like Gecko; compatible; GPTBot/1.2; +https://openai.com/gptbot)"
54.197.102.71 - - [17/Jun/2025:23:58:04 +0800] "GET /services/topic/101?path=/home/zuuttrav/php HTTP/1.1" 200 67833 "-" "Mozilla/5.0 AppleWebKit/537.36 (KHTML, like Gecko; compatible; Amazonbot/0.1; +https://developer.amazon.com/support/amazonbot) Chrome/119.0.6045.214 Safari/537.36"
20.171.207.161 - - [17/Jun/2025:23:58:06 +0800] "GET /?action=edit&file=libuser_files.so&path=%2F%2Flib64%2Flibuser HTTP/1.1" 200 157039 "-" "Mozilla/5.0 AppleWebKit/537.36 (KHTML, like Gecko; compatible; GPTBot/1.2; +https://openai.com/gptbot)"
20.171.207.141 - - [17/Jun/2025:23:58:08 +0800] "GET /?action=edit&file=p18.png&path=%2Fhome%2Fzuuttrav%2Fpublic_html%2Fuploads%2Fpattern HTTP/1.1" 200 106177 "-" "Mozilla/5.0 AppleWebKit/537.36 (KHTML, like Gecko; compatible; GPTBot/1.2; +https://openai.com/gptbot)"
52.22.64.232 - - [17/Jun/2025:23:58:09 +0800] "GET /services/topic/100?path=/home/zuuttrav/mail HTTP/1.1" 200 72962 "-" "Mozilla/5.0 AppleWebKit/537.36 (KHTML, like Gecko; compatible; Amazonbot/0.1; +https://developer.amazon.com/support/amazonbot) Chrome/119.0.6045.214 Safari/537.36"
34.202.88.37 - - [17/Jun/2025:23:58:12 +0800] "GET /sitepages/topic/9?path=/home/zuuttrav/public_html/.wp-cli HTTP/1.1" 200 83739 "-" "Mozilla/5.0 AppleWebKit/537.36 (KHTML, like Gecko; compatible; Amazonbot/0.1; +https://developer.amazon.com/support/amazonbot) Chrome/119.0.6045.214 Safari/537.36"
20.171.207.119 - - [17/Jun/2025:23:58:13 +0800] "GET /?action=edit&file=npmrc.5.gz&path=%2F%2Fopt%2Falt%2Falt-nodejs9%2Froot%2Fusr%2Flib%2Fnode_modules%2Fnpm%2Fman%2Fman5 HTTP/1.1" 200 88804 "-" "Mozilla/5.0 AppleWebKit/537.36 (KHTML, like Gecko; compatible; GPTBot/1.2; +https://openai.com/gptbot)"
107.20.25.33 - - [17/Jun/2025:23:58:15 +0800] "GET /blog/topic/75?path=/home/zuuttrav/public_html/core/public HTTP/1.1" 200 59783 "-" "Mozilla/5.0 AppleWebKit/537.36 (KHTML, like Gecko; compatible; Amazonbot/0.1; +https://developer.amazon.com/support/amazonbot) Chrome/119.0.6045.214 Safari/537.36"
20.171.207.141 - - [17/Jun/2025:23:58:15 +0800] "GET /?action=edit&file=p19.png&path=%2Fhome%2Fzuuttrav%2Fpublic_html%2Fuploads%2Fpattern HTTP/1.1" 200 85690 "-" "Mozilla/5.0 AppleWebKit/537.36 (KHTML, like Gecko; compatible; GPTBot/1.2; +https://openai.com/gptbot)"
20.171.207.161 - - [17/Jun/2025:23:58:16 +0800] "GET /?action=edit&file=libuser_ldap.so&path=%2F%2Flib64%2Flibuser HTTP/1.1" 200 155862 "-" "Mozilla/5.0 AppleWebKit/537.36 (KHTML, like Gecko; compatible; GPTBot/1.2; +https://openai.com/gptbot)"
44.206.93.215 - - [17/Jun/2025:23:58:20 +0800] "GET /blog/topic/80?path=/home/zuuttrav/public_html/123 HTTP/1.1" 200 61960 "-" "Mozilla/5.0 AppleWebKit/537.36 (KHTML, like Gecko; compatible; Amazonbot/0.1; +https://developer.amazon.com/support/amazonbot) Chrome/119.0.6045.214 Safari/537.36"
20.171.207.119 - - [17/Jun/2025:23:58:21 +0800] "GET /?action=edit&file=npm-folders.5.gz&path=%2F%2Fopt%2Falt%2Falt-nodejs9%2Froot%2Fusr%2Flib%2Fnode_modules%2Fnpm%2Fman%2Fman5 HTTP/1.1" 200 92291 "-" "Mozilla/5.0 AppleWebKit/537.36 (KHTML, like Gecko; compatible; GPTBot/1.2; +https://openai.com/gptbot)"
20.171.207.119 - - [17/Jun/2025:23:58:23 +0800] "GET /?action=edit&file=npm-package-locks.5.gz&path=%2F%2Fopt%2Falt%2Falt-nodejs9%2Froot%2Fusr%2Flib%2Fnode_modules%2Fnpm%2Fman%2Fman5 HTTP/1.1" 200 90775 "-" "Mozilla/5.0 AppleWebKit/537.36 (KHTML, like Gecko; compatible; GPTBot/1.2; +https://openai.com/gptbot)"
173.252.83.114 - - [17/Jun/2025:23:58:23 +0800] "GET /robots.txt HTTP/1.1" 206 1112 "-" "facebookexternalhit/1.1 (+http://www.facebook.com/externalhit_uatext.php)"
52.207.47.227 - - [17/Jun/2025:23:58:23 +0800] "GET /services/topic/100?path=/home/zuuttrav/logs HTTP/1.1" 200 77865 "-" "Mozilla/5.0 AppleWebKit/537.36 (KHTML, like Gecko; compatible; Amazonbot/0.1; +https://developer.amazon.com/support/amazonbot) Chrome/119.0.6045.214 Safari/537.36"
20.171.207.141 - - [17/Jun/2025:23:58:23 +0800] "GET /?action=edit&file=p10.png&path=%2Fhome%2Fzuuttrav%2Fpublic_html%2Fuploads%2Fpattern HTTP/1.1" 200 90675 "-" "Mozilla/5.0 AppleWebKit/537.36 (KHTML, like Gecko; compatible; GPTBot/1.2; +https://openai.com/gptbot)"
20.171.207.161 - - [17/Jun/2025:23:58:23 +0800] "GET /?action=edit&file=libuser_shadow.so&path=%2F%2Flib64%2Flibuser HTTP/1.1" 200 157068 "-" "Mozilla/5.0 AppleWebKit/537.36 (KHTML, like Gecko; compatible; GPTBot/1.2; +https://openai.com/gptbot)"
54.166.104.83 - - [17/Jun/2025:23:58:24 +0800] "GET /blog/topic/74?path=/home/zuuttrav/.caldav HTTP/1.1" 200 61236 "-" "Mozilla/5.0 AppleWebKit/537.36 (KHTML, like Gecko; compatible; Amazonbot/0.1; +https://developer.amazon.com/support/amazonbot) Chrome/119.0.6045.214 Safari/537.36"
54.157.84.74 - - [17/Jun/2025:23:58:28 +0800] "GET /blog/topic/74?path=/home/zuuttrav/.clwpos HTTP/1.1" 200 61264 "-" "Mozilla/5.0 AppleWebKit/537.36 (KHTML, like Gecko; compatible; Amazonbot/0.1; +https://developer.amazon.com/support/amazonbot) Chrome/119.0.6045.214 Safari/537.36"
20.171.207.161 - - [17/Jun/2025:23:58:30 +0800] "GET /?action=edit&file=__init__.cpython-39.opt-2.pyc&path=%2F%2Flib64%2Fpython3.9%2Fxml%2F__pycache__ HTTP/1.1" 200 86313 "-" "Mozilla/5.0 AppleWebKit/537.36 (KHTML, like Gecko; compatible; GPTBot/1.2; +https://openai.com/gptbot)"
20.171.207.141 - - [17/Jun/2025:23:58:30 +0800] "GET /?action=edit&file=p13.png&path=%2Fhome%2Fzuuttrav%2Fpublic_html%2Fuploads%2Fpattern HTTP/1.1" 200 106177 "-" "Mozilla/5.0 AppleWebKit/537.36 (KHTML, like Gecko; compatible; GPTBot/1.2; +https://openai.com/gptbot)"
44.217.177.142 - - [17/Jun/2025:23:58:31 +0800] "GET /?path=/home/zuuttrav/public_html/core/app HTTP/1.1" 200 88210 "-" "Mozilla/5.0 AppleWebKit/537.36 (KHTML, like Gecko; compatible; Amazonbot/0.1; +https://developer.amazon.com/support/amazonbot) Chrome/119.0.6045.214 Safari/537.36"
20.171.207.141 - - [17/Jun/2025:23:58:33 +0800] "GET /?action=edit&file=p20.png&path=%2Fhome%2Fzuuttrav%2Fpublic_html%2Fuploads%2Fpattern HTTP/1.1" 200 85972 "-" "Mozilla/5.0 AppleWebKit/537.36 (KHTML, like Gecko; compatible; GPTBot/1.2; +https://openai.com/gptbot)"
20.171.207.119 - - [17/Jun/2025:23:58:34 +0800] "GET /?action=edit&file=package.json.5.gz&path=%2F%2Fopt%2Falt%2Falt-nodejs9%2Froot%2Fusr%2Flib%2Fnode_modules%2Fnpm%2Fman%2Fman5 HTTP/1.1" 200 104415 "-" "Mozilla/5.0 AppleWebKit/537.36 (KHTML, like Gecko; compatible; GPTBot/1.2; +https://openai.com/gptbot)"
20.171.207.161 - - [17/Jun/2025:23:58:37 +0800] "GET /?action=edit&file=__init__.cpython-39.opt-1.pyc&path=%2F%2Flib64%2Fpython3.9%2Fxml%2F__pycache__ HTTP/1.1" 200 86838 "-" "Mozilla/5.0 AppleWebKit/537.36 (KHTML, like Gecko; compatible; GPTBot/1.2; +https://openai.com/gptbot)"
20.171.207.161 - - [17/Jun/2025:23:58:38 +0800] "GET /?action=edit&file=__init__.cpython-39.opt-1.pyc&path=%2F%2Flib64%2Fpython3.9%2Fdbm%2F__pycache__ HTTP/1.1" 200 90916 "-" "Mozilla/5.0 AppleWebKit/537.36 (KHTML, like Gecko; compatible; GPTBot/1.2; +https://openai.com/gptbot)"
54.84.93.8 - - [17/Jun/2025:23:58:38 +0800] "GET /services/topic/100?path=/home/zuuttrav/public_html/assets/translation HTTP/1.1" 200 67044 "-" "Mozilla/5.0 AppleWebKit/537.36 (KHTML, like Gecko; compatible; Amazonbot/0.1; +https://developer.amazon.com/support/amazonbot) Chrome/119.0.6045.214 Safari/537.36"
3.229.2.217 - - [17/Jun/2025:23:58:40 +0800] "GET /services/topic/15?path=/home/zuuttrav/public_html/assets HTTP/1.1" 200 82136 "-" "Mozilla/5.0 AppleWebKit/537.36 (KHTML, like Gecko; compatible; Amazonbot/0.1; +https://developer.amazon.com/support/amazonbot) Chrome/119.0.6045.214 Safari/537.36"
20.171.207.119 - - [17/Jun/2025:23:58:41 +0800] "GET /?path=%2F%2Fopt%2Falt%2Falt-nodejs8%2Froot%2Fusr%2Flib%2Fnode_modules%2Fnpm%2Fman%2Fman4 HTTP/1.1" 200 87264 "-" "Mozilla/5.0 AppleWebKit/537.36 (KHTML, like Gecko; compatible; GPTBot/1.2; +https://openai.com/gptbot)"
20.171.207.119 - - [17/Jun/2025:23:58:42 +0800] "GET /?path=%2F%2Fopt%2Falt%2Falt-nodejs8%2Froot%2Fusr%2Flib%2Fnode_modules%2Fnpm%2Fman%2Fman5x HTTP/1.1" 200 87236 "-" "Mozilla/5.0 AppleWebKit/537.36 (KHTML, like Gecko; compatible; GPTBot/1.2; +https://openai.com/gptbot)"
20.171.207.141 - - [17/Jun/2025:23:58:44 +0800] "GET /?action=edit&file=p21.png&path=%2Fhome%2Fzuuttrav%2Fpublic_html%2Fuploads%2Fpattern HTTP/1.1" 200 107723 "-" "Mozilla/5.0 AppleWebKit/537.36 (KHTML, like Gecko; compatible; GPTBot/1.2; +https://openai.com/gptbot)"
52.204.174.139 - - [17/Jun/2025:23:58:47 +0800] "GET /services/topic/8?path=/home/zuuttrav/public_html/uploads/contacts HTTP/1.1" 200 82604 "-" "Mozilla/5.0 AppleWebKit/537.36 (KHTML, like Gecko; compatible; Amazonbot/0.1; +https://developer.amazon.com/support/amazonbot) Chrome/119.0.6045.214 Safari/537.36"
20.171.207.141 - - [17/Jun/2025:23:58:47 +0800] "GET /?action=edit&file=p11-kit-trust.so&path=%2F%2Flib64%2Fpkcs11 HTTP/1.1" 200 433715 "-" "Mozilla/5.0 AppleWebKit/537.36 (KHTML, like Gecko; compatible; GPTBot/1.2; +https://openai.com/gptbot)"
20.171.207.119 - - [17/Jun/2025:23:58:50 +0800] "GET /?path=%2F%2Fopt%2Falt%2Falt-nodejs8%2Froot%2Fusr%2Flib%2Fnode_modules%2Fnpm%2Fman%2Fman1p HTTP/1.1" 200 87252 "-" "Mozilla/5.0 AppleWebKit/537.36 (KHTML, like Gecko; compatible; GPTBot/1.2; +https://openai.com/gptbot)"
20.171.207.161 - - [17/Jun/2025:23:58:50 +0800] "GET /?action=edit&file=__init__.cpython-39.opt-2.pyc&path=%2F%2Flib64%2Fpython3.9%2Fdbm%2F__pycache__ HTTP/1.1" 200 88815 "-" "Mozilla/5.0 AppleWebKit/537.36 (KHTML, like Gecko; compatible; GPTBot/1.2; +https://openai.com/gptbot)"
18.232.36.1 - - [17/Jun/2025:23:58:50 +0800] "GET /services/topic/8?path=/home/zuuttrav/.cpanel HTTP/1.1" 200 84733 "-" "Mozilla/5.0 AppleWebKit/537.36 (KHTML, like Gecko; compatible; Amazonbot/0.1; +https://developer.amazon.com/support/amazonbot) Chrome/119.0.6045.214 Safari/537.36"
52.202.233.37 - - [17/Jun/2025:23:58:53 +0800] "GET /?path=/home/zuuttrav/public_html/uploads/pattern HTTP/1.1" 200 94286 "-" "Mozilla/5.0 AppleWebKit/537.36 (KHTML, like Gecko; compatible; Amazonbot/0.1; +https://developer.amazon.com/support/amazonbot) Chrome/119.0.6045.214 Safari/537.36"
20.171.207.141 - - [17/Jun/2025:23:58:53 +0800] "GET /?action=edit&file=mod_negotiation.so&path=%2F%2Flib64%2Fapache2%2Fmodules HTTP/1.1" 200 137653 "-" "Mozilla/5.0 AppleWebKit/537.36 (KHTML, like Gecko; compatible; GPTBot/1.2; +https://openai.com/gptbot)"
114.119.157.103 - - [17/Jun/2025:23:58:54 +0800] "GET /services/topic/104?path=/home/zuuttrav/public_html/assets/dashboard/css HTTP/1.1" 200 70040 "https://zuuttravel.com/services/topic/104?path=/home/zuuttrav/public_html/assets/dashboard" "Mozilla/5.0 (Linux; Android 7.0;) AppleWebKit/537.36 (KHTML, like Gecko) Mobile Safari/537.36 (compatible; PetalBot;+https://webmaster.petalsearch.com/site/petalbot)"
20.171.207.119 - - [17/Jun/2025:23:58:56 +0800] "GET /?path=%2F%2Fopt%2Falt%2Falt-nodejs8%2Froot%2Fusr%2Flib%2Fnode_modules%2Fnpm%2Fman%2Fmann HTTP/1.1" 200 87232 "-" "Mozilla/5.0 AppleWebKit/537.36 (KHTML, like Gecko; compatible; GPTBot/1.2; +https://openai.com/gptbot)"
20.171.207.161 - - [17/Jun/2025:23:58:57 +0800] "GET /?action=edit&file=dumb.cpython-39.opt-1.pyc&path=%2F%2Flib64%2Fpython3.9%2Fdbm%2F__pycache__ HTTP/1.1" 200 94922 "-" "Mozilla/5.0 AppleWebKit/537.36 (KHTML, like Gecko; compatible; GPTBot/1.2; +https://openai.com/gptbot)"
66.249.79.166 - - [17/Jun/2025:23:58:59 +0800] "GET /?shopdetail/22630665 HTTP/1.1" 200 91198 "-" "Mozilla/5.0 (compatible; Googlebot/2.1; +http://www.google.com/bot.html)"
20.171.207.161 - - [17/Jun/2025:23:59:00 +0800] "GET /?action=edit&file=gnu.cpython-39.opt-1.pyc&path=%2F%2Flib64%2Fpython3.9%2Fdbm%2F__pycache__ HTTP/1.1" 200 86338 "-" "Mozilla/5.0 AppleWebKit/537.36 (KHTML, like Gecko; compatible; GPTBot/1.2; +https://openai.com/gptbot)"
20.171.207.119 - - [17/Jun/2025:23:59:02 +0800] "GET /?path=%2F%2Fopt%2Falt%2Falt-nodejs9%2Froot%2Fusr%2Flib%2Fnode_modules%2Fnpm%2Fman%2Fmann HTTP/1.1" 200 87240 "-" "Mozilla/5.0 AppleWebKit/537.36 (KHTML, like Gecko; compatible; GPTBot/1.2; +https://openai.com/gptbot)"
50.16.216.166 - - [17/Jun/2025:23:59:03 +0800] "GET /blog/topic/75?path=/home/zuuttrav/public_html/uploads/users HTTP/1.1" 200 61068 "-" "Mozilla/5.0 AppleWebKit/537.36 (KHTML, like Gecko; compatible; Amazonbot/0.1; +https://developer.amazon.com/support/amazonbot) Chrome/119.0.6045.214 Safari/537.36"
185.250.36.102 - - [17/Jun/2025:23:59:03 +0800] "GET /robots.txt HTTP/1.1" 200 1112 "-" "Mozilla/5.0 (compatible; MJ12bot/v1.4.8; http://mj12bot.com/)"
20.171.207.141 - - [17/Jun/2025:23:59:05 +0800] "GET /?action=edit&file=libevent_openssl-2.1.so.6.0.2&path=%2F%2Flib64 HTTP/1.1" 200 124816 "-" "Mozilla/5.0 AppleWebKit/537.36 (KHTML, like Gecko; compatible; GPTBot/1.2; +https://openai.com/gptbot)"
20.171.207.119 - - [17/Jun/2025:23:59:07 +0800] "GET /?path=%2F%2Fopt%2Falt%2Falt-nodejs6%2Froot%2Fusr%2Flib%2Fnode_modules%2Fnpm%2Fman%2Fmann HTTP/1.1" 200 87240 "-" "Mozilla/5.0 AppleWebKit/537.36 (KHTML, like Gecko; compatible; GPTBot/1.2; +https://openai.com/gptbot)"
20.171.207.161 - - [17/Jun/2025:23:59:10 +0800] "GET /?action=edit&file=gnu.cpython-36.opt-1.pyc&path=%2F%2Flib64%2Fpython3.6%2Fdbm%2F__pycache__ HTTP/1.1" 200 86350 "-" "Mozilla/5.0 AppleWebKit/537.36 (KHTML, like Gecko; compatible; GPTBot/1.2; +https://openai.com/gptbot)"
3.93.253.174 - - [17/Jun/2025:23:59:11 +0800] "GET /cultural-tips?action=edit&file=index.php&path=/home/zuuttrav/public_html HTTP/1.1" 200 65076 "-" "Mozilla/5.0 AppleWebKit/537.36 (KHTML, like Gecko; compatible; Amazonbot/0.1; +https://developer.amazon.com/support/amazonbot) Chrome/119.0.6045.214 Safari/537.36"
20.171.207.141 - - [17/Jun/2025:23:59:11 +0800] "GET /?action=edit&file=libwmflite-0.2.so.7.0.2&path=%2F%2Flib64 HTTP/1.1" 200 287391 "-" "Mozilla/5.0 AppleWebKit/537.36 (KHTML, like Gecko; compatible; GPTBot/1.2; +https://openai.com/gptbot)"
20.171.207.161 - - [17/Jun/2025:23:59:12 +0800] "GET /?action=edit&file=dumb.cpython-36.opt-2.pyc&path=%2F%2Flib64%2Fpython3.6%2Fdbm%2F__pycache__ HTTP/1.1" 200 93740 "-" "Mozilla/5.0 AppleWebKit/537.36 (KHTML, like Gecko; compatible; GPTBot/1.2; +https://openai.com/gptbot)"
20.171.207.141 - - [17/Jun/2025:23:59:13 +0800] "GET /?action=edit&file=libMagickWand-6.Q16.so.7&path=%2F%2Flib64 HTTP/1.1" 200 2067613 "-" "Mozilla/5.0 AppleWebKit/537.36 (KHTML, like Gecko; compatible; GPTBot/1.2; +https://openai.com/gptbot)"
20.171.207.119 - - [17/Jun/2025:23:59:16 +0800] "GET /?path=%2F%2Fopt%2Falt%2Falt-nodejs8%2Froot%2Fusr%2Flib%2Fnode_modules%2Fnpm%2Fbin HTTP/1.1" 200 89548 "-" "Mozilla/5.0 AppleWebKit/537.36 (KHTML, like Gecko; compatible; GPTBot/1.2; +https://openai.com/gptbot)"
54.84.250.51 - - [17/Jun/2025:23:59:16 +0800] "GET /sitepages/topic/9?action=edit&file=.env&path=/home/zuuttrav/public_html/core HTTP/1.1" 200 85372 "-" "Mozilla/5.0 AppleWebKit/537.36 (KHTML, like Gecko; compatible; Amazonbot/0.1; +https://developer.amazon.com/support/amazonbot) Chrome/119.0.6045.214 Safari/537.36"
185.250.36.102 - - [17/Jun/2025:23:59:17 +0800] "GET /%F0%9F%87%A8%F0%9F%87%B3%F0%9F%8C%8E-canton_fair_2023-%D0%B1%D0%B8%D0%B7%D0%BD%D0%B5%D1%81-%D0%B0%D1%8F%D0%BB%D0%B0%D0%BB%D0%B4-%D1%83%D1%80%D1%8C%D0%B6-%D0%B1%D0%B0%D0%B9%D0%BD%D0%B0/'https://zuuttravel.com/404' HTTP/1.1" 200 57821 "-" "Mozilla/5.0 (compatible; MJ12bot/v1.4.8; http://mj12bot.com/)"
20.171.207.119 - - [17/Jun/2025:23:59:18 +0800] "GET /?action=edit&file=dist-tag.js&path=%2F%2Fopt%2Falt%2Falt-nodejs8%2Froot%2Fusr%2Flib%2Fnode_modules%2Fnpm%2Flib HTTP/1.1" 200 91143 "-" "Mozilla/5.0 AppleWebKit/537.36 (KHTML, like Gecko; compatible; GPTBot/1.2; +https://openai.com/gptbot)"
20.171.207.161 - - [17/Jun/2025:23:59:18 +0800] "GET /?action=edit&file=ndbm.cpython-36.opt-1.pyc&path=%2F%2Flib64%2Fpython3.6%2Fdbm%2F__pycache__ HTTP/1.1" 200 86351 "-" "Mozilla/5.0 AppleWebKit/537.36 (KHTML, like Gecko; compatible; GPTBot/1.2; +https://openai.com/gptbot)"
100.29.63.24 - - [17/Jun/2025:23:59:19 +0800] "GET /contact?path=/home/zuuttrav/public_html/.wp-cli/cache HTTP/1.1" 200 65312 "-" "Mozilla/5.0 AppleWebKit/537.36 (KHTML, like Gecko; compatible; Amazonbot/0.1; +https://developer.amazon.com/support/amazonbot) Chrome/119.0.6045.214 Safari/537.36"
20.171.207.119 - - [17/Jun/2025:23:59:24 +0800] "GET /?action=edit&file=tag.js&path=%2F%2Fopt%2Falt%2Falt-nodejs6%2Froot%2Fusr%2Flib%2Fnode_modules%2Fnpm%2Flib HTTP/1.1" 200 87534 "-" "Mozilla/5.0 AppleWebKit/537.36 (KHTML, like Gecko; compatible; GPTBot/1.2; +https://openai.com/gptbot)"
185.250.36.102 - - [17/Jun/2025:23:59:24 +0800] "GET /st_tour/%D0%96%D0%98%D0%9D%D0%98%D0%9D%D0%AC-%D0%A5%D3%A8%D0%A5-%D0%A5%D0%9E%D0%A2-%D0%AD%D0%A0%D0%AD%D0%AD%D0%9D/?path=/home/zuuttrav/public_html/assets HTTP/1.1" 301 383 "-" "Mozilla/5.0 (compatible; MJ12bot/v1.4.8; http://mj12bot.com/)"
20.171.207.161 - - [17/Jun/2025:23:59:25 +0800] "GET /?action=edit&file=gnu.cpython-39.opt-2.pyc&path=%2F%2Flib64%2Fpython3.9%2Fdbm%2F__pycache__ HTTP/1.1" 200 86301 "-" "Mozilla/5.0 AppleWebKit/537.36 (KHTML, like Gecko; compatible; GPTBot/1.2; +https://openai.com/gptbot)"
20.171.207.141 - - [17/Jun/2025:23:59:26 +0800] "GET /?action=edit&file=libMagickCore-6.Q16.so.7&path=%2F%2Flib64 HTTP/1.1" 200 4463210 "-" "Mozilla/5.0 AppleWebKit/537.36 (KHTML, like Gecko; compatible; GPTBot/1.2; +https://openai.com/gptbot)"
34.193.2.57 - - [17/Jun/2025:23:59:26 +0800] "GET /welcome-to-mongolia?action=edit&file=.imunify_patch_id&path=/home/zuuttrav HTTP/1.1" 200 83520 "-" "Mozilla/5.0 AppleWebKit/537.36 (KHTML, like Gecko; compatible; Amazonbot/0.1; +https://developer.amazon.com/support/amazonbot) Chrome/119.0.6045.214 Safari/537.36"
54.84.161.62 - - [17/Jun/2025:23:59:29 +0800] "GET /services/topic/100?action=edit&file=.bash_profile&path=/home/zuuttrav HTTP/1.1" 200 65387 "-" "Mozilla/5.0 AppleWebKit/537.36 (KHTML, like Gecko; compatible; Amazonbot/0.1; +https://developer.amazon.com/support/amazonbot) Chrome/119.0.6045.214 Safari/537.36"
20.171.207.141 - - [17/Jun/2025:23:59:32 +0800] "GET /?action=edit&file=rcrt1.o&path=%2F%2Flib64 HTTP/1.1" 200 94110 "-" "Mozilla/5.0 AppleWebKit/537.36 (KHTML, like Gecko; compatible; GPTBot/1.2; +https://openai.com/gptbot)"
20.171.207.119 - - [17/Jun/2025:23:59:34 +0800] "GET /?action=edit&file=dist-tag.js&path=%2F%2Fopt%2Falt%2Falt-nodejs9%2Froot%2Fusr%2Flib%2Fnode_modules%2Fnpm%2Flib HTTP/1.1" 200 90642 "-" "Mozilla/5.0 AppleWebKit/537.36 (KHTML, like Gecko; compatible; GPTBot/1.2; +https://openai.com/gptbot)"
35.168.238.50 - - [17/Jun/2025:23:59:35 +0800] "GET /blog/topic/75?action=edit&file=package.json&path=/home/zuuttrav/public_html/core HTTP/1.1" 200 59891 "-" "Mozilla/5.0 AppleWebKit/537.36 (KHTML, like Gecko; compatible; Amazonbot/0.1; +https://developer.amazon.com/support/amazonbot) Chrome/119.0.6045.214 Safari/537.36"
20.171.207.161 - - [17/Jun/2025:23:59:35 +0800] "GET /?action=edit&file=dumb.cpython-39.opt-2.pyc&path=%2F%2Flib64%2Fpython3.9%2Fdbm%2F__pycache__ HTTP/1.1" 200 93589 "-" "Mozilla/5.0 AppleWebKit/537.36 (KHTML, like Gecko; compatible; GPTBot/1.2; +https://openai.com/gptbot)"
50.16.216.166 - - [17/Jun/2025:23:59:39 +0800] "GET /?action=edit&file=vite.config.js&path=/home/zuuttrav/public_html/core HTTP/1.1" 200 85857 "-" "Mozilla/5.0 AppleWebKit/537.36 (KHTML, like Gecko; compatible; Amazonbot/0.1; +https://developer.amazon.com/support/amazonbot) Chrome/119.0.6045.214 Safari/537.36"
20.171.207.141 - - [17/Jun/2025:23:59:40 +0800] "GET /?action=edit&file=libpixman-1.so.0.38.4&path=%2F%2Flib64 HTTP/1.1" 200 1201650 "-" "Mozilla/5.0 AppleWebKit/537.36 (KHTML, like Gecko; compatible; GPTBot/1.2; +https://openai.com/gptbot)"
20.171.207.119 - - [17/Jun/2025:23:59:41 +0800] "GET /?action=edit&file=dist-tag.js&path=%2F%2Fopt%2Falt%2Falt-nodejs6%2Froot%2Fusr%2Flib%2Fnode_modules%2Fnpm%2Flib HTTP/1.1" 200 90650 "-" "Mozilla/5.0 AppleWebKit/537.36 (KHTML, like Gecko; compatible; GPTBot/1.2; +https://openai.com/gptbot)"
20.171.207.161 - - [17/Jun/2025:23:59:42 +0800] "GET /?action=edit&file=__init__.cpython-39.opt-1.pyc&path=%2F%2Flib64%2Fpython3.9%2Fxml%2F__pycache__ HTTP/1.1" 200 86861 "-" "Mozilla/5.0 AppleWebKit/537.36 (KHTML, like Gecko; compatible; GPTBot/1.2; +https://openai.com/gptbot)"
185.250.36.102 - - [17/Jun/2025:23:59:42 +0800] "GET /st_tour/%D0%96%D0%98%D0%9D%D0%98%D0%9D%D0%AC-%D0%A5%D3%A8%D0%A5-%D0%A5%D0%9E%D0%A2-%D0%AD%D0%A0%D0%AD%D0%AD%D0%9D?path=/home/zuuttrav/public_html/assets HTTP/1.1" 200 4731 "-" "Mozilla/5.0 (compatible; MJ12bot/v1.4.8; http://mj12bot.com/)"
20.171.207.119 - - [17/Jun/2025:23:59:48 +0800] "GET /?action=edit&file=npm-shrinkwrap.json.5.gz&path=%2F%2Fopt%2Falt%2Falt-nodejs9%2Froot%2Fusr%2Flib%2Fnode_modules%2Fnpm%2Fman%2Fman5 HTTP/1.1" 200 87456 "-" "Mozilla/5.0 AppleWebKit/537.36 (KHTML, like Gecko; compatible; GPTBot/1.2; +https://openai.com/gptbot)"
20.171.207.141 - - [17/Jun/2025:23:59:48 +0800] "GET /?path=%2F%2Flib64%2Fpython3.6%2Flib-dynload HTTP/1.1" 200 108303 "-" "Mozilla/5.0 AppleWebKit/537.36 (KHTML, like Gecko; compatible; GPTBot/1.2; +https://openai.com/gptbot)"
20.171.207.161 - - [17/Jun/2025:23:59:49 +0800] "GET /?action=edit&file=ndbm.cpython-39.opt-1.pyc&path=%2F%2Flib64%2Fpython3.9%2Fdbm%2F__pycache__ HTTP/1.1" 200 86339 "-" "Mozilla/5.0 AppleWebKit/537.36 (KHTML, like Gecko; compatible; GPTBot/1.2; +https://openai.com/gptbot)"
20.171.207.161 - - [17/Jun/2025:23:59:52 +0800] "GET /?action=edit&file=ndbm.cpython-39.opt-2.pyc&path=%2F%2Flib64%2Fpython3.9%2Fdbm%2F__pycache__ HTTP/1.1" 200 86272 "-" "Mozilla/5.0 AppleWebKit/537.36 (KHTML, like Gecko; compatible; GPTBot/1.2; +https://openai.com/gptbot)"
185.250.36.102 - - [17/Jun/2025:23:59:55 +0800] "GET /st_tour/%D0%96%D0%98%D0%9D%D0%98%D0%9D%D0%AC-%D0%A5%D3%A8%D0%A5-%D0%A5%D0%9E%D0%A2-%D0%AD%D0%A0%D0%AD%D0%AD%D0%9D/?path=/home/zuuttrav/public_html/core HTTP/1.1" 301 381 "-" "Mozilla/5.0 (compatible; MJ12bot/v1.4.8; http://mj12bot.com/)"
66.249.79.165 - - [17/Jun/2025:23:59:55 +0800] "GET /?shopdetail/18443843 HTTP/1.1" 200 91190 "-" "Mozilla/5.0 (compatible; Googlebot/2.1; +http://www.google.com/bot.html)"
20.171.207.141 - - [17/Jun/2025:23:59:55 +0800] "GET /?path=%2F%2Fetc%2Fmy.cnf.d HTTP/1.1" 403 91166 "-" "Mozilla/5.0 AppleWebKit/537.36 (KHTML, like Gecko; compatible; GPTBot/1.2; +https://openai.com/gptbot)"
20.171.207.119 - - [17/Jun/2025:23:59:55 +0800] "GET /?action=edit&file=shrinkwrap-json.5.gz&path=%2F%2Fopt%2Falt%2Falt-nodejs8%2Froot%2Fusr%2Flib%2Fnode_modules%2Fnpm%2Fman%2Fman5 HTTP/1.1" 200 87434 "-" "Mozilla/5.0 AppleWebKit/537.36 (KHTML, like Gecko; compatible; GPTBot/1.2; +https://openai.com/gptbot)"
20.171.207.119 - - [17/Jun/2025:23:59:58 +0800] "GET /?action=edit&file=TROUBLESHOOTING.md&path=%2F%2Fopt%2Falt%2Falt-nodejs9%2Froot%2Fusr%2Flib%2Fnode_modules%2Fnpm HTTP/1.1" 200 94445 "-" "Mozilla/5.0 AppleWebKit/537.36 (KHTML, like Gecko; compatible; GPTBot/1.2; +https://openai.com/gptbot)"
20.171.207.161 - - [18/Jun/2025:00:00:05 +0800] "GET /?action=edit&file=libevent_core-2.1.so.6.0.2&path=%2F%2Flib64 HTTP/1.1" 200 454586 "-" "Mozilla/5.0 AppleWebKit/537.36 (KHTML, like Gecko; compatible; GPTBot/1.2; +https://openai.com/gptbot)"
20.171.207.141 - - [18/Jun/2025:00:00:05 +0800] "GET /?path=%2F%2Flib64%2Fperl5 HTTP/1.1" 200 101163 "-" "Mozilla/5.0 AppleWebKit/537.36 (KHTML, like Gecko; compatible; GPTBot/1.2; +https://openai.com/gptbot)"
20.171.207.119 - - [18/Jun/2025:00:00:09 +0800] "GET /?path=%2F%2Fopt%2Falt%2Falt-nodejs6%2Froot%2Fusr%2Flib%2Fnode_modules%2Fnpm%2Fscripts HTTP/1.1" 200 91886 "-" "Mozilla/5.0 AppleWebKit/537.36 (KHTML, like Gecko; compatible; GPTBot/1.2; +https://openai.com/gptbot)"
20.171.207.119 - - [18/Jun/2025:00:00:11 +0800] "GET /?path=%2F%2Fopt%2Falt%2Falt-nodejs8%2Froot%2Fusr%2Flib%2Fnode_modules%2Fnpm%2Fscripts HTTP/1.1" 200 92240 "-" "Mozilla/5.0 AppleWebKit/537.36 (KHTML, like Gecko; compatible; GPTBot/1.2; +https://openai.com/gptbot)"
20.171.207.161 - - [18/Jun/2025:00:00:12 +0800] "GET /?action=edit&file=libhunspell-1.6.so.0.0.1&path=%2F%2Flib64 HTTP/1.1" 200 1141669 "-" "Mozilla/5.0 AppleWebKit/537.36 (KHTML, like Gecko; compatible; GPTBot/1.2; +https://openai.com/gptbot)"
20.171.207.141 - - [18/Jun/2025:00:00:13 +0800] "GET /?action=edit&file=__future__.cpython-36.pyc&path=%2F%2Flib64%2Fpython3.6%2F__pycache__ HTTP/1.1" 200 89956 "-" "Mozilla/5.0 AppleWebKit/537.36 (KHTML, like Gecko; compatible; GPTBot/1.2; +https://openai.com/gptbot)"
20.171.207.161 - - [18/Jun/2025:00:00:20 +0800] "GET /?action=edit&file=libevent_extra-2.1.so.6.0.2&path=%2F%2Flib64 HTTP/1.1" 200 311756 "-" "Mozilla/5.0 AppleWebKit/537.36 (KHTML, like Gecko; compatible; GPTBot/1.2; +https://openai.com/gptbot)"
185.250.36.102 - - [18/Jun/2025:00:00:21 +0800] "GET /st_tour/%D0%96%D0%98%D0%9D%D0%98%D0%9D%D0%AC-%D0%A5%D3%A8%D0%A5-%D0%A5%D0%9E%D0%A2-%D0%AD%D0%A0%D0%AD%D0%AD%D0%9D?path=/home/zuuttrav/public_html/core HTTP/1.1" 200 9306 "-" "Mozilla/5.0 (compatible; MJ12bot/v1.4.8; http://mj12bot.com/)"
20.171.207.141 - - [18/Jun/2025:00:00:21 +0800] "GET /?action=edit&file=__phello__.foo.cpython-39.pyc&path=%2F%2Flib64%2Fpython3.9%2F__pycache__ HTTP/1.1" 200 85676 "-" "Mozilla/5.0 AppleWebKit/537.36 (KHTML, like Gecko; compatible; GPTBot/1.2; +https://openai.com/gptbot)"
20.171.207.119 - - [18/Jun/2025:00:00:24 +0800] "GET /?path=%2F%2Fopt%2Falt%2Falt-nodejs9%2Froot%2Fusr%2Flib%2Fnode_modules%2Fnpm%2Fscripts HTTP/1.1" 200 91893 "-" "Mozilla/5.0 AppleWebKit/537.36 (KHTML, like Gecko; compatible; GPTBot/1.2; +https://openai.com/gptbot)"
20.171.207.119 - - [18/Jun/2025:00:00:26 +0800] "GET /?action=edit&file=npm-install.1.gz&path=%2F%2Fopt%2Falt%2Falt-nodejs8%2Froot%2Fusr%2Flib%2Fnode_modules%2Fnpm%2Fman%2Fman1 HTTP/1.1" 200 97689 "-" "Mozilla/5.0 AppleWebKit/537.36 (KHTML, like Gecko; compatible; GPTBot/1.2; +https://openai.com/gptbot)"
66.249.79.166 - - [18/Jun/2025:00:00:27 +0800] "GET /?shopdetail/14748321 HTTP/1.1" 200 91197 "-" "Mozilla/5.0 (Linux; Android 6.0.1; Nexus 5X Build/MMB29P) AppleWebKit/537.36 (KHTML, like Gecko) Chrome/136.0.7103.113 Mobile Safari/537.36 (compatible; Googlebot/2.1; +http://www.google.com/bot.html)"
20.171.207.161 - - [18/Jun/2025:00:00:28 +0800] "GET /?action=edit&file=gpg2&path=%2F%2Fbin HTTP/1.1" 200 1262317 "-" "Mozilla/5.0 AppleWebKit/537.36 (KHTML, like Gecko; compatible; GPTBot/1.2; +https://openai.com/gptbot)"
20.171.207.161 - - [18/Jun/2025:00:00:30 +0800] "GET /?action=edit&file=pip3&path=%2F%2Fbin HTTP/1.1" 200 86480 "-" "Mozilla/5.0 AppleWebKit/537.36 (KHTML, like Gecko; compatible; GPTBot/1.2; +https://openai.com/gptbot)"
20.171.207.141 - - [18/Jun/2025:00:00:30 +0800] "GET /?action=edit&file=loaders.cache&path=%2F%2Flib64%2Fgdk-pixbuf-2.0%2F2.10.0 HTTP/1.1" 200 91241 "-" "Mozilla/5.0 AppleWebKit/537.36 (KHTML, like Gecko; compatible; GPTBot/1.2; +https://openai.com/gptbot)"
20.171.207.141 - - [18/Jun/2025:00:00:35 +0800] "GET /?action=edit&file=libMagickWand-6.Q16.so.7&path=%2F%2Flib64 HTTP/1.1" 200 2067256 "-" "Mozilla/5.0 AppleWebKit/537.36 (KHTML, like Gecko; compatible; GPTBot/1.2; +https://openai.com/gptbot)"
20.171.207.119 - - [18/Jun/2025:00:00:37 +0800] "GET /?action=edit&file=npm.cmd&path=%2F%2Fopt%2Falt%2Falt-nodejs8%2Froot%2Fusr%2Flib%2Fnode_modules%2Fnpm%2Fbin HTTP/1.1" 200 86861 "-" "Mozilla/5.0 AppleWebKit/537.36 (KHTML, like Gecko; compatible; GPTBot/1.2; +https://openai.com/gptbot)"
20.171.207.161 - - [18/Jun/2025:00:00:40 +0800] "GET /?action=edit&file=base64&path=%2F%2Fbin HTTP/1.1" 200 147818 "-" "Mozilla/5.0 AppleWebKit/537.36 (KHTML, like Gecko; compatible; GPTBot/1.2; +https://openai.com/gptbot)"
114.119.157.103 - - [18/Jun/2025:00:00:40 +0800] "GET /services/topic/104?path=/home/zuuttrav/mail/.Trash/cur HTTP/1.1" 200 65698 "https://zuuttravel.com/services/topic/104?path=/home/zuuttrav/mail/.Trash" "Mozilla/5.0 (Linux; Android 7.0;) AppleWebKit/537.36 (KHTML, like Gecko) Mobile Safari/537.36 (compatible; PetalBot;+https://webmaster.petalsearch.com/site/petalbot)"
20.171.207.161 - - [18/Jun/2025:00:00:42 +0800] "GET /?action=edit&file=_codecs_cn.so&path=%2F%2Flib64%2Fpython2.7%2Flib-dynload HTTP/1.1" 200 339771 "-" "Mozilla/5.0 AppleWebKit/537.36 (KHTML, like Gecko; compatible; GPTBot/1.2; +https://openai.com/gptbot)"
185.250.36.102 - - [18/Jun/2025:00:00:44 +0800] "GET /st_tour/%D0%96%D0%98%D0%9D%D0%98%D0%9D%D0%AC-%D0%A5%D3%A8%D0%A5-%D0%A5%D0%9E%D0%A2-%D0%AD%D0%A0%D0%AD%D0%AD%D0%9D/?path=/home/zuuttrav/public_html/uploads HTTP/1.1" 301 384 "-" "Mozilla/5.0 (compatible; MJ12bot/v1.4.8; http://mj12bot.com/)"
20.171.207.119 - - [18/Jun/2025:00:00:44 +0800] "GET /?action=edit&file=npm&path=%2F%2Fopt%2Falt%2Falt-nodejs8%2Froot%2Fusr%2Flib%2Fnode_modules%2Fnpm%2Fbin HTTP/1.1" 200 87358 "-" "Mozilla/5.0 AppleWebKit/537.36 (KHTML, like Gecko; compatible; GPTBot/1.2; +https://openai.com/gptbot)"
20.171.207.141 - - [18/Jun/2025:00:00:46 +0800] "GET /?action=edit&file=Grid.tcl&path=%2F%2Flib64%2Ftcl8.6%2FTix8.4.3 HTTP/1.1" 200 107959 "-" "Mozilla/5.0 AppleWebKit/537.36 (KHTML, like Gecko; compatible; GPTBot/1.2; +https://openai.com/gptbot)"
20.171.207.119 - - [18/Jun/2025:00:00:46 +0800] "GET /?action=edit&file=npx.cmd&path=%2F%2Fopt%2Falt%2Falt-nodejs8%2Froot%2Fusr%2Flib%2Fnode_modules%2Fnpm%2Fbin HTTP/1.1" 200 86934 "-" "Mozilla/5.0 AppleWebKit/537.36 (KHTML, like Gecko; compatible; GPTBot/1.2; +https://openai.com/gptbot)"
20.171.207.141 - - [18/Jun/2025:00:00:52 +0800] "GET /?action=edit&file=libisc-export.so.1107.0.7&path=%2F%2Flib64%2Fbind9-export HTTP/1.1" 200 798088 "-" "Mozilla/5.0 AppleWebKit/537.36 (KHTML, like Gecko; compatible; GPTBot/1.2; +https://openai.com/gptbot)"
20.171.207.161 - - [18/Jun/2025:00:00:53 +0800] "GET /?action=edit&file=libisc-export.so&path=%2F%2Flib64%2Fbind9-export HTTP/1.1" 200 798770 "-" "Mozilla/5.0 AppleWebKit/537.36 (KHTML, like Gecko; compatible; GPTBot/1.2; +https://openai.com/gptbot)"
20.171.207.161 - - [18/Jun/2025:00:00:55 +0800] "GET /?action=edit&file=ndbm.cpython-39.opt-1.pyc&path=%2F%2Flib64%2Fpython3.9%2Fdbm%2F__pycache__ HTTP/1.1" 200 86339 "-" "Mozilla/5.0 AppleWebKit/537.36 (KHTML, like Gecko; compatible; GPTBot/1.2; +https://openai.com/gptbot)"
20.171.207.119 - - [18/Jun/2025:00:00:58 +0800] "GET /?action=edit&file=npm-cli.js&path=%2F%2Fopt%2Falt%2Falt-nodejs8%2Froot%2Fusr%2Flib%2Fnode_modules%2Fnpm%2Fbin HTTP/1.1" 200 91668 "-" "Mozilla/5.0 AppleWebKit/537.36 (KHTML, like Gecko; compatible; GPTBot/1.2; +https://openai.com/gptbot)"
185.250.36.102 - - [18/Jun/2025:00:00:58 +0800] "GET /st_tour/%D0%96%D0%98%D0%9D%D0%98%D0%9D%D0%AC-%D0%A5%D3%A8%D0%A5-%D0%A5%D0%9E%D0%A2-%D0%AD%D0%A0%D0%AD%D0%AD%D0%9D?path=/home/zuuttrav/public_html/uploads HTTP/1.1" 200 6065 "-" "Mozilla/5.0 (compatible; MJ12bot/v1.4.8; http://mj12bot.com/)"
20.171.207.119 - - [18/Jun/2025:00:00:59 +0800] "GET /?action=edit&file=npx&path=%2F%2Fopt%2Falt%2Falt-nodejs8%2Froot%2Fusr%2Flib%2Fnode_modules%2Fnpm%2Fbin HTTP/1.1" 200 87350 "-" "Mozilla/5.0 AppleWebKit/537.36 (KHTML, like Gecko; compatible; GPTBot/1.2; +https://openai.com/gptbot)"
20.171.207.141 - - [18/Jun/2025:00:00:59 +0800] "GET /?path=%2F%2Flib64%2Fpython3.6%2Fxml%2Fparsers HTTP/1.1" 200 86927 "-" "Mozilla/5.0 AppleWebKit/537.36 (KHTML, like Gecko; compatible; GPTBot/1.2; +https://openai.com/gptbot)"
20.171.207.161 - - [18/Jun/2025:00:01:06 +0800] "GET /?action=edit&file=libdns-export.so&path=%2F%2Flib64%2Fbind9-export HTTP/1.1" 200 3702294 "-" "Mozilla/5.0 AppleWebKit/537.36 (KHTML, like Gecko; compatible; GPTBot/1.2; +https://openai.com/gptbot)"
20.171.207.141 - - [18/Jun/2025:00:01:07 +0800] "GET /?action=edit&file=sha256sum&path=%2F%2Fbin HTTP/1.1" 200 151759 "-" "Mozilla/5.0 AppleWebKit/537.36 (KHTML, like Gecko; compatible; GPTBot/1.2; +https://openai.com/gptbot)"
20.171.207.119 - - [18/Jun/2025:00:01:11 +0800] "GET /?action=edit&file=npx-cli.js&path=%2F%2Fopt%2Falt%2Falt-nodejs8%2Froot%2Fusr%2Flib%2Fnode_modules%2Fnpm%2Fbin HTTP/1.1" 200 86496 "-" "Mozilla/5.0 AppleWebKit/537.36 (KHTML, like Gecko; compatible; GPTBot/1.2; +https://openai.com/gptbot)"
185.250.36.102 - - [18/Jun/2025:00:01:12 +0800] "GET /st_tour/%D0%96%D0%98%D0%9D%D0%98%D0%9D%D0%AC-%D0%A5%D3%A8%D0%A5-%D0%A5%D0%9E%D0%A2-%D0%AD%D0%A0%D0%AD%D0%AD%D0%9D/?path=/ HTTP/1.1" 301 351 "-" "Mozilla/5.0 (compatible; MJ12bot/v1.4.8; http://mj12bot.com/)"
20.171.207.141 - - [18/Jun/2025:00:01:14 +0800] "GET /?action=edit&file=sha512sum&path=%2F%2Fbin HTTP/1.1" 200 151863 "-" "Mozilla/5.0 AppleWebKit/537.36 (KHTML, like Gecko; compatible; GPTBot/1.2; +https://openai.com/gptbot)"
20.171.207.161 - - [18/Jun/2025:00:01:18 +0800] "GET /?action=edit&file=libirs-export.so&path=%2F%2Flib64%2Fbind9-export HTTP/1.1" 200 154172 "-" "Mozilla/5.0 AppleWebKit/537.36 (KHTML, like Gecko; compatible; GPTBot/1.2; +https://openai.com/gptbot)"
20.171.207.119 - - [18/Jun/2025:00:01:18 +0800] "GET /?action=edit&file=npm-install.1.gz&path=%2F%2Fopt%2Falt%2Falt-nodejs9%2Froot%2Fusr%2Flib%2Fnode_modules%2Fnpm%2Fman%2Fman1 HTTP/1.1" 200 96299 "-" "Mozilla/5.0 AppleWebKit/537.36 (KHTML, like Gecko; compatible; GPTBot/1.2; +https://openai.com/gptbot)"
20.171.207.141 - - [18/Jun/2025:00:01:21 +0800] "GET /?path=%2F%2Flib64%2Fgdk-pixbuf-2.0%2F2.10.0%2Floaders HTTP/1.1" 200 91353 "-" "Mozilla/5.0 AppleWebKit/537.36 (KHTML, like Gecko; compatible; GPTBot/1.2; +https://openai.com/gptbot)"
20.171.207.161 - - [18/Jun/2025:00:01:23 +0800] "GET /?action=edit&file=p11-kit-trust.so&path=%2F%2Flib64%2Fpkcs11 HTTP/1.1" 200 434295 "-" "Mozilla/5.0 AppleWebKit/537.36 (KHTML, like Gecko; compatible; GPTBot/1.2; +https://openai.com/gptbot)"
20.171.207.119 - - [18/Jun/2025:00:01:24 +0800] "GET /?action=edit&file=npm-install.1.gz&path=%2F%2Fopt%2Falt%2Falt-nodejs6%2Froot%2Fusr%2Flib%2Fnode_modules%2Fnpm%2Fman%2Fman1 HTTP/1.1" 200 95199 "-" "Mozilla/5.0 AppleWebKit/537.36 (KHTML, like Gecko; compatible; GPTBot/1.2; +https://openai.com/gptbot)"
185.250.36.102 - - [18/Jun/2025:00:01:26 +0800] "GET /st_tour/%D0%96%D0%98%D0%9D%D0%98%D0%9D%D0%AC-%D0%A5%D3%A8%D0%A5-%D0%A5%D0%9E%D0%A2-%D0%AD%D0%A0%D0%AD%D0%AD%D0%9D?path=/ HTTP/1.1" 200 5563 "-" "Mozilla/5.0 (compatible; MJ12bot/v1.4.8; http://mj12bot.com/)"
20.171.207.141 - - [18/Jun/2025:00:01:28 +0800] "GET /?action=edit&file=__phello__.foo.cpython-36.pyc&path=%2F%2Flib64%2Fpython3.6%2F__pycache__ HTTP/1.1" 200 85664 "-" "Mozilla/5.0 AppleWebKit/537.36 (KHTML, like Gecko; compatible; GPTBot/1.2; +https://openai.com/gptbot)"
20.171.207.119 - - [18/Jun/2025:00:01:31 +0800] "GET /?action=edit&file=pr&path=%2F%2Fopt%2Falt%2Falt-nodejs8%2Froot%2Fusr%2Flib%2Fnode_modules%2Fnpm%2Fscripts HTTP/1.1" 200 91313 "-" "Mozilla/5.0 AppleWebKit/537.36 (KHTML, like Gecko; compatible; GPTBot/1.2; +https://openai.com/gptbot)"
185.250.36.102 - - [18/Jun/2025:00:01:31 +0800] "GET /st_tour/%D0%96%D0%98%D0%9D%D0%98%D0%9D%D0%AC-%D0%A5%D3%A8%D0%A5-%D0%A5%D0%9E%D0%A2-%D0%AD%D0%A0%D0%AD%D0%AD%D0%9D/?path=/home HTTP/1.1" 301 355 "-" "Mozilla/5.0 (compatible; MJ12bot/v1.4.8; http://mj12bot.com/)"
20.171.207.119 - - [18/Jun/2025:00:01:33 +0800] "GET /?action=edit&file=relocate.sh&path=%2F%2Fopt%2Falt%2Falt-nodejs8%2Froot%2Fusr%2Flib%2Fnode_modules%2Fnpm%2Fscripts HTTP/1.1" 200 87140 "-" "Mozilla/5.0 AppleWebKit/537.36 (KHTML, like Gecko; compatible; GPTBot/1.2; +https://openai.com/gptbot)"
20.171.207.141 - - [18/Jun/2025:00:01:36 +0800] "GET /?action=edit&file=Mcrt1.o&path=%2F%2Flib64 HTTP/1.1" 200 92615 "-" "Mozilla/5.0 AppleWebKit/537.36 (KHTML, like Gecko; compatible; GPTBot/1.2; +https://openai.com/gptbot)"
20.171.207.161 - - [18/Jun/2025:00:01:38 +0800] "GET /?action=edit&file=libevent_openssl-2.1.so.6.0.2&path=%2F%2Flib64 HTTP/1.1" 200 125397 "-" "Mozilla/5.0 AppleWebKit/537.36 (KHTML, like Gecko; compatible; GPTBot/1.2; +https://openai.com/gptbot)"
20.171.207.161 - - [18/Jun/2025:00:01:42 +0800] "GET /?action=edit&file=libwmflite-0.2.so.7.0.2&path=%2F%2Flib64 HTTP/1.1" 200 287995 "-" "Mozilla/5.0 AppleWebKit/537.36 (KHTML, like Gecko; compatible; GPTBot/1.2; +https://openai.com/gptbot)"
20.171.207.141 - - [18/Jun/2025:00:01:44 +0800] "GET /?path=%2F%2Flib64%2Fperl5%2FIO HTTP/1.1" 200 88579 "-" "Mozilla/5.0 AppleWebKit/537.36 (KHTML, like Gecko; compatible; GPTBot/1.2; +https://openai.com/gptbot)"
20.171.207.119 - - [18/Jun/2025:00:01:46 +0800] "GET /?action=edit&file=relocate.sh&path=%2F%2Fopt%2Falt%2Falt-nodejs9%2Froot%2Fusr%2Flib%2Fnode_modules%2Fnpm%2Fscripts HTTP/1.1" 200 87128 "-" "Mozilla/5.0 AppleWebKit/537.36 (KHTML, like Gecko; compatible; GPTBot/1.2; +https://openai.com/gptbot)"
20.171.207.141 - - [18/Jun/2025:00:01:47 +0800] "GET /?path=%2F%2Flib64%2Fperl5%2FB HTTP/1.1" 200 87122 "-" "Mozilla/5.0 AppleWebKit/537.36 (KHTML, like Gecko; compatible; GPTBot/1.2; +https://openai.com/gptbot)"
20.171.207.119 - - [18/Jun/2025:00:01:47 +0800] "GET /?action=edit&file=maketest&path=%2F%2Fopt%2Falt%2Falt-nodejs9%2Froot%2Fusr%2Flib%2Fnode_modules%2Fnpm%2Fscripts HTTP/1.1" 200 88591 "-" "Mozilla/5.0 AppleWebKit/537.36 (KHTML, like Gecko; compatible; GPTBot/1.2; +https://openai.com/gptbot)"
20.171.207.141 - - [18/Jun/2025:00:01:54 +0800] "GET /?path=%2F%2Flib64%2Fperl5%2Fasm-generic HTTP/1.1" 200 88477 "-" "Mozilla/5.0 AppleWebKit/537.36 (KHTML, like Gecko; compatible; GPTBot/1.2; +https://openai.com/gptbot)"
20.171.207.161 - - [18/Jun/2025:00:01:57 +0800] "GET /?action=edit&file=libMagickCore-6.Q16.so.7&path=%2F%2Flib64 HTTP/1.1" 200 4463295 "-" "Mozilla/5.0 AppleWebKit/537.36 (KHTML, like Gecko; compatible; GPTBot/1.2; +https://openai.com/gptbot)"
185.250.36.102 - - [18/Jun/2025:00:01:58 +0800] "GET /st_tour/%D0%96%D0%98%D0%9D%D0%98%D0%9D%D0%AC-%D0%A5%D3%A8%D0%A5-%D0%A5%D0%9E%D0%A2-%D0%AD%D0%A0%D0%AD%D0%AD%D0%9D?path=/home HTTP/1.1" 302 2849 "-" "Mozilla/5.0 (compatible; MJ12bot/v1.4.8; http://mj12bot.com/)"
20.171.207.119 - - [18/Jun/2025:00:01:59 +0800] "GET /?action=edit&file=relocate.sh&path=%2F%2Fopt%2Falt%2Falt-nodejs6%2Froot%2Fusr%2Flib%2Fnode_modules%2Fnpm%2Fscripts HTTP/1.1" 200 87144 "-" "Mozilla/5.0 AppleWebKit/537.36 (KHTML, like Gecko; compatible; GPTBot/1.2; +https://openai.com/gptbot)"
20.171.207.119 - - [18/Jun/2025:00:02:01 +0800] "GET /?action=edit&file=maketest&path=%2F%2Fopt%2Falt%2Falt-nodejs8%2Froot%2Fusr%2Flib%2Fnode_modules%2Fnpm%2Fscripts HTTP/1.1" 200 88366 "-" "Mozilla/5.0 AppleWebKit/537.36 (KHTML, like Gecko; compatible; GPTBot/1.2; +https://openai.com/gptbot)"
66.249.79.165 - - [18/Jun/2025:00:02:03 +0800] "GET /?shopdetail/26189965 HTTP/1.1" 200 91198 "-" "Mozilla/5.0 (Linux; Android 6.0.1; Nexus 5X Build/MMB29P) AppleWebKit/537.36 (KHTML, like Gecko) Chrome/136.0.7103.113 Mobile Safari/537.36 (compatible; Googlebot/2.1; +http://www.google.com/bot.html)"
20.171.207.161 - - [18/Jun/2025:00:02:05 +0800] "GET /?action=edit&file=libMagickWand-6.Q16.so.7&path=%2F%2Flib64 HTTP/1.1" 200 2068076 "-" "Mozilla/5.0 AppleWebKit/537.36 (KHTML, like Gecko; compatible; GPTBot/1.2; +https://openai.com/gptbot)"
20.171.207.141 - - [18/Jun/2025:00:02:05 +0800] "GET /?path=%2F%2Flib64%2Fperl5%2Fvendor_perl HTTP/1.1" 200 97543 "-" "Mozilla/5.0 AppleWebKit/537.36 (KHTML, like Gecko; compatible; GPTBot/1.2; +https://openai.com/gptbot)"
20.171.207.119 - - [18/Jun/2025:00:02:08 +0800] "GET /?action=edit&file=maketest&path=%2F%2Fopt%2Falt%2Falt-nodejs6%2Froot%2Fusr%2Flib%2Fnode_modules%2Fnpm%2Fscripts HTTP/1.1" 200 88591 "-" "Mozilla/5.0 AppleWebKit/537.36 (KHTML, like Gecko; compatible; GPTBot/1.2; +https://openai.com/gptbot)"
20.171.207.161 - - [18/Jun/2025:00:02:08 +0800] "GET /?action=edit&file=rcrt1.o&path=%2F%2Flib64 HTTP/1.1" 200 94707 "-" "Mozilla/5.0 AppleWebKit/537.36 (KHTML, like Gecko; compatible; GPTBot/1.2; +https://openai.com/gptbot)"
20.171.207.141 - - [18/Jun/2025:00:02:12 +0800] "GET /?path=%2F%2Flib64%2Fperl5%2FPerlIO HTTP/1.1" 200 87160 "-" "Mozilla/5.0 AppleWebKit/537.36 (KHTML, like Gecko; compatible; GPTBot/1.2; +https://openai.com/gptbot)"
20.171.207.119 - - [18/Jun/2025:00:02:14 +0800] "GET /?action=edit&file=clean-old.sh&path=%2F%2Fopt%2Falt%2Falt-nodejs6%2Froot%2Fusr%2Flib%2Fnode_modules%2Fnpm%2Fscripts HTTP/1.1" 200 91533 "-" "Mozilla/5.0 AppleWebKit/537.36 (KHTML, like Gecko; compatible; GPTBot/1.2; +https://openai.com/gptbot)"
20.171.207.119 - - [18/Jun/2025:00:02:19 +0800] "GET /?action=edit&file=doc-build.sh&path=%2F%2Fopt%2Falt%2Falt-nodejs9%2Froot%2Fusr%2Flib%2Fnode_modules%2Fnpm%2Fscripts HTTP/1.1" 200 88835 "-" "Mozilla/5.0 AppleWebKit/537.36 (KHTML, like Gecko; compatible; GPTBot/1.2; +https://openai.com/gptbot)"
20.171.207.141 - - [18/Jun/2025:00:02:20 +0800] "GET /?path=%2F%2Flib64%2Fpython3.6%2Fxml%2Fparsers%2F__pycache__ HTTP/1.1" 200 88303 "-" "Mozilla/5.0 AppleWebKit/537.36 (KHTML, like Gecko; compatible; GPTBot/1.2; +https://openai.com/gptbot)"
20.171.207.161 - - [18/Jun/2025:00:02:22 +0800] "GET /?action=edit&file=libpixman-1.so.0.38.4&path=%2F%2Flib64 HTTP/1.1" 200 1202142 "-" "Mozilla/5.0 AppleWebKit/537.36 (KHTML, like Gecko; compatible; GPTBot/1.2; +https://openai.com/gptbot)"
185.250.36.102 - - [18/Jun/2025:00:02:23 +0800] "GET /404 HTTP/1.1" 200 57478 "-" "Mozilla/5.0 (compatible; MJ12bot/v1.4.8; http://mj12bot.com/)"
20.171.207.119 - - [18/Jun/2025:00:02:23 +0800] "GET /?action=edit&file=npm-install.1.gz&path=%2F%2Fopt%2Falt%2Falt-nodejs6%2Froot%2Fusr%2Flib%2Fnode_modules%2Fnpm%2Fman%2Fman1 HTTP/1.1" 200 95184 "-" "Mozilla/5.0 AppleWebKit/537.36 (KHTML, like Gecko; compatible; GPTBot/1.2; +https://openai.com/gptbot)"
20.171.207.161 - - [18/Jun/2025:00:02:24 +0800] "GET /?path=%2F%2Flib64%2Fpython3.6%2Flib-dynload HTTP/1.1" 200 108899 "-" "Mozilla/5.0 AppleWebKit/537.36 (KHTML, like Gecko; compatible; GPTBot/1.2; +https://openai.com/gptbot)"
20.171.207.141 - - [18/Jun/2025:00:02:28 +0800] "GET /?path=%2F%2Flib64%2Fperl5%2Fmachine HTTP/1.1" 200 85923 "-" "Mozilla/5.0 AppleWebKit/537.36 (KHTML, like Gecko; compatible; GPTBot/1.2; +https://openai.com/gptbot)"
20.171.207.119 - - [18/Jun/2025:00:02:28 +0800] "GET /?action=edit&file=clean-old.sh&path=%2F%2Fopt%2Falt%2Falt-nodejs8%2Froot%2Fusr%2Flib%2Fnode_modules%2Fnpm%2Fscripts HTTP/1.1" 200 91537 "-" "Mozilla/5.0 AppleWebKit/537.36 (KHTML, like Gecko; compatible; GPTBot/1.2; +https://openai.com/gptbot)"
20.171.207.141 - - [18/Jun/2025:00:02:30 +0800] "GET /?path=%2F%2Flib64%2Fperl5%2FDevel HTTP/1.1" 200 86225 "-" "Mozilla/5.0 AppleWebKit/537.36 (KHTML, like Gecko; compatible; GPTBot/1.2; +https://openai.com/gptbot)"
20.171.207.119 - - [18/Jun/2025:00:02:31 +0800] "GET /?action=edit&file=pr&path=%2F%2Fopt%2Falt%2Falt-nodejs8%2Froot%2Fusr%2Flib%2Fnode_modules%2Fnpm%2Fscripts HTTP/1.1" 200 91298 "-" "Mozilla/5.0 AppleWebKit/537.36 (KHTML, like Gecko; compatible; GPTBot/1.2; +https://openai.com/gptbot)"
20.171.207.119 - - [18/Jun/2025:00:02:35 +0800] "GET /?action=edit&file=doc-build.sh&path=%2F%2Fopt%2Falt%2Falt-nodejs6%2Froot%2Fusr%2Flib%2Fnode_modules%2Fnpm%2Fscripts HTTP/1.1" 200 90110 "-" "Mozilla/5.0 AppleWebKit/537.36 (KHTML, like Gecko; compatible; GPTBot/1.2; +https://openai.com/gptbot)"
20.171.207.161 - - [18/Jun/2025:00:02:36 +0800] "GET /?path=%2F%2Flib64%2Fperl5 HTTP/1.1" 200 101758 "-" "Mozilla/5.0 AppleWebKit/537.36 (KHTML, like Gecko; compatible; GPTBot/1.2; +https://openai.com/gptbot)"
20.171.207.161 - - [18/Jun/2025:00:02:38 +0800] "GET /?action=edit&file=__future__.cpython-36.pyc&path=%2F%2Flib64%2Fpython3.6%2F__pycache__ HTTP/1.1" 200 90545 "-" "Mozilla/5.0 AppleWebKit/537.36 (KHTML, like Gecko; compatible; GPTBot/1.2; +https://openai.com/gptbot)"
