20.171.207.119 - - [17/Jun/2025:20:32:27 +0800] "GET /?path=%2F%2Fopt%2Falt%2Falt-nodejs6%2Froot%2Fusr%2Fshare%2Flocale%2Fmdf HTTP/1.1" 200 87331 "-" "Mozilla/5.0 AppleWebKit/537.36 (KHTML, like Gecko; compatible; GPTBot/1.2; +https://openai.com/gptbot)"
20.171.207.161 - - [17/Jun/2025:20:32:27 +0800] "GET /sitepages/topic/2?path=%2F%2Fetc%2Falternatives%2Fjava_sdk_1.8.0_openjdk%2Finclude HTTP/1.1" 200 61628 "-" "Mozilla/5.0 AppleWebKit/537.36 (KHTML, like Gecko; compatible; GPTBot/1.2; +https://openai.com/gptbot)"
20.171.207.119 - - [17/Jun/2025:20:32:28 +0800] "GET /?path=%2F%2Fopt%2Falt%2Falt-nodejs6%2Froot%2Fusr%2Fshare%2Flocale%2Fkpe HTTP/1.1" 200 87331 "-" "Mozilla/5.0 AppleWebKit/537.36 (KHTML, like Gecko; compatible; GPTBot/1.2; +https://openai.com/gptbot)"
20.171.207.161 - - [17/Jun/2025:20:32:39 +0800] "GET /sitepages/topic/2?path=%2F%2Fetc%2Falternatives%2Fjre_1.8.0_openjdk%2Flib%2Fsecurity HTTP/1.1" 200 62055 "-" "Mozilla/5.0 AppleWebKit/537.36 (KHTML, like Gecko; compatible; GPTBot/1.2; +https://openai.com/gptbot)"
20.171.207.119 - - [17/Jun/2025:20:32:40 +0800] "GET /?path=%2F%2Fopt%2Falt%2Falt-nodejs6%2Froot%2Fusr%2Fshare%2Flocale%2Fdsb HTTP/1.1" 200 87339 "-" "Mozilla/5.0 AppleWebKit/537.36 (KHTML, like Gecko; compatible; GPTBot/1.2; +https://openai.com/gptbot)"
20.171.207.119 - - [17/Jun/2025:20:32:41 +0800] "GET /?path=%2F%2Fopt%2Falt%2Falt-nodejs6%2Froot%2Fusr%2Fshare%2Flocale%2Fain HTTP/1.1" 200 87331 "-" "Mozilla/5.0 AppleWebKit/537.36 (KHTML, like Gecko; compatible; GPTBot/1.2; +https://openai.com/gptbot)"
20.171.207.161 - - [17/Jun/2025:20:32:42 +0800] "GET /sitepages/topic/2?path=%2F%2Fetc%2Falternatives%2Fjava_sdk_1.8.0%2Finclude%2Flinux HTTP/1.1" 200 60024 "-" "Mozilla/5.0 AppleWebKit/537.36 (KHTML, like Gecko; compatible; GPTBot/1.2; +https://openai.com/gptbot)"
20.171.207.119 - - [17/Jun/2025:20:32:48 +0800] "GET /?path=%2F%2Fopt%2Falt%2Falt-nodejs9%2Froot%2Fusr%2Fshare%2Flocale%2Fypk HTTP/1.1" 200 87331 "-" "Mozilla/5.0 AppleWebKit/537.36 (KHTML, like Gecko; compatible; GPTBot/1.2; +https://openai.com/gptbot)"
66.249.79.166 - - [17/Jun/2025:20:32:50 +0800] "GET /?shopdetail/13633943 HTTP/1.1" 200 91198 "-" "Mozilla/5.0 (Linux; Android 6.0.1; Nexus 5X Build/MMB29P) AppleWebKit/537.36 (KHTML, like Gecko) Chrome/136.0.7103.113 Mobile Safari/537.36 (compatible; Googlebot/2.1; +http://www.google.com/bot.html)"
20.171.207.161 - - [17/Jun/2025:20:32:53 +0800] "GET /sitepages/topic/2?action=edit&file=net.properties&path=%2F%2Fetc%2Falternatives%2Fjava_sdk_1.8.0%2Fjre%2Flib HTTP/1.1" 200 65211 "-" "Mozilla/5.0 AppleWebKit/537.36 (KHTML, like Gecko; compatible; GPTBot/1.2; +https://openai.com/gptbot)"
20.171.207.119 - - [17/Jun/2025:20:32:54 +0800] "GET /?path=%2F%2Fopt%2Falt%2Falt-nodejs9%2Froot%2Fusr%2Fshare%2Flocale%2Fgor HTTP/1.1" 200 87331 "-" "Mozilla/5.0 AppleWebKit/537.36 (KHTML, like Gecko; compatible; GPTBot/1.2; +https://openai.com/gptbot)"
20.171.207.161 - - [17/Jun/2025:20:32:55 +0800] "GET /sitepages/topic/2?path=%2F%2Fetc%2Falternatives%2Fjava_sdk_1.8.0%2Fjre%2Flib%2Fmanagement HTTP/1.1" 200 60951 "-" "Mozilla/5.0 AppleWebKit/537.36 (KHTML, like Gecko; compatible; GPTBot/1.2; +https://openai.com/gptbot)"
20.171.207.119 - - [17/Jun/2025:20:33:00 +0800] "GET /?path=%2F%2Fopt%2Falt%2Falt-nodejs9%2Froot%2Fusr%2Fshare%2Flocale%2Fkac HTTP/1.1" 200 87323 "-" "Mozilla/5.0 AppleWebKit/537.36 (KHTML, like Gecko; compatible; GPTBot/1.2; +https://openai.com/gptbot)"
20.171.207.161 - - [17/Jun/2025:20:33:07 +0800] "GET /sitepages/topic/2?path=%2F%2Fetc%2Falternatives%2Fjava_sdk_1.8.0%2Fjre%2Flib%2Fext HTTP/1.1" 200 62856 "-" "Mozilla/5.0 AppleWebKit/537.36 (KHTML, like Gecko; compatible; GPTBot/1.2; +https://openai.com/gptbot)"
20.171.207.119 - - [17/Jun/2025:20:33:09 +0800] "GET /?path=%2F%2Fopt%2Falt%2Falt-nodejs6%2Froot%2Fusr%2Fshare%2Flocale%2Fgon HTTP/1.1" 200 87323 "-" "Mozilla/5.0 AppleWebKit/537.36 (KHTML, like Gecko; compatible; GPTBot/1.2; +https://openai.com/gptbot)"
20.171.207.161 - - [17/Jun/2025:20:33:14 +0800] "GET /sitepages/topic/2?path=%2F%2Fetc%2Falternatives%2Fjava_sdk_1.8.0%2Fjre%2Flib%2Fcmm HTTP/1.1" 200 61094 "-" "Mozilla/5.0 AppleWebKit/537.36 (KHTML, like Gecko; compatible; GPTBot/1.2; +https://openai.com/gptbot)"
114.119.158.203 - - [17/Jun/2025:20:33:14 +0800] "GET /services/topic/104?action=edit&file=index.html&path=/home/zuuttrav/zuuttravel.mn/uploads HTTP/1.1" 200 65352 "https://zuuttravel.com/services/topic/104?path=/home/zuuttrav/zuuttravel.mn/uploads" "Mozilla/5.0 (Linux; Android 7.0;) AppleWebKit/537.36 (KHTML, like Gecko) Mobile Safari/537.36 (compatible; PetalBot;+https://webmaster.petalsearch.com/site/petalbot)"
20.171.207.119 - - [17/Jun/2025:20:33:16 +0800] "GET /?path=%2F%2Fopt%2Falt%2Falt-nodejs8%2Froot%2Fusr%2Fshare%2Flocale%2Ftpi HTTP/1.1" 200 87339 "-" "Mozilla/5.0 AppleWebKit/537.36 (KHTML, like Gecko; compatible; GPTBot/1.2; +https://openai.com/gptbot)"
20.171.207.161 - - [17/Jun/2025:20:33:16 +0800] "GET /sitepages/topic/2?path=%2F%2Fetc%2Falternatives%2Fjava_sdk_1.8.0%2Fjre%2Flib%2Fjfr HTTP/1.1" 200 60090 "-" "Mozilla/5.0 AppleWebKit/537.36 (KHTML, like Gecko; compatible; GPTBot/1.2; +https://openai.com/gptbot)"
20.171.207.161 - - [17/Jun/2025:20:33:22 +0800] "GET /sitepages/topic/2?action=edit&file=net.properties&path=%2F%2Fetc%2Falternatives%2Fjava_sdk_1.8.0_openjdk%2Fjre%2Flib HTTP/1.1" 200 65253 "-" "Mozilla/5.0 AppleWebKit/537.36 (KHTML, like Gecko; compatible; GPTBot/1.2; +https://openai.com/gptbot)"
20.171.207.119 - - [17/Jun/2025:20:33:22 +0800] "GET /?path=%2F%2Fopt%2Falt%2Falt-nodejs6%2Froot%2Fusr%2Fshare%2Flocale%2Fmni HTTP/1.1" 200 87323 "-" "Mozilla/5.0 AppleWebKit/537.36 (KHTML, like Gecko; compatible; GPTBot/1.2; +https://openai.com/gptbot)"
20.171.207.119 - - [17/Jun/2025:20:33:24 +0800] "GET /?path=%2F%2Fopt%2Falt%2Falt-nodejs9%2Froot%2Fusr%2Fshare%2Flocale%2Fgay HTTP/1.1" 200 87323 "-" "Mozilla/5.0 AppleWebKit/537.36 (KHTML, like Gecko; compatible; GPTBot/1.2; +https://openai.com/gptbot)"
66.249.79.165 - - [17/Jun/2025:20:33:27 +0800] "GET /?shopdetail/11500898 HTTP/1.1" 200 91197 "-" "Mozilla/5.0 (Linux; Android 6.0.1; Nexus 5X Build/MMB29P) AppleWebKit/537.36 (KHTML, like Gecko) Chrome/136.0.7103.113 Mobile Safari/537.36 (compatible; Googlebot/2.1; +http://www.google.com/bot.html)"
20.171.207.119 - - [17/Jun/2025:20:33:30 +0800] "GET /?path=%2F%2Fopt%2Falt%2Falt-nodejs6%2Froot%2Fusr%2Fshare%2Flocale%2Fgil HTTP/1.1" 200 87308 "-" "Mozilla/5.0 AppleWebKit/537.36 (KHTML, like Gecko; compatible; GPTBot/1.2; +https://openai.com/gptbot)"
20.171.207.161 - - [17/Jun/2025:20:33:33 +0800] "GET /sitepages/topic/2?path=%2F%2Fetc%2Falternatives%2Fjava_sdk_1.8.0_openjdk%2Fjre%2Flib%2Fmanagement HTTP/1.1" 200 61079 "-" "Mozilla/5.0 AppleWebKit/537.36 (KHTML, like Gecko; compatible; GPTBot/1.2; +https://openai.com/gptbot)"
20.171.207.161 - - [17/Jun/2025:20:33:40 +0800] "GET /sitepages/topic/2?path=%2F%2Fetc%2Falternatives%2Fjava_sdk_1.8.0_openjdk%2Fjre%2Flib%2Fext HTTP/1.1" 200 63033 "-" "Mozilla/5.0 AppleWebKit/537.36 (KHTML, like Gecko; compatible; GPTBot/1.2; +https://openai.com/gptbot)"
20.171.207.119 - - [17/Jun/2025:20:33:41 +0800] "GET /?path=%2F%2Fopt%2Falt%2Falt-nodejs6%2Froot%2Fusr%2Fshare%2Flocale%2Fmak HTTP/1.1" 200 87331 "-" "Mozilla/5.0 AppleWebKit/537.36 (KHTML, like Gecko; compatible; GPTBot/1.2; +https://openai.com/gptbot)"
20.171.207.119 - - [17/Jun/2025:20:33:43 +0800] "GET /?path=%2F%2Fopt%2Falt%2Falt-nodejs6%2Froot%2Fusr%2Fshare%2Flocale%2Fkut HTTP/1.1" 200 87339 "-" "Mozilla/5.0 AppleWebKit/537.36 (KHTML, like Gecko; compatible; GPTBot/1.2; +https://openai.com/gptbot)"
20.171.207.161 - - [17/Jun/2025:20:33:47 +0800] "GET /sitepages/topic/2?path=%2F%2Fetc%2Falternatives%2Fjava_sdk_1.8.0_openjdk%2Fjre%2Flib%2Fimages HTTP/1.1" 200 59813 "-" "Mozilla/5.0 AppleWebKit/537.36 (KHTML, like Gecko; compatible; GPTBot/1.2; +https://openai.com/gptbot)"
20.171.207.161 - - [17/Jun/2025:20:33:49 +0800] "GET /sitepages/topic/2?path=%2F%2Fetc%2Falternatives%2Fjava_sdk_1.8.0_openjdk%2Fjre%2Flib%2Fsecurity HTTP/1.1" 200 62326 "-" "Mozilla/5.0 AppleWebKit/537.36 (KHTML, like Gecko; compatible; GPTBot/1.2; +https://openai.com/gptbot)"
20.171.207.119 - - [17/Jun/2025:20:33:55 +0800] "GET /?path=%2F%2Fopt%2Falt%2Falt-nodejs6%2Froot%2Fusr%2Fshare%2Flocale%2Fbej HTTP/1.1" 200 87323 "-" "Mozilla/5.0 AppleWebKit/537.36 (KHTML, like Gecko; compatible; GPTBot/1.2; +https://openai.com/gptbot)"
193.138.7.150 - - [17/Jun/2025:20:33:56 +0800] "GET /?action=%27nvOpzp;%20AND%201=1%20OR%20(%3C%27%22%3EiKO)),&file=%27nvOpzp;%20AND%201=1%20OR%20(%3C%27%22%3EiKO)),&path=%27nvOpzp;%20AND%201=1%20OR%20(%3C%27%22%3EiKO)), HTTP/1.1" 403 14262 "-" "-"
66.249.79.166 - - [17/Jun/2025:20:33:58 +0800] "GET /?shopdetail/23035865 HTTP/1.1" 200 91197 "-" "Mozilla/5.0 (compatible; Googlebot/2.1; +http://www.google.com/bot.html)"
20.171.207.161 - - [17/Jun/2025:20:34:01 +0800] "GET /sitepages/topic/2?path=%2F%2Fetc%2Falternatives%2Fjre_1.8.0_openjdk%2Flib%2Fsecurity%2Fpolicy HTTP/1.1" 200 60093 "-" "Mozilla/5.0 AppleWebKit/537.36 (KHTML, like Gecko; compatible; GPTBot/1.2; +https://openai.com/gptbot)"
20.171.207.119 - - [17/Jun/2025:20:34:02 +0800] "GET /?path=%2F%2Fopt%2Falt%2Falt-nodejs9%2Froot%2Fusr%2Fshare%2Flocale%2Fgor HTTP/1.1" 200 87315 "-" "Mozilla/5.0 AppleWebKit/537.36 (KHTML, like Gecko; compatible; GPTBot/1.2; +https://openai.com/gptbot)"
20.171.207.161 - - [17/Jun/2025:20:34:03 +0800] "GET /sitepages/topic/2?path=%2F%2Fetc%2Falternatives%2Fjava_sdk_1.8.0_openjdk%2Fjre%2Flib%2Fjfr HTTP/1.1" 200 60202 "-" "Mozilla/5.0 AppleWebKit/537.36 (KHTML, like Gecko; compatible; GPTBot/1.2; +https://openai.com/gptbot)"
20.171.207.119 - - [17/Jun/2025:20:34:04 +0800] "GET /?path=%2F%2Fopt%2Falt%2Falt-nodejs6%2Froot%2Fusr%2Fshare%2Flocale%2Fjrb HTTP/1.1" 200 87331 "-" "Mozilla/5.0 AppleWebKit/537.36 (KHTML, like Gecko; compatible; GPTBot/1.2; +https://openai.com/gptbot)"
20.171.207.161 - - [17/Jun/2025:20:34:10 +0800] "GET /sitepages/topic/2?path=%2F%2Fetc%2Falternatives%2Fjava_sdk_1.8.0_openjdk%2Fjre%2Flib%2Fcmm HTTP/1.1" 200 61244 "-" "Mozilla/5.0 AppleWebKit/537.36 (KHTML, like Gecko; compatible; GPTBot/1.2; +https://openai.com/gptbot)"
20.171.207.119 - - [17/Jun/2025:20:34:11 +0800] "GET /?path=%2F%2Fopt%2Falt%2Falt-nodejs6%2Froot%2Fusr%2Fshare%2Flocale%2Fkrl HTTP/1.1" 200 87315 "-" "Mozilla/5.0 AppleWebKit/537.36 (KHTML, like Gecko; compatible; GPTBot/1.2; +https://openai.com/gptbot)"
20.171.207.161 - - [17/Jun/2025:20:34:15 +0800] "GET /sitepages/topic/2?path=%2F%2Fetc%2Falternatives%2Fjava_sdk_1.8.0%2Fjre%2Flib%2Fcmm HTTP/1.1" 200 61086 "-" "Mozilla/5.0 AppleWebKit/537.36 (KHTML, like Gecko; compatible; GPTBot/1.2; +https://openai.com/gptbot)"
20.171.207.119 - - [17/Jun/2025:20:34:22 +0800] "GET /?path=%2F%2Fopt%2Falt%2Falt-nodejs8%2Froot%2Fusr%2Fshare%2Flocale%2Fgay HTTP/1.1" 200 87331 "-" "Mozilla/5.0 AppleWebKit/537.36 (KHTML, like Gecko; compatible; GPTBot/1.2; +https://openai.com/gptbot)"
20.171.207.119 - - [17/Jun/2025:20:34:23 +0800] "GET /?path=%2F%2Fopt%2Falt%2Falt-nodejs8%2Froot%2Fusr%2Fshare%2Flocale%2Fscn HTTP/1.1" 200 87315 "-" "Mozilla/5.0 AppleWebKit/537.36 (KHTML, like Gecko; compatible; GPTBot/1.2; +https://openai.com/gptbot)"
20.171.207.161 - - [17/Jun/2025:20:34:27 +0800] "GET /sitepages/topic/2?path=%2F%2Fetc%2Falternatives%2Fjava_sdk_1.8.0%2Fjre%2Flib%2Fimages HTTP/1.1" 200 59717 "-" "Mozilla/5.0 AppleWebKit/537.36 (KHTML, like Gecko; compatible; GPTBot/1.2; +https://openai.com/gptbot)"
20.171.207.161 - - [17/Jun/2025:20:34:29 +0800] "GET /sitepages/topic/2?path=%2F%2Fetc%2Falternatives%2Fjava_sdk_1.8.0%2Fjre%2Flib%2Fsecurity HTTP/1.1" 200 62166 "-" "Mozilla/5.0 AppleWebKit/537.36 (KHTML, like Gecko; compatible; GPTBot/1.2; +https://openai.com/gptbot)"
20.171.207.119 - - [17/Jun/2025:20:34:35 +0800] "GET /?path=%2F%2Fopt%2Falt%2Falt-nodejs9%2Froot%2Fusr%2Fshare%2Flocale%2Ftiv HTTP/1.1" 200 87339 "-" "Mozilla/5.0 AppleWebKit/537.36 (KHTML, like Gecko; compatible; GPTBot/1.2; +https://openai.com/gptbot)"
20.171.207.161 - - [17/Jun/2025:20:34:36 +0800] "GET /sitepages/topic/2?path=%2F%2Fetc%2Falternatives%2Fjava_sdk_1.8.0_openjdk%2Finclude%2Flinux HTTP/1.1" 200 60128 "-" "Mozilla/5.0 AppleWebKit/537.36 (KHTML, like Gecko; compatible; GPTBot/1.2; +https://openai.com/gptbot)"
20.171.207.119 - - [17/Jun/2025:20:34:36 +0800] "GET /?path=%2F%2Fopt%2Falt%2Falt-nodejs9%2Froot%2Fusr%2Fshare%2Flocale%2Fhit HTTP/1.1" 200 87331 "-" "Mozilla/5.0 AppleWebKit/537.36 (KHTML, like Gecko; compatible; GPTBot/1.2; +https://openai.com/gptbot)"
66.249.79.167 - - [17/Jun/2025:20:34:39 +0800] "GET /?shopdetail/13558765 HTTP/1.1" 200 91198 "-" "Mozilla/5.0 (Linux; Android 6.0.1; Nexus 5X Build/MMB29P) AppleWebKit/537.36 (KHTML, like Gecko) Chrome/136.0.7103.113 Mobile Safari/537.36 (compatible; Googlebot/2.1; +http://www.google.com/bot.html)"
20.171.207.119 - - [17/Jun/2025:20:34:44 +0800] "GET /?path=%2F%2Fopt%2Falt%2Falt-nodejs6%2Froot%2Fusr%2Fshare%2Flocale%2Fsmj HTTP/1.1" 200 87316 "-" "Mozilla/5.0 AppleWebKit/537.36 (KHTML, like Gecko; compatible; GPTBot/1.2; +https://openai.com/gptbot)"
20.171.207.161 - - [17/Jun/2025:20:34:48 +0800] "GET /sitepages/topic/2?path=%2F%2Fetc%2Falternatives%2Fjre_1.8.0_openjdk%2Flib%2Fimages%2Fcursors HTTP/1.1" 200 62503 "-" "Mozilla/5.0 AppleWebKit/537.36 (KHTML, like Gecko; compatible; GPTBot/1.2; +https://openai.com/gptbot)"
20.171.207.119 - - [17/Jun/2025:20:34:53 +0800] "GET /?path=%2F%2Fopt%2Falt%2Falt-nodejs8%2Froot%2Fusr%2Fshare%2Flocale%2Fumb HTTP/1.1" 200 87323 "-" "Mozilla/5.0 AppleWebKit/537.36 (KHTML, like Gecko; compatible; GPTBot/1.2; +https://openai.com/gptbot)"
20.171.207.161 - - [17/Jun/2025:20:34:58 +0800] "GET /sitepages/topic/2?path=%2F%2Fetc%2Falternatives%2Fjava_sdk_1.8.0_openjdk%2Fjre%2Flib%2Fext HTTP/1.1" 200 63026 "-" "Mozilla/5.0 AppleWebKit/537.36 (KHTML, like Gecko; compatible; GPTBot/1.2; +https://openai.com/gptbot)"
114.119.140.87 - - [17/Jun/2025:20:35:06 +0800] "GET /services/topic/104?action=edit&file=index.html&path=/home/zuuttrav/tmp/webalizerftp HTTP/1.1" 200 75599 "https://zuuttravel.com/services/topic/104?path=/home/zuuttrav/tmp/webalizerftp" "Mozilla/5.0 (Linux; Android 7.0;) AppleWebKit/537.36 (KHTML, like Gecko) Mobile Safari/537.36 (compatible; PetalBot;+https://webmaster.petalsearch.com/site/petalbot)"
20.171.207.119 - - [17/Jun/2025:20:35:06 +0800] "GET /?path=%2F%2Fopt%2Falt%2Falt-nodejs8%2Froot%2Fusr%2Fshare%2Flocale%2Fiba HTTP/1.1" 200 87308 "-" "Mozilla/5.0 AppleWebKit/537.36 (KHTML, like Gecko; compatible; GPTBot/1.2; +https://openai.com/gptbot)"
20.171.207.119 - - [17/Jun/2025:20:35:08 +0800] "GET /?path=%2F%2Fopt%2Falt%2Falt-nodejs9%2Froot%2Fusr%2Fshare%2Flocale%2Fgba HTTP/1.1" 200 87323 "-" "Mozilla/5.0 AppleWebKit/537.36 (KHTML, like Gecko; compatible; GPTBot/1.2; +https://openai.com/gptbot)"
20.171.207.161 - - [17/Jun/2025:20:35:13 +0800] "GET /sitepages/topic/2?path=%2F%2Fetc%2Falternatives%2Fjre_1.8.0_openjdk%2Flib%2Famd64 HTTP/1.1" 200 72575 "-" "Mozilla/5.0 AppleWebKit/537.36 (KHTML, like Gecko; compatible; GPTBot/1.2; +https://openai.com/gptbot)"
20.171.207.161 - - [17/Jun/2025:20:35:20 +0800] "GET /sitepages/topic/2?path=%2F%2Fetc%2Falternatives%2Fjre_1.8.0_openjdk%2Flib%2Fcmm HTTP/1.1" 200 61000 "-" "Mozilla/5.0 AppleWebKit/537.36 (KHTML, like Gecko; compatible; GPTBot/1.2; +https://openai.com/gptbot)"
20.171.207.119 - - [17/Jun/2025:20:35:21 +0800] "GET /?path=%2F%2Fopt%2Falt%2Falt-nodejs8%2Froot%2Fusr%2Fshare%2Flocale%2Fijo HTTP/1.1" 200 87323 "-" "Mozilla/5.0 AppleWebKit/537.36 (KHTML, like Gecko; compatible; GPTBot/1.2; +https://openai.com/gptbot)"
66.249.79.165 - - [17/Jun/2025:20:35:21 +0800] "GET /?shopdetail/14224843 HTTP/1.1" 200 91197 "-" "Mozilla/5.0 (Linux; Android 6.0.1; Nexus 5X Build/MMB29P) AppleWebKit/537.36 (KHTML, like Gecko) Chrome/136.0.7103.113 Mobile Safari/537.36 (compatible; Googlebot/2.1; +http://www.google.com/bot.html)"
20.171.207.161 - - [17/Jun/2025:20:35:28 +0800] "GET /sitepages/topic/2?path=%2F%2Fetc%2Falternatives%2Fjava_sdk_1.8.0_openjdk%2Fbin HTTP/1.1" 200 74101 "-" "Mozilla/5.0 AppleWebKit/537.36 (KHTML, like Gecko; compatible; GPTBot/1.2; +https://openai.com/gptbot)"
20.171.207.119 - - [17/Jun/2025:20:35:32 +0800] "GET /?path=%2F%2Fopt%2Falt%2Falt-nodejs8%2Froot%2Fusr%2Fshare%2Flocale%2Fkbd HTTP/1.1" 200 87315 "-" "Mozilla/5.0 AppleWebKit/537.36 (KHTML, like Gecko; compatible; GPTBot/1.2; +https://openai.com/gptbot)"
20.171.207.161 - - [17/Jun/2025:20:35:46 +0800] "GET /sitepages/topic/2?path=%2F%2Fetc%2Falternatives%2Fjava_sdk_1.8.0_openjdk%2Fjre%2Flib%2Fsecurity%2Fpolicy HTTP/1.1" 200 60323 "-" "Mozilla/5.0 AppleWebKit/537.36 (KHTML, like Gecko; compatible; GPTBot/1.2; +https://openai.com/gptbot)"
20.171.207.119 - - [17/Jun/2025:20:35:49 +0800] "GET /?path=%2F%2Fopt%2Falt%2Falt-nodejs8%2Froot%2Fusr%2Fshare%2Flocale%2Fbik HTTP/1.1" 200 87323 "-" "Mozilla/5.0 AppleWebKit/537.36 (KHTML, like Gecko; compatible; GPTBot/1.2; +https://openai.com/gptbot)"
20.171.207.119 - - [17/Jun/2025:20:35:53 +0800] "GET /?path=%2F%2Fopt%2Falt%2Falt-nodejs8%2Froot%2Fusr%2Fshare%2Flocale%2Fmai HTTP/1.1" 200 87331 "-" "Mozilla/5.0 AppleWebKit/537.36 (KHTML, like Gecko; compatible; GPTBot/1.2; +https://openai.com/gptbot)"
20.171.207.161 - - [17/Jun/2025:20:35:57 +0800] "GET /sitepages/topic/2?path=%2F%2Fetc%2Falternatives%2Fjava_sdk_1.8.0_openjdk%2Fjre%2Flib%2Fimages%2Fcursors HTTP/1.1" 200 62776 "-" "Mozilla/5.0 AppleWebKit/537.36 (KHTML, like Gecko; compatible; GPTBot/1.2; +https://openai.com/gptbot)"
20.171.207.119 - - [17/Jun/2025:20:36:02 +0800] "GET /?path=%2F%2Fopt%2Falt%2Falt-nodejs9%2Froot%2Fusr%2Fshare%2Flocale%2Fnzi HTTP/1.1" 200 87323 "-" "Mozilla/5.0 AppleWebKit/537.36 (KHTML, like Gecko; compatible; GPTBot/1.2; +https://openai.com/gptbot)"
20.171.207.161 - - [17/Jun/2025:20:36:02 +0800] "GET /sitepages/topic/2?path=%2F%2Fetc%2Falternatives%2Fjre_1.8.0_openjdk%2Flib%2Fsecurity%2Fpolicy%2Flimited HTTP/1.1" 200 60450 "-" "Mozilla/5.0 AppleWebKit/537.36 (KHTML, like Gecko; compatible; GPTBot/1.2; +https://openai.com/gptbot)"
20.171.207.119 - - [17/Jun/2025:20:36:08 +0800] "GET /?path=%2F%2Fopt%2Falt%2Falt-nodejs9%2Froot%2Fusr%2Fshare%2Flocale%2Fkho HTTP/1.1" 200 87323 "-" "Mozilla/5.0 AppleWebKit/537.36 (KHTML, like Gecko; compatible; GPTBot/1.2; +https://openai.com/gptbot)"
20.171.207.161 - - [17/Jun/2025:20:36:16 +0800] "GET /sitepages/topic/2?path=%2F%2Fetc%2Falternatives%2Fjava_sdk_1.8.0_openjdk%2Flib HTTP/1.1" 200 62190 "-" "Mozilla/5.0 AppleWebKit/537.36 (KHTML, like Gecko; compatible; GPTBot/1.2; +https://openai.com/gptbot)"
20.171.207.119 - - [17/Jun/2025:20:36:20 +0800] "GET /?path=%2F%2Fopt%2Falt%2Falt-nodejs6%2Froot%2Fusr%2Fshare%2Flocale%2Fkha HTTP/1.1" 200 87331 "-" "Mozilla/5.0 AppleWebKit/537.36 (KHTML, like Gecko; compatible; GPTBot/1.2; +https://openai.com/gptbot)"
20.171.207.119 - - [17/Jun/2025:20:36:22 +0800] "GET /?path=%2F%2Fopt%2Falt%2Falt-nodejs8%2Froot%2Fusr%2Fshare%2Flocale%2Fsmi HTTP/1.1" 200 87331 "-" "Mozilla/5.0 AppleWebKit/537.36 (KHTML, like Gecko; compatible; GPTBot/1.2; +https://openai.com/gptbot)"
20.171.207.161 - - [17/Jun/2025:20:36:25 +0800] "GET /sitepages/topic/2?path=%2F%2Fetc%2Falternatives%2Fjre_1.8.0%2Flib HTTP/1.1" 200 68553 "-" "Mozilla/5.0 AppleWebKit/537.36 (KHTML, like Gecko; compatible; GPTBot/1.2; +https://openai.com/gptbot)"
20.171.207.119 - - [17/Jun/2025:20:36:29 +0800] "GET /?path=%2F%2Fopt%2Falt%2Falt-nodejs6%2Froot%2Fusr%2Fshare%2Flocale%2Fchk HTTP/1.1" 200 87331 "-" "Mozilla/5.0 AppleWebKit/537.36 (KHTML, like Gecko; compatible; GPTBot/1.2; +https://openai.com/gptbot)"
20.171.207.161 - - [17/Jun/2025:20:36:31 +0800] "GET /sitepages/topic/2?path=%2F%2Fetc%2Falternatives%2Fjava_sdk_1.8.0%2Fjre%2Flib%2Fsecurity%2Fpolicy HTTP/1.1" 200 60195 "-" "Mozilla/5.0 AppleWebKit/537.36 (KHTML, like Gecko; compatible; GPTBot/1.2; +https://openai.com/gptbot)"
20.171.207.119 - - [17/Jun/2025:20:36:34 +0800] "GET /?path=%2F%2Fopt%2Falt%2Falt-nodejs6%2Froot%2Fusr%2Fshare%2Flocale%2Fgem HTTP/1.1" 200 87323 "-" "Mozilla/5.0 AppleWebKit/537.36 (KHTML, like Gecko; compatible; GPTBot/1.2; +https://openai.com/gptbot)"
20.171.207.161 - - [17/Jun/2025:20:36:38 +0800] "GET /sitepages/topic/2?path=%2F%2Fetc%2Falternatives%2Fjava_sdk_1.8.0%2Fjre%2Flib%2Fimages%2Fcursors HTTP/1.1" 200 62615 "-" "Mozilla/5.0 AppleWebKit/537.36 (KHTML, like Gecko; compatible; GPTBot/1.2; +https://openai.com/gptbot)"
20.171.207.161 - - [17/Jun/2025:20:36:40 +0800] "GET /sitepages/topic/2?path=%2F%2Fetc%2Falternatives%2Fjre_1.8.0%2Fbin HTTP/1.1" 200 62953 "-" "Mozilla/5.0 AppleWebKit/537.36 (KHTML, like Gecko; compatible; GPTBot/1.2; +https://openai.com/gptbot)"
20.171.207.119 - - [17/Jun/2025:20:36:40 +0800] "GET /?path=%2F%2Fopt%2Falt%2Falt-nodejs9%2Froot%2Fusr%2Fshare%2Flocale%2Feka HTTP/1.1" 200 87331 "-" "Mozilla/5.0 AppleWebKit/537.36 (KHTML, like Gecko; compatible; GPTBot/1.2; +https://openai.com/gptbot)"
114.119.155.203 - - [17/Jun/2025:20:36:45 +0800] "GET /services/topic/104?action=edit&file=hourly_usage_202412.png&path=/home/zuuttrav/tmp/webalizer HTTP/1.1" 200 69290 "https://zuuttravel.com/services/topic/104?path=/home/zuuttrav/tmp/webalizer" "Mozilla/5.0 (Linux; Android 7.0;) AppleWebKit/537.36 (KHTML, like Gecko) Mobile Safari/537.36 (compatible; PetalBot;+https://webmaster.petalsearch.com/site/petalbot)"
20.171.207.119 - - [17/Jun/2025:20:36:45 +0800] "GET /?path=%2F%2Fopt%2Falt%2Falt-nodejs9%2Froot%2Fusr%2Fshare%2Flocale%2Fdgr HTTP/1.1" 200 87331 "-" "Mozilla/5.0 AppleWebKit/537.36 (KHTML, like Gecko; compatible; GPTBot/1.2; +https://openai.com/gptbot)"
20.171.207.161 - - [17/Jun/2025:20:36:52 +0800] "GET /sitepages/topic/2?path=%2Fhome%2Fzuuttrav%2Fphp%2F.channels%2F.alias HTTP/1.1" 200 60144 "-" "Mozilla/5.0 AppleWebKit/537.36 (KHTML, like Gecko; compatible; GPTBot/1.2; +https://openai.com/gptbot)"
20.171.207.119 - - [17/Jun/2025:20:36:55 +0800] "GET /?path=%2F%2Fopt%2Falt%2Falt-nodejs6%2Froot%2Fusr%2Fshare%2Flocale%2Fsma HTTP/1.1" 200 87315 "-" "Mozilla/5.0 AppleWebKit/537.36 (KHTML, like Gecko; compatible; GPTBot/1.2; +https://openai.com/gptbot)"
20.171.207.119 - - [17/Jun/2025:20:36:58 +0800] "GET /?path=%2F%2Fopt%2Falt%2Falt-nodejs9%2Froot%2Fusr%2Fshare%2Flocale%2Fmga HTTP/1.1" 200 87308 "-" "Mozilla/5.0 AppleWebKit/537.36 (KHTML, like Gecko; compatible; GPTBot/1.2; +https://openai.com/gptbot)"
20.171.207.161 - - [17/Jun/2025:20:37:00 +0800] "GET /sitepages/topic/2?path=%2F%2Fetc%2Falternatives%2Fjava_sdk_1.8.0%2Flib%2Famd64 HTTP/1.1" 200 59905 "-" "Mozilla/5.0 AppleWebKit/537.36 (KHTML, like Gecko; compatible; GPTBot/1.2; +https://openai.com/gptbot)"
20.171.207.119 - - [17/Jun/2025:20:37:04 +0800] "GET /?path=%2F%2Fopt%2Falt%2Falt-nodejs8%2Froot%2Fusr%2Fshare%2Flocale%2Fdin HTTP/1.1" 200 87315 "-" "Mozilla/5.0 AppleWebKit/537.36 (KHTML, like Gecko; compatible; GPTBot/1.2; +https://openai.com/gptbot)"
20.171.207.161 - - [17/Jun/2025:20:37:07 +0800] "GET /sitepages/topic/2?action=edit&file=rmic&path=%2F%2Fetc%2Falternatives%2Fjava_sdk_1.8.0_openjdk%2Fbin HTTP/1.1" 200 71466 "-" "Mozilla/5.0 AppleWebKit/537.36 (KHTML, like Gecko; compatible; GPTBot/1.2; +https://openai.com/gptbot)"
20.171.207.161 - - [17/Jun/2025:20:37:14 +0800] "GET /sitepages/topic/2?path=%2Fhome%2Fzuuttrav%2Fphp%2F.registry HTTP/1.1" 200 59888 "-" "Mozilla/5.0 AppleWebKit/537.36 (KHTML, like Gecko; compatible; GPTBot/1.2; +https://openai.com/gptbot)"
20.171.207.119 - - [17/Jun/2025:20:37:15 +0800] "GET /?path=%2F%2Fopt%2Falt%2Falt-nodejs9%2Froot%2Fusr%2Fshare%2Flocale%2Fnzi%2FLC_MESSAGES HTTP/1.1" 200 87160 "-" "Mozilla/5.0 AppleWebKit/537.36 (KHTML, like Gecko; compatible; GPTBot/1.2; +https://openai.com/gptbot)"
20.171.207.161 - - [17/Jun/2025:20:37:21 +0800] "GET /sitepages/topic/2?path=%2F%2Fetc%2Falternatives%2Fjava_sdk_openjdk HTTP/1.1" 200 61364 "-" "Mozilla/5.0 AppleWebKit/537.36 (KHTML, like Gecko; compatible; GPTBot/1.2; +https://openai.com/gptbot)"
20.171.207.119 - - [17/Jun/2025:20:37:22 +0800] "GET /?path=%2F%2Fopt%2Falt%2Falt-nodejs6%2Froot%2Fusr%2Fshare%2Flocale%2Fzen HTTP/1.1" 200 87339 "-" "Mozilla/5.0 AppleWebKit/537.36 (KHTML, like Gecko; compatible; GPTBot/1.2; +https://openai.com/gptbot)"
20.171.207.161 - - [17/Jun/2025:20:37:22 +0800] "GET /sitepages/topic/2?path=%2Fhome%2Fzuuttrav%2Fphp%2Fdata HTTP/1.1" 200 59010 "-" "Mozilla/5.0 AppleWebKit/537.36 (KHTML, like Gecko; compatible; GPTBot/1.2; +https://openai.com/gptbot)"
20.171.207.119 - - [17/Jun/2025:20:37:24 +0800] "GET /?path=%2F%2Fopt%2Falt%2Falt-nodejs8%2Froot%2Fusr%2Fshare%2Flocale%2Fnym HTTP/1.1" 200 87315 "-" "Mozilla/5.0 AppleWebKit/537.36 (KHTML, like Gecko; compatible; GPTBot/1.2; +https://openai.com/gptbot)"
20.171.207.119 - - [17/Jun/2025:20:37:30 +0800] "GET /?path=%2F%2Fopt%2Falt%2Falt-nodejs6%2Froot%2Fusr%2Fshare%2Flocale%2Fgrb HTTP/1.1" 200 87323 "-" "Mozilla/5.0 AppleWebKit/537.36 (KHTML, like Gecko; compatible; GPTBot/1.2; +https://openai.com/gptbot)"
20.171.207.161 - - [17/Jun/2025:20:37:34 +0800] "GET /sitepages/topic/2?path=%2F%2Fetc%2Falternatives%2Fjava_sdk_1.8.0_openjdk%2Flib%2Famd64 HTTP/1.1" 200 60017 "-" "Mozilla/5.0 AppleWebKit/537.36 (KHTML, like Gecko; compatible; GPTBot/1.2; +https://openai.com/gptbot)"
20.171.207.161 - - [17/Jun/2025:20:37:35 +0800] "GET /sitepages/topic/2?action=edit&file=net.properties&path=%2F%2Fetc%2Falternatives%2Fjre_1.8.0%2Flib HTTP/1.1" 200 65134 "-" "Mozilla/5.0 AppleWebKit/537.36 (KHTML, like Gecko; compatible; GPTBot/1.2; +https://openai.com/gptbot)"
20.171.207.119 - - [17/Jun/2025:20:37:36 +0800] "GET /?path=%2F%2Fopt%2Falt%2Falt-nodejs9%2Froot%2Fusr%2Fshare%2Flocale%2Fkhi HTTP/1.1" 200 87339 "-" "Mozilla/5.0 AppleWebKit/537.36 (KHTML, like Gecko; compatible; GPTBot/1.2; +https://openai.com/gptbot)"
20.171.207.119 - - [17/Jun/2025:20:37:41 +0800] "GET /?path=%2F%2Fopt%2Falt%2Falt-nodejs8%2Froot%2Fusr%2Fshare%2Flocale%2Fgmh HTTP/1.1" 200 87315 "-" "Mozilla/5.0 AppleWebKit/537.36 (KHTML, like Gecko; compatible; GPTBot/1.2; +https://openai.com/gptbot)"
20.171.207.161 - - [17/Jun/2025:20:37:42 +0800] "GET /sitepages/topic/2?path=%2F%2Fetc%2Falternatives%2Fjre_1.8.0%2Flib%2Fjfr HTTP/1.1" 200 59901 "-" "Mozilla/5.0 AppleWebKit/537.36 (KHTML, like Gecko; compatible; GPTBot/1.2; +https://openai.com/gptbot)"
66.249.79.166 - - [17/Jun/2025:20:37:45 +0800] "GET /?shopdetail/13349609 HTTP/1.1" 200 91197 "-" "Mozilla/5.0 (compatible; Googlebot/2.1; +http://www.google.com/bot.html)"
20.171.207.119 - - [17/Jun/2025:20:37:46 +0800] "GET /?path=%2F%2Fopt%2Falt%2Falt-nodejs8%2Froot%2Fusr%2Fshare%2Flocale%2Fkac HTTP/1.1" 200 87331 "-" "Mozilla/5.0 AppleWebKit/537.36 (KHTML, like Gecko; compatible; GPTBot/1.2; +https://openai.com/gptbot)"
20.171.207.161 - - [17/Jun/2025:20:37:53 +0800] "GET /sitepages/topic/2?path=%2F%2Fetc%2Falternatives%2Fjre_1.8.0%2Flib%2Fmanagement HTTP/1.1" 200 60724 "-" "Mozilla/5.0 AppleWebKit/537.36 (KHTML, like Gecko; compatible; GPTBot/1.2; +https://openai.com/gptbot)"
20.171.207.161 - - [17/Jun/2025:20:37:55 +0800] "GET /sitepages/topic/2?action=edit&file=motif_CopyDrop32x32.gif&path=%2F%2Fetc%2Falternatives%2Fjava_sdk_1.8.0%2Fjre%2Flib%2Fimages%2Fcursors HTTP/1.1" 200 59362 "-" "Mozilla/5.0 AppleWebKit/537.36 (KHTML, like Gecko; compatible; GPTBot/1.2; +https://openai.com/gptbot)"
20.171.207.119 - - [17/Jun/2025:20:37:56 +0800] "GET /?path=%2F%2Fopt%2Falt%2Falt-nodejs8%2Froot%2Fusr%2Fshare%2Flocale%2Fhim HTTP/1.1" 200 87323 "-" "Mozilla/5.0 AppleWebKit/537.36 (KHTML, like Gecko; compatible; GPTBot/1.2; +https://openai.com/gptbot)"
20.171.207.119 - - [17/Jun/2025:20:37:59 +0800] "GET /?path=%2F%2Fopt%2Falt%2Falt-nodejs9%2Froot%2Fusr%2Fshare%2Flocale%2Fmyn HTTP/1.1" 200 87323 "-" "Mozilla/5.0 AppleWebKit/537.36 (KHTML, like Gecko; compatible; GPTBot/1.2; +https://openai.com/gptbot)"
20.171.207.161 - - [17/Jun/2025:20:38:02 +0800] "GET /sitepages/topic/2?path=%2F%2Fetc%2Falternatives%2Fjre_1.8.0%2Flib%2Fext HTTP/1.1" 200 62571 "-" "Mozilla/5.0 AppleWebKit/537.36 (KHTML, like Gecko; compatible; GPTBot/1.2; +https://openai.com/gptbot)"
20.171.207.119 - - [17/Jun/2025:20:38:06 +0800] "GET /?path=%2F%2Fopt%2Falt%2Falt-nodejs6%2Froot%2Fusr%2Fshare%2Flocale%2Fang HTTP/1.1" 200 87331 "-" "Mozilla/5.0 AppleWebKit/537.36 (KHTML, like Gecko; compatible; GPTBot/1.2; +https://openai.com/gptbot)"
20.171.207.161 - - [17/Jun/2025:20:38:07 +0800] "GET /sitepages/topic/2?path=%2F%2Fetc%2Falternatives%2Fjre_1.8.0%2Flib%2Fsecurity HTTP/1.1" 200 61895 "-" "Mozilla/5.0 AppleWebKit/537.36 (KHTML, like Gecko; compatible; GPTBot/1.2; +https://openai.com/gptbot)"
20.171.207.119 - - [17/Jun/2025:20:38:11 +0800] "GET /?path=%2F%2Fopt%2Falt%2Falt-nodejs8%2Froot%2Fusr%2Fshare%2Flocale%2Fman HTTP/1.1" 200 87308 "-" "Mozilla/5.0 AppleWebKit/537.36 (KHTML, like Gecko; compatible; GPTBot/1.2; +https://openai.com/gptbot)"
20.171.207.119 - - [17/Jun/2025:20:38:16 +0800] "GET /?path=%2F%2Fopt%2Falt%2Falt-nodejs8%2Froot%2Fusr%2Fshare%2Flocale%2Fmul HTTP/1.1" 200 87331 "-" "Mozilla/5.0 AppleWebKit/537.36 (KHTML, like Gecko; compatible; GPTBot/1.2; +https://openai.com/gptbot)"
20.171.207.161 - - [17/Jun/2025:20:38:18 +0800] "GET /sitepages/topic/2?path=%2F%2Fetc%2Falternatives%2Fjre_1.8.0%2Flib%2Famd64 HTTP/1.1" 200 72183 "-" "Mozilla/5.0 AppleWebKit/537.36 (KHTML, like Gecko; compatible; GPTBot/1.2; +https://openai.com/gptbot)"
20.171.207.161 - - [17/Jun/2025:20:38:26 +0800] "GET /sitepages/topic/2?path=%2Fhome%2Fzuuttrav%2Fphp%2F.registry%2F.channel.pecl.php.net HTTP/1.1" 200 59324 "-" "Mozilla/5.0 AppleWebKit/537.36 (KHTML, like Gecko; compatible; GPTBot/1.2; +https://openai.com/gptbot)"
20.171.207.119 - - [17/Jun/2025:20:38:26 +0800] "GET /?path=%2F%2Fopt%2Falt%2Falt-nodejs9%2Froot%2Fusr%2Fshare%2Flocale%2Fumb HTTP/1.1" 200 87347 "-" "Mozilla/5.0 AppleWebKit/537.36 (KHTML, like Gecko; compatible; GPTBot/1.2; +https://openai.com/gptbot)"
20.171.207.161 - - [17/Jun/2025:20:38:27 +0800] "GET /sitepages/topic/2?path=%2Fhome%2Fzuuttrav%2Fphp%2F.registry%2F.channel.doc.php.net HTTP/1.1" 200 59307 "-" "Mozilla/5.0 AppleWebKit/537.36 (KHTML, like Gecko; compatible; GPTBot/1.2; +https://openai.com/gptbot)"
20.171.207.119 - - [17/Jun/2025:20:38:27 +0800] "GET /?path=%2F%2Fopt%2Falt%2Falt-nodejs9%2Froot%2Fusr%2Fshare%2Flocale%2Ffrr HTTP/1.1" 200 87331 "-" "Mozilla/5.0 AppleWebKit/537.36 (KHTML, like Gecko; compatible; GPTBot/1.2; +https://openai.com/gptbot)"
20.171.207.161 - - [17/Jun/2025:20:38:34 +0800] "GET /sitepages/topic/2?path=%2Fhome%2Fzuuttrav%2Fphp%2F.registry%2F.channel.__uri HTTP/1.1" 200 59261 "-" "Mozilla/5.0 AppleWebKit/537.36 (KHTML, like Gecko; compatible; GPTBot/1.2; +https://openai.com/gptbot)"
20.171.207.119 - - [17/Jun/2025:20:38:34 +0800] "GET /?path=%2F%2Fopt%2Falt%2Falt-nodejs6%2Froot%2Fusr%2Fshare%2Flocale%2Fmga HTTP/1.1" 200 87331 "-" "Mozilla/5.0 AppleWebKit/537.36 (KHTML, like Gecko; compatible; GPTBot/1.2; +https://openai.com/gptbot)"
20.171.207.161 - - [17/Jun/2025:20:38:40 +0800] "GET /sitepages/topic/2?path=%2F%2Fetc%2Falternatives%2Fjava_sdk_openjdk%2Fjre HTTP/1.1" 200 60733 "-" "Mozilla/5.0 AppleWebKit/537.36 (KHTML, like Gecko; compatible; GPTBot/1.2; +https://openai.com/gptbot)"
20.171.207.119 - - [17/Jun/2025:20:38:41 +0800] "GET /?path=%2F%2Fopt%2Falt%2Falt-nodejs8%2Froot%2Fusr%2Fshare%2Flocale%2Fchn HTTP/1.1" 200 87331 "-" "Mozilla/5.0 AppleWebKit/537.36 (KHTML, like Gecko; compatible; GPTBot/1.2; +https://openai.com/gptbot)"
114.119.157.103 - - [17/Jun/2025:20:38:43 +0800] "GET /services/topic/104?action=edit&file=hourly_usage_202411.png&path=/home/zuuttrav/tmp/webalizer HTTP/1.1" 200 69228 "https://zuuttravel.com/services/topic/104?path=/home/zuuttrav/tmp/webalizer" "Mozilla/5.0 (Linux; Android 7.0;) AppleWebKit/537.36 (KHTML, like Gecko) Mobile Safari/537.36 (compatible; PetalBot;+https://webmaster.petalsearch.com/site/petalbot)"
20.171.207.161 - - [17/Jun/2025:20:38:46 +0800] "GET /sitepages/topic/2?path=%2F%2Fetc%2Falternatives%2Fjre_1.8.0%2Flib%2Fimages HTTP/1.1" 200 59531 "-" "Mozilla/5.0 AppleWebKit/537.36 (KHTML, like Gecko; compatible; GPTBot/1.2; +https://openai.com/gptbot)"
20.171.207.119 - - [17/Jun/2025:20:38:46 +0800] "GET /?path=%2F%2Fopt%2Falt%2Falt-nodejs8%2Froot%2Fusr%2Fshare%2Flocale%2Fwas HTTP/1.1" 200 87323 "-" "Mozilla/5.0 AppleWebKit/537.36 (KHTML, like Gecko; compatible; GPTBot/1.2; +https://openai.com/gptbot)"
20.171.207.161 - - [17/Jun/2025:20:38:51 +0800] "GET /sitepages/topic/2?path=%2F%2Fetc%2Falternatives%2Fjava_sdk_openjdk%2Fbin HTTP/1.1" 200 73772 "-" "Mozilla/5.0 AppleWebKit/537.36 (KHTML, like Gecko; compatible; GPTBot/1.2; +https://openai.com/gptbot)"
20.171.207.161 - - [17/Jun/2025:20:38:55 +0800] "GET /sitepages/topic/2?path=%2F%2Fetc%2Falternatives%2Fjava_sdk_openjdk%2Flib HTTP/1.1" 200 62085 "-" "Mozilla/5.0 AppleWebKit/537.36 (KHTML, like Gecko; compatible; GPTBot/1.2; +https://openai.com/gptbot)"
20.171.207.119 - - [17/Jun/2025:20:38:56 +0800] "GET /?path=%2F%2Fopt%2Falt%2Falt-nodejs9%2Froot%2Fusr%2Fshare%2Flocale%2Fmak HTTP/1.1" 200 87339 "-" "Mozilla/5.0 AppleWebKit/537.36 (KHTML, like Gecko; compatible; GPTBot/1.2; +https://openai.com/gptbot)"
20.171.207.119 - - [17/Jun/2025:20:38:58 +0800] "GET /?path=%2F%2Fopt%2Falt%2Falt-nodejs8%2Froot%2Fusr%2Fshare%2Flocale%2Fhaw HTTP/1.1" 200 87331 "-" "Mozilla/5.0 AppleWebKit/537.36 (KHTML, like Gecko; compatible; GPTBot/1.2; +https://openai.com/gptbot)"
20.171.207.161 - - [17/Jun/2025:20:38:59 +0800] "GET /sitepages/topic/2?path=%2Fhome%2Fzuuttrav%2Fphp%2Fdocs HTTP/1.1" 200 59010 "-" "Mozilla/5.0 AppleWebKit/537.36 (KHTML, like Gecko; compatible; GPTBot/1.2; +https://openai.com/gptbot)"
66.249.79.165 - - [17/Jun/2025:20:39:05 +0800] "GET /?shopdetail/28299054 HTTP/1.1" 200 91197 "-" "Mozilla/5.0 (Linux; Android 6.0.1; Nexus 5X Build/MMB29P) AppleWebKit/537.36 (KHTML, like Gecko) Chrome/136.0.7103.113 Mobile Safari/537.36 (compatible; Googlebot/2.1; +http://www.google.com/bot.html)"
20.171.207.161 - - [17/Jun/2025:20:39:07 +0800] "GET /sitepages/topic/2?path=%2F%2Fetc%2Falternatives%2Fjava_sdk%2Fjre HTTP/1.1" 200 60605 "-" "Mozilla/5.0 AppleWebKit/537.36 (KHTML, like Gecko; compatible; GPTBot/1.2; +https://openai.com/gptbot)"
20.171.207.161 - - [17/Jun/2025:20:39:09 +0800] "GET /sitepages/topic/2?path=%2F%2Fetc%2Falternatives%2Fjre_1.8.0%2Flib%2Fsecurity%2Fpolicy HTTP/1.1" 200 59997 "-" "Mozilla/5.0 AppleWebKit/537.36 (KHTML, like Gecko; compatible; GPTBot/1.2; +https://openai.com/gptbot)"
20.171.207.119 - - [17/Jun/2025:20:39:10 +0800] "GET /?path=%2F%2Fopt%2Falt%2Falt-nodejs6%2Froot%2Fusr%2Fshare%2Flocale%2Fsam HTTP/1.1" 200 87323 "-" "Mozilla/5.0 AppleWebKit/537.36 (KHTML, like Gecko; compatible; GPTBot/1.2; +https://openai.com/gptbot)"
20.171.207.119 - - [17/Jun/2025:20:39:12 +0800] "GET /?path=%2F%2Fopt%2Falt%2Falt-nodejs9%2Froot%2Fusr%2Fshare%2Flocale%2Fsga HTTP/1.1" 200 87323 "-" "Mozilla/5.0 AppleWebKit/537.36 (KHTML, like Gecko; compatible; GPTBot/1.2; +https://openai.com/gptbot)"
20.171.207.161 - - [17/Jun/2025:20:39:16 +0800] "GET /sitepages/topic/2?action=edit&file=libnet.so&path=%2F%2Fetc%2Falternatives%2Fjre_1.8.0%2Flib%2Famd64 HTTP/1.1" 200 284650 "-" "Mozilla/5.0 AppleWebKit/537.36 (KHTML, like Gecko; compatible; GPTBot/1.2; +https://openai.com/gptbot)"
20.171.207.161 - - [17/Jun/2025:20:39:22 +0800] "GET /sitepages/topic/2?path=%2F%2Fetc%2Falternatives%2Fjava_sdk%2Fbin HTTP/1.1" 200 73322 "-" "Mozilla/5.0 AppleWebKit/537.36 (KHTML, like Gecko; compatible; GPTBot/1.2; +https://openai.com/gptbot)"
20.171.207.119 - - [17/Jun/2025:20:39:23 +0800] "GET /?path=%2F%2Fopt%2Falt%2Falt-nodejs9%2Froot%2Fusr%2Fshare%2Flocale%2Fnub HTTP/1.1" 200 87323 "-" "Mozilla/5.0 AppleWebKit/537.36 (KHTML, like Gecko; compatible; GPTBot/1.2; +https://openai.com/gptbot)"
20.171.207.119 - - [17/Jun/2025:20:39:25 +0800] "GET /?path=%2F%2Fopt%2Falt%2Falt-nodejs6%2Froot%2Fusr%2Fshare%2Flocale%2Fphi HTTP/1.1" 200 87323 "-" "Mozilla/5.0 AppleWebKit/537.36 (KHTML, like Gecko; compatible; GPTBot/1.2; +https://openai.com/gptbot)"
20.171.207.161 - - [17/Jun/2025:20:39:27 +0800] "GET /sitepages/topic/2?path=%2F%2Fetc%2Falternatives%2Fjava_sdk%2Flib HTTP/1.1" 200 61924 "-" "Mozilla/5.0 AppleWebKit/537.36 (KHTML, like Gecko; compatible; GPTBot/1.2; +https://openai.com/gptbot)"
20.171.207.161 - - [17/Jun/2025:20:39:31 +0800] "GET /sitepages/topic/2?action=edit&file=pip3&path=%2F%2Fetc%2Falternatives HTTP/1.1" 200 58472 "-" "Mozilla/5.0 AppleWebKit/537.36 (KHTML, like Gecko; compatible; GPTBot/1.2; +https://openai.com/gptbot)"
20.171.207.161 - - [17/Jun/2025:20:39:35 +0800] "GET /sitepages/topic/2?path=%2F%2Fetc%2Falternatives%2Fjava_sdk_openjdk%2Fjre%2Fbin HTTP/1.1" 200 63297 "-" "Mozilla/5.0 AppleWebKit/537.36 (KHTML, like Gecko; compatible; GPTBot/1.2; +https://openai.com/gptbot)"
20.171.207.119 - - [17/Jun/2025:20:39:36 +0800] "GET /?path=%2F%2Fopt%2Falt%2Falt-nodejs6%2Froot%2Fusr%2Fshare%2Flocale%2Fmun HTTP/1.1" 200 87323 "-" "Mozilla/5.0 AppleWebKit/537.36 (KHTML, like Gecko; compatible; GPTBot/1.2; +https://openai.com/gptbot)"
20.171.207.161 - - [17/Jun/2025:20:39:40 +0800] "GET /sitepages/topic/2?path=%2F%2Fetc%2Falternatives%2Fjava_sdk_openjdk%2Fjre%2Flib HTTP/1.1" 200 69123 "-" "Mozilla/5.0 AppleWebKit/537.36 (KHTML, like Gecko; compatible; GPTBot/1.2; +https://openai.com/gptbot)"
20.171.207.119 - - [17/Jun/2025:20:39:42 +0800] "GET /?path=%2F%2Fopt%2Falt%2Falt-nodejs6%2Froot%2Fusr%2Fshare%2Flocale%2Fsgn HTTP/1.1" 200 87315 "-" "Mozilla/5.0 AppleWebKit/537.36 (KHTML, like Gecko; compatible; GPTBot/1.2; +https://openai.com/gptbot)"
20.171.207.161 - - [17/Jun/2025:20:39:43 +0800] "GET /sitepages/topic/2?action=edit&file=jstat&path=%2F%2Fetc%2Falternatives HTTP/1.1" 200 71268 "-" "Mozilla/5.0 AppleWebKit/537.36 (KHTML, like Gecko; compatible; GPTBot/1.2; +https://openai.com/gptbot)"
20.171.207.119 - - [17/Jun/2025:20:39:49 +0800] "GET /?path=%2F%2Fopt%2Falt%2Falt-nodejs9%2Froot%2Fusr%2Fshare%2Flocale%2Fmus HTTP/1.1" 200 87331 "-" "Mozilla/5.0 AppleWebKit/537.36 (KHTML, like Gecko; compatible; GPTBot/1.2; +https://openai.com/gptbot)"
20.171.207.161 - - [17/Jun/2025:20:39:52 +0800] "GET /sitepages/topic/2?path=%2F%2Fetc%2Falternatives%2Fjava_sdk_openjdk%2Flib%2Famd64 HTTP/1.1" 200 59931 "-" "Mozilla/5.0 AppleWebKit/537.36 (KHTML, like Gecko; compatible; GPTBot/1.2; +https://openai.com/gptbot)"
20.171.207.119 - - [17/Jun/2025:20:39:52 +0800] "GET /?path=%2F%2Fopt%2Falt%2Falt-nodejs6%2Froot%2Fusr%2Fshare%2Flocale%2Fbnt HTTP/1.1" 200 87331 "-" "Mozilla/5.0 AppleWebKit/537.36 (KHTML, like Gecko; compatible; GPTBot/1.2; +https://openai.com/gptbot)"
20.171.207.161 - - [17/Jun/2025:20:39:54 +0800] "GET /sitepages/topic/2?path=%2F%2Fetc%2Falternatives%2Fjava_sdk%2Fjre HTTP/1.1" 200 60605 "-" "Mozilla/5.0 AppleWebKit/537.36 (KHTML, like Gecko; compatible; GPTBot/1.2; +https://openai.com/gptbot)"
20.171.207.119 - - [17/Jun/2025:20:40:04 +0800] "GET /?path=%2F%2Fopt%2Falt%2Falt-nodejs6%2Froot%2Fusr%2Fshare%2Flocale%2Fmnc HTTP/1.1" 200 87315 "-" "Mozilla/5.0 AppleWebKit/537.36 (KHTML, like Gecko; compatible; GPTBot/1.2; +https://openai.com/gptbot)"
20.171.207.161 - - [17/Jun/2025:20:40:05 +0800] "GET /sitepages/topic/2?action=edit&file=jdeps&path=%2F%2Fetc%2Falternatives HTTP/1.1" 200 71260 "-" "Mozilla/5.0 AppleWebKit/537.36 (KHTML, like Gecko; compatible; GPTBot/1.2; +https://openai.com/gptbot)"
20.171.207.119 - - [17/Jun/2025:20:40:06 +0800] "GET /?path=%2F%2Fopt%2Falt%2Falt-nodejs8%2Froot%2Fusr%2Fshare%2Flocale%2Fkhi HTTP/1.1" 200 87323 "-" "Mozilla/5.0 AppleWebKit/537.36 (KHTML, like Gecko; compatible; GPTBot/1.2; +https://openai.com/gptbot)"
20.171.207.161 - - [17/Jun/2025:20:40:12 +0800] "GET /sitepages/topic/2?action=edit&file=nmap&path=%2F%2Fetc%2Falternatives HTTP/1.1" 200 58473 "-" "Mozilla/5.0 AppleWebKit/537.36 (KHTML, like Gecko; compatible; GPTBot/1.2; +https://openai.com/gptbot)"
20.171.207.161 - - [17/Jun/2025:20:40:14 +0800] "GET /sitepages/topic/2?path=%2F%2Fetc%2Falternatives%2Fjre_1.8.0%2Flib%2Fsecurity%2Fpolicy%2Funlimited HTTP/1.1" 200 60336 "-" "Mozilla/5.0 AppleWebKit/537.36 (KHTML, like Gecko; compatible; GPTBot/1.2; +https://openai.com/gptbot)"
20.171.207.119 - - [17/Jun/2025:20:40:17 +0800] "GET /?path=%2F%2Fopt%2Falt%2Falt-nodejs8%2Froot%2Fusr%2Fshare%2Flocale%2Fjbo HTTP/1.1" 200 87315 "-" "Mozilla/5.0 AppleWebKit/537.36 (KHTML, like Gecko; compatible; GPTBot/1.2; +https://openai.com/gptbot)"
20.171.207.119 - - [17/Jun/2025:20:40:19 +0800] "GET /?path=%2F%2Fopt%2Falt%2Falt-nodejs6%2Froot%2Fusr%2Fshare%2Flocale%2Fnyn HTTP/1.1" 200 87323 "-" "Mozilla/5.0 AppleWebKit/537.36 (KHTML, like Gecko; compatible; GPTBot/1.2; +https://openai.com/gptbot)"
114.119.151.107 - - [17/Jun/2025:20:40:20 +0800] "GET /services/topic/104?action=edit&file=hourly_usage_202404.png&path=/home/zuuttrav/tmp/webalizer HTTP/1.1" 200 69197 "https://zuuttravel.com/services/topic/104?path=/home/zuuttrav/tmp/webalizer" "Mozilla/5.0 (Linux; Android 7.0;) AppleWebKit/537.36 (KHTML, like Gecko) Mobile Safari/537.36 (compatible; PetalBot;+https://webmaster.petalsearch.com/site/petalbot)"
20.171.207.161 - - [17/Jun/2025:20:40:21 +0800] "GET /sitepages/topic/2?path=%2F%2Fetc%2Falternatives%2Fjre_1.8.0%2Flib%2Fsecurity%2Fpolicy%2Flimited HTTP/1.1" 200 60322 "-" "Mozilla/5.0 AppleWebKit/537.36 (KHTML, like Gecko; compatible; GPTBot/1.2; +https://openai.com/gptbot)"
66.249.79.167 - - [17/Jun/2025:20:40:25 +0800] "GET /?shopdetail/13349609 HTTP/1.1" 200 91197 "-" "Mozilla/5.0 (Linux; Android 6.0.1; Nexus 5X Build/MMB29P) AppleWebKit/537.36 (KHTML, like Gecko) Chrome/136.0.7103.113 Mobile Safari/537.36 (compatible; Googlebot/2.1; +http://www.google.com/bot.html)"
20.171.207.119 - - [17/Jun/2025:20:40:26 +0800] "GET /?path=%2F%2Fopt%2Falt%2Falt-nodejs6%2Froot%2Fusr%2Fshare%2Flocale%2Fnwc HTTP/1.1" 200 87315 "-" "Mozilla/5.0 AppleWebKit/537.36 (KHTML, like Gecko; compatible; GPTBot/1.2; +https://openai.com/gptbot)"
20.171.207.161 - - [17/Jun/2025:20:40:27 +0800] "GET /sitepages/topic/2?action=edit&file=jdb&path=%2F%2Fetc%2Falternatives%2Fjava_sdk%2Fbin HTTP/1.1" 200 71391 "-" "Mozilla/5.0 AppleWebKit/537.36 (KHTML, like Gecko; compatible; GPTBot/1.2; +https://openai.com/gptbot)"
20.171.207.119 - - [17/Jun/2025:20:40:32 +0800] "GET /?path=%2F%2Fopt%2Falt%2Falt-nodejs6%2Froot%2Fusr%2Fshare%2Flocale%2Fkok HTTP/1.1" 200 87339 "-" "Mozilla/5.0 AppleWebKit/537.36 (KHTML, like Gecko; compatible; GPTBot/1.2; +https://openai.com/gptbot)"
20.171.207.161 - - [17/Jun/2025:20:40:37 +0800] "GET /sitepages/topic/2?action=edit&file=jarsigner&path=%2F%2Fetc%2Falternatives%2Fjava_sdk%2Fbin HTTP/1.1" 200 71428 "-" "Mozilla/5.0 AppleWebKit/537.36 (KHTML, like Gecko; compatible; GPTBot/1.2; +https://openai.com/gptbot)"
20.171.207.161 - - [17/Jun/2025:20:40:39 +0800] "GET /sitepages/topic/2?action=edit&file=jar&path=%2F%2Fetc%2Falternatives HTTP/1.1" 200 71252 "-" "Mozilla/5.0 AppleWebKit/537.36 (KHTML, like Gecko; compatible; GPTBot/1.2; +https://openai.com/gptbot)"
193.186.4.171 - - [17/Jun/2025:20:40:39 +0800] "GET /?shopdetail/17487187 HTTP/1.1" 200 91197 "https://www.google.com/" "Mozilla/5.0 (Windows NT 10.0; Win64; x64) AppleWebKit/537.36 (KHTML, like Gecko) Chrome/137.0.0.0 Safari/537.36"
59.138.240.21 - - [17/Jun/2025:20:40:42 +0800] "GET /assets/frontend/css/color.css?v=10.0.2 HTTP/1.1" 200 6586 "https://zuuttravel.com/?shopdetail/17487187" "Mozilla/5.0 (Windows NT 10.0; Win64; x64) AppleWebKit/537.36 (KHTML, like Gecko) Chrome/137.0.0.0 Safari/537.36"
59.138.240.21 - - [17/Jun/2025:20:40:42 +0800] "GET /assets/frontend/js/owl-carousel/assets/owl.carousel.min.css?v=10.0.2 HTTP/1.1" 200 2936 "https://zuuttravel.com/?shopdetail/17487187" "Mozilla/5.0 (Windows NT 10.0; Win64; x64) AppleWebKit/537.36 (KHTML, like Gecko) Chrome/137.0.0.0 Safari/537.36"
59.138.240.21 - - [17/Jun/2025:20:40:42 +0800] "GET /assets/frontend/js/owl-carousel/assets/owl.theme.default.min.css?v=10.0.2 HTTP/1.1" 200 936 "https://zuuttravel.com/?shopdetail/17487187" "Mozilla/5.0 (Windows NT 10.0; Win64; x64) AppleWebKit/537.36 (KHTML, like Gecko) Chrome/137.0.0.0 Safari/537.36"
59.138.240.21 - - [17/Jun/2025:20:40:42 +0800] "GET /assets/frontend/css/tabpage/tab.css HTTP/1.1" 200 1 "https://zuuttravel.com/?shopdetail/17487187" "Mozilla/5.0 (Windows NT 10.0; Win64; x64) AppleWebKit/537.36 (KHTML, like Gecko) Chrome/137.0.0.0 Safari/537.36"
59.138.240.21 - - [17/Jun/2025:20:40:42 +0800] "GET /assets/frontend/css/tabpage/bootstrap.vertical-tabs.css HTTP/1.1" 200 1951 "https://zuuttravel.com/?shopdetail/17487187" "Mozilla/5.0 (Windows NT 10.0; Win64; x64) AppleWebKit/537.36 (KHTML, like Gecko) Chrome/137.0.0.0 Safari/537.36"
59.138.240.21 - - [17/Jun/2025:20:40:42 +0800] "GET /assets/frontend/css/style.css?v=10.0.2 HTTP/1.1" 200 54234 "https://zuuttravel.com/?shopdetail/17487187" "Mozilla/5.0 (Windows NT 10.0; Win64; x64) AppleWebKit/537.36 (KHTML, like Gecko) Chrome/137.0.0.0 Safari/537.36"
59.138.240.21 - - [17/Jun/2025:20:40:42 +0800] "GET /assets/frontend/css/lib/animate.min.css HTTP/1.1" 200 16953 "https://zuuttravel.com/?shopdetail/17487187" "Mozilla/5.0 (Windows NT 10.0; Win64; x64) AppleWebKit/537.36 (KHTML, like Gecko) Chrome/137.0.0.0 Safari/537.36"
59.138.240.21 - - [17/Jun/2025:20:40:42 +0800] "GET /assets/frontend/css/lib/owl.carousel.min.css HTTP/1.1" 200 2936 "https://zuuttravel.com/?shopdetail/17487187" "Mozilla/5.0 (Windows NT 10.0; Win64; x64) AppleWebKit/537.36 (KHTML, like Gecko) Chrome/137.0.0.0 Safari/537.36"
59.138.240.21 - - [17/Jun/2025:20:40:42 +0800] "GET /assets/frontend/css/lib/lightbox.min.css HTTP/1.1" 200 2608 "https://zuuttravel.com/?shopdetail/17487187" "Mozilla/5.0 (Windows NT 10.0; Win64; x64) AppleWebKit/537.36 (KHTML, like Gecko) Chrome/137.0.0.0 Safari/537.36"
59.138.240.21 - - [17/Jun/2025:20:40:42 +0800] "GET /assets/frontend/css/bootstrap.min.css?v=10.0.2 HTTP/1.1" 200 121422 "https://zuuttravel.com/?shopdetail/17487187" "Mozilla/5.0 (Windows NT 10.0; Win64; x64) AppleWebKit/537.36 (KHTML, like Gecko) Chrome/137.0.0.0 Safari/537.36"
59.138.240.21 - - [17/Jun/2025:20:40:42 +0800] "GET /assets/frontend/css/main.css HTTP/1.1" 200 1172 "https://zuuttravel.com/?shopdetail/17487187" "Mozilla/5.0 (Windows NT 10.0; Win64; x64) AppleWebKit/537.36 (KHTML, like Gecko) Chrome/137.0.0.0 Safari/537.36"
59.138.240.21 - - [17/Jun/2025:20:40:42 +0800] "GET /assets/frontend/css/123/default_theme.css HTTP/1.1" 200 7283 "https://zuuttravel.com/?shopdetail/17487187" "Mozilla/5.0 (Windows NT 10.0; Win64; x64) AppleWebKit/537.36 (KHTML, like Gecko) Chrome/137.0.0.0 Safari/537.36"
59.138.240.21 - - [17/Jun/2025:20:40:42 +0800] "GET /assets/frontend/css/horizontal/master_slick_slick.css HTTP/1.1" 200 1776 "https://zuuttravel.com/?shopdetail/17487187" "Mozilla/5.0 (Windows NT 10.0; Win64; x64) AppleWebKit/537.36 (KHTML, like Gecko) Chrome/137.0.0.0 Safari/537.36"
20.171.207.119 - - [17/Jun/2025:20:40:42 +0800] "GET /?path=%2F%2Fopt%2Falt%2Falt-nodejs8%2Froot%2Fusr%2Fshare%2Flocale%2Fnwc HTTP/1.1" 200 87323 "-" "Mozilla/5.0 AppleWebKit/537.36 (KHTML, like Gecko; compatible; GPTBot/1.2; +https://openai.com/gptbot)"
59.138.240.21 - - [17/Jun/2025:20:40:42 +0800] "GET /assets/dashboard/images/flags/us.svg HTTP/1.1" 200 6197 "https://zuuttravel.com/?shopdetail/17487187" "Mozilla/5.0 (Windows NT 10.0; Win64; x64) AppleWebKit/537.36 (KHTML, like Gecko) Chrome/137.0.0.0 Safari/537.36"
59.138.240.21 - - [17/Jun/2025:20:40:43 +0800] "GET /assets/dashboard/images/flags/cn.svg HTTP/1.1" 200 817 "https://zuuttravel.com/?shopdetail/17487187" "Mozilla/5.0 (Windows NT 10.0; Win64; x64) AppleWebKit/537.36 (KHTML, like Gecko) Chrome/137.0.0.0 Safari/537.36"
59.138.240.21 - - [17/Jun/2025:20:40:43 +0800] "GET /uploads/settings/16952997331235.png HTTP/1.1" 200 10845 "https://zuuttravel.com/?shopdetail/17487187" "Mozilla/5.0 (Windows NT 10.0; Win64; x64) AppleWebKit/537.36 (KHTML, like Gecko) Chrome/137.0.0.0 Safari/537.36"
59.138.240.21 - - [17/Jun/2025:20:40:43 +0800] "GET /assets/dashboard/images/flags/ko.svg HTTP/1.1" 200 9074 "https://zuuttravel.com/?shopdetail/17487187" "Mozilla/5.0 (Windows NT 10.0; Win64; x64) AppleWebKit/537.36 (KHTML, like Gecko) Chrome/137.0.0.0 Safari/537.36"
59.138.240.21 - - [17/Jun/2025:20:40:43 +0800] "GET /assets/frontend/css/font-awesome.css HTTP/1.1" 200 37414 "https://zuuttravel.com/assets/frontend/css/style.css?v=10.0.2" "Mozilla/5.0 (Windows NT 10.0; Win64; x64) AppleWebKit/537.36 (KHTML, like Gecko) Chrome/137.0.0.0 Safari/537.36"
59.138.240.21 - - [17/Jun/2025:20:40:43 +0800] "GET /assets/frontend/js/google-code-prettify/prettify.css HTTP/1.1" 200 817 "https://zuuttravel.com/assets/frontend/css/style.css?v=10.0.2" "Mozilla/5.0 (Windows NT 10.0; Win64; x64) AppleWebKit/537.36 (KHTML, like Gecko) Chrome/137.0.0.0 Safari/537.36"
59.138.240.21 - - [17/Jun/2025:20:40:43 +0800] "GET /assets/frontend/css/overwrite.css HTTP/1.1" 200 27571 "https://zuuttravel.com/assets/frontend/css/style.css?v=10.0.2" "Mozilla/5.0 (Windows NT 10.0; Win64; x64) AppleWebKit/537.36 (KHTML, like Gecko) Chrome/137.0.0.0 Safari/537.36"
59.138.240.21 - - [17/Jun/2025:20:40:43 +0800] "GET /assets/frontend/css/animate.css HTTP/1.1" 200 59987 "https://zuuttravel.com/assets/frontend/css/style.css?v=10.0.2" "Mozilla/5.0 (Windows NT 10.0; Win64; x64) AppleWebKit/537.36 (KHTML, like Gecko) Chrome/137.0.0.0 Safari/537.36"
59.138.240.21 - - [17/Jun/2025:20:40:43 +0800] "GET /assets/frontend/js/bootstrap.min.js?v=10.0.2 HTTP/1.1" 200 29097 "https://zuuttravel.com/?shopdetail/17487187" "Mozilla/5.0 (Windows NT 10.0; Win64; x64) AppleWebKit/537.36 (KHTML, like Gecko) Chrome/137.0.0.0 Safari/537.36"
66.249.82.161 - - [17/Jun/2025:20:40:43 +0800] "GET /.well-known/traffic-advice HTTP/1.1" 200 8002 "-" "Chrome Privacy Preserving Prefetch Proxy"
59.138.240.21 - - [17/Jun/2025:20:40:43 +0800] "GET /assets/frontend/js/jquery.js?v=10.0.2 HTTP/1.1" 200 89947 "https://zuuttravel.com/?shopdetail/17487187" "Mozilla/5.0 (Windows NT 10.0; Win64; x64) AppleWebKit/537.36 (KHTML, like Gecko) Chrome/137.0.0.0 Safari/537.36"
