20.171.207.161 - - [17/Jun/2025:20:54:41 +0800] "GET /sitepages/topic/2?action=edit&file=serializer.cpython-39.opt-1.pyc&path=%2F%2Flib%2Fpython3.9%2Fsite-packages%2Fpip%2F_vendor%2Fhtml5lib%2F__pycache__ HTTP/1.1" 200 71381 "-" "Mozilla/5.0 AppleWebKit/537.36 (KHTML, like Gecko; compatible; GPTBot/1.2; +https://openai.com/gptbot)"
20.171.207.161 - - [17/Jun/2025:20:54:43 +0800] "GET /sitepages/topic/2?action=edit&file=requirements.cpython-39.opt-1.pyc&path=%2F%2Flib%2Fpython3.9%2Fsite-packages%2Fpip%2F_vendor%2Fpackaging%2F__pycache__ HTTP/1.1" 200 63809 "-" "Mozilla/5.0 AppleWebKit/537.36 (KHTML, like Gecko; compatible; GPTBot/1.2; +https://openai.com/gptbot)"
20.171.207.119 - - [17/Jun/2025:20:54:50 +0800] "GET /?path=%2F%2Fopt%2Falt%2Falt-nodejs6%2Froot%2Fusr%2Fshare%2Flocale%2Fkac HTTP/1.1" 200 87323 "-" "Mozilla/5.0 AppleWebKit/537.36 (KHTML, like Gecko; compatible; GPTBot/1.2; +https://openai.com/gptbot)"
20.171.207.119 - - [17/Jun/2025:20:54:52 +0800] "GET /?path=%2F%2Fopt%2Falt%2Falt-nodejs9%2Froot%2Fusr%2Fshare%2Flocale%2Fmnc HTTP/1.1" 200 87331 "-" "Mozilla/5.0 AppleWebKit/537.36 (KHTML, like Gecko; compatible; GPTBot/1.2; +https://openai.com/gptbot)"
20.171.207.161 - - [17/Jun/2025:20:54:55 +0800] "GET /sitepages/topic/2?action=edit&file=markers.cpython-39.opt-1.pyc&path=%2F%2Flib%2Fpython3.9%2Fsite-packages%2Fpkg_resources%2F_vendor%2Fpackaging%2F__pycache__ HTTP/1.1" 200 69624 "-" "Mozilla/5.0 AppleWebKit/537.36 (KHTML, like Gecko; compatible; GPTBot/1.2; +https://openai.com/gptbot)"
20.171.207.161 - - [17/Jun/2025:20:54:57 +0800] "GET /sitepages/topic/2?action=edit&file=poolmanager.cpython-39.opt-1.pyc&path=%2F%2Flib%2Fpython3.9%2Fsite-packages%2Fpip%2F_vendor%2Furllib3%2F__pycache__ HTTP/1.1" 200 74194 "-" "Mozilla/5.0 AppleWebKit/537.36 (KHTML, like Gecko; compatible; GPTBot/1.2; +https://openai.com/gptbot)"
20.171.207.119 - - [17/Jun/2025:20:55:04 +0800] "GET /?path=%2F%2Fopt%2Falt%2Falt-nodejs9%2Froot%2Fusr%2Fshare%2Flocale%2Fafh HTTP/1.1" 200 87339 "-" "Mozilla/5.0 AppleWebKit/537.36 (KHTML, like Gecko; compatible; GPTBot/1.2; +https://openai.com/gptbot)"
20.171.207.161 - - [17/Jun/2025:20:55:05 +0800] "GET /sitepages/topic/2?action=edit&file=requirements.cpython-36.opt-1.pyc&path=%2F%2Flib%2Fpython3.6%2Fsite-packages%2Fpip%2F_vendor%2Fpackaging%2F__pycache__ HTTP/1.1" 200 63417 "-" "Mozilla/5.0 AppleWebKit/537.36 (KHTML, like Gecko; compatible; GPTBot/1.2; +https://openai.com/gptbot)"
20.171.207.119 - - [17/Jun/2025:20:55:07 +0800] "GET /?path=%2F%2Fopt%2Falt%2Falt-nodejs8%2Froot%2Fusr%2Fshare%2Flocale%2Fhit HTTP/1.1" 200 87323 "-" "Mozilla/5.0 AppleWebKit/537.36 (KHTML, like Gecko; compatible; GPTBot/1.2; +https://openai.com/gptbot)"
20.171.207.161 - - [17/Jun/2025:20:55:10 +0800] "GET /sitepages/topic/2?action=edit&file=langhebrewmodel.cpython-36.opt-1.pyc&path=%2F%2Flib%2Fpython3.6%2Fsite-packages%2Fpip%2F_vendor%2Fchardet%2F__pycache__ HTTP/1.1" 200 91380 "-" "Mozilla/5.0 AppleWebKit/537.36 (KHTML, like Gecko; compatible; GPTBot/1.2; +https://openai.com/gptbot)"
66.249.79.165 - - [17/Jun/2025:20:55:11 +0800] "GET /?shopdetail/22520532 HTTP/1.1" 200 91197 "-" "Mozilla/5.0 (Linux; Android 6.0.1; Nexus 5X Build/MMB29P) AppleWebKit/537.36 (KHTML, like Gecko) Chrome/136.0.7103.113 Mobile Safari/537.36 (compatible; Googlebot/2.1; +http://www.google.com/bot.html)"
20.171.207.119 - - [17/Jun/2025:20:55:14 +0800] "GET /?path=%2F%2Fopt%2Falt%2Falt-nodejs9%2Froot%2Fusr%2Fshare%2Flocale%2Fdyu HTTP/1.1" 200 87323 "-" "Mozilla/5.0 AppleWebKit/537.36 (KHTML, like Gecko; compatible; GPTBot/1.2; +https://openai.com/gptbot)"
20.171.207.161 - - [17/Jun/2025:20:55:20 +0800] "GET /sitepages/topic/2?action=edit&file=__init__.cpython-36.opt-1.pyc&path=%2F%2Fusr%2Flib64%2Fpython3.6%2Fsite-packages%2Fcryptography%2Fhazmat%2Fbackends%2F__pycache__ HTTP/1.1" 200 59861 "-" "Mozilla/5.0 AppleWebKit/537.36 (KHTML, like Gecko; compatible; GPTBot/1.2; +https://openai.com/gptbot)"
20.171.207.119 - - [17/Jun/2025:20:55:20 +0800] "GET /?path=%2F%2Fopt%2Falt%2Falt-nodejs9%2Froot%2Fusr%2Fshare%2Flocale%2Ftpi HTTP/1.1" 200 87339 "-" "Mozilla/5.0 AppleWebKit/537.36 (KHTML, like Gecko; compatible; GPTBot/1.2; +https://openai.com/gptbot)"
20.171.207.119 - - [17/Jun/2025:20:55:26 +0800] "GET /?path=%2F%2Fopt%2Falt%2Falt-nodejs6%2Froot%2Fusr%2Fshare%2Flocale%2Fchm HTTP/1.1" 200 87331 "-" "Mozilla/5.0 AppleWebKit/537.36 (KHTML, like Gecko; compatible; GPTBot/1.2; +https://openai.com/gptbot)"
20.171.207.161 - - [17/Jun/2025:20:55:26 +0800] "GET /sitepages/topic/2?action=edit&file=_ihatexml.cpython-36.opt-1.pyc&path=%2F%2Flib%2Fpython3.6%2Fsite-packages%2Fpip%2F_vendor%2Fhtml5lib%2F__pycache__ HTTP/1.1" 200 73508 "-" "Mozilla/5.0 AppleWebKit/537.36 (KHTML, like Gecko; compatible; GPTBot/1.2; +https://openai.com/gptbot)"
20.171.207.161 - - [17/Jun/2025:20:55:29 +0800] "GET /sitepages/topic/2?action=edit&file=serializer.cpython-36.opt-1.pyc&path=%2F%2Flib%2Fpython3.6%2Fsite-packages%2Fpip%2F_vendor%2Fhtml5lib%2F__pycache__ HTTP/1.1" 200 69487 "-" "Mozilla/5.0 AppleWebKit/537.36 (KHTML, like Gecko; compatible; GPTBot/1.2; +https://openai.com/gptbot)"
66.249.79.165 - - [17/Jun/2025:20:55:31 +0800] "GET /?shopdetail/20300687 HTTP/1.1" 200 91197 "-" "Mozilla/5.0 (Linux; Android 6.0.1; Nexus 5X Build/MMB29P) AppleWebKit/537.36 (KHTML, like Gecko) Chrome/136.0.7103.113 Mobile Safari/537.36 (compatible; Googlebot/2.1; +http://www.google.com/bot.html)"
20.171.207.161 - - [17/Jun/2025:20:55:36 +0800] "GET /sitepages/topic/2?action=edit&file=markers.cpython-36.opt-1.pyc&path=%2F%2Flib%2Fpython3.6%2Fsite-packages%2Fpkg_resources%2F_vendor%2Fpackaging%2F__pycache__ HTTP/1.1" 200 68905 "-" "Mozilla/5.0 AppleWebKit/537.36 (KHTML, like Gecko; compatible; GPTBot/1.2; +https://openai.com/gptbot)"
20.171.207.119 - - [17/Jun/2025:20:55:36 +0800] "GET /?path=%2F%2Fopt%2Falt%2Falt-nodejs8%2Froot%2Fusr%2Fshare%2Flocale%2Fbyn HTTP/1.1" 200 87315 "-" "Mozilla/5.0 AppleWebKit/537.36 (KHTML, like Gecko; compatible; GPTBot/1.2; +https://openai.com/gptbot)"
20.171.207.119 - - [17/Jun/2025:20:55:39 +0800] "GET /?path=%2F%2Fopt%2Falt%2Falt-nodejs8%2Froot%2Fusr%2Fshare%2Flocale%2Firo HTTP/1.1" 200 87323 "-" "Mozilla/5.0 AppleWebKit/537.36 (KHTML, like Gecko; compatible; GPTBot/1.2; +https://openai.com/gptbot)"
66.249.79.165 - - [17/Jun/2025:20:55:40 +0800] "GET /?shopdetail/25184498 HTTP/1.1" 200 91197 "-" "Mozilla/5.0 (compatible; Googlebot/2.1; +http://www.google.com/bot.html)"
20.171.207.161 - - [17/Jun/2025:20:55:42 +0800] "GET /sitepages/topic/2?action=edit&file=__init__.cpython-36.opt-1.pyc&path=%2F%2Fusr%2Flib64%2Fpython3.6%2Fsite-packages%2Fcryptography%2Fhazmat%2Fbindings%2F__pycache__ HTTP/1.1" 200 59497 "-" "Mozilla/5.0 AppleWebKit/537.36 (KHTML, like Gecko; compatible; GPTBot/1.2; +https://openai.com/gptbot)"
20.171.207.119 - - [17/Jun/2025:20:55:49 +0800] "GET /?path=%2F%2Fopt%2Falt%2Falt-nodejs9%2Froot%2Fusr%2Fshare%2Flocale%2Fmap HTTP/1.1" 200 87339 "-" "Mozilla/5.0 AppleWebKit/537.36 (KHTML, like Gecko; compatible; GPTBot/1.2; +https://openai.com/gptbot)"
20.171.207.161 - - [17/Jun/2025:20:55:51 +0800] "GET /sitepages/topic/2?action=edit&file=_tokenizer.cpython-36.opt-1.pyc&path=%2F%2Flib%2Fpython3.6%2Fsite-packages%2Fpip%2F_vendor%2Fhtml5lib%2F__pycache__ HTTP/1.1" 200 105509 "-" "Mozilla/5.0 AppleWebKit/537.36 (KHTML, like Gecko; compatible; GPTBot/1.2; +https://openai.com/gptbot)"
66.249.79.165 - - [17/Jun/2025:20:55:49 +0800] "GET /?shopdetail/15182732 HTTP/1.1" 200 91197 "-" "Mozilla/5.0 (Linux; Android 6.0.1; Nexus 5X Build/MMB29P) AppleWebKit/537.36 (KHTML, like Gecko) Chrome/136.0.7103.113 Mobile Safari/537.36 (compatible; Googlebot/2.1; +http://www.google.com/bot.html)"
20.171.207.119 - - [17/Jun/2025:20:55:53 +0800] "GET /?path=%2F%2Fopt%2Falt%2Falt-nodejs6%2Froot%2Fusr%2Fshare%2Flocale%2Fman HTTP/1.1" 200 87339 "-" "Mozilla/5.0 AppleWebKit/537.36 (KHTML, like Gecko; compatible; GPTBot/1.2; +https://openai.com/gptbot)"
20.171.207.161 - - [17/Jun/2025:20:55:55 +0800] "GET /sitepages/topic/2?action=edit&file=request.cpython-36.opt-1.pyc&path=%2F%2Flib%2Fpython3.6%2Fsite-packages%2Fpip%2F_vendor%2Furllib3%2Futil%2F__pycache__ HTTP/1.1" 200 62654 "-" "Mozilla/5.0 AppleWebKit/537.36 (KHTML, like Gecko; compatible; GPTBot/1.2; +https://openai.com/gptbot)"
20.171.207.119 - - [17/Jun/2025:20:55:58 +0800] "GET /?path=%2F%2Fopt%2Falt%2Falt-nodejs8%2Froot%2Fusr%2Fshare%2Flocale%2Fkam HTTP/1.1" 200 87315 "-" "Mozilla/5.0 AppleWebKit/537.36 (KHTML, like Gecko; compatible; GPTBot/1.2; +https://openai.com/gptbot)"
20.171.207.161 - - [17/Jun/2025:20:56:00 +0800] "GET /sitepages/topic/2?action=edit&file=x_user_defined.cpython-39.opt-1.pyc&path=%2F%2Flib%2Fpython3.9%2Fsite-packages%2Fpip%2F_vendor%2Fwebencodings%2F__pycache__ HTTP/1.1" 200 62032 "-" "Mozilla/5.0 AppleWebKit/537.36 (KHTML, like Gecko; compatible; GPTBot/1.2; +https://openai.com/gptbot)"
20.171.207.161 - - [17/Jun/2025:20:56:06 +0800] "GET /sitepages/topic/2?action=edit&file=langhebrewmodel.cpython-39.opt-1.pyc&path=%2F%2Flib%2Fpython3.9%2Fsite-packages%2Fpip%2F_vendor%2Fchardet%2F__pycache__ HTTP/1.1" 200 90075 "-" "Mozilla/5.0 AppleWebKit/537.36 (KHTML, like Gecko; compatible; GPTBot/1.2; +https://openai.com/gptbot)"
20.171.207.119 - - [17/Jun/2025:20:56:09 +0800] "GET /?path=%2F%2Fopt%2Falt%2Falt-nodejs8%2Froot%2Fusr%2Fshare%2Flocale%2Fakk HTTP/1.1" 200 87323 "-" "Mozilla/5.0 AppleWebKit/537.36 (KHTML, like Gecko; compatible; GPTBot/1.2; +https://openai.com/gptbot)"
20.171.207.161 - - [17/Jun/2025:20:56:11 +0800] "GET /sitepages/topic/2?action=edit&file=request.cpython-39.opt-1.pyc&path=%2F%2Flib%2Fpython3.9%2Fsite-packages%2Fpip%2F_vendor%2Furllib3%2Futil%2F__pycache__ HTTP/1.1" 200 62854 "-" "Mozilla/5.0 AppleWebKit/537.36 (KHTML, like Gecko; compatible; GPTBot/1.2; +https://openai.com/gptbot)"
20.171.207.119 - - [17/Jun/2025:20:56:12 +0800] "GET /?path=%2F%2Fopt%2Falt%2Falt-nodejs9%2Froot%2Fusr%2Fshare%2Flocale%2Fceb HTTP/1.1" 200 87323 "-" "Mozilla/5.0 AppleWebKit/537.36 (KHTML, like Gecko; compatible; GPTBot/1.2; +https://openai.com/gptbot)"
20.171.207.119 - - [17/Jun/2025:20:56:18 +0800] "GET /?path=%2F%2Fopt%2Falt%2Falt-nodejs8%2Froot%2Fusr%2Fshare%2Flocale%2Fkaw HTTP/1.1" 200 87323 "-" "Mozilla/5.0 AppleWebKit/537.36 (KHTML, like Gecko; compatible; GPTBot/1.2; +https://openai.com/gptbot)"
20.171.207.161 - - [17/Jun/2025:20:56:21 +0800] "GET /sitepages/topic/2?action=edit&file=queue.cpython-39.opt-1.pyc&path=%2F%2Flib%2Fpython3.9%2Fsite-packages%2Fpip%2F_vendor%2Furllib3%2Futil%2F__pycache__ HTTP/1.1" 200 60290 "-" "Mozilla/5.0 AppleWebKit/537.36 (KHTML, like Gecko; compatible; GPTBot/1.2; +https://openai.com/gptbot)"
4.227.36.31 - - [17/Jun/2025:20:56:23 +0800] "GET /robots.txt HTTP/1.1" 200 1112 "-" "Mozilla/5.0 AppleWebKit/537.36 (KHTML, like Gecko; compatible; GPTBot/1.2; +https://openai.com/gptbot)"
20.171.207.119 - - [17/Jun/2025:20:56:24 +0800] "GET /?path=%2F%2Fopt%2Falt%2Falt-nodejs9%2Froot%2Fusr%2Fshare%2Flocale%2Fsyc HTTP/1.1" 200 87323 "-" "Mozilla/5.0 AppleWebKit/537.36 (KHTML, like Gecko; compatible; GPTBot/1.2; +https://openai.com/gptbot)"
114.119.158.203 - - [17/Jun/2025:20:56:24 +0800] "GET /services/topic/104?action=edit&file=hourly_usage_202002.png&path=/home/zuuttrav/tmp/webalizer HTTP/1.1" 200 69311 "https://zuuttravel.com/services/topic/104?path=/home/zuuttrav/tmp/webalizer" "Mozilla/5.0 (Linux; Android 7.0;) AppleWebKit/537.36 (KHTML, like Gecko) Mobile Safari/537.36 (compatible; PetalBot;+https://webmaster.petalsearch.com/site/petalbot)"
66.249.79.166 - - [17/Jun/2025:20:56:28 +0800] "GET /?shopdetail/13156165 HTTP/1.1" 200 91198 "-" "Mozilla/5.0 (Linux; Android 6.0.1; Nexus 5X Build/MMB29P) AppleWebKit/537.36 (KHTML, like Gecko) Chrome/136.0.7103.113 Mobile Safari/537.36 (compatible; Googlebot/2.1; +http://www.google.com/bot.html)"
20.171.207.161 - - [17/Jun/2025:20:56:28 +0800] "GET /sitepages/topic/2?path=%2F%2Fusr%2Fsbin HTTP/1.1" 200 72724 "-" "Mozilla/5.0 AppleWebKit/537.36 (KHTML, like Gecko; compatible; GPTBot/1.2; +https://openai.com/gptbot)"
20.171.207.119 - - [17/Jun/2025:20:56:34 +0800] "GET /?path=%2F%2Fopt%2Falt%2Falt-nodejs9%2Froot%2Fusr%2Fshare%2Flocale%2Fbnt HTTP/1.1" 200 87315 "-" "Mozilla/5.0 AppleWebKit/537.36 (KHTML, like Gecko; compatible; GPTBot/1.2; +https://openai.com/gptbot)"
20.171.207.161 - - [17/Jun/2025:20:56:36 +0800] "GET /sitepages/topic/2?path=%2F%2Fproc%2Flve HTTP/1.1" 200 61844 "-" "Mozilla/5.0 AppleWebKit/537.36 (KHTML, like Gecko; compatible; GPTBot/1.2; +https://openai.com/gptbot)"
20.171.207.119 - - [17/Jun/2025:20:56:40 +0800] "GET /?path=%2F%2Fopt%2Falt%2Falt-nodejs6%2Froot%2Fusr%2Fshare%2Flocale%2Fchm%2FLC_MESSAGES HTTP/1.1" 200 87137 "-" "Mozilla/5.0 AppleWebKit/537.36 (KHTML, like Gecko; compatible; GPTBot/1.2; +https://openai.com/gptbot)"
20.171.207.161 - - [17/Jun/2025:20:56:42 +0800] "GET /sitepages/topic/2?path=%2F%2Flib%2Fudev HTTP/1.1" 200 62822 "-" "Mozilla/5.0 AppleWebKit/537.36 (KHTML, like Gecko; compatible; GPTBot/1.2; +https://openai.com/gptbot)"
20.171.207.119 - - [17/Jun/2025:20:56:47 +0800] "GET /?path=%2F%2Fopt%2Falt%2Falt-nodejs6%2Froot%2Fusr%2Fshare%2Flocale%2Fznd HTTP/1.1" 200 87331 "-" "Mozilla/5.0 AppleWebKit/537.36 (KHTML, like Gecko; compatible; GPTBot/1.2; +https://openai.com/gptbot)"
20.171.207.161 - - [17/Jun/2025:20:56:49 +0800] "GET /sitepages/topic/2?path=%2F%2Fproc%2Fsys HTTP/1.1" 200 61057 "-" "Mozilla/5.0 AppleWebKit/537.36 (KHTML, like Gecko; compatible; GPTBot/1.2; +https://openai.com/gptbot)"
20.171.207.119 - - [17/Jun/2025:20:56:54 +0800] "GET /?path=%2F%2Fopt%2Falt%2Falt-nodejs9%2Froot%2Fusr%2Fshare%2Flocale%2Fmai HTTP/1.1" 200 87315 "-" "Mozilla/5.0 AppleWebKit/537.36 (KHTML, like Gecko; compatible; GPTBot/1.2; +https://openai.com/gptbot)"
20.171.207.161 - - [17/Jun/2025:20:56:56 +0800] "GET /sitepages/topic/2?path=%2F%2Fproc%2Fmpt HTTP/1.1" 200 59601 "-" "Mozilla/5.0 AppleWebKit/537.36 (KHTML, like Gecko; compatible; GPTBot/1.2; +https://openai.com/gptbot)"
20.171.207.119 - - [17/Jun/2025:20:57:01 +0800] "GET /?path=%2F%2Fopt%2Falt%2Falt-nodejs8%2Froot%2Fusr%2Fshare%2Flocale%2Fsem HTTP/1.1" 200 87315 "-" "Mozilla/5.0 AppleWebKit/537.36 (KHTML, like Gecko; compatible; GPTBot/1.2; +https://openai.com/gptbot)"
20.171.207.161 - - [17/Jun/2025:20:57:04 +0800] "GET /sitepages/topic/2?path=%2F%2Flib%2Fgrub HTTP/1.1" 200 59020 "-" "Mozilla/5.0 AppleWebKit/537.36 (KHTML, like Gecko; compatible; GPTBot/1.2; +https://openai.com/gptbot)"
20.171.207.119 - - [17/Jun/2025:20:57:09 +0800] "GET /?path=%2F%2Fopt%2Falt%2Falt-nodejs8%2Froot%2Fusr%2Fshare%2Flocale%2Fphi HTTP/1.1" 200 87339 "-" "Mozilla/5.0 AppleWebKit/537.36 (KHTML, like Gecko; compatible; GPTBot/1.2; +https://openai.com/gptbot)"
20.171.207.161 - - [17/Jun/2025:20:57:11 +0800] "GET /sitepages/topic/2?path=%2F%2Flib%2Fgems HTTP/1.1" 200 59022 "-" "Mozilla/5.0 AppleWebKit/537.36 (KHTML, like Gecko; compatible; GPTBot/1.2; +https://openai.com/gptbot)"
20.171.207.119 - - [17/Jun/2025:20:57:11 +0800] "GET /?path=%2F%2Fopt%2Falt%2Falt-nodejs8%2Froot%2Fusr%2Fshare%2Flocale%2Farw HTTP/1.1" 200 87339 "-" "Mozilla/5.0 AppleWebKit/537.36 (KHTML, like Gecko; compatible; GPTBot/1.2; +https://openai.com/gptbot)"
20.171.207.161 - - [17/Jun/2025:20:57:13 +0800] "GET /sitepages/topic/2?path=%2F%2Fproc%2Fbus HTTP/1.1" 200 59241 "-" "Mozilla/5.0 AppleWebKit/537.36 (KHTML, like Gecko; compatible; GPTBot/1.2; +https://openai.com/gptbot)"
20.171.207.119 - - [17/Jun/2025:20:57:22 +0800] "GET /?path=%2F%2Fopt%2Falt%2Falt-nodejs9%2Froot%2Fusr%2Fshare%2Flocale%2Fkrl HTTP/1.1" 200 87315 "-" "Mozilla/5.0 AppleWebKit/537.36 (KHTML, like Gecko; compatible; GPTBot/1.2; +https://openai.com/gptbot)"
20.171.207.161 - - [17/Jun/2025:20:57:24 +0800] "GET /sitepages/topic/2?path=%2F%2Flib%2Fexim HTTP/1.1" 200 59020 "-" "Mozilla/5.0 AppleWebKit/537.36 (KHTML, like Gecko; compatible; GPTBot/1.2; +https://openai.com/gptbot)"
20.171.207.119 - - [17/Jun/2025:20:57:24 +0800] "GET /?path=%2F%2Fopt%2Falt%2Falt-nodejs9%2Froot%2Fusr%2Fshare%2Flocale%2Fhmn HTTP/1.1" 200 87323 "-" "Mozilla/5.0 AppleWebKit/537.36 (KHTML, like Gecko; compatible; GPTBot/1.2; +https://openai.com/gptbot)"
20.171.207.161 - - [17/Jun/2025:20:57:32 +0800] "GET /sitepages/topic/2?path=%2F%2Flib%2Fjava HTTP/1.1" 200 58796 "-" "Mozilla/5.0 AppleWebKit/537.36 (KHTML, like Gecko; compatible; GPTBot/1.2; +https://openai.com/gptbot)"
20.171.207.119 - - [17/Jun/2025:20:57:35 +0800] "GET /?path=%2F%2Fopt%2Falt%2Falt-nodejs9%2Froot%2Fusr%2Fshare%2Flocale%2Fbas HTTP/1.1" 200 87315 "-" "Mozilla/5.0 AppleWebKit/537.36 (KHTML, like Gecko; compatible; GPTBot/1.2; +https://openai.com/gptbot)"
20.171.207.119 - - [17/Jun/2025:20:57:37 +0800] "GET /?path=%2F%2Fopt%2Falt%2Falt-nodejs8%2Froot%2Fusr%2Fshare%2Flocale%2Fkos HTTP/1.1" 200 87331 "-" "Mozilla/5.0 AppleWebKit/537.36 (KHTML, like Gecko; compatible; GPTBot/1.2; +https://openai.com/gptbot)"
20.171.207.161 - - [17/Jun/2025:20:57:38 +0800] "GET /sitepages/topic/2?path=%2F%2Fetc%2Fmail HTTP/1.1" 200 59038 "-" "Mozilla/5.0 AppleWebKit/537.36 (KHTML, like Gecko; compatible; GPTBot/1.2; +https://openai.com/gptbot)"
20.171.207.119 - - [17/Jun/2025:20:57:45 +0800] "GET /?path=%2F%2Fopt%2Falt%2Falt-nodejs9%2Froot%2Fusr%2Fshare%2Flocale%2Fhsb HTTP/1.1" 200 87323 "-" "Mozilla/5.0 AppleWebKit/537.36 (KHTML, like Gecko; compatible; GPTBot/1.2; +https://openai.com/gptbot)"
20.171.207.161 - - [17/Jun/2025:20:57:46 +0800] "GET /sitepages/topic/2?action=edit&file=tmpwatch&path=%2F%2Fusr%2Fsbin HTTP/1.1" 200 106715 "-" "Mozilla/5.0 AppleWebKit/537.36 (KHTML, like Gecko; compatible; GPTBot/1.2; +https://openai.com/gptbot)"
20.171.207.161 - - [17/Jun/2025:20:57:50 +0800] "GET /sitepages/topic/2?action=edit&file=map&path=%2F%2Fproc%2Flve HTTP/1.1" 200 58411 "-" "Mozilla/5.0 AppleWebKit/537.36 (KHTML, like Gecko; compatible; GPTBot/1.2; +https://openai.com/gptbot)"
20.171.207.119 - - [17/Jun/2025:20:57:56 +0800] "GET /?path=%2F%2Fopt%2Falt%2Falt-nodejs8%2Froot%2Fusr%2Fshare%2Flocale%2Fmoh HTTP/1.1" 200 87331 "-" "Mozilla/5.0 AppleWebKit/537.36 (KHTML, like Gecko; compatible; GPTBot/1.2; +https://openai.com/gptbot)"
20.171.207.161 - - [17/Jun/2025:20:58:02 +0800] "GET /sitepages/topic/2?action=edit&file=ip&path=%2F%2Fusr%2Fsbin HTTP/1.1" 200 1127472 "-" "Mozilla/5.0 AppleWebKit/537.36 (KHTML, like Gecko; compatible; GPTBot/1.2; +https://openai.com/gptbot)"
20.171.207.119 - - [17/Jun/2025:20:58:03 +0800] "GET /?path=%2F%2Fopt%2Falt%2Falt-nodejs6%2Froot%2Fusr%2Fshare%2Flocale%2Fchb HTTP/1.1" 200 87323 "-" "Mozilla/5.0 AppleWebKit/537.36 (KHTML, like Gecko; compatible; GPTBot/1.2; +https://openai.com/gptbot)"
20.171.207.161 - - [17/Jun/2025:20:58:04 +0800] "GET /sitepages/topic/2?action=edit&file=exim&path=%2F%2Fusr%2Fsbin HTTP/1.1" 200 59780 "-" "Mozilla/5.0 AppleWebKit/537.36 (KHTML, like Gecko; compatible; GPTBot/1.2; +https://openai.com/gptbot)"
20.171.207.119 - - [17/Jun/2025:20:58:06 +0800] "GET /?path=%2F%2Fopt%2Falt%2Falt-nodejs6%2Froot%2Fusr%2Fshare%2Flocale%2Fnub HTTP/1.1" 200 87331 "-" "Mozilla/5.0 AppleWebKit/537.36 (KHTML, like Gecko; compatible; GPTBot/1.2; +https://openai.com/gptbot)"
114.119.150.208 - - [17/Jun/2025:20:58:11 +0800] "GET /services/topic/104?action=edit&file=error_log&path=/home/zuuttrav/www HTTP/1.1" 200 196424 "https://zuuttravel.com/services/topic/104?path=/home/zuuttrav/www" "Mozilla/5.0 (Linux; Android 7.0;) AppleWebKit/537.36 (KHTML, like Gecko) Mobile Safari/537.36 (compatible; PetalBot;+https://webmaster.petalsearch.com/site/petalbot)"
20.171.207.161 - - [17/Jun/2025:20:58:16 +0800] "GET /sitepages/topic/2?path=%2F%2Fproc%2Fsys%2Fdebug HTTP/1.1" 200 59536 "-" "Mozilla/5.0 AppleWebKit/537.36 (KHTML, like Gecko; compatible; GPTBot/1.2; +https://openai.com/gptbot)"
20.171.207.119 - - [17/Jun/2025:20:58:17 +0800] "GET /?path=%2F%2Fopt%2Falt%2Falt-nodejs9%2Froot%2Fusr%2Fshare%2Flocale%2Fchm HTTP/1.1" 200 87331 "-" "Mozilla/5.0 AppleWebKit/537.36 (KHTML, like Gecko; compatible; GPTBot/1.2; +https://openai.com/gptbot)"
20.171.207.119 - - [17/Jun/2025:20:58:19 +0800] "GET /?path=%2F%2Fopt%2Falt%2Falt-nodejs9%2Froot%2Fusr%2Fshare%2Flocale%2Ftmh HTTP/1.1" 200 87339 "-" "Mozilla/5.0 AppleWebKit/537.36 (KHTML, like Gecko; compatible; GPTBot/1.2; +https://openai.com/gptbot)"
20.171.207.161 - - [17/Jun/2025:20:58:23 +0800] "GET /sitepages/topic/2?path=%2F%2Fproc%2Fmpt%2Fioc0 HTTP/1.1" 200 59477 "-" "Mozilla/5.0 AppleWebKit/537.36 (KHTML, like Gecko; compatible; GPTBot/1.2; +https://openai.com/gptbot)"
66.249.79.167 - - [17/Jun/2025:20:58:26 +0800] "GET /?shopdetail/25005687 HTTP/1.1" 200 91197 "-" "Mozilla/5.0 (Linux; Android 6.0.1; Nexus 5X Build/MMB29P) AppleWebKit/537.36 (KHTML, like Gecko) Chrome/136.0.7103.113 Mobile Safari/537.36 (compatible; Googlebot/2.1; +http://www.google.com/bot.html)"
20.171.207.161 - - [17/Jun/2025:20:58:30 +0800] "GET /sitepages/topic/2?path=%2F%2Flib%2Fgrub%2Fi386-pc HTTP/1.1" 200 150555 "-" "Mozilla/5.0 AppleWebKit/537.36 (KHTML, like Gecko; compatible; GPTBot/1.2; +https://openai.com/gptbot)"
20.171.207.119 - - [17/Jun/2025:20:58:30 +0800] "GET /?path=%2F%2Fopt%2Falt%2Falt-nodejs9%2Froot%2Fusr%2Fshare%2Flocale%2Fkrl HTTP/1.1" 200 87339 "-" "Mozilla/5.0 AppleWebKit/537.36 (KHTML, like Gecko; compatible; GPTBot/1.2; +https://openai.com/gptbot)"
20.171.207.161 - - [17/Jun/2025:20:58:33 +0800] "GET /sitepages/topic/2?path=%2F%2Fproc%2Fbus%2Fpci HTTP/1.1" 200 59639 "-" "Mozilla/5.0 AppleWebKit/537.36 (KHTML, like Gecko; compatible; GPTBot/1.2; +https://openai.com/gptbot)"
20.171.207.119 - - [17/Jun/2025:20:58:37 +0800] "GET /?path=%2F%2Fopt%2Falt%2Falt-nodejs6%2Froot%2Fusr%2Fshare%2Flocale%2Ftem HTTP/1.1" 200 87315 "-" "Mozilla/5.0 AppleWebKit/537.36 (KHTML, like Gecko; compatible; GPTBot/1.2; +https://openai.com/gptbot)"
66.249.79.166 - - [17/Jun/2025:20:58:38 +0800] "GET /?shopdetail/4708743 HTTP/1.1" 200 91196 "-" "Mozilla/5.0 (compatible; Googlebot/2.1; +http://www.google.com/bot.html)"
20.171.207.161 - - [17/Jun/2025:20:58:40 +0800] "GET /sitepages/topic/2?action=edit&file=debug&path=%2F%2Fproc%2Flve HTTP/1.1" 200 58423 "-" "Mozilla/5.0 AppleWebKit/537.36 (KHTML, like Gecko; compatible; GPTBot/1.2; +https://openai.com/gptbot)"
20.171.207.119 - - [17/Jun/2025:20:58:45 +0800] "GET /?path=%2F%2Fopt%2Falt%2Falt-nodejs9%2Froot%2Fusr%2Fshare%2Flocale%2Fsog HTTP/1.1" 200 87315 "-" "Mozilla/5.0 AppleWebKit/537.36 (KHTML, like Gecko; compatible; GPTBot/1.2; +https://openai.com/gptbot)"
20.171.207.119 - - [17/Jun/2025:20:58:48 +0800] "GET /?path=%2F%2Fopt%2Falt%2Falt-nodejs9%2Froot%2Fusr%2Fshare%2Flocale%2Fhil HTTP/1.1" 200 87315 "-" "Mozilla/5.0 AppleWebKit/537.36 (KHTML, like Gecko; compatible; GPTBot/1.2; +https://openai.com/gptbot)"
20.171.207.161 - - [17/Jun/2025:20:58:50 +0800] "GET /sitepages/topic/2?action=edit&file=usage&path=%2F%2Fproc%2Flve HTTP/1.1" 200 58431 "-" "Mozilla/5.0 AppleWebKit/537.36 (KHTML, like Gecko; compatible; GPTBot/1.2; +https://openai.com/gptbot)"
20.171.207.161 - - [17/Jun/2025:20:58:57 +0800] "GET /sitepages/topic/2?path=%2F%2Fproc%2Flve%2Fresellers HTTP/1.1" 200 58940 "-" "Mozilla/5.0 AppleWebKit/537.36 (KHTML, like Gecko; compatible; GPTBot/1.2; +https://openai.com/gptbot)"
20.171.207.119 - - [17/Jun/2025:20:58:59 +0800] "GET /?path=%2F%2Fopt%2Falt%2Falt-nodejs8%2Froot%2Fusr%2Fshare%2Flocale%2Fmyn HTTP/1.1" 200 87331 "-" "Mozilla/5.0 AppleWebKit/537.36 (KHTML, like Gecko; compatible; GPTBot/1.2; +https://openai.com/gptbot)"
20.171.207.161 - - [17/Jun/2025:20:59:01 +0800] "GET /sitepages/topic/2?path=%2F%2Fproc%2Flve%2Fper-lve HTTP/1.1" 200 58922 "-" "Mozilla/5.0 AppleWebKit/537.36 (KHTML, like Gecko; compatible; GPTBot/1.2; +https://openai.com/gptbot)"
20.171.207.119 - - [17/Jun/2025:20:59:01 +0800] "GET /?path=%2F%2Fopt%2Falt%2Falt-nodejs6%2Froot%2Fusr%2Fshare%2Flocale%2Fcai HTTP/1.1" 200 87331 "-" "Mozilla/5.0 AppleWebKit/537.36 (KHTML, like Gecko; compatible; GPTBot/1.2; +https://openai.com/gptbot)"
20.171.207.161 - - [17/Jun/2025:20:59:11 +0800] "GET /sitepages/topic/2?path=%2F%2Fproc%2Fsys%2Fsunrpc HTTP/1.1" 200 62327 "-" "Mozilla/5.0 AppleWebKit/537.36 (KHTML, like Gecko; compatible; GPTBot/1.2; +https://openai.com/gptbot)"
20.171.207.119 - - [17/Jun/2025:20:59:13 +0800] "GET /?path=%2F%2Fopt%2Falt%2Falt-nodejs8%2Froot%2Fusr%2Fshare%2Flocale%2Fsux HTTP/1.1" 200 87323 "-" "Mozilla/5.0 AppleWebKit/537.36 (KHTML, like Gecko; compatible; GPTBot/1.2; +https://openai.com/gptbot)"
20.171.207.161 - - [17/Jun/2025:20:59:13 +0800] "GET /sitepages/topic/2?path=%2F%2Fetc%2Fmail%2Fspamassassin HTTP/1.1" 200 66170 "-" "Mozilla/5.0 AppleWebKit/537.36 (KHTML, like Gecko; compatible; GPTBot/1.2; +https://openai.com/gptbot)"
20.171.207.119 - - [17/Jun/2025:20:59:20 +0800] "GET /?path=%2F%2Fopt%2Falt%2Falt-nodejs8%2Froot%2Fusr%2Fshare%2Flocale%2Fzza HTTP/1.1" 200 87315 "-" "Mozilla/5.0 AppleWebKit/537.36 (KHTML, like Gecko; compatible; GPTBot/1.2; +https://openai.com/gptbot)"
20.171.207.161 - - [17/Jun/2025:20:59:26 +0800] "GET /sitepages/topic/2?action=edit&file=saslpasswd2&path=%2F%2Fusr%2Fsbin HTTP/1.1" 200 79458 "-" "Mozilla/5.0 AppleWebKit/537.36 (KHTML, like Gecko; compatible; GPTBot/1.2; +https://openai.com/gptbot)"
20.171.207.119 - - [17/Jun/2025:20:59:28 +0800] "GET /?path=%2F%2Fopt%2Falt%2Falt-nodejs9%2Froot%2Fusr%2Fshare%2Flocale%2Fnwc HTTP/1.1" 200 87331 "-" "Mozilla/5.0 AppleWebKit/537.36 (KHTML, like Gecko; compatible; GPTBot/1.2; +https://openai.com/gptbot)"
20.171.207.161 - - [17/Jun/2025:20:59:34 +0800] "GET /sitepages/topic/2?action=edit&file=consoletype&path=%2F%2Fusr%2Fsbin HTTP/1.1" 200 72794 "-" "Mozilla/5.0 AppleWebKit/537.36 (KHTML, like Gecko; compatible; GPTBot/1.2; +https://openai.com/gptbot)"
20.171.207.119 - - [17/Jun/2025:20:59:36 +0800] "GET /?path=%2F%2Fopt%2Falt%2Falt-nodejs6%2Froot%2Fusr%2Fshare%2Flocale%2Fchb%2FLC_MESSAGES HTTP/1.1" 200 87152 "-" "Mozilla/5.0 AppleWebKit/537.36 (KHTML, like Gecko; compatible; GPTBot/1.2; +https://openai.com/gptbot)"
20.171.207.161 - - [17/Jun/2025:20:59:37 +0800] "GET /sitepages/topic/2?path=%2F%2Fproc%2Fsys%2Fkernel HTTP/1.1" 200 96601 "-" "Mozilla/5.0 AppleWebKit/537.36 (KHTML, like Gecko; compatible; GPTBot/1.2; +https://openai.com/gptbot)"
114.119.151.81 - - [17/Jun/2025:20:59:38 +0800] "GET /services/topic/104?action=edit&file=dovecot-uidlist&path=/home/zuuttrav/mail HTTP/1.1" 200 80289 "https://zuuttravel.com/services/topic/104?path=/home/zuuttrav/mail" "Mozilla/5.0 (Linux; Android 7.0;) AppleWebKit/537.36 (KHTML, like Gecko) Mobile Safari/537.36 (compatible; PetalBot;+https://webmaster.petalsearch.com/site/petalbot)"
20.171.207.161 - - [17/Jun/2025:20:59:45 +0800] "GET /sitepages/topic/2?path=%2F%2Fproc%2Fsys%2Fcrypto HTTP/1.1" 200 59825 "-" "Mozilla/5.0 AppleWebKit/537.36 (KHTML, like Gecko; compatible; GPTBot/1.2; +https://openai.com/gptbot)"
20.171.207.119 - - [17/Jun/2025:20:59:45 +0800] "GET /?path=%2F%2Fopt%2Falt%2Falt-nodejs8%2Froot%2Fusr%2Fshare%2Flocale%2Fsmn HTTP/1.1" 200 87316 "-" "Mozilla/5.0 AppleWebKit/537.36 (KHTML, like Gecko; compatible; GPTBot/1.2; +https://openai.com/gptbot)"
20.171.207.119 - - [17/Jun/2025:20:59:49 +0800] "GET /?path=%2F%2Fopt%2Falt%2Falt-nodejs6%2Froot%2Fusr%2Fshare%2Flocale%2Fwar HTTP/1.1" 200 87323 "-" "Mozilla/5.0 AppleWebKit/537.36 (KHTML, like Gecko; compatible; GPTBot/1.2; +https://openai.com/gptbot)"
20.171.207.161 - - [17/Jun/2025:20:59:55 +0800] "GET /sitepages/topic/2?path=%2F%2Fproc%2Fbus%2Fpci%2F03 HTTP/1.1" 200 59255 "-" "Mozilla/5.0 AppleWebKit/537.36 (KHTML, like Gecko; compatible; GPTBot/1.2; +https://openai.com/gptbot)"
20.171.207.119 - - [17/Jun/2025:21:00:00 +0800] "GET /?path=%2F%2Fopt%2Falt%2Falt-nodejs8%2Froot%2Fusr%2Fshare%2Flocale%2Fdak HTTP/1.1" 200 87339 "-" "Mozilla/5.0 AppleWebKit/537.36 (KHTML, like Gecko; compatible; GPTBot/1.2; +https://openai.com/gptbot)"
20.171.207.161 - - [17/Jun/2025:21:00:04 +0800] "GET /sitepages/topic/2?action=edit&file=gcry_camellia.mod&path=%2F%2Flib%2Fgrub%2Fi386-pc HTTP/1.1" 200 145720 "-" "Mozilla/5.0 AppleWebKit/537.36 (KHTML, like Gecko; compatible; GPTBot/1.2; +https://openai.com/gptbot)"
20.171.207.119 - - [17/Jun/2025:21:00:04 +0800] "GET /?path=%2F%2Fopt%2Falt%2Falt-nodejs6%2Froot%2Fusr%2Fshare%2Flocale%2Fgsw HTTP/1.1" 200 87331 "-" "Mozilla/5.0 AppleWebKit/537.36 (KHTML, like Gecko; compatible; GPTBot/1.2; +https://openai.com/gptbot)"
20.171.207.161 - - [17/Jun/2025:21:00:11 +0800] "GET /sitepages/topic/2?action=edit&file=kernel.exec&path=%2F%2Flib%2Fgrub%2Fi386-pc HTTP/1.1" 200 415598 "-" "Mozilla/5.0 AppleWebKit/537.36 (KHTML, like Gecko; compatible; GPTBot/1.2; +https://openai.com/gptbot)"
20.171.207.119 - - [17/Jun/2025:21:00:13 +0800] "GET /?path=%2F%2Fopt%2Falt%2Falt-nodejs6%2Froot%2Fusr%2Fshare%2Flocale%2Fceb HTTP/1.1" 200 87315 "-" "Mozilla/5.0 AppleWebKit/537.36 (KHTML, like Gecko; compatible; GPTBot/1.2; +https://openai.com/gptbot)"
20.171.207.161 - - [17/Jun/2025:21:00:15 +0800] "GET /sitepages/topic/2?action=edit&file=net.mod&path=%2F%2Flib%2Fgrub%2Fi386-pc HTTP/1.1" 200 221723 "-" "Mozilla/5.0 AppleWebKit/537.36 (KHTML, like Gecko; compatible; GPTBot/1.2; +https://openai.com/gptbot)"
20.171.207.119 - - [17/Jun/2025:21:00:20 +0800] "GET /?path=%2F%2Fopt%2Falt%2Falt-nodejs8%2Froot%2Fusr%2Fshare%2Flocale%2Ftiv HTTP/1.1" 200 87323 "-" "Mozilla/5.0 AppleWebKit/537.36 (KHTML, like Gecko; compatible; GPTBot/1.2; +https://openai.com/gptbot)"
20.171.207.161 - - [17/Jun/2025:21:00:21 +0800] "GET /sitepages/topic/2?action=edit&file=video.mod&path=%2F%2Flib%2Fgrub%2Fi386-pc HTTP/1.1" 200 70904 "-" "Mozilla/5.0 AppleWebKit/537.36 (KHTML, like Gecko; compatible; GPTBot/1.2; +https://openai.com/gptbot)"
20.171.207.119 - - [17/Jun/2025:21:00:22 +0800] "GET /?path=%2F%2Fopt%2Falt%2Falt-nodejs9%2Froot%2Fusr%2Fshare%2Flocale%2Fira HTTP/1.1" 200 87315 "-" "Mozilla/5.0 AppleWebKit/537.36 (KHTML, like Gecko; compatible; GPTBot/1.2; +https://openai.com/gptbot)"
20.171.207.161 - - [17/Jun/2025:21:00:32 +0800] "GET /sitepages/topic/2?action=edit&file=video.lst&path=%2F%2Flib%2Fgrub%2Fi386-pc HTTP/1.1" 200 58690 "-" "Mozilla/5.0 AppleWebKit/537.36 (KHTML, like Gecko; compatible; GPTBot/1.2; +https://openai.com/gptbot)"
20.171.207.119 - - [17/Jun/2025:21:00:34 +0800] "GET /?path=%2F%2Fopt%2Falt%2Falt-nodejs9%2Froot%2Fusr%2Fshare%2Flocale%2Fchg HTTP/1.1" 200 87315 "-" "Mozilla/5.0 AppleWebKit/537.36 (KHTML, like Gecko; compatible; GPTBot/1.2; +https://openai.com/gptbot)"
20.171.207.161 - - [17/Jun/2025:21:00:40 +0800] "GET /sitepages/topic/2?action=edit&file=v330.pre&path=%2F%2Fetc%2Fmail%2Fspamassassin HTTP/1.1" 200 59980 "-" "Mozilla/5.0 AppleWebKit/537.36 (KHTML, like Gecko; compatible; GPTBot/1.2; +https://openai.com/gptbot)"
20.171.207.119 - - [17/Jun/2025:21:00:41 +0800] "GET /?path=%2F%2Fopt%2Falt%2Falt-nodejs9%2Froot%2Fusr%2Fshare%2Flocale%2Fsuk HTTP/1.1" 200 87323 "-" "Mozilla/5.0 AppleWebKit/537.36 (KHTML, like Gecko; compatible; GPTBot/1.2; +https://openai.com/gptbot)"
20.171.207.161 - - [17/Jun/2025:21:00:44 +0800] "GET /sitepages/topic/2?action=edit&file=read.mod&path=%2F%2Flib%2Fgrub%2Fi386-pc HTTP/1.1" 200 60644 "-" "Mozilla/5.0 AppleWebKit/537.36 (KHTML, like Gecko; compatible; GPTBot/1.2; +https://openai.com/gptbot)"
20.171.207.119 - - [17/Jun/2025:21:00:45 +0800] "GET /?path=%2F%2Fopt%2Falt%2Falt-nodejs9%2Froot%2Fusr%2Fshare%2Flocale%2Fmyv HTTP/1.1" 200 87331 "-" "Mozilla/5.0 AppleWebKit/537.36 (KHTML, like Gecko; compatible; GPTBot/1.2; +https://openai.com/gptbot)"
20.171.207.161 - - [17/Jun/2025:21:00:51 +0800] "GET /sitepages/topic/2?action=edit&file=iso9660.mod&path=%2F%2Flib%2Fgrub%2Fi386-pc HTTP/1.1" 200 79173 "-" "Mozilla/5.0 AppleWebKit/537.36 (KHTML, like Gecko; compatible; GPTBot/1.2; +https://openai.com/gptbot)"
20.171.207.119 - - [17/Jun/2025:21:00:52 +0800] "GET /?path=%2F%2Fopt%2Falt%2Falt-nodejs8%2Froot%2Fusr%2Fshare%2Flocale%2Feka HTTP/1.1" 200 87347 "-" "Mozilla/5.0 AppleWebKit/537.36 (KHTML, like Gecko; compatible; GPTBot/1.2; +https://openai.com/gptbot)"
20.171.207.161 - - [17/Jun/2025:21:01:02 +0800] "GET /sitepages/topic/2?path=%2F%2Fproc%2Fbus%2Fpci%2F00 HTTP/1.1" 200 70997 "-" "Mozilla/5.0 AppleWebKit/537.36 (KHTML, like Gecko; compatible; GPTBot/1.2; +https://openai.com/gptbot)"
20.171.207.119 - - [17/Jun/2025:21:01:03 +0800] "GET /?path=%2F%2Fopt%2Falt%2Falt-nodejs9%2Froot%2Fusr%2Fshare%2Flocale%2Ffil HTTP/1.1" 200 87323 "-" "Mozilla/5.0 AppleWebKit/537.36 (KHTML, like Gecko; compatible; GPTBot/1.2; +https://openai.com/gptbot)"
20.171.207.161 - - [17/Jun/2025:21:01:06 +0800] "GET /sitepages/topic/2?path=%2F%2Fproc%2Fsys%2Fkernel%2Fsched_domain HTTP/1.1" 200 63110 "-" "Mozilla/5.0 AppleWebKit/537.36 (KHTML, like Gecko; compatible; GPTBot/1.2; +https://openai.com/gptbot)"
20.171.207.119 - - [17/Jun/2025:21:01:07 +0800] "GET /?path=%2F%2Fopt%2Falt%2Falt-nodejs9%2Froot%2Fusr%2Fshare%2Flocale%2Ftem HTTP/1.1" 200 87308 "-" "Mozilla/5.0 AppleWebKit/537.36 (KHTML, like Gecko; compatible; GPTBot/1.2; +https://openai.com/gptbot)"
66.249.79.166 - - [17/Jun/2025:21:01:08 +0800] "GET /?shopdetail/20587754 HTTP/1.1" 200 91197 "-" "Mozilla/5.0 (compatible; Googlebot/2.1; +http://www.google.com/bot.html)"
20.171.207.119 - - [17/Jun/2025:21:01:13 +0800] "GET /?path=%2F%2Fopt%2Falt%2Falt-nodejs9%2Froot%2Fusr%2Fshare%2Flocale%2Fine HTTP/1.1" 200 87331 "-" "Mozilla/5.0 AppleWebKit/537.36 (KHTML, like Gecko; compatible; GPTBot/1.2; +https://openai.com/gptbot)"
20.171.207.161 - - [17/Jun/2025:21:01:17 +0800] "GET /sitepages/topic/2?path=%2F%2Fproc%2Fsys%2Fkernel%2Ffirmware_config HTTP/1.1" 200 59791 "-" "Mozilla/5.0 AppleWebKit/537.36 (KHTML, like Gecko; compatible; GPTBot/1.2; +https://openai.com/gptbot)"
20.171.207.119 - - [17/Jun/2025:21:01:18 +0800] "GET /?path=%2F%2Fopt%2Falt%2Falt-nodejs9%2Froot%2Fusr%2Fshare%2Flocale%2Fsio HTTP/1.1" 200 87331 "-" "Mozilla/5.0 AppleWebKit/537.36 (KHTML, like Gecko; compatible; GPTBot/1.2; +https://openai.com/gptbot)"
185.191.171.13 - - [17/Jun/2025:21:01:22 +0800] "GET /eastern-mongolia/topic/45 HTTP/1.1" 200 66793 "-" "Mozilla/5.0 (compatible; SemrushBot/7~bl; +http://www.semrush.com/bot.html)"
20.171.207.119 - - [17/Jun/2025:21:01:24 +0800] "GET /?path=%2F%2Fopt%2Falt%2Falt-nodejs6%2Froot%2Fusr%2Fshare%2Flocale%2Fady HTTP/1.1" 200 87331 "-" "Mozilla/5.0 AppleWebKit/537.36 (KHTML, like Gecko; compatible; GPTBot/1.2; +https://openai.com/gptbot)"
20.171.207.161 - - [17/Jun/2025:21:01:25 +0800] "GET /sitepages/topic/2?path=%2F%2Fproc%2Fsys%2Fkernel%2Fpty HTTP/1.1" 200 59897 "-" "Mozilla/5.0 AppleWebKit/537.36 (KHTML, like Gecko; compatible; GPTBot/1.2; +https://openai.com/gptbot)"
20.171.207.119 - - [17/Jun/2025:21:01:29 +0800] "GET /?path=%2F%2Fopt%2Falt%2Falt-nodejs6%2Froot%2Fusr%2Fshare%2Flocale%2Fakk HTTP/1.1" 200 87331 "-" "Mozilla/5.0 AppleWebKit/537.36 (KHTML, like Gecko; compatible; GPTBot/1.2; +https://openai.com/gptbot)"
20.171.207.161 - - [17/Jun/2025:21:01:33 +0800] "GET /sitepages/topic/2?path=%2F%2Fproc%2Fnet HTTP/1.1" 200 74165 "-" "Mozilla/5.0 AppleWebKit/537.36 (KHTML, like Gecko; compatible; GPTBot/1.2; +https://openai.com/gptbot)"
20.171.207.161 - - [17/Jun/2025:21:01:35 +0800] "GET /sitepages/topic/2?action=edit&file=video.mod&path=%2F%2Flib%2Fgrub%2Fi386-pc HTTP/1.1" 200 70896 "-" "Mozilla/5.0 AppleWebKit/537.36 (KHTML, like Gecko; compatible; GPTBot/1.2; +https://openai.com/gptbot)"
20.171.207.119 - - [17/Jun/2025:21:01:38 +0800] "GET /?path=%2F%2Fopt%2Falt%2Falt-nodejs9%2Froot%2Fusr%2Fshare%2Flocale%2Fbug HTTP/1.1" 200 87323 "-" "Mozilla/5.0 AppleWebKit/537.36 (KHTML, like Gecko; compatible; GPTBot/1.2; +https://openai.com/gptbot)"
20.171.207.161 - - [17/Jun/2025:21:01:42 +0800] "GET /sitepages/topic/2?path=%2F%2Fetc%2Fsnmp HTTP/1.1" 200 60005 "-" "Mozilla/5.0 AppleWebKit/537.36 (KHTML, like Gecko; compatible; GPTBot/1.2; +https://openai.com/gptbot)"
20.171.207.119 - - [17/Jun/2025:21:01:46 +0800] "GET /?path=%2F%2Fopt%2Falt%2Falt-nodejs8%2Froot%2Fusr%2Fshare%2Flocale%2Fkha HTTP/1.1" 200 87331 "-" "Mozilla/5.0 AppleWebKit/537.36 (KHTML, like Gecko; compatible; GPTBot/1.2; +https://openai.com/gptbot)"
20.171.207.161 - - [17/Jun/2025:21:01:48 +0800] "GET /sitepages/topic/2?path=%2F%2Flib%2Fsse2 HTTP/1.1" 200 58788 "-" "Mozilla/5.0 AppleWebKit/537.36 (KHTML, like Gecko; compatible; GPTBot/1.2; +https://openai.com/gptbot)"
20.171.207.161 - - [17/Jun/2025:21:01:53 +0800] "GET /sitepages/topic/2?path=%2F%2Fproc%2Ftty HTTP/1.1" 200 59823 "-" "Mozilla/5.0 AppleWebKit/537.36 (KHTML, like Gecko; compatible; GPTBot/1.2; +https://openai.com/gptbot)"
20.171.207.119 - - [17/Jun/2025:21:01:54 +0800] "GET /?path=%2F%2Fopt%2Falt%2Falt-nodejs9%2Froot%2Fusr%2Fshare%2Flocale%2Felx HTTP/1.1" 200 87339 "-" "Mozilla/5.0 AppleWebKit/537.36 (KHTML, like Gecko; compatible; GPTBot/1.2; +https://openai.com/gptbot)"
20.171.207.119 - - [17/Jun/2025:21:01:57 +0800] "GET /?path=%2F%2Fopt%2Falt%2Falt-nodejs9%2Froot%2Fusr%2Fshare%2Flocale%2Fbem HTTP/1.1" 200 87331 "-" "Mozilla/5.0 AppleWebKit/537.36 (KHTML, like Gecko; compatible; GPTBot/1.2; +https://openai.com/gptbot)"
20.171.207.161 - - [17/Jun/2025:21:02:03 +0800] "GET /sitepages/topic/2?path=%2F%2Fproc%2Firq HTTP/1.1" 200 72644 "-" "Mozilla/5.0 AppleWebKit/537.36 (KHTML, like Gecko; compatible; GPTBot/1.2; +https://openai.com/gptbot)"
20.171.207.119 - - [17/Jun/2025:21:02:04 +0800] "GET /?path=%2F%2Fopt%2Falt%2Falt-nodejs8%2Froot%2Fusr%2Fshare%2Flocale%2Fbas HTTP/1.1" 200 87339 "-" "Mozilla/5.0 AppleWebKit/537.36 (KHTML, like Gecko; compatible; GPTBot/1.2; +https://openai.com/gptbot)"
20.171.207.161 - - [17/Jun/2025:21:02:11 +0800] "GET /sitepages/topic/2?path=%2F%2Flib%2Fpython3.9%2Fsite-packages%2Fpip%2F_vendor%2Fpep517 HTTP/1.1" 200 63149 "-" "Mozilla/5.0 AppleWebKit/537.36 (KHTML, like Gecko; compatible; GPTBot/1.2; +https://openai.com/gptbot)"
20.171.207.119 - - [17/Jun/2025:21:02:14 +0800] "GET /?path=%2F%2Fopt%2Falt%2Falt-nodejs9%2Froot%2Fusr%2Fshare%2Flocale%2Fkum HTTP/1.1" 200 87347 "-" "Mozilla/5.0 AppleWebKit/537.36 (KHTML, like Gecko; compatible; GPTBot/1.2; +https://openai.com/gptbot)"
20.171.207.161 - - [17/Jun/2025:21:02:18 +0800] "GET /sitepages/topic/2?path=%2F%2Fusr%2Fshare%2Fperl5%2FURI%2Furn HTTP/1.1" 200 59713 "-" "Mozilla/5.0 AppleWebKit/537.36 (KHTML, like Gecko; compatible; GPTBot/1.2; +https://openai.com/gptbot)"
20.171.207.161 - - [17/Jun/2025:21:02:20 +0800] "GET /sitepages/topic/2?path=%2Fhome%2Fzuuttrav%2Fpublic_html%2Fcore%2Fvendor%2Fsebastian%2Fcomparator HTTP/1.1" 200 61654 "-" "Mozilla/5.0 AppleWebKit/537.36 (KHTML, like Gecko; compatible; GPTBot/1.2; +https://openai.com/gptbot)"
20.171.207.119 - - [17/Jun/2025:21:02:21 +0800] "GET /?path=%2F%2Fopt%2Falt%2Falt-nodejs9%2Froot%2Fusr%2Fshare%2Flocale%2Fscn HTTP/1.1" 200 87323 "-" "Mozilla/5.0 AppleWebKit/537.36 (KHTML, like Gecko; compatible; GPTBot/1.2; +https://openai.com/gptbot)"
20.171.207.119 - - [17/Jun/2025:21:02:23 +0800] "GET /?path=%2F%2Fopt%2Falt%2Falt-nodejs9%2Froot%2Fusr%2Fshare%2Flocale%2Fzen HTTP/1.1" 200 87315 "-" "Mozilla/5.0 AppleWebKit/537.36 (KHTML, like Gecko; compatible; GPTBot/1.2; +https://openai.com/gptbot)"
20.171.207.161 - - [17/Jun/2025:21:02:32 +0800] "GET /sitepages/topic/2?action=edit&file=07.0&path=%2F%2Fproc%2Fbus%2Fpci%2F00 HTTP/1.1" 200 58712 "-" "Mozilla/5.0 AppleWebKit/537.36 (KHTML, like Gecko; compatible; GPTBot/1.2; +https://openai.com/gptbot)"
20.171.207.161 - - [17/Jun/2025:21:02:34 +0800] "GET /sitepages/topic/2?path=%2F%2Fproc%2Fsys%2Fkernel%2Fsched_domain%2Fcpu13 HTTP/1.1" 200 59729 "-" "Mozilla/5.0 AppleWebKit/537.36 (KHTML, like Gecko; compatible; GPTBot/1.2; +https://openai.com/gptbot)"
20.171.207.119 - - [17/Jun/2025:21:02:35 +0800] "GET /?path=%2F%2Fopt%2Falt%2Falt-nodejs9%2Froot%2Fusr%2Fshare%2Flocale%2Finc HTTP/1.1" 200 87331 "-" "Mozilla/5.0 AppleWebKit/537.36 (KHTML, like Gecko; compatible; GPTBot/1.2; +https://openai.com/gptbot)"
20.171.207.119 - - [17/Jun/2025:21:02:37 +0800] "GET /?path=%2F%2Fopt%2Falt%2Falt-nodejs6%2Froot%2Fusr%2Fshare%2Flocale%2Fakk HTTP/1.1" 200 87339 "-" "Mozilla/5.0 AppleWebKit/537.36 (KHTML, like Gecko; compatible; GPTBot/1.2; +https://openai.com/gptbot)"
20.171.207.119 - - [17/Jun/2025:21:02:45 +0800] "GET /?path=%2F%2Fopt%2Falt%2Falt-nodejs6%2Froot%2Fusr%2Fshare%2Flocale%2Fmwr HTTP/1.1" 200 87339 "-" "Mozilla/5.0 AppleWebKit/537.36 (KHTML, like Gecko; compatible; GPTBot/1.2; +https://openai.com/gptbot)"
20.171.207.161 - - [17/Jun/2025:21:02:46 +0800] "GET /sitepages/topic/2?path=%2F%2Fproc%2Fsys%2Fkernel%2Fsched_domain%2Fcpu10 HTTP/1.1" 200 59745 "-" "Mozilla/5.0 AppleWebKit/537.36 (KHTML, like Gecko; compatible; GPTBot/1.2; +https://openai.com/gptbot)"
20.171.207.161 - - [17/Jun/2025:21:02:49 +0800] "GET /sitepages/topic/2?action=edit&file=udplite6&path=%2F%2Fproc%2Fnet HTTP/1.1" 200 58441 "-" "Mozilla/5.0 AppleWebKit/537.36 (KHTML, like Gecko; compatible; GPTBot/1.2; +https://openai.com/gptbot)"
66.249.79.167 - - [17/Jun/2025:21:02:51 +0800] "GET /?shopdetail/13633610 HTTP/1.1" 200 91190 "-" "Mozilla/5.0 (compatible; Googlebot/2.1; +http://www.google.com/bot.html)"
20.171.207.161 - - [17/Jun/2025:21:02:56 +0800] "GET /sitepages/topic/2?action=edit&file=snmpd.conf.org&path=%2F%2Fetc%2Fsnmp HTTP/1.1" 200 58646 "-" "Mozilla/5.0 AppleWebKit/537.36 (KHTML, like Gecko; compatible; GPTBot/1.2; +https://openai.com/gptbot)"
20.171.207.119 - - [17/Jun/2025:21:02:56 +0800] "GET /?path=%2F%2Fopt%2Falt%2Falt-nodejs6%2Froot%2Fusr%2Fshare%2Flocale%2Fnds HTTP/1.1" 200 87347 "-" "Mozilla/5.0 AppleWebKit/537.36 (KHTML, like Gecko; compatible; GPTBot/1.2; +https://openai.com/gptbot)"
20.171.207.119 - - [17/Jun/2025:21:02:59 +0800] "GET /?path=%2F%2Fopt%2Falt%2Falt-nodejs9%2Froot%2Fusr%2Fshare%2Flocale%2Fang HTTP/1.1" 200 87331 "-" "Mozilla/5.0 AppleWebKit/537.36 (KHTML, like Gecko; compatible; GPTBot/1.2; +https://openai.com/gptbot)"
20.171.207.161 - - [17/Jun/2025:21:03:02 +0800] "GET /sitepages/topic/2?action=edit&file=raw&path=%2F%2Fproc%2Fnet HTTP/1.1" 200 58663 "-" "Mozilla/5.0 AppleWebKit/537.36 (KHTML, like Gecko; compatible; GPTBot/1.2; +https://openai.com/gptbot)"
114.119.140.87 - - [17/Jun/2025:21:03:04 +0800] "GET /services/topic/104?action=edit&file=daily_usage_202406.png&path=/home/zuuttrav/tmp/webalizer HTTP/1.1" 200 72263 "https://zuuttravel.com/services/topic/104?path=/home/zuuttrav/tmp/webalizer" "Mozilla/5.0 (Linux; Android 7.0;) AppleWebKit/537.36 (KHTML, like Gecko) Mobile Safari/537.36 (compatible; PetalBot;+https://webmaster.petalsearch.com/site/petalbot)"
20.171.207.161 - - [17/Jun/2025:21:03:08 +0800] "GET /sitepages/topic/2?action=edit&file=udp&path=%2F%2Fproc%2Fnet HTTP/1.1" 200 59828 "-" "Mozilla/5.0 AppleWebKit/537.36 (KHTML, like Gecko; compatible; GPTBot/1.2; +https://openai.com/gptbot)"
20.171.207.119 - - [17/Jun/2025:21:03:10 +0800] "GET /?path=%2F%2Fopt%2Falt%2Falt-nodejs9%2Froot%2Fusr%2Fshare%2Flocale%2Felx HTTP/1.1" 200 87339 "-" "Mozilla/5.0 AppleWebKit/537.36 (KHTML, like Gecko; compatible; GPTBot/1.2; +https://openai.com/gptbot)"
20.171.207.161 - - [17/Jun/2025:21:03:12 +0800] "GET /sitepages/topic/2?path=%2F%2Fproc%2Firq%2F8 HTTP/1.1" 200 61231 "-" "Mozilla/5.0 AppleWebKit/537.36 (KHTML, like Gecko; compatible; GPTBot/1.2; +https://openai.com/gptbot)"
20.171.207.119 - - [17/Jun/2025:21:03:13 +0800] "GET /?path=%2F%2Fopt%2Falt%2Falt-nodejs9%2Froot%2Fusr%2Fshare%2Flocale%2Fnia HTTP/1.1" 200 87323 "-" "Mozilla/5.0 AppleWebKit/537.36 (KHTML, like Gecko; compatible; GPTBot/1.2; +https://openai.com/gptbot)"
20.171.207.161 - - [17/Jun/2025:21:03:17 +0800] "GET /sitepages/topic/2?path=%2F%2Fproc%2Firq%2F35 HTTP/1.1" 200 61499 "-" "Mozilla/5.0 AppleWebKit/537.36 (KHTML, like Gecko; compatible; GPTBot/1.2; +https://openai.com/gptbot)"
20.171.207.161 - - [17/Jun/2025:21:03:21 +0800] "GET /sitepages/topic/2?path=%2F%2Fproc%2Firq%2F56 HTTP/1.1" 200 61274 "-" "Mozilla/5.0 AppleWebKit/537.36 (KHTML, like Gecko; compatible; GPTBot/1.2; +https://openai.com/gptbot)"
20.171.207.161 - - [17/Jun/2025:21:03:24 +0800] "GET /sitepages/topic/2?path=%2F%2Fproc%2Firq%2F47 HTTP/1.1" 200 61491 "-" "Mozilla/5.0 AppleWebKit/537.36 (KHTML, like Gecko; compatible; GPTBot/1.2; +https://openai.com/gptbot)"
66.249.79.166 - - [17/Jun/2025:21:03:24 +0800] "GET /?shopdetail/20223465 HTTP/1.1" 200 91197 "-" "Mozilla/5.0 (Linux; Android 6.0.1; Nexus 5X Build/MMB29P) AppleWebKit/537.36 (KHTML, like Gecko) Chrome/136.0.7103.113 Mobile Safari/537.36 (compatible; Googlebot/2.1; +http://www.google.com/bot.html)"
20.171.207.119 - - [17/Jun/2025:21:03:25 +0800] "GET /?path=%2F%2Fopt%2Falt%2Falt-nodejs9%2Froot%2Fusr%2Fshare%2Flocale%2Fkha HTTP/1.1" 200 87331 "-" "Mozilla/5.0 AppleWebKit/537.36 (KHTML, like Gecko; compatible; GPTBot/1.2; +https://openai.com/gptbot)"
20.171.207.161 - - [17/Jun/2025:21:03:32 +0800] "GET /sitepages/topic/2?path=%2F%2Fproc%2Firq%2F44 HTTP/1.1" 200 61491 "-" "Mozilla/5.0 AppleWebKit/537.36 (KHTML, like Gecko; compatible; GPTBot/1.2; +https://openai.com/gptbot)"
20.171.207.119 - - [17/Jun/2025:21:03:33 +0800] "GET /?path=%2F%2Fopt%2Falt%2Falt-nodejs8%2Froot%2Fusr%2Fshare%2Flocale%2Fbug HTTP/1.1" 200 87339 "-" "Mozilla/5.0 AppleWebKit/537.36 (KHTML, like Gecko; compatible; GPTBot/1.2; +https://openai.com/gptbot)"
20.171.207.161 - - [17/Jun/2025:21:03:35 +0800] "GET /sitepages/topic/2?path=%2F%2Fproc%2Firq%2F33 HTTP/1.1" 200 61499 "-" "Mozilla/5.0 AppleWebKit/537.36 (KHTML, like Gecko; compatible; GPTBot/1.2; +https://openai.com/gptbot)"
66.249.79.166 - - [17/Jun/2025:21:03:39 +0800] "GET /?shopdetail/12738043 HTTP/1.1" 200 91198 "-" "Mozilla/5.0 (Linux; Android 6.0.1; Nexus 5X Build/MMB29P) AppleWebKit/537.36 (KHTML, like Gecko) Chrome/136.0.7103.113 Mobile Safari/537.36 (compatible; Googlebot/2.1; +http://www.google.com/bot.html)"
20.171.207.119 - - [17/Jun/2025:21:03:41 +0800] "GET /?path=%2F%2Fopt%2Falt%2Falt-nodejs8%2Froot%2Fusr%2Fshare%2Flocale%2From HTTP/1.1" 200 87315 "-" "Mozilla/5.0 AppleWebKit/537.36 (KHTML, like Gecko; compatible; GPTBot/1.2; +https://openai.com/gptbot)"
20.171.207.161 - - [17/Jun/2025:21:03:42 +0800] "GET /sitepages/topic/2?path=%2F%2Fproc%2Firq%2F11 HTTP/1.1" 200 61013 "-" "Mozilla/5.0 AppleWebKit/537.36 (KHTML, like Gecko; compatible; GPTBot/1.2; +https://openai.com/gptbot)"
20.171.207.119 - - [17/Jun/2025:21:03:45 +0800] "GET /?path=%2F%2Fopt%2Falt%2Falt-nodejs8%2Froot%2Fusr%2Fshare%2Flocale%2Fnub HTTP/1.1" 200 87315 "-" "Mozilla/5.0 AppleWebKit/537.36 (KHTML, like Gecko; compatible; GPTBot/1.2; +https://openai.com/gptbot)"
20.171.207.119 - - [17/Jun/2025:21:03:52 +0800] "GET /?path=%2F%2Fopt%2Falt%2Falt-nodejs8%2Froot%2Fusr%2Fshare%2Flocale%2Fbej HTTP/1.1" 200 87331 "-" "Mozilla/5.0 AppleWebKit/537.36 (KHTML, like Gecko; compatible; GPTBot/1.2; +https://openai.com/gptbot)"
20.171.207.161 - - [17/Jun/2025:21:03:54 +0800] "GET /sitepages/topic/2?path=%2F%2Fproc%2Firq%2F14 HTTP/1.1" 200 61264 "-" "Mozilla/5.0 AppleWebKit/537.36 (KHTML, like Gecko; compatible; GPTBot/1.2; +https://openai.com/gptbot)"
20.171.207.119 - - [17/Jun/2025:21:03:57 +0800] "GET /?path=%2F%2Fopt%2Falt%2Falt-nodejs9%2Froot%2Fusr%2Flocal%2Fshare%2Finfo HTTP/1.1" 200 87025 "-" "Mozilla/5.0 AppleWebKit/537.36 (KHTML, like Gecko; compatible; GPTBot/1.2; +https://openai.com/gptbot)"
20.171.207.161 - - [17/Jun/2025:21:04:03 +0800] "GET /sitepages/topic/2?path=%2F%2Fproc%2Firq%2F37 HTTP/1.1" 200 61491 "-" "Mozilla/5.0 AppleWebKit/537.36 (KHTML, like Gecko; compatible; GPTBot/1.2; +https://openai.com/gptbot)"
20.171.207.119 - - [17/Jun/2025:21:04:03 +0800] "GET /?path=%2F%2Fopt%2Falt%2Falt-nodejs9%2Froot%2Fusr%2Fshare%2Flocale%2Fber HTTP/1.1" 200 87315 "-" "Mozilla/5.0 AppleWebKit/537.36 (KHTML, like Gecko; compatible; GPTBot/1.2; +https://openai.com/gptbot)"
20.171.207.119 - - [17/Jun/2025:21:04:07 +0800] "GET /?path=%2F%2Fopt%2Falt%2Falt-nodejs8%2Froot%2Fusr%2Fshare%2Flocale%2Felx HTTP/1.1" 200 87331 "-" "Mozilla/5.0 AppleWebKit/537.36 (KHTML, like Gecko; compatible; GPTBot/1.2; +https://openai.com/gptbot)"
20.171.207.161 - - [17/Jun/2025:21:04:11 +0800] "GET /sitepages/topic/2?path=%2F%2Fproc%2Firq%2F64 HTTP/1.1" 200 61276 "-" "Mozilla/5.0 AppleWebKit/537.36 (KHTML, like Gecko; compatible; GPTBot/1.2; +https://openai.com/gptbot)"
20.171.207.161 - - [17/Jun/2025:21:04:15 +0800] "GET /sitepages/topic/2?path=%2F%2Fproc%2Firq%2F52 HTTP/1.1" 200 61499 "-" "Mozilla/5.0 AppleWebKit/537.36 (KHTML, like Gecko; compatible; GPTBot/1.2; +https://openai.com/gptbot)"
20.171.207.119 - - [17/Jun/2025:21:04:17 +0800] "GET /?path=%2F%2Fopt%2Falt%2Falt-nodejs6%2Froot%2Fusr%2Fshare%2Flocale%2Fmdr HTTP/1.1" 200 87323 "-" "Mozilla/5.0 AppleWebKit/537.36 (KHTML, like Gecko; compatible; GPTBot/1.2; +https://openai.com/gptbot)"
20.171.207.161 - - [17/Jun/2025:21:04:22 +0800] "GET /sitepages/topic/2?path=%2F%2Fproc%2Firq%2F39 HTTP/1.1" 200 61491 "-" "Mozilla/5.0 AppleWebKit/537.36 (KHTML, like Gecko; compatible; GPTBot/1.2; +https://openai.com/gptbot)"
66.249.79.167 - - [17/Jun/2025:21:04:24 +0800] "GET /?shopdetail/13633943 HTTP/1.1" 200 91198 "-" "Mozilla/5.0 (compatible; Googlebot/2.1; +http://www.google.com/bot.html)"
20.171.207.119 - - [17/Jun/2025:21:04:26 +0800] "GET /?path=%2F%2Fopt%2Falt%2Falt-nodejs9%2Froot%2Fusr%2Fshare%2Flocale%2Ffon HTTP/1.1" 200 87323 "-" "Mozilla/5.0 AppleWebKit/537.36 (KHTML, like Gecko; compatible; GPTBot/1.2; +https://openai.com/gptbot)"
20.171.207.161 - - [17/Jun/2025:21:04:28 +0800] "GET /sitepages/topic/2?path=%2F%2Fproc%2Firq%2F46 HTTP/1.1" 200 61499 "-" "Mozilla/5.0 AppleWebKit/537.36 (KHTML, like Gecko; compatible; GPTBot/1.2; +https://openai.com/gptbot)"
20.171.207.161 - - [17/Jun/2025:21:04:34 +0800] "GET /sitepages/topic/2?path=%2F%2Fproc%2Firq%2F58 HTTP/1.1" 200 61274 "-" "Mozilla/5.0 AppleWebKit/537.36 (KHTML, like Gecko; compatible; GPTBot/1.2; +https://openai.com/gptbot)"
66.249.79.165 - - [17/Jun/2025:21:04:34 +0800] "GET /?shopdetail/15203143 HTTP/1.1" 200 91197 "-" "Mozilla/5.0 (Linux; Android 6.0.1; Nexus 5X Build/MMB29P) AppleWebKit/537.36 (KHTML, like Gecko) Chrome/136.0.7103.113 Mobile Safari/537.36 (compatible; Googlebot/2.1; +http://www.google.com/bot.html)"
