20.171.207.161 - - [17/Jun/2025:22:29:10 +0800] "GET /sitepages/topic/2?path=%2F%2Fproc%2Fthread-self%2Ffd HTTP/1.1" 200 61567 "-" "Mozilla/5.0 AppleWebKit/537.36 (KHTML, like Gecko; compatible; GPTBot/1.2; +https://openai.com/gptbot)"
20.171.207.161 - - [17/Jun/2025:22:29:21 +0800] "GET /sitepages/topic/2?path=%2F%2Fproc%2Fthread-self%2Fns HTTP/1.1" 200 61949 "-" "Mozilla/5.0 AppleWebKit/537.36 (KHTML, like Gecko; compatible; GPTBot/1.2; +https://openai.com/gptbot)"
20.171.207.161 - - [17/Jun/2025:22:29:25 +0800] "GET /sitepages/topic/2?path=%2F%2Fproc%2Fsys%2Fdev%2Fparport%2Fdefault HTTP/1.1" 200 59784 "-" "Mozilla/5.0 AppleWebKit/537.36 (KHTML, like Gecko; compatible; GPTBot/1.2; +https://openai.com/gptbot)"
114.119.151.81 - - [17/Jun/2025:22:29:27 +0800] "GET /services/topic/111?path=/home/zuuttrav/public_html/core/vendor/torann HTTP/1.1" 200 66197 "https://zuuttravel.com/services/topic/111?path=/home/zuuttrav/public_html/core/vendor" "Mozilla/5.0 (Linux; Android 7.0;) AppleWebKit/537.36 (KHTML, like Gecko) Mobile Safari/537.36 (compatible; PetalBot;+https://webmaster.petalsearch.com/site/petalbot)"
20.171.207.161 - - [17/Jun/2025:22:29:37 +0800] "GET /sitepages/topic/2?path=%2F%2Fproc%2Fthread-self%2Froot%2Flib64 HTTP/1.1" 200 546619 "-" "Mozilla/5.0 AppleWebKit/537.36 (KHTML, like Gecko; compatible; GPTBot/1.2; +https://openai.com/gptbot)"
20.171.207.161 - - [17/Jun/2025:22:29:39 +0800] "GET /sitepages/topic/2?action=edit&file=xcb_xf86dri_open_connection_reply.3.gz&path=%2F%2Fusr%2Fshare%2Fman%2Fman3 HTTP/1.1" 200 58992 "-" "Mozilla/5.0 AppleWebKit/537.36 (KHTML, like Gecko; compatible; GPTBot/1.2; +https://openai.com/gptbot)"
20.171.207.161 - - [17/Jun/2025:22:29:46 +0800] "GET /sitepages/topic/2?path=%2F%2Fproc%2Fthread-self%2Fnet%2Fdev_snmp6 HTTP/1.1" 200 59735 "-" "Mozilla/5.0 AppleWebKit/537.36 (KHTML, like Gecko; compatible; GPTBot/1.2; +https://openai.com/gptbot)"
20.171.207.161 - - [17/Jun/2025:22:29:57 +0800] "GET /sitepages/topic/2?action=edit&file=if_inet6&path=%2F%2Fproc%2Fthread-self%2Fnet HTTP/1.1" 200 58790 "-" "Mozilla/5.0 AppleWebKit/537.36 (KHTML, like Gecko; compatible; GPTBot/1.2; +https://openai.com/gptbot)"
20.171.207.161 - - [17/Jun/2025:22:30:02 +0800] "GET /sitepages/topic/2?path=%2F%2Fproc%2Fthread-self%2Fcwd%2F.well-known HTTP/1.1" 200 60007 "-" "Mozilla/5.0 AppleWebKit/537.36 (KHTML, like Gecko; compatible; GPTBot/1.2; +https://openai.com/gptbot)"
20.171.207.119 - - [17/Jun/2025:22:30:07 +0800] "GET /?action=edit&file=compare&path=%2F%2Fopt%2Falt%2Falt-ImageMagick%2Fusr%2Fbin HTTP/1.1" 200 21757763 "-" "Mozilla/5.0 AppleWebKit/537.36 (KHTML, like Gecko; compatible; GPTBot/1.2; +https://openai.com/gptbot)"
20.171.207.161 - - [17/Jun/2025:22:30:08 +0800] "GET /sitepages/topic/2?action=edit&file=tuned-main.conf.5.gz&path=%2F%2Fusr%2Fshare%2Fman%2Fman5 HTTP/1.1" 200 61847 "-" "Mozilla/5.0 AppleWebKit/537.36 (KHTML, like Gecko; compatible; GPTBot/1.2; +https://openai.com/gptbot)"
20.171.207.161 - - [17/Jun/2025:22:30:19 +0800] "GET /sitepages/topic/2?action=edit&file=lapacke_slartgp_work.c.3.gz&path=%2F%2Fusr%2Fshare%2Fman%2Fman3 HTTP/1.1" 200 59494 "-" "Mozilla/5.0 AppleWebKit/537.36 (KHTML, like Gecko; compatible; GPTBot/1.2; +https://openai.com/gptbot)"
20.171.207.161 - - [17/Jun/2025:22:30:24 +0800] "GET /sitepages/topic/2?action=edit&file=lapacke_ztpttr_work.c.3.gz&path=%2F%2Fusr%2Fshare%2Fman%2Fman3 HTTP/1.1" 200 59530 "-" "Mozilla/5.0 AppleWebKit/537.36 (KHTML, like Gecko; compatible; GPTBot/1.2; +https://openai.com/gptbot)"
20.171.207.161 - - [17/Jun/2025:22:30:35 +0800] "GET /sitepages/topic/2?action=edit&file=lapacke_sgg_nancheck.c.3.gz&path=%2F%2Fusr%2Fshare%2Fman%2Fman3 HTTP/1.1" 200 59489 "-" "Mozilla/5.0 AppleWebKit/537.36 (KHTML, like Gecko; compatible; GPTBot/1.2; +https://openai.com/gptbot)"
20.171.207.161 - - [17/Jun/2025:22:30:39 +0800] "GET /sitepages/topic/2?action=edit&file=xcb_get_image_data_end.3.gz&path=%2F%2Fusr%2Fshare%2Fman%2Fman3 HTTP/1.1" 200 58889 "-" "Mozilla/5.0 AppleWebKit/537.36 (KHTML, like Gecko; compatible; GPTBot/1.2; +https://openai.com/gptbot)"
66.249.79.167 - - [17/Jun/2025:22:30:40 +0800] "GET /?shopdetail/10467332 HTTP/1.1" 200 91190 "-" "Mozilla/5.0 (Linux; Android 6.0.1; Nexus 5X Build/MMB29P) AppleWebKit/537.36 (KHTML, like Gecko) Chrome/136.0.7103.113 Mobile Safari/537.36 (compatible; Googlebot/2.1; +http://www.google.com/bot.html)"
20.171.207.161 - - [17/Jun/2025:22:30:45 +0800] "GET /sitepages/topic/2?action=edit&file=net&path=%2F%2Fproc%2Fthread-self%2Fns HTTP/1.1" 200 58641 "-" "Mozilla/5.0 AppleWebKit/537.36 (KHTML, like Gecko; compatible; GPTBot/1.2; +https://openai.com/gptbot)"
139.0.108.202 - - [17/Jun/2025:22:30:54 +0800] "GET /robots.txt HTTP/1.1" 200 1112 "https://l.facebook.com/" "Mozilla/5.0 (Windows NT 10.0; Win64; x64) AppleWebKit/537.36 (KHTML, like Gecko) Chrome/137.0.0.0 Safari/537.36"
139.0.108.202 - - [17/Jun/2025:22:30:54 +0800] "GET /favicon.ico HTTP/1.1" 200 0 "https://zuuttravel.com/robots.txt" "Mozilla/5.0 (Windows NT 10.0; Win64; x64) AppleWebKit/537.36 (KHTML, like Gecko) Chrome/137.0.0.0 Safari/537.36"
139.0.108.202 - - [17/Jun/2025:22:30:55 +0800] "GET /.well-known/security.txt HTTP/1.1" 200 8002 "https://zuuttravel.com/robots.txt" "Mozilla/5.0 (Windows NT 10.0; Win64; x64) AppleWebKit/537.36 (KHTML, like Gecko) Chrome/137.0.0.0 Safari/537.36"
139.0.108.202 - - [17/Jun/2025:22:30:55 +0800] "GET /.git/config HTTP/1.1" 403 8002 "https://zuuttravel.com/robots.txt" "Mozilla/5.0 (Windows NT 10.0; Win64; x64) AppleWebKit/537.36 (KHTML, like Gecko) Chrome/137.0.0.0 Safari/537.36"
139.0.108.202 - - [17/Jun/2025:22:30:56 +0800] "GET /security.txt HTTP/1.1" 200 8002 "https://zuuttravel.com/robots.txt" "Mozilla/5.0 (Windows NT 10.0; Win64; x64) AppleWebKit/537.36 (KHTML, like Gecko) Chrome/137.0.0.0 Safari/537.36"
20.171.207.161 - - [17/Jun/2025:22:30:56 +0800] "GET /sitepages/topic/2?action=edit&file=git-sparse-checkout.1.gz&path=%2F%2Fusr%2Fshare%2Fman%2Fman1 HTTP/1.1" 200 73275 "-" "Mozilla/5.0 AppleWebKit/537.36 (KHTML, like Gecko; compatible; GPTBot/1.2; +https://openai.com/gptbot)"
20.171.207.119 - - [17/Jun/2025:22:30:57 +0800] "GET /?action=edit&file=display&path=%2F%2Fopt%2Falt%2Falt-ImageMagick%2Fusr%2Fbin HTTP/1.1" 200 12386115 "-" "Mozilla/5.0 AppleWebKit/537.36 (KHTML, like Gecko; compatible; GPTBot/1.2; +https://openai.com/gptbot)"
66.220.149.7 - - [17/Jun/2025:22:30:58 +0800] "GET /robots.txt HTTP/1.1" 206 1112 "-" "facebookexternalhit/1.1 (+http://www.facebook.com/externalhit_uatext.php)"
139.0.108.202 - - [17/Jun/2025:22:31:00 +0800] "GET /.git/HEAD HTTP/1.1" 403 8002 "https://zuuttravel.com/robots.txt" "Mozilla/5.0 (Windows NT 10.0; Win64; x64) AppleWebKit/537.36 (KHTML, like Gecko) Chrome/137.0.0.0 Safari/537.36"
66.220.149.113 - - [17/Jun/2025:22:31:04 +0800] "GET /robots.txt HTTP/1.1" 200 1112 "-" "facebookexternalhit/1.1 (+http://www.facebook.com/externalhit_uatext.php)"
20.171.207.161 - - [17/Jun/2025:22:31:08 +0800] "GET /sitepages/topic/2?action=edit&file=libdnf.so.2&path=%2F%2Fproc%2Fthread-self%2Froot%2Flib64 HTTP/1.1" 200 3212034 "-" "Mozilla/5.0 AppleWebKit/537.36 (KHTML, like Gecko; compatible; GPTBot/1.2; +https://openai.com/gptbot)"
139.0.108.202 - - [17/Jun/2025:22:31:14 +0800] "GET /?sitemap792.xml HTTP/1.1" 200 0 "-" "Mozilla/5.0 (Windows NT 10.0; Win64; x64) AppleWebKit/537.36 (KHTML, like Gecko) Chrome/137.0.0.0 Safari/537.36"
20.171.207.161 - - [17/Jun/2025:22:31:21 +0800] "GET /sitepages/topic/2?action=edit&file=libfreetype.so.6.16.1&path=%2F%2Fproc%2Fthread-self%2Froot%2Flib64 HTTP/1.1" 200 1332085 "-" "Mozilla/5.0 AppleWebKit/537.36 (KHTML, like Gecko; compatible; GPTBot/1.2; +https://openai.com/gptbot)"
114.119.157.103 - - [17/Jun/2025:22:31:24 +0800] "GET /services/topic/111?path=/home/zuuttrav/public_html/core/vendor/theseer HTTP/1.1" 200 66215 "https://zuuttravel.com/services/topic/111?path=/home/zuuttrav/public_html/core/vendor" "Mozilla/5.0 (Linux; Android 7.0;) AppleWebKit/537.36 (KHTML, like Gecko) Mobile Safari/537.36 (compatible; PetalBot;+https://webmaster.petalsearch.com/site/petalbot)"
20.171.207.161 - - [17/Jun/2025:22:31:24 +0800] "GET /sitepages/topic/2?action=edit&file=libtiffxx.so&path=%2F%2Fproc%2Fthread-self%2Froot%2Flib64 HTTP/1.1" 200 74537 "-" "Mozilla/5.0 AppleWebKit/537.36 (KHTML, like Gecko; compatible; GPTBot/1.2; +https://openai.com/gptbot)"
20.171.207.161 - - [17/Jun/2025:22:31:32 +0800] "GET /sitepages/topic/2?path=%2F%2Fproc%2Fthread-self%2Froot%2Flib64%2Fpython3.6 HTTP/1.1" 200 124059 "-" "Mozilla/5.0 AppleWebKit/537.36 (KHTML, like Gecko; compatible; GPTBot/1.2; +https://openai.com/gptbot)"
20.171.207.119 - - [17/Jun/2025:22:31:37 +0800] "GET /?action=edit&file=aomdec&path=%2F%2Fopt%2Falt%2Falt-ImageMagick%2Fusr%2Fbin HTTP/1.1" 200 9952725 "-" "Mozilla/5.0 AppleWebKit/537.36 (KHTML, like Gecko; compatible; GPTBot/1.2; +https://openai.com/gptbot)"
20.171.207.161 - - [17/Jun/2025:22:31:42 +0800] "GET /sitepages/topic/2?action=edit&file=libcurl.so&path=%2F%2Fproc%2Fthread-self%2Froot%2Flib64 HTTP/1.1" 200 995882 "-" "Mozilla/5.0 AppleWebKit/537.36 (KHTML, like Gecko; compatible; GPTBot/1.2; +https://openai.com/gptbot)"
20.171.207.161 - - [17/Jun/2025:22:31:52 +0800] "GET /sitepages/topic/2?action=edit&file=libodbcinst.so.2.0.0&path=%2F%2Fproc%2Fthread-self%2Froot%2Flib64 HTTP/1.1" 200 227017 "-" "Mozilla/5.0 AppleWebKit/537.36 (KHTML, like Gecko; compatible; GPTBot/1.2; +https://openai.com/gptbot)"
20.171.207.161 - - [17/Jun/2025:22:31:56 +0800] "GET /sitepages/topic/2?action=edit&file=libpcre2-32.so.0.7.1&path=%2F%2Fproc%2Fthread-self%2Froot%2Flib64 HTTP/1.1" 200 828648 "-" "Mozilla/5.0 AppleWebKit/537.36 (KHTML, like Gecko; compatible; GPTBot/1.2; +https://openai.com/gptbot)"
20.171.207.161 - - [17/Jun/2025:22:32:02 +0800] "GET /sitepages/topic/2?action=edit&file=libnl-cli-3.so.200.26.0&path=%2F%2Fproc%2Fthread-self%2Froot%2Flib64 HTTP/1.1" 200 123336 "-" "Mozilla/5.0 AppleWebKit/537.36 (KHTML, like Gecko; compatible; GPTBot/1.2; +https://openai.com/gptbot)"
66.249.79.165 - - [17/Jun/2025:22:32:03 +0800] "GET /?shopdetail/24567565 HTTP/1.1" 200 91182 "-" "Mozilla/5.0 (compatible; Googlebot/2.1; +http://www.google.com/bot.html)"
20.171.207.161 - - [17/Jun/2025:22:32:08 +0800] "GET /sitepages/topic/2?action=edit&file=liblcms2.so.2.0.8&path=%2F%2Fproc%2Fthread-self%2Froot%2Flib64 HTTP/1.1" 200 660100 "-" "Mozilla/5.0 AppleWebKit/537.36 (KHTML, like Gecko; compatible; GPTBot/1.2; +https://openai.com/gptbot)"
20.171.207.161 - - [17/Jun/2025:22:32:16 +0800] "GET /sitepages/topic/2?action=edit&file=libpython2.7.so.1.0&path=%2F%2Fproc%2Fthread-self%2Froot%2Flib64 HTTP/1.1" 200 2807866 "-" "Mozilla/5.0 AppleWebKit/537.36 (KHTML, like Gecko; compatible; GPTBot/1.2; +https://openai.com/gptbot)"
20.171.207.161 - - [17/Jun/2025:22:32:19 +0800] "GET /sitepages/topic/2?action=edit&file=libpam.so.0&path=%2F%2Fproc%2Fthread-self%2Froot%2Flib64 HTTP/1.1" 200 154436 "-" "Mozilla/5.0 AppleWebKit/537.36 (KHTML, like Gecko; compatible; GPTBot/1.2; +https://openai.com/gptbot)"
20.171.207.161 - - [17/Jun/2025:22:32:29 +0800] "GET /sitepages/topic/2?path=%2F%2Fproc%2Fthread-self%2Fcwd%2F.well-known%2Fpki-validation HTTP/1.1" 200 59961 "-" "Mozilla/5.0 AppleWebKit/537.36 (KHTML, like Gecko; compatible; GPTBot/1.2; +https://openai.com/gptbot)"
20.171.207.161 - - [17/Jun/2025:22:32:31 +0800] "GET /sitepages/topic/2?path=%2F%2Fproc%2Fthread-self%2Fcwd%2F.well-known%2Facme-challenge HTTP/1.1" 200 59967 "-" "Mozilla/5.0 AppleWebKit/537.36 (KHTML, like Gecko; compatible; GPTBot/1.2; +https://openai.com/gptbot)"
20.171.207.161 - - [17/Jun/2025:22:32:43 +0800] "GET /sitepages/topic/2?path=%2F%2Fproc%2Fthread-self%2Froot%2Flib64%2Flibboost-plesk-1.82 HTTP/1.1" 200 62097 "-" "Mozilla/5.0 AppleWebKit/537.36 (KHTML, like Gecko; compatible; GPTBot/1.2; +https://openai.com/gptbot)"
20.171.207.161 - - [17/Jun/2025:22:32:45 +0800] "GET /sitepages/topic/2?action=edit&file=filecmp.py&path=%2F%2Fproc%2Fthread-self%2Froot%2Flib64%2Fpython3.6 HTTP/1.1" 200 69208 "-" "Mozilla/5.0 AppleWebKit/537.36 (KHTML, like Gecko; compatible; GPTBot/1.2; +https://openai.com/gptbot)"
66.249.79.165 - - [17/Jun/2025:22:32:49 +0800] "GET /?shopdetail/17841732 HTTP/1.1" 200 91197 "-" "Mozilla/5.0 (Linux; Android 6.0.1; Nexus 5X Build/MMB29P) AppleWebKit/537.36 (KHTML, like Gecko) Chrome/136.0.7103.113 Mobile Safari/537.36 (compatible; Googlebot/2.1; +http://www.google.com/bot.html)"
20.171.207.161 - - [17/Jun/2025:22:32:52 +0800] "GET /sitepages/topic/2?action=edit&file=libodbcinst.so.2.0.0&path=%2F%2Fproc%2Fthread-self%2Froot%2Flib64 HTTP/1.1" 200 227001 "-" "Mozilla/5.0 AppleWebKit/537.36 (KHTML, like Gecko; compatible; GPTBot/1.2; +https://openai.com/gptbot)"
20.171.207.119 - - [17/Jun/2025:22:32:58 +0800] "GET /?action=edit&file=convert&path=%2F%2Fopt%2Falt%2Falt-ImageMagick%2Fusr%2Fbin HTTP/1.1" 200 16301891 "-" "Mozilla/5.0 AppleWebKit/537.36 (KHTML, like Gecko; compatible; GPTBot/1.2; +https://openai.com/gptbot)"
20.171.207.161 - - [17/Jun/2025:22:32:59 +0800] "GET /sitepages/topic/2?path=%2F%2Fproc%2Fthread-self%2Froot%2Flib64%2Fpython3.6%2F__pycache__ HTTP/1.1" 200 253025 "-" "Mozilla/5.0 AppleWebKit/537.36 (KHTML, like Gecko; compatible; GPTBot/1.2; +https://openai.com/gptbot)"
20.171.207.161 - - [17/Jun/2025:22:33:03 +0800] "GET /sitepages/topic/2?path=%2F%2Fproc%2Fthread-self%2Froot%2Flib64%2Fpython3.6%2Flib-dynload HTTP/1.1" 200 83436 "-" "Mozilla/5.0 AppleWebKit/537.36 (KHTML, like Gecko; compatible; GPTBot/1.2; +https://openai.com/gptbot)"
114.119.158.203 - - [17/Jun/2025:22:33:05 +0800] "GET /services/topic/111?path=/home/zuuttrav/public_html/core/vendor/symfony HTTP/1.1" 200 74321 "https://zuuttravel.com/services/topic/111?path=/home/zuuttrav/public_html/core/vendor" "Mozilla/5.0 (Linux; Android 7.0;) AppleWebKit/537.36 (KHTML, like Gecko) Mobile Safari/537.36 (compatible; PetalBot;+https://webmaster.petalsearch.com/site/petalbot)"
20.171.207.161 - - [17/Jun/2025:22:33:12 +0800] "GET /sitepages/topic/2?path=%2F%2Fproc%2Fthread-self%2Froot%2Flib64%2Fpython3.6%2Fconfig-3.6m-x86_64-linux-gnu HTTP/1.1" 200 63539 "-" "Mozilla/5.0 AppleWebKit/537.36 (KHTML, like Gecko; compatible; GPTBot/1.2; +https://openai.com/gptbot)"
66.249.79.165 - - [17/Jun/2025:22:33:14 +0800] "GET /?shopdetail/15892898 HTTP/1.1" 200 91197 "-" "Mozilla/5.0 (Linux; Android 6.0.1; Nexus 5X Build/MMB29P) AppleWebKit/537.36 (KHTML, like Gecko) Chrome/136.0.7103.113 Mobile Safari/537.36 (compatible; Googlebot/2.1; +http://www.google.com/bot.html)"
20.171.207.161 - - [17/Jun/2025:22:33:19 +0800] "GET /sitepages/topic/2?path=%2F%2Fproc%2Fthread-self%2Froot%2Flib64%2Fpython3.6%2Fsite-packages HTTP/1.1" 200 82803 "-" "Mozilla/5.0 AppleWebKit/537.36 (KHTML, like Gecko; compatible; GPTBot/1.2; +https://openai.com/gptbot)"
66.249.79.165 - - [17/Jun/2025:22:33:24 +0800] "GET /?shopdetail/21136187 HTTP/1.1" 200 91190 "-" "Mozilla/5.0 (Linux; Android 6.0.1; Nexus 5X Build/MMB29P) AppleWebKit/537.36 (KHTML, like Gecko) Chrome/136.0.7103.113 Mobile Safari/537.36 (compatible; Googlebot/2.1; +http://www.google.com/bot.html)"
20.171.207.161 - - [17/Jun/2025:22:33:26 +0800] "GET /sitepages/topic/2?path=%2F%2Fproc%2Fthread-self%2Froot%2Flib64%2Frpm-plugins HTTP/1.1" 200 59960 "-" "Mozilla/5.0 AppleWebKit/537.36 (KHTML, like Gecko; compatible; GPTBot/1.2; +https://openai.com/gptbot)"
20.171.207.161 - - [17/Jun/2025:22:33:28 +0800] "GET /sitepages/topic/2?path=%2F%2Fproc%2Fthread-self%2Froot%2Flib64%2Fengines-1.1 HTTP/1.1" 200 60956 "-" "Mozilla/5.0 AppleWebKit/537.36 (KHTML, like Gecko; compatible; GPTBot/1.2; +https://openai.com/gptbot)"
20.171.207.161 - - [17/Jun/2025:22:33:35 +0800] "GET /sitepages/topic/2?path=%2F%2Fproc%2Fthread-self%2Froot%2Flib64%2Fgirepository-1.0 HTTP/1.1" 200 72094 "-" "Mozilla/5.0 AppleWebKit/537.36 (KHTML, like Gecko; compatible; GPTBot/1.2; +https://openai.com/gptbot)"
20.171.207.119 - - [17/Jun/2025:22:33:36 +0800] "GET /?action=edit&file=animate&path=%2F%2Fopt%2Falt%2Falt-ImageMagick%2Fusr%2Fbin HTTP/1.1" 200 23057676 "-" "Mozilla/5.0 AppleWebKit/537.36 (KHTML, like Gecko; compatible; GPTBot/1.2; +https://openai.com/gptbot)"
66.249.79.165 - - [17/Jun/2025:22:33:39 +0800] "GET /?shopdetail/19769132 HTTP/1.1" 200 91190 "-" "Mozilla/5.0 (Linux; Android 6.0.1; Nexus 5X Build/MMB29P) AppleWebKit/537.36 (KHTML, like Gecko) Chrome/136.0.7103.113 Mobile Safari/537.36 (compatible; Googlebot/2.1; +http://www.google.com/bot.html)"
20.171.207.161 - - [17/Jun/2025:22:33:46 +0800] "GET /sitepages/topic/2?path=%2F%2Fproc%2Fthread-self%2Froot%2Flib64%2Fpython3.6%2Fpydoc_data HTTP/1.1" 200 60752 "-" "Mozilla/5.0 AppleWebKit/537.36 (KHTML, like Gecko; compatible; GPTBot/1.2; +https://openai.com/gptbot)"
20.171.207.161 - - [17/Jun/2025:22:33:54 +0800] "GET /sitepages/topic/2?path=%2F%2Fproc%2Fthread-self%2Froot%2Flib64%2Fbind9-export HTTP/1.1" 200 63585 "-" "Mozilla/5.0 AppleWebKit/537.36 (KHTML, like Gecko; compatible; GPTBot/1.2; +https://openai.com/gptbot)"
20.171.207.161 - - [17/Jun/2025:22:33:55 +0800] "GET /sitepages/topic/2?action=edit&file=filecmp.py&path=%2F%2Fproc%2Fthread-self%2Froot%2Flib64%2Fpython3.6 HTTP/1.1" 200 69199 "-" "Mozilla/5.0 AppleWebKit/537.36 (KHTML, like Gecko; compatible; GPTBot/1.2; +https://openai.com/gptbot)"
20.171.207.161 - - [17/Jun/2025:22:34:02 +0800] "GET /sitepages/topic/2?path=%2F%2Fproc%2Fthread-self%2Froot%2Flib64%2Fpython3.6%2Furllib HTTP/1.1" 200 61737 "-" "Mozilla/5.0 AppleWebKit/537.36 (KHTML, like Gecko; compatible; GPTBot/1.2; +https://openai.com/gptbot)"
66.249.79.166 - - [17/Jun/2025:22:34:09 +0800] "GET /?shopdetail/30560898 HTTP/1.1" 200 91197 "-" "Mozilla/5.0 (compatible; Googlebot/2.1; +http://www.google.com/bot.html)"
20.171.207.161 - - [17/Jun/2025:22:34:13 +0800] "GET /sitepages/topic/2?path=%2F%2Fproc%2Fthread-self%2Froot%2Flib64%2Fpython3.6%2Fcurses HTTP/1.1" 200 61393 "-" "Mozilla/5.0 AppleWebKit/537.36 (KHTML, like Gecko; compatible; GPTBot/1.2; +https://openai.com/gptbot)"
20.171.207.161 - - [17/Jun/2025:22:34:20 +0800] "GET /sitepages/topic/2?path=%2F%2Fproc%2Fthread-self%2Froot%2Flib64%2Fpython3.9 HTTP/1.1" 200 126289 "-" "Mozilla/5.0 AppleWebKit/537.36 (KHTML, like Gecko; compatible; GPTBot/1.2; +https://openai.com/gptbot)"
20.171.207.161 - - [17/Jun/2025:22:34:21 +0800] "GET /sitepages/topic/2?path=%2F%2Fproc%2Fthread-self%2Froot%2Flib64%2Fpython3.6%2Fconfig-3.6m-x86_64-linux-gnu HTTP/1.1" 200 63523 "-" "Mozilla/5.0 AppleWebKit/537.36 (KHTML, like Gecko; compatible; GPTBot/1.2; +https://openai.com/gptbot)"
20.171.207.161 - - [17/Jun/2025:22:34:28 +0800] "GET /sitepages/topic/2?action=edit&file=nntplib.cpython-36.opt-2.pyc&path=%2F%2Fproc%2Fthread-self%2Froot%2Flib64%2Fpython3.6%2F__pycache__ HTTP/1.1" 200 82704 "-" "Mozilla/5.0 AppleWebKit/537.36 (KHTML, like Gecko; compatible; GPTBot/1.2; +https://openai.com/gptbot)"
20.171.207.161 - - [17/Jun/2025:22:34:39 +0800] "GET /sitepages/topic/2?action=edit&file=bz2.cpython-36.opt-2.pyc&path=%2F%2Fproc%2Fthread-self%2Froot%2Flib64%2Fpython3.6%2F__pycache__ HTTP/1.1" 200 65893 "-" "Mozilla/5.0 AppleWebKit/537.36 (KHTML, like Gecko; compatible; GPTBot/1.2; +https://openai.com/gptbot)"
20.171.207.161 - - [17/Jun/2025:22:34:46 +0800] "GET /sitepages/topic/2?path=%2F%2Fproc%2Fthread-self%2Froot%2Flib64%2Fpython3.6%2Fsite-packages%2F__pycache__ HTTP/1.1" 200 65996 "-" "Mozilla/5.0 AppleWebKit/537.36 (KHTML, like Gecko; compatible; GPTBot/1.2; +https://openai.com/gptbot)"
20.171.207.161 - - [17/Jun/2025:22:34:53 +0800] "GET /sitepages/topic/2?path=%2F%2Fproc%2Fthread-self%2Froot%2Flib64%2Fpython3.6%2Fconfig-3.6m-x86_64-linux-gnu%2F__pycache__ HTTP/1.1" 200 61074 "-" "Mozilla/5.0 AppleWebKit/537.36 (KHTML, like Gecko; compatible; GPTBot/1.2; +https://openai.com/gptbot)"
20.171.207.161 - - [17/Jun/2025:22:34:55 +0800] "GET /sitepages/topic/2?path=%2F%2Fproc%2Fthread-self%2Froot%2Flib64%2Flksctp-tools HTTP/1.1" 200 59990 "-" "Mozilla/5.0 AppleWebKit/537.36 (KHTML, like Gecko; compatible; GPTBot/1.2; +https://openai.com/gptbot)"
66.249.79.165 - - [17/Jun/2025:22:34:56 +0800] "GET /?shopdetail/3305009 HTTP/1.1" 200 91189 "-" "Mozilla/5.0 (Linux; Android 6.0.1; Nexus 5X Build/MMB29P) AppleWebKit/537.36 (KHTML, like Gecko) Chrome/136.0.7103.113 Mobile Safari/537.36 (compatible; Googlebot/2.1; +http://www.google.com/bot.html)"
20.171.207.119 - - [17/Jun/2025:22:34:56 +0800] "GET /?action=edit&file=magick-script&path=%2F%2Fopt%2Falt%2Falt-ImageMagick%2Fusr%2Fbin HTTP/1.1" 200 20283203 "-" "Mozilla/5.0 AppleWebKit/537.36 (KHTML, like Gecko; compatible; GPTBot/1.2; +https://openai.com/gptbot)"
20.171.207.161 - - [17/Jun/2025:22:35:03 +0800] "GET /sitepages/topic/2?action=edit&file=Rsvg-2.0.typelib&path=%2F%2Fproc%2Fthread-self%2Froot%2Flib64%2Fgirepository-1.0 HTTP/1.1" 200 64245 "-" "Mozilla/5.0 AppleWebKit/537.36 (KHTML, like Gecko; compatible; GPTBot/1.2; +https://openai.com/gptbot)"
20.171.207.161 - - [17/Jun/2025:22:35:08 +0800] "GET /sitepages/topic/2?path=%2F%2Fproc%2Fthread-self%2Froot%2Flib64%2Fpython3.6%2Fpydoc_data%2F__pycache__ HTTP/1.1" 200 61985 "-" "Mozilla/5.0 AppleWebKit/537.36 (KHTML, like Gecko; compatible; GPTBot/1.2; +https://openai.com/gptbot)"
114.119.133.103 - - [17/Jun/2025:22:35:10 +0800] "GET /services/topic/111?path=/home/zuuttrav/public_html/core/vendor/ramsey HTTP/1.1" 200 66493 "https://zuuttravel.com/services/topic/111?path=/home/zuuttrav/public_html/core/vendor" "Mozilla/5.0 (Linux; Android 7.0;) AppleWebKit/537.36 (KHTML, like Gecko) Mobile Safari/537.36 (compatible; PetalBot;+https://webmaster.petalsearch.com/site/petalbot)"
66.249.79.166 - - [17/Jun/2025:22:35:11 +0800] "GET /?shopdetail/20216109 HTTP/1.1" 200 91197 "-" "Mozilla/5.0 (Linux; Android 6.0.1; Nexus 5X Build/MMB29P) AppleWebKit/537.36 (KHTML, like Gecko) Chrome/136.0.7103.113 Mobile Safari/537.36 (compatible; Googlebot/2.1; +http://www.google.com/bot.html)"
20.171.207.161 - - [17/Jun/2025:22:35:19 +0800] "GET /sitepages/topic/2?path=%2F%2Fproc%2Fthread-self%2Froot%2Flib64%2Faspell-0.60 HTTP/1.1" 200 86179 "-" "Mozilla/5.0 AppleWebKit/537.36 (KHTML, like Gecko; compatible; GPTBot/1.2; +https://openai.com/gptbot)"
20.171.207.161 - - [17/Jun/2025:22:35:21 +0800] "GET /sitepages/topic/2?path=%2F%2Fproc%2Fthread-self%2Froot%2Flib64%2Fpython3.6%2Furllib%2F__pycache__ HTTP/1.1" 200 66577 "-" "Mozilla/5.0 AppleWebKit/537.36 (KHTML, like Gecko; compatible; GPTBot/1.2; +https://openai.com/gptbot)"
20.171.207.119 - - [17/Jun/2025:22:35:24 +0800] "GET /?action=edit&file=tests&path=%2F%2Fopt%2Falt%2Falt-ImageMagick%2Fusr%2Fbin HTTP/1.1" 200 101647 "-" "Mozilla/5.0 AppleWebKit/537.36 (KHTML, like Gecko; compatible; GPTBot/1.2; +https://openai.com/gptbot)"
20.171.207.161 - - [17/Jun/2025:22:35:27 +0800] "GET /sitepages/topic/2?path=%2F%2Fproc%2Fthread-self%2Froot%2Flib64%2Fpython3.6%2Fcurses%2F__pycache__ HTTP/1.1" 200 65388 "-" "Mozilla/5.0 AppleWebKit/537.36 (KHTML, like Gecko; compatible; GPTBot/1.2; +https://openai.com/gptbot)"
20.171.207.161 - - [17/Jun/2025:22:35:39 +0800] "GET /sitepages/topic/2?action=edit&file=genericpath.py&path=%2F%2Fproc%2Fthread-self%2Froot%2Flib64%2Fpython3.9 HTTP/1.1" 200 64409 "-" "Mozilla/5.0 AppleWebKit/537.36 (KHTML, like Gecko; compatible; GPTBot/1.2; +https://openai.com/gptbot)"
20.171.207.161 - - [17/Jun/2025:22:35:41 +0800] "GET /sitepages/topic/2?path=%2F%2Fproc%2Fthread-self%2Froot%2Flib64%2Fpython3.9%2F__pycache__ HTTP/1.1" 200 257562 "-" "Mozilla/5.0 AppleWebKit/537.36 (KHTML, like Gecko; compatible; GPTBot/1.2; +https://openai.com/gptbot)"
20.171.207.161 - - [17/Jun/2025:22:35:48 +0800] "GET /sitepages/topic/2?path=%2F%2Fproc%2Fthread-self%2Froot%2Flib64%2Fpython3.9%2Flib-dynload HTTP/1.1" 200 85356 "-" "Mozilla/5.0 AppleWebKit/537.36 (KHTML, like Gecko; compatible; GPTBot/1.2; +https://openai.com/gptbot)"
20.171.207.161 - - [17/Jun/2025:22:35:54 +0800] "GET /sitepages/topic/2?path=%2F%2Fproc%2Fthread-self%2Froot%2Flib64%2Fpython3.9%2Fconfig-3.9-x86_64-linux-gnu HTTP/1.1" 200 59957 "-" "Mozilla/5.0 AppleWebKit/537.36 (KHTML, like Gecko; compatible; GPTBot/1.2; +https://openai.com/gptbot)"
20.171.207.161 - - [17/Jun/2025:22:36:00 +0800] "GET /sitepages/topic/2?path=%2F%2Fproc%2Fthread-self%2Froot%2Flib64%2Fpython3.9%2Fsite-packages HTTP/1.1" 200 60098 "-" "Mozilla/5.0 AppleWebKit/537.36 (KHTML, like Gecko; compatible; GPTBot/1.2; +https://openai.com/gptbot)"
20.171.207.161 - - [17/Jun/2025:22:36:04 +0800] "GET /sitepages/topic/2?path=%2F%2Fproc%2Fthread-self%2Froot%2Flib64%2Fpython3.9%2Fcurses HTTP/1.1" 200 61393 "-" "Mozilla/5.0 AppleWebKit/537.36 (KHTML, like Gecko; compatible; GPTBot/1.2; +https://openai.com/gptbot)"
20.171.207.161 - - [17/Jun/2025:22:36:09 +0800] "GET /sitepages/topic/2?path=%2F%2Fproc%2Fthread-self%2Froot%2Flib64%2Fpython3.9%2Fpydoc_data HTTP/1.1" 200 60762 "-" "Mozilla/5.0 AppleWebKit/537.36 (KHTML, like Gecko; compatible; GPTBot/1.2; +https://openai.com/gptbot)"
20.171.207.161 - - [17/Jun/2025:22:36:17 +0800] "GET /sitepages/topic/2?path=%2F%2Fproc%2Fthread-self%2Froot%2Flib64%2Fpython3.9%2Funittest HTTP/1.1" 200 64148 "-" "Mozilla/5.0 AppleWebKit/537.36 (KHTML, like Gecko; compatible; GPTBot/1.2; +https://openai.com/gptbot)"
20.171.207.161 - - [17/Jun/2025:22:36:19 +0800] "GET /sitepages/topic/2?path=%2F%2Fproc%2Fthread-self%2Froot%2Flib64%2Fpython3.9%2Furllib HTTP/1.1" 200 61745 "-" "Mozilla/5.0 AppleWebKit/537.36 (KHTML, like Gecko; compatible; GPTBot/1.2; +https://openai.com/gptbot)"
114.119.140.87 - - [17/Jun/2025:22:36:26 +0800] "GET /services/topic/111?path=/home/zuuttrav/public_html/core/vendor/nesbot HTTP/1.1" 200 66207 "https://zuuttravel.com/services/topic/111?path=/home/zuuttrav/public_html/core/vendor" "Mozilla/5.0 (Linux; Android 7.0;) AppleWebKit/537.36 (KHTML, like Gecko) Mobile Safari/537.36 (compatible; PetalBot;+https://webmaster.petalsearch.com/site/petalbot)"
20.171.207.119 - - [17/Jun/2025:22:36:27 +0800] "GET /?action=edit&file=acceleration_speed&path=%2F%2Fopt%2Falt%2Falt-ImageMagick%2Fusr%2Fbin HTTP/1.1" 200 287854 "-" "Mozilla/5.0 AppleWebKit/537.36 (KHTML, like Gecko; compatible; GPTBot/1.2; +https://openai.com/gptbot)"
20.171.207.161 - - [17/Jun/2025:22:36:31 +0800] "GET /sitepages/topic/2?action=edit&file=iso-8859-11.cset&path=%2F%2Fproc%2Fthread-self%2Froot%2Flib64%2Faspell-0.60 HTTP/1.1" 200 72643 "-" "Mozilla/5.0 AppleWebKit/537.36 (KHTML, like Gecko; compatible; GPTBot/1.2; +https://openai.com/gptbot)"
20.171.207.161 - - [17/Jun/2025:22:36:33 +0800] "GET /sitepages/topic/2?path=%2F%2Fproc%2Fthread-self%2Froot%2Flib64%2Fpython3.6%2Fxmlrpc HTTP/1.1" 200 60710 "-" "Mozilla/5.0 AppleWebKit/537.36 (KHTML, like Gecko; compatible; GPTBot/1.2; +https://openai.com/gptbot)"
20.171.207.161 - - [17/Jun/2025:22:36:40 +0800] "GET /sitepages/topic/2?path=%2F%2Fproc%2Fthread-self%2Froot%2Flib64%2Fpython3.9%2Fxmlrpc HTTP/1.1" 200 60710 "-" "Mozilla/5.0 AppleWebKit/537.36 (KHTML, like Gecko; compatible; GPTBot/1.2; +https://openai.com/gptbot)"
20.171.207.161 - - [17/Jun/2025:22:36:51 +0800] "GET /sitepages/topic/2?path=%2F%2Fproc%2Fthread-self%2Froot%2Flib64%2Fapr-util-1 HTTP/1.1" 200 60658 "-" "Mozilla/5.0 AppleWebKit/537.36 (KHTML, like Gecko; compatible; GPTBot/1.2; +https://openai.com/gptbot)"
20.171.207.161 - - [17/Jun/2025:22:36:53 +0800] "GET /sitepages/topic/2?action=edit&file=configparser.cpython-39.pyc&path=%2F%2Fproc%2Fthread-self%2Froot%2Flib64%2Fpython3.9%2F__pycache__ HTTP/1.1" 200 110596 "-" "Mozilla/5.0 AppleWebKit/537.36 (KHTML, like Gecko; compatible; GPTBot/1.2; +https://openai.com/gptbot)"
20.171.207.161 - - [17/Jun/2025:22:37:04 +0800] "GET /sitepages/topic/2?action=edit&file=mailcap.cpython-39.opt-2.pyc&path=%2F%2Fproc%2Fthread-self%2Froot%2Flib64%2Fpython3.9%2F__pycache__ HTTP/1.1" 200 65395 "-" "Mozilla/5.0 AppleWebKit/537.36 (KHTML, like Gecko; compatible; GPTBot/1.2; +https://openai.com/gptbot)"
20.171.207.161 - - [17/Jun/2025:22:37:06 +0800] "GET /sitepages/topic/2?action=edit&file=_bisect.cpython-39-x86_64-linux-gnu.so&path=%2F%2Fproc%2Fthread-self%2Froot%2Flib64%2Fpython3.9%2Flib-dynload HTTP/1.1" 200 79824 "-" "Mozilla/5.0 AppleWebKit/537.36 (KHTML, like Gecko; compatible; GPTBot/1.2; +https://openai.com/gptbot)"
66.249.79.165 - - [17/Jun/2025:22:37:14 +0800] "GET /?shopdetail/17120621 HTTP/1.1" 200 91190 "-" "Mozilla/5.0 (Linux; Android 6.0.1; Nexus 5X Build/MMB29P) AppleWebKit/537.36 (KHTML, like Gecko) Chrome/136.0.7103.113 Mobile Safari/537.36 (compatible; Googlebot/2.1; +http://www.google.com/bot.html)"
20.171.207.161 - - [17/Jun/2025:22:37:17 +0800] "GET /sitepages/topic/2?action=edit&file=abc.cpython-39.opt-2.pyc&path=%2F%2Fproc%2Fthread-self%2Froot%2Flib64%2Fpython3.9%2F__pycache__ HTTP/1.1" 200 62573 "-" "Mozilla/5.0 AppleWebKit/537.36 (KHTML, like Gecko; compatible; GPTBot/1.2; +https://openai.com/gptbot)"
20.171.207.161 - - [17/Jun/2025:22:37:24 +0800] "GET /sitepages/topic/2?action=edit&file=antigravity.cpython-39.opt-2.pyc&path=%2F%2Fproc%2Fthread-self%2Froot%2Flib64%2Fpython3.9%2F__pycache__ HTTP/1.1" 200 59873 "-" "Mozilla/5.0 AppleWebKit/537.36 (KHTML, like Gecko; compatible; GPTBot/1.2; +https://openai.com/gptbot)"
20.171.207.161 - - [17/Jun/2025:22:37:31 +0800] "GET /sitepages/topic/2?path=%2F%2Fproc%2Fthread-self%2Froot%2Flib64%2Fpython3.9%2Fcurses%2F__pycache__ HTTP/1.1" 200 65388 "-" "Mozilla/5.0 AppleWebKit/537.36 (KHTML, like Gecko; compatible; GPTBot/1.2; +https://openai.com/gptbot)"
66.249.79.165 - - [17/Jun/2025:22:37:33 +0800] "GET /?shopdetail/20587754 HTTP/1.1" 200 91198 "-" "Mozilla/5.0 (Linux; Android 6.0.1; Nexus 5X Build/MMB29P) AppleWebKit/537.36 (KHTML, like Gecko) Chrome/136.0.7103.113 Mobile Safari/537.36 (compatible; Googlebot/2.1; +http://www.google.com/bot.html)"
20.171.207.119 - - [17/Jun/2025:22:37:34 +0800] "GET /?action=edit&file=heif-thumbnailer&path=%2F%2Fopt%2Falt%2Falt-ImageMagick%2Fusr%2Fbin HTTP/1.1" 200 12279942 "-" "Mozilla/5.0 AppleWebKit/537.36 (KHTML, like Gecko; compatible; GPTBot/1.2; +https://openai.com/gptbot)"
20.171.207.161 - - [17/Jun/2025:22:37:37 +0800] "GET /sitepages/topic/2?path=%2F%2Fproc%2Fthread-self%2Froot%2Flib64%2Fpython3.9%2Fsite-packages%2F__pycache__ HTTP/1.1" 200 59661 "-" "Mozilla/5.0 AppleWebKit/537.36 (KHTML, like Gecko; compatible; GPTBot/1.2; +https://openai.com/gptbot)"
20.171.207.161 - - [17/Jun/2025:22:37:45 +0800] "GET /sitepages/topic/2?path=%2F%2Fproc%2Fthread-self%2Froot%2Flib64%2Fpython3.9%2Fpydoc_data%2F__pycache__ HTTP/1.1" 200 60812 "-" "Mozilla/5.0 AppleWebKit/537.36 (KHTML, like Gecko; compatible; GPTBot/1.2; +https://openai.com/gptbot)"
20.171.207.161 - - [17/Jun/2025:22:37:47 +0800] "GET /sitepages/topic/2?path=%2F%2Fproc%2Fthread-self%2Froot%2Flib64%2Fpython3.6%2Fxmlrpc%2F__pycache__ HTTP/1.1" 200 63082 "-" "Mozilla/5.0 AppleWebKit/537.36 (KHTML, like Gecko; compatible; GPTBot/1.2; +https://openai.com/gptbot)"
20.171.207.161 - - [17/Jun/2025:22:37:53 +0800] "GET /sitepages/topic/2?path=%2F%2Fproc%2Fthread-self%2Froot%2Flib64%2Fpython3.9%2Furllib%2F__pycache__ HTTP/1.1" 200 66582 "-" "Mozilla/5.0 AppleWebKit/537.36 (KHTML, like Gecko; compatible; GPTBot/1.2; +https://openai.com/gptbot)"
66.249.79.165 - - [17/Jun/2025:22:37:56 +0800] "GET /?shopdetail/5440321 HTTP/1.1" 200 91189 "-" "Mozilla/5.0 (compatible; Googlebot/2.1; +http://www.google.com/bot.html)"
20.171.207.161 - - [17/Jun/2025:22:37:59 +0800] "GET /sitepages/topic/2?path=%2F%2Fproc%2Fthread-self%2Froot%2Flib64%2Fpython3.9%2Fxmlrpc%2F__pycache__ HTTP/1.1" 200 63082 "-" "Mozilla/5.0 AppleWebKit/537.36 (KHTML, like Gecko; compatible; GPTBot/1.2; +https://openai.com/gptbot)"
20.171.207.161 - - [17/Jun/2025:22:38:10 +0800] "GET /sitepages/topic/2?path=%2F%2Fproc%2Fthread-self%2Froot%2Flib64%2Fpython3.9%2Funittest%2F__pycache__ HTTP/1.1" 200 74709 "-" "Mozilla/5.0 AppleWebKit/537.36 (KHTML, like Gecko; compatible; GPTBot/1.2; +https://openai.com/gptbot)"
20.171.207.161 - - [17/Jun/2025:22:38:12 +0800] "GET /sitepages/topic/2?path=%2F%2Fproc%2Fthread-self%2Froot%2Flib64%2Fpython3.9%2Fxml HTTP/1.1" 200 61078 "-" "Mozilla/5.0 AppleWebKit/537.36 (KHTML, like Gecko; compatible; GPTBot/1.2; +https://openai.com/gptbot)"
20.171.207.119 - - [17/Jun/2025:22:38:13 +0800] "GET /?action=edit&file=rd-curves&path=%2F%2Fopt%2Falt%2Falt-ImageMagick%2Fusr%2Fbin HTTP/1.1" 200 214328 "-" "Mozilla/5.0 AppleWebKit/537.36 (KHTML, like Gecko; compatible; GPTBot/1.2; +https://openai.com/gptbot)"
20.171.207.161 - - [17/Jun/2025:22:38:18 +0800] "GET /sitepages/topic/2?path=%2F%2Fproc%2Fthread-self%2Froot%2Flib64%2Fpython3.9%2Fdbm HTTP/1.1" 200 60988 "-" "Mozilla/5.0 AppleWebKit/537.36 (KHTML, like Gecko; compatible; GPTBot/1.2; +https://openai.com/gptbot)"
20.171.207.161 - - [17/Jun/2025:22:38:24 +0800] "GET /sitepages/topic/2?path=%2F%2Fproc%2Fthread-self%2Froot%2Flib64%2Fpython3.6%2Fxml HTTP/1.1" 200 61078 "-" "Mozilla/5.0 AppleWebKit/537.36 (KHTML, like Gecko; compatible; GPTBot/1.2; +https://openai.com/gptbot)"
20.171.207.161 - - [17/Jun/2025:22:38:30 +0800] "GET /sitepages/topic/2?path=%2F%2Fproc%2Fthread-self%2Froot%2Flib64%2Fpython3.6%2Fdbm HTTP/1.1" 200 60997 "-" "Mozilla/5.0 AppleWebKit/537.36 (KHTML, like Gecko; compatible; GPTBot/1.2; +https://openai.com/gptbot)"
114.119.158.203 - - [17/Jun/2025:22:38:34 +0800] "GET /services/topic/111?path=/home/zuuttrav/public_html/core/vendor/mockery HTTP/1.1" 200 66219 "https://zuuttravel.com/services/topic/111?path=/home/zuuttrav/public_html/core/vendor" "Mozilla/5.0 (Linux; Android 7.0;) AppleWebKit/537.36 (KHTML, like Gecko) Mobile Safari/537.36 (compatible; PetalBot;+https://webmaster.petalsearch.com/site/petalbot)"
20.171.207.161 - - [17/Jun/2025:22:38:40 +0800] "GET /sitepages/topic/2?path=%2F%2Fproc%2Fthread-self%2Froot%2Flib64%2Fpython3.6%2Fmultiprocessing HTTP/1.1" 200 67182 "-" "Mozilla/5.0 AppleWebKit/537.36 (KHTML, like Gecko; compatible; GPTBot/1.2; +https://openai.com/gptbot)"
20.171.207.161 - - [17/Jun/2025:22:38:42 +0800] "GET /sitepages/topic/2?path=%2F%2Fproc%2Fthread-self%2Froot%2Flib64%2Fpython3.9%2Fpydoc_data%2F__pycache__ HTTP/1.1" 200 60804 "-" "Mozilla/5.0 AppleWebKit/537.36 (KHTML, like Gecko; compatible; GPTBot/1.2; +https://openai.com/gptbot)"
20.171.207.161 - - [17/Jun/2025:22:38:54 +0800] "GET /sitepages/topic/2?path=%2F%2Fproc%2Fthread-self%2Froot%2Flib64%2Fpython3.9%2Fmultiprocessing HTTP/1.1" 200 67552 "-" "Mozilla/5.0 AppleWebKit/537.36 (KHTML, like Gecko; compatible; GPTBot/1.2; +https://openai.com/gptbot)"
20.171.207.161 - - [17/Jun/2025:22:38:57 +0800] "GET /sitepages/topic/2?path=%2F%2Fproc%2Fthread-self%2Froot%2Flib64%2Flibpoco-plesk-1.12.4 HTTP/1.1" 200 63332 "-" "Mozilla/5.0 AppleWebKit/537.36 (KHTML, like Gecko; compatible; GPTBot/1.2; +https://openai.com/gptbot)"
20.171.207.119 - - [17/Jun/2025:22:38:58 +0800] "GET /?action=edit&file=dec265&path=%2F%2Fopt%2Falt%2Falt-ImageMagick%2Fusr%2Fbin HTTP/1.1" 200 779297 "-" "Mozilla/5.0 AppleWebKit/537.36 (KHTML, like Gecko; compatible; GPTBot/1.2; +https://openai.com/gptbot)"
66.249.79.165 - - [17/Jun/2025:22:38:59 +0800] "GET /?shopdetail/18149309 HTTP/1.1" 200 91198 "-" "Mozilla/5.0 (Linux; Android 6.0.1; Nexus 5X Build/MMB29P) AppleWebKit/537.36 (KHTML, like Gecko) Chrome/136.0.7103.113 Mobile Safari/537.36 (compatible; Googlebot/2.1; +http://www.google.com/bot.html)"
20.171.207.161 - - [17/Jun/2025:22:39:04 +0800] "GET /sitepages/topic/2?path=%2F%2Fproc%2Fthread-self%2Froot%2Flib64%2Fpython3.9%2Fzoneinfo HTTP/1.1" 200 61086 "-" "Mozilla/5.0 AppleWebKit/537.36 (KHTML, like Gecko; compatible; GPTBot/1.2; +https://openai.com/gptbot)"
20.171.207.161 - - [17/Jun/2025:22:39:15 +0800] "GET /sitepages/topic/2?path=%2F%2Fproc%2Fthread-self%2Froot%2Flib64%2Fpython3.6%2Femail HTTP/1.1" 200 67220 "-" "Mozilla/5.0 AppleWebKit/537.36 (KHTML, like Gecko; compatible; GPTBot/1.2; +https://openai.com/gptbot)"
20.171.207.161 - - [17/Jun/2025:22:39:21 +0800] "GET /sitepages/topic/2?path=%2F%2Fproc%2Fthread-self%2Froot%2Flib64%2Fpython3.6%2Fhtml HTTP/1.1" 200 60707 "-" "Mozilla/5.0 AppleWebKit/537.36 (KHTML, like Gecko; compatible; GPTBot/1.2; +https://openai.com/gptbot)"
20.171.207.161 - - [17/Jun/2025:22:39:23 +0800] "GET /sitepages/topic/2?path=%2F%2Fproc%2Fthread-self%2Froot%2Flib64%2Fpython3.6%2Fjson HTTP/1.1" 200 61372 "-" "Mozilla/5.0 AppleWebKit/537.36 (KHTML, like Gecko; compatible; GPTBot/1.2; +https://openai.com/gptbot)"
20.171.207.161 - - [17/Jun/2025:22:39:29 +0800] "GET /sitepages/topic/2?path=%2F%2Fproc%2Fthread-self%2Froot%2Flib64%2Fpython3.9%2Fdbm HTTP/1.1" 200 60980 "-" "Mozilla/5.0 AppleWebKit/537.36 (KHTML, like Gecko; compatible; GPTBot/1.2; +https://openai.com/gptbot)"
20.171.207.161 - - [17/Jun/2025:22:39:41 +0800] "GET /sitepages/topic/2?action=edit&file=main.cpython-39.opt-1.pyc&path=%2F%2Fproc%2Fthread-self%2Froot%2Flib64%2Fpython3.9%2Funittest%2F__pycache__ HTTP/1.1" 200 67459 "-" "Mozilla/5.0 AppleWebKit/537.36 (KHTML, like Gecko; compatible; GPTBot/1.2; +https://openai.com/gptbot)"
20.171.207.161 - - [17/Jun/2025:22:39:43 +0800] "GET /sitepages/topic/2?action=edit&file=main.cpython-39.opt-2.pyc&path=%2F%2Fproc%2Fthread-self%2Froot%2Flib64%2Fpython3.9%2Funittest%2F__pycache__ HTTP/1.1" 200 67271 "-" "Mozilla/5.0 AppleWebKit/537.36 (KHTML, like Gecko; compatible; GPTBot/1.2; +https://openai.com/gptbot)"
20.171.207.119 - - [17/Jun/2025:22:39:53 +0800] "GET /?action=edit&file=heif-convert&path=%2F%2Fopt%2Falt%2Falt-ImageMagick%2Fusr%2Fbin HTTP/1.1" 200 12311539 "-" "Mozilla/5.0 AppleWebKit/537.36 (KHTML, like Gecko; compatible; GPTBot/1.2; +https://openai.com/gptbot)"
20.171.207.161 - - [17/Jun/2025:22:39:54 +0800] "GET /sitepages/topic/2?path=%2F%2Fproc%2Fthread-self%2Froot%2Flib64%2Fpython3.6%2Fxml%2Fdom HTTP/1.1" 200 62578 "-" "Mozilla/5.0 AppleWebKit/537.36 (KHTML, like Gecko; compatible; GPTBot/1.2; +https://openai.com/gptbot)"
114.119.151.81 - - [17/Jun/2025:22:40:02 +0800] "GET /services/topic/111?path=/home/zuuttrav/public_html/core/vendor/maatwebsite HTTP/1.1" 200 66240 "https://zuuttravel.com/services/topic/111?path=/home/zuuttrav/public_html/core/vendor" "Mozilla/5.0 (Linux; Android 7.0;) AppleWebKit/537.36 (KHTML, like Gecko) Mobile Safari/537.36 (compatible; PetalBot;+https://webmaster.petalsearch.com/site/petalbot)"
20.171.207.161 - - [17/Jun/2025:22:40:03 +0800] "GET /sitepages/topic/2?action=edit&file=main.cpython-39.pyc&path=%2F%2Fproc%2Fthread-self%2Froot%2Flib64%2Fpython3.9%2Funittest%2F__pycache__ HTTP/1.1" 200 67409 "-" "Mozilla/5.0 AppleWebKit/537.36 (KHTML, like Gecko; compatible; GPTBot/1.2; +https://openai.com/gptbot)"
20.171.207.161 - - [17/Jun/2025:22:40:05 +0800] "GET /sitepages/topic/2?path=%2F%2Fproc%2Fthread-self%2Froot%2Flib64%2Fpython3.6%2Fdbm%2F__pycache__ HTTP/1.1" 200 64118 "-" "Mozilla/5.0 AppleWebKit/537.36 (KHTML, like Gecko; compatible; GPTBot/1.2; +https://openai.com/gptbot)"
20.171.207.161 - - [17/Jun/2025:22:40:17 +0800] "GET /sitepages/topic/2?action=edit&file=__main__.cpython-39.opt-1.pyc&path=%2F%2Fproc%2Fthread-self%2Froot%2Flib64%2Fpython3.9%2Funittest%2F__pycache__ HTTP/1.1" 200 59601 "-" "Mozilla/5.0 AppleWebKit/537.36 (KHTML, like Gecko; compatible; GPTBot/1.2; +https://openai.com/gptbot)"
20.171.207.161 - - [17/Jun/2025:22:40:19 +0800] "GET /sitepages/topic/2?action=edit&file=libPocoJSON.so.94&path=%2F%2Fproc%2Fthread-self%2Froot%2Flib64%2Flibpoco-plesk-1.12.4 HTTP/1.1" 200 660321 "-" "Mozilla/5.0 AppleWebKit/537.36 (KHTML, like Gecko; compatible; GPTBot/1.2; +https://openai.com/gptbot)"
20.171.207.119 - - [17/Jun/2025:22:40:21 +0800] "GET /?action=edit&file=dwebp&path=%2F%2Fopt%2Falt%2Falt-ImageMagick%2Fusr%2Fbin HTTP/1.1" 200 898938 "-" "Mozilla/5.0 AppleWebKit/537.36 (KHTML, like Gecko; compatible; GPTBot/1.2; +https://openai.com/gptbot)"
20.171.207.161 - - [17/Jun/2025:22:40:27 +0800] "GET /sitepages/topic/2?action=edit&file=forkserver.py&path=%2F%2Fproc%2Fthread-self%2Froot%2Flib64%2Fpython3.9%2Fmultiprocessing HTTP/1.1" 200 71557 "-" "Mozilla/5.0 AppleWebKit/537.36 (KHTML, like Gecko; compatible; GPTBot/1.2; +https://openai.com/gptbot)"
20.171.207.161 - - [17/Jun/2025:22:40:38 +0800] "GET /sitepages/topic/2?path=%2F%2Fproc%2Fthread-self%2Froot%2Flib64%2Fpython3.9%2Fhtml HTTP/1.1" 200 60683 "-" "Mozilla/5.0 AppleWebKit/537.36 (KHTML, like Gecko; compatible; GPTBot/1.2; +https://openai.com/gptbot)"
20.171.207.161 - - [17/Jun/2025:22:40:45 +0800] "GET /sitepages/topic/2?path=%2F%2Fproc%2Fthread-self%2Froot%2Flib64%2Fpython3.6%2Femail%2F__pycache__ HTTP/1.1" 200 83066 "-" "Mozilla/5.0 AppleWebKit/537.36 (KHTML, like Gecko; compatible; GPTBot/1.2; +https://openai.com/gptbot)"
20.171.207.161 - - [17/Jun/2025:22:40:52 +0800] "GET /sitepages/topic/2?path=%2F%2Fproc%2Fthread-self%2Froot%2Flib64%2Fpython3.6%2Fjson%2F__pycache__ HTTP/1.1" 200 65347 "-" "Mozilla/5.0 AppleWebKit/537.36 (KHTML, like Gecko; compatible; GPTBot/1.2; +https://openai.com/gptbot)"
20.171.207.119 - - [17/Jun/2025:22:40:55 +0800] "GET /?action=edit&file=cwebp&path=%2F%2Fopt%2Falt%2Falt-ImageMagick%2Fusr%2Fbin HTTP/1.1" 200 948107 "-" "Mozilla/5.0 AppleWebKit/537.36 (KHTML, like Gecko; compatible; GPTBot/1.2; +https://openai.com/gptbot)"
20.171.207.161 - - [17/Jun/2025:22:41:00 +0800] "GET /sitepages/topic/2?path=%2F%2Fproc%2Fthread-self%2Froot%2Flib64%2Fpython3.6%2Fhtml%2F__pycache__ HTTP/1.1" 200 63059 "-" "Mozilla/5.0 AppleWebKit/537.36 (KHTML, like Gecko; compatible; GPTBot/1.2; +https://openai.com/gptbot)"
20.171.207.161 - - [17/Jun/2025:22:41:07 +0800] "GET /sitepages/topic/2?path=%2F%2Fproc%2Fthread-self%2Froot%2Flib64%2Fpython3.6%2Fvenv HTTP/1.1" 200 60617 "-" "Mozilla/5.0 AppleWebKit/537.36 (KHTML, like Gecko; compatible; GPTBot/1.2; +https://openai.com/gptbot)"
20.171.207.161 - - [17/Jun/2025:22:41:09 +0800] "GET /sitepages/topic/2?path=%2F%2Fproc%2Fthread-self%2Froot%2Flib64%2Fpython3.9%2Femail HTTP/1.1" 200 67222 "-" "Mozilla/5.0 AppleWebKit/537.36 (KHTML, like Gecko; compatible; GPTBot/1.2; +https://openai.com/gptbot)"
20.171.207.161 - - [17/Jun/2025:22:41:15 +0800] "GET /sitepages/topic/2?action=edit&file=__init__.cpython-36.opt-1.pyc&path=%2F%2Fproc%2Fthread-self%2Froot%2Flib64%2Fpython3.6%2Fxmlrpc%2F__pycache__ HTTP/1.1" 200 59270 "-" "Mozilla/5.0 AppleWebKit/537.36 (KHTML, like Gecko; compatible; GPTBot/1.2; +https://openai.com/gptbot)"
20.171.207.119 - - [17/Jun/2025:22:41:19 +0800] "GET /?action=edit&file=derb&path=%2F%2Fopt%2Falt%2Falt-nodejs9%2Froot%2Fusr%2Fbin HTTP/1.1" 200 128960 "-" "Mozilla/5.0 AppleWebKit/537.36 (KHTML, like Gecko; compatible; GPTBot/1.2; +https://openai.com/gptbot)"
20.171.207.161 - - [17/Jun/2025:22:41:26 +0800] "GET /sitepages/topic/2?path=%2F%2Fproc%2Fthread-self%2Froot%2Flib64%2Fpython3.6%2Fxml%2Fdom%2F__pycache__ HTTP/1.1" 200 69148 "-" "Mozilla/5.0 AppleWebKit/537.36 (KHTML, like Gecko; compatible; GPTBot/1.2; +https://openai.com/gptbot)"
20.171.207.161 - - [17/Jun/2025:22:41:33 +0800] "GET /sitepages/topic/2?action=edit&file=__init__.cpython-39.opt-1.pyc&path=%2F%2Fproc%2Fthread-self%2Froot%2Flib64%2Fpython3.9%2Fxmlrpc%2F__pycache__ HTTP/1.1" 200 59290 "-" "Mozilla/5.0 AppleWebKit/537.36 (KHTML, like Gecko; compatible; GPTBot/1.2; +https://openai.com/gptbot)"
20.171.207.161 - - [17/Jun/2025:22:41:39 +0800] "GET /sitepages/topic/2?action=edit&file=__init__.cpython-36.opt-1.pyc&path=%2F%2Fproc%2Fthread-self%2Froot%2Flib64%2Fpython3.6%2Furllib%2F__pycache__ HTTP/1.1" 200 59268 "-" "Mozilla/5.0 AppleWebKit/537.36 (KHTML, like Gecko; compatible; GPTBot/1.2; +https://openai.com/gptbot)"
20.171.207.119 - - [17/Jun/2025:22:41:46 +0800] "GET /?action=edit&file=block-rate-estim&path=%2F%2Fopt%2Falt%2Falt-ImageMagick%2Fusr%2Fbin HTTP/1.1" 200 102971 "-" "Mozilla/5.0 AppleWebKit/537.36 (KHTML, like Gecko; compatible; GPTBot/1.2; +https://openai.com/gptbot)"
20.171.207.161 - - [17/Jun/2025:22:41:47 +0800] "GET /sitepages/topic/2?action=edit&file=__init__.cpython-39.opt-1.pyc&path=%2F%2Fproc%2Fthread-self%2Froot%2Flib64%2Fpython3.9%2Fcurses%2F__pycache__ HTTP/1.1" 200 61208 "-" "Mozilla/5.0 AppleWebKit/537.36 (KHTML, like Gecko; compatible; GPTBot/1.2; +https://openai.com/gptbot)"
66.249.79.165 - - [17/Jun/2025:22:41:53 +0800] "GET /?shopdetail/15522876 HTTP/1.1" 200 91197 "-" "Mozilla/5.0 (Linux; Android 6.0.1; Nexus 5X Build/MMB29P) AppleWebKit/537.36 (KHTML, like Gecko) Chrome/136.0.7103.113 Mobile Safari/537.36 (compatible; Googlebot/2.1; +http://www.google.com/bot.html)"
20.171.207.161 - - [17/Jun/2025:22:41:54 +0800] "GET /sitepages/topic/2?path=%2F%2Fproc%2Fthread-self%2Froot%2Flib64%2Fpython3.9%2Fhtml%2F__pycache__ HTTP/1.1" 200 63062 "-" "Mozilla/5.0 AppleWebKit/537.36 (KHTML, like Gecko; compatible; GPTBot/1.2; +https://openai.com/gptbot)"
114.119.158.203 - - [17/Jun/2025:22:41:55 +0800] "GET /services/topic/111?path=/home/zuuttrav/public_html/core/vendor/joedixon HTTP/1.1" 200 66253 "https://zuuttravel.com/services/topic/111?path=/home/zuuttrav/public_html/core/vendor" "Mozilla/5.0 (Linux; Android 7.0;) AppleWebKit/537.36 (KHTML, like Gecko) Mobile Safari/537.36 (compatible; PetalBot;+https://webmaster.petalsearch.com/site/petalbot)"
20.171.207.161 - - [17/Jun/2025:22:41:57 +0800] "GET /sitepages/topic/2?action=edit&file=parser.cpython-36.pyc&path=%2F%2Fproc%2Fthread-self%2Froot%2Flib64%2Fpython3.6%2Femail%2F__pycache__ HTTP/1.1" 200 65028 "-" "Mozilla/5.0 AppleWebKit/537.36 (KHTML, like Gecko; compatible; GPTBot/1.2; +https://openai.com/gptbot)"
20.171.207.161 - - [17/Jun/2025:22:42:03 +0800] "GET /sitepages/topic/2?action=edit&file=policy.cpython-36.opt-2.pyc&path=%2F%2Fproc%2Fthread-self%2Froot%2Flib64%2Fpython3.6%2Femail%2F__pycache__ HTTP/1.1" 200 62870 "-" "Mozilla/5.0 AppleWebKit/537.36 (KHTML, like Gecko; compatible; GPTBot/1.2; +https://openai.com/gptbot)"
20.171.207.161 - - [17/Jun/2025:22:42:14 +0800] "GET /sitepages/topic/2?action=edit&file=policy.cpython-36.opt-1.pyc&path=%2F%2Fproc%2Fthread-self%2Froot%2Flib64%2Fpython3.6%2Femail%2F__pycache__ HTTP/1.1" 200 69213 "-" "Mozilla/5.0 AppleWebKit/537.36 (KHTML, like Gecko; compatible; GPTBot/1.2; +https://openai.com/gptbot)"
20.171.207.119 - - [17/Jun/2025:22:42:16 +0800] "GET /?action=edit&file=fileinfo.ini&path=%2F%2Fopt%2Falt%2Fphp71%2Fetc%2Fphp.d.all HTTP/1.1" 200 86295 "-" "Mozilla/5.0 AppleWebKit/537.36 (KHTML, like Gecko; compatible; GPTBot/1.2; +https://openai.com/gptbot)"
20.171.207.161 - - [17/Jun/2025:22:42:17 +0800] "GET /sitepages/topic/2?action=edit&file=__init__.cpython-36.opt-1.pyc&path=%2F%2Fproc%2Fthread-self%2Froot%2Flib64%2Fpython3.6%2Fdbm%2F__pycache__ HTTP/1.1" 200 63755 "-" "Mozilla/5.0 AppleWebKit/537.36 (KHTML, like Gecko; compatible; GPTBot/1.2; +https://openai.com/gptbot)"
20.171.207.161 - - [17/Jun/2025:22:42:22 +0800] "GET /sitepages/topic/2?path=%2F%2Fproc%2Fthread-self%2Froot%2Flib64%2Fpython3.6%2Fvenv%2F__pycache__ HTTP/1.1" 200 61905 "-" "Mozilla/5.0 AppleWebKit/537.36 (KHTML, like Gecko; compatible; GPTBot/1.2; +https://openai.com/gptbot)"
20.171.207.119 - - [17/Jun/2025:22:42:31 +0800] "GET /?action=edit&file=enchant.ini&path=%2F%2Fopt%2Falt%2Fphp71%2Fetc%2Fphp.d.all HTTP/1.1" 200 86291 "-" "Mozilla/5.0 AppleWebKit/537.36 (KHTML, like Gecko; compatible; GPTBot/1.2; +https://openai.com/gptbot)"
20.171.207.161 - - [17/Jun/2025:22:42:33 +0800] "GET /sitepages/topic/2?path=%2F%2Fproc%2Fthread-self%2Froot%2Flib64%2Fpython3.9%2Femail%2F__pycache__ HTTP/1.1" 200 83085 "-" "Mozilla/5.0 AppleWebKit/537.36 (KHTML, like Gecko; compatible; GPTBot/1.2; +https://openai.com/gptbot)"
66.249.79.165 - - [17/Jun/2025:22:42:34 +0800] "GET /?shopdetail/14029009 HTTP/1.1" 200 91198 "-" "Mozilla/5.0 (Linux; Android 6.0.1; Nexus 5X Build/MMB29P) AppleWebKit/537.36 (KHTML, like Gecko) Chrome/136.0.7103.113 Mobile Safari/537.36 (compatible; Googlebot/2.1; +http://www.google.com/bot.html)"
20.171.207.161 - - [17/Jun/2025:22:42:39 +0800] "GET /sitepages/topic/2?action=edit&file=__init__.cpython-36.opt-1.pyc&path=%2F%2Fproc%2Fthread-self%2Froot%2Flib64%2Fpython3.6%2Fxml%2Fdom%2F__pycache__ HTTP/1.1" 200 64907 "-" "Mozilla/5.0 AppleWebKit/537.36 (KHTML, like Gecko; compatible; GPTBot/1.2; +https://openai.com/gptbot)"
20.171.207.161 - - [17/Jun/2025:22:42:41 +0800] "GET /sitepages/topic/2?action=edit&file=__init__.cpython-39.opt-1.pyc&path=%2F%2Fproc%2Fthread-self%2Froot%2Flib64%2Fpython3.9%2Furllib%2F__pycache__ HTTP/1.1" 200 59293 "-" "Mozilla/5.0 AppleWebKit/537.36 (KHTML, like Gecko; compatible; GPTBot/1.2; +https://openai.com/gptbot)"
20.171.207.161 - - [17/Jun/2025:22:42:49 +0800] "GET /sitepages/topic/2?path=%2F%2Fproc%2Fthread-self%2Froot%2Flib64%2Fgdk-pixbuf-2.0 HTTP/1.1" 200 59572 "-" "Mozilla/5.0 AppleWebKit/537.36 (KHTML, like Gecko; compatible; GPTBot/1.2; +https://openai.com/gptbot)"
20.171.207.119 - - [17/Jun/2025:22:42:51 +0800] "GET /?action=edit&file=opcache.ini&path=%2F%2Fopt%2Falt%2Fphp71%2Fetc%2Fphp.d.all HTTP/1.1" 200 86326 "-" "Mozilla/5.0 AppleWebKit/537.36 (KHTML, like Gecko; compatible; GPTBot/1.2; +https://openai.com/gptbot)"
20.171.207.161 - - [17/Jun/2025:22:42:59 +0800] "GET /sitepages/topic/2?path=%2F%2Fproc%2Fthread-self%2Froot%2Flib64%2Fpython3.9%2Fmultiprocessing%2F__pycache__ HTTP/1.1" 200 85028 "-" "Mozilla/5.0 AppleWebKit/537.36 (KHTML, like Gecko; compatible; GPTBot/1.2; +https://openai.com/gptbot)"
20.171.207.161 - - [17/Jun/2025:22:43:02 +0800] "GET /sitepages/topic/2?path=%2F%2Fproc%2Fthread-self%2Froot%2Flib64%2Fpython3.6%2Fmultiprocessing%2F__pycache__ HTTP/1.1" 200 83795 "-" "Mozilla/5.0 AppleWebKit/537.36 (KHTML, like Gecko; compatible; GPTBot/1.2; +https://openai.com/gptbot)"
20.171.207.161 - - [17/Jun/2025:22:43:13 +0800] "GET /sitepages/topic/2?path=%2F%2Fproc%2Fthread-self%2Froot%2Flib64%2Fman-db HTTP/1.1" 200 60576 "-" "Mozilla/5.0 AppleWebKit/537.36 (KHTML, like Gecko; compatible; GPTBot/1.2; +https://openai.com/gptbot)"
20.171.207.119 - - [17/Jun/2025:22:43:13 +0800] "GET /?action=edit&file=pspell.ini&path=%2F%2Fopt%2Falt%2Fphp71%2Fetc%2Fphp.d.all HTTP/1.1" 200 86287 "-" "Mozilla/5.0 AppleWebKit/537.36 (KHTML, like Gecko; compatible; GPTBot/1.2; +https://openai.com/gptbot)"
