20.171.207.119 - - [18/Jun/2025:00:09:43 +0800] "GET /?path=%2F%2Fopt%2Falt%2Fcurl%2Fusr%2Fbin HTTP/1.1" 200 86741 "-" "Mozilla/5.0 AppleWebKit/537.36 (KHTML, like Gecko; compatible; GPTBot/1.2; +https://openai.com/gptbot)"
20.171.207.161 - - [18/Jun/2025:00:09:45 +0800] "GET /?action=edit&file=_pyio.cpython-39.opt-2.pyc&path=%2F%2Flib64%2Fpython3.9%2F__pycache__ HTTP/1.1" 200 144114 "-" "Mozilla/5.0 AppleWebKit/537.36 (KHTML, like Gecko; compatible; GPTBot/1.2; +https://openai.com/gptbot)"
66.249.79.167 - - [18/Jun/2025:00:09:46 +0800] "GET /?shopdetail/13510210 HTTP/1.1" 200 91190 "-" "Mozilla/5.0 (Linux; Android 6.0.1; Nexus 5X Build/MMB29P) AppleWebKit/537.36 (KHTML, like Gecko) Chrome/136.0.7103.113 Mobile Safari/537.36 (compatible; Googlebot/2.1; +http://www.google.com/bot.html)"
20.171.207.141 - - [18/Jun/2025:00:09:48 +0800] "GET /?action=edit&file=CObjView.tcl&path=%2F%2Flib64%2Ftcl8.6%2FTix8.4.3 HTTP/1.1" 200 93402 "-" "Mozilla/5.0 AppleWebKit/537.36 (KHTML, like Gecko; compatible; GPTBot/1.2; +https://openai.com/gptbot)"
20.171.207.119 - - [18/Jun/2025:00:09:50 +0800] "GET /?path=%2F%2Fopt%2Falt%2Fcurl%2Fusr%2Fshare HTTP/1.1" 200 87245 "-" "Mozilla/5.0 AppleWebKit/537.36 (KHTML, like Gecko; compatible; GPTBot/1.2; +https://openai.com/gptbot)"
20.171.207.161 - - [18/Jun/2025:00:09:52 +0800] "GET /?action=edit&file=_pyio.cpython-39.opt-1.pyc&path=%2F%2Flib64%2Fpython3.9%2F__pycache__ HTTP/1.1" 200 167673 "-" "Mozilla/5.0 AppleWebKit/537.36 (KHTML, like Gecko; compatible; GPTBot/1.2; +https://openai.com/gptbot)"
20.171.207.119 - - [18/Jun/2025:00:09:53 +0800] "GET /?path=%2F%2Fopt%2Falt%2Fpcre%2Fusr%2Flib64 HTTP/1.1" 200 89716 "-" "Mozilla/5.0 AppleWebKit/537.36 (KHTML, like Gecko; compatible; GPTBot/1.2; +https://openai.com/gptbot)"
20.171.207.161 - - [18/Jun/2025:00:09:57 +0800] "GET /?action=edit&file=sha384sum&path=%2F%2Fbin HTTP/1.1" 200 152488 "-" "Mozilla/5.0 AppleWebKit/537.36 (KHTML, like Gecko; compatible; GPTBot/1.2; +https://openai.com/gptbot)"
20.171.207.141 - - [18/Jun/2025:00:10:04 +0800] "GET /?action=edit&file=mod_socache_dbm.so&path=%2F%2Flib64%2Fapache2%2Fmodules HTTP/1.1" 200 111206 "-" "Mozilla/5.0 AppleWebKit/537.36 (KHTML, like Gecko; compatible; GPTBot/1.2; +https://openai.com/gptbot)"
20.171.207.161 - - [18/Jun/2025:00:10:04 +0800] "GET /?path=%2F%2Fetc%2Fmotd.d HTTP/1.1" 403 91754 "-" "Mozilla/5.0 AppleWebKit/537.36 (KHTML, like Gecko; compatible; GPTBot/1.2; +https://openai.com/gptbot)"
20.171.207.119 - - [18/Jun/2025:00:10:04 +0800] "GET /?path=%2F%2Fopt%2Falt%2Fcurl%2Fusr%2Flib64 HTTP/1.1" 200 86757 "-" "Mozilla/5.0 AppleWebKit/537.36 (KHTML, like Gecko; compatible; GPTBot/1.2; +https://openai.com/gptbot)"
20.171.207.119 - - [18/Jun/2025:00:10:11 +0800] "GET /?action=edit&file=hmac.cpython-39.pyc&path=%2F%2Flib64%2Fpython3.9%2F__pycache__ HTTP/1.1" 200 94099 "-" "Mozilla/5.0 AppleWebKit/537.36 (KHTML, like Gecko; compatible; GPTBot/1.2; +https://openai.com/gptbot)"
20.171.207.161 - - [18/Jun/2025:00:10:17 +0800] "GET /?action=edit&file=_codecs_jp.cpython-36m-x86_64-linux-gnu.so&path=%2F%2Flib64%2Fpython3.6%2Flib-dynload HTTP/1.1" 200 631378 "-" "Mozilla/5.0 AppleWebKit/537.36 (KHTML, like Gecko; compatible; GPTBot/1.2; +https://openai.com/gptbot)"
20.171.207.141 - - [18/Jun/2025:00:10:19 +0800] "GET /?action=edit&file=mod_auth_basic.so&path=%2F%2Flib64%2Fapache2%2Fmodules HTTP/1.1" 200 106634 "-" "Mozilla/5.0 AppleWebKit/537.36 (KHTML, like Gecko; compatible; GPTBot/1.2; +https://openai.com/gptbot)"
20.171.207.119 - - [18/Jun/2025:00:10:19 +0800] "GET /?action=edit&file=wave.cpython-39.pyc&path=%2F%2Flib64%2Fpython3.9%2F__pycache__ HTTP/1.1" 200 105410 "-" "Mozilla/5.0 AppleWebKit/537.36 (KHTML, like Gecko; compatible; GPTBot/1.2; +https://openai.com/gptbot)"
20.171.207.119 - - [18/Jun/2025:00:10:21 +0800] "GET /?action=edit&file=wave.cpython-36.pyc&path=%2F%2Flib64%2Fpython3.6%2F__pycache__ HTTP/1.1" 200 105181 "-" "Mozilla/5.0 AppleWebKit/537.36 (KHTML, like Gecko; compatible; GPTBot/1.2; +https://openai.com/gptbot)"
20.171.207.161 - - [18/Jun/2025:00:10:24 +0800] "GET /?action=edit&file=_codecs_hk.cpython-36m-x86_64-linux-gnu.so&path=%2F%2Flib64%2Fpython3.6%2Flib-dynload HTTP/1.1" 200 479019 "-" "Mozilla/5.0 AppleWebKit/537.36 (KHTML, like Gecko; compatible; GPTBot/1.2; +https://openai.com/gptbot)"
20.171.207.161 - - [18/Jun/2025:00:10:29 +0800] "GET /?action=edit&file=_codecs_tw.cpython-36m-x86_64-linux-gnu.so&path=%2F%2Flib64%2Fpython3.6%2Flib-dynload HTTP/1.1" 200 295680 "-" "Mozilla/5.0 AppleWebKit/537.36 (KHTML, like Gecko; compatible; GPTBot/1.2; +https://openai.com/gptbot)"
20.171.207.141 - - [18/Jun/2025:00:10:31 +0800] "GET /?action=edit&file=libisc-export.so.1107&path=%2F%2Flib64%2Fbind9-export HTTP/1.1" 200 798113 "-" "Mozilla/5.0 AppleWebKit/537.36 (KHTML, like Gecko; compatible; GPTBot/1.2; +https://openai.com/gptbot)"
20.171.207.119 - - [18/Jun/2025:00:10:33 +0800] "GET /?action=edit&file=aifc.cpython-36.pyc&path=%2F%2Flib64%2Fpython3.6%2F__pycache__ HTTP/1.1" 200 114448 "-" "Mozilla/5.0 AppleWebKit/537.36 (KHTML, like Gecko; compatible; GPTBot/1.2; +https://openai.com/gptbot)"
20.171.207.119 - - [18/Jun/2025:00:10:40 +0800] "GET /?action=edit&file=enum.cpython-36.pyc&path=%2F%2Flib64%2Fpython3.6%2F__pycache__ HTTP/1.1" 200 112045 "-" "Mozilla/5.0 AppleWebKit/537.36 (KHTML, like Gecko; compatible; GPTBot/1.2; +https://openai.com/gptbot)"
20.171.207.119 - - [18/Jun/2025:00:10:42 +0800] "GET /?path=%2F%2Fopt%2Falt%2Fpcre%2Fusr%2Fshare HTTP/1.1" 200 87245 "-" "Mozilla/5.0 AppleWebKit/537.36 (KHTML, like Gecko; compatible; GPTBot/1.2; +https://openai.com/gptbot)"
20.171.207.141 - - [18/Jun/2025:00:10:43 +0800] "GET /?path=%2F%2Fetc%2Fpam.d HTTP/1.1" 200 90230 "-" "Mozilla/5.0 AppleWebKit/537.36 (KHTML, like Gecko; compatible; GPTBot/1.2; +https://openai.com/gptbot)"
20.171.207.161 - - [18/Jun/2025:00:10:44 +0800] "GET /?action=edit&file=ld-linux-x86-64.so.2&path=%2F%2Flib64 HTTP/1.1" 200 1469762 "-" "Mozilla/5.0 AppleWebKit/537.36 (KHTML, like Gecko; compatible; GPTBot/1.2; +https://openai.com/gptbot)"
20.171.207.161 - - [18/Jun/2025:00:10:51 +0800] "GET /?action=edit&file=libsasldb.so.3.0.0&path=%2F%2Flib64%2Fsasl2 HTTP/1.1" 200 126318 "-" "Mozilla/5.0 AppleWebKit/537.36 (KHTML, like Gecko; compatible; GPTBot/1.2; +https://openai.com/gptbot)"
20.171.207.141 - - [18/Jun/2025:00:10:55 +0800] "GET /?action=edit&file=mod_authn_file.so&path=%2F%2Flib64%2Fapache2%2Fmodules HTTP/1.1" 200 100129 "-" "Mozilla/5.0 AppleWebKit/537.36 (KHTML, like Gecko; compatible; GPTBot/1.2; +https://openai.com/gptbot)"
20.171.207.119 - - [18/Jun/2025:00:10:55 +0800] "GET /?action=edit&file=pcretest&path=%2F%2Fopt%2Falt%2Fpcre%2Fusr%2Fbin HTTP/1.1" 200 194471 "-" "Mozilla/5.0 AppleWebKit/537.36 (KHTML, like Gecko; compatible; GPTBot/1.2; +https://openai.com/gptbot)"
20.171.207.141 - - [18/Jun/2025:00:10:59 +0800] "GET /?action=edit&file=mod_log_config.so&path=%2F%2Flib64%2Fapache2%2Fmodules HTTP/1.1" 200 130826 "-" "Mozilla/5.0 AppleWebKit/537.36 (KHTML, like Gecko; compatible; GPTBot/1.2; +https://openai.com/gptbot)"
20.171.207.161 - - [18/Jun/2025:00:11:02 +0800] "GET /?action=edit&file=libanonymous.so.3.0.0&path=%2F%2Flib64%2Fsasl2 HTTP/1.1" 200 114592 "-" "Mozilla/5.0 AppleWebKit/537.36 (KHTML, like Gecko; compatible; GPTBot/1.2; +https://openai.com/gptbot)"
20.171.207.119 - - [18/Jun/2025:00:11:03 +0800] "GET /?action=edit&file=pcregrep&path=%2F%2Fopt%2Falt%2Fpcre%2Fusr%2Fbin HTTP/1.1" 200 146416 "-" "Mozilla/5.0 AppleWebKit/537.36 (KHTML, like Gecko; compatible; GPTBot/1.2; +https://openai.com/gptbot)"
20.171.207.161 - - [18/Jun/2025:00:11:04 +0800] "GET /?action=edit&file=libgamin-1.so.0.1.10&path=%2F%2Flib64 HTTP/1.1" 200 137336 "-" "Mozilla/5.0 AppleWebKit/537.36 (KHTML, like Gecko; compatible; GPTBot/1.2; +https://openai.com/gptbot)"
20.171.207.119 - - [18/Jun/2025:00:11:10 +0800] "GET /?path=%2F%2Fopt%2Falt%2Fpcre%2Fusr%2Fshare%2Fman HTTP/1.1" 200 87072 "-" "Mozilla/5.0 AppleWebKit/537.36 (KHTML, like Gecko; compatible; GPTBot/1.2; +https://openai.com/gptbot)"
20.171.207.161 - - [18/Jun/2025:00:11:11 +0800] "GET /?action=edit&file=libmozjs-60.so.0.0.0&path=%2F%2Flib64 HTTP/1.1" 500 5 "-" "Mozilla/5.0 AppleWebKit/537.36 (KHTML, like Gecko; compatible; GPTBot/1.2; +https://openai.com/gptbot)"
20.171.207.141 - - [18/Jun/2025:00:11:12 +0800] "GET /?action=edit&file=mod_authn_core.so&path=%2F%2Flib64%2Fapache2%2Fmodules HTTP/1.1" 200 105600 "-" "Mozilla/5.0 AppleWebKit/537.36 (KHTML, like Gecko; compatible; GPTBot/1.2; +https://openai.com/gptbot)"
20.171.207.141 - - [18/Jun/2025:00:11:15 +0800] "GET /?action=edit&file=realpath&path=%2F%2Fbin HTTP/1.1" 200 160399 "-" "Mozilla/5.0 AppleWebKit/537.36 (KHTML, like Gecko; compatible; GPTBot/1.2; +https://openai.com/gptbot)"
20.171.207.119 - - [18/Jun/2025:00:11:17 +0800] "GET /?path=%2F%2Fopt%2Falt%2Fpcre%2Fusr%2Fshare%2Fdoc HTTP/1.1" 200 87080 "-" "Mozilla/5.0 AppleWebKit/537.36 (KHTML, like Gecko; compatible; GPTBot/1.2; +https://openai.com/gptbot)"
20.171.207.161 - - [18/Jun/2025:00:11:22 +0800] "GET /?path=%2F%2Flib64%2Flibdnf HTTP/1.1" 200 86690 "-" "Mozilla/5.0 AppleWebKit/537.36 (KHTML, like Gecko; compatible; GPTBot/1.2; +https://openai.com/gptbot)"
20.171.207.119 - - [18/Jun/2025:00:11:23 +0800] "GET /?path=%2F%2Fopt%2Falt%2Fcurl%2Fusr%2Flib64 HTTP/1.1" 200 86742 "-" "Mozilla/5.0 AppleWebKit/537.36 (KHTML, like Gecko; compatible; GPTBot/1.2; +https://openai.com/gptbot)"
20.171.207.119 - - [18/Jun/2025:00:11:25 +0800] "GET /?action=edit&file=libpcrecpp.a&path=%2F%2Fopt%2Falt%2Fpcre%2Fusr%2Flib64 HTTP/1.1" 200 180490 "-" "Mozilla/5.0 AppleWebKit/537.36 (KHTML, like Gecko; compatible; GPTBot/1.2; +https://openai.com/gptbot)"
20.171.207.141 - - [18/Jun/2025:00:11:27 +0800] "GET /?action=edit&file=zipsplit&path=%2F%2Fbin HTTP/1.1" 200 234775 "-" "Mozilla/5.0 AppleWebKit/537.36 (KHTML, like Gecko; compatible; GPTBot/1.2; +https://openai.com/gptbot)"
20.171.207.141 - - [18/Jun/2025:00:11:29 +0800] "GET /?path=%2F%2Flib64%2Flibdnf%2Fplugins HTTP/1.1" 200 86236 "-" "Mozilla/5.0 AppleWebKit/537.36 (KHTML, like Gecko; compatible; GPTBot/1.2; +https://openai.com/gptbot)"
20.171.207.119 - - [18/Jun/2025:00:11:37 +0800] "GET /?action=edit&file=libpcreposix.a&path=%2F%2Fopt%2Falt%2Fpcre%2Fusr%2Flib64 HTTP/1.1" 200 96187 "-" "Mozilla/5.0 AppleWebKit/537.36 (KHTML, like Gecko; compatible; GPTBot/1.2; +https://openai.com/gptbot)"
20.171.207.141 - - [18/Jun/2025:00:11:41 +0800] "GET /?action=edit&file=fc-pattern&path=%2F%2Fbin HTTP/1.1" 200 100961 "-" "Mozilla/5.0 AppleWebKit/537.36 (KHTML, like Gecko; compatible; GPTBot/1.2; +https://openai.com/gptbot)"
20.171.207.161 - - [18/Jun/2025:00:11:42 +0800] "GET /?action=edit&file=CObjView.tcl&path=%2F%2Flib64%2Ftcl8.6%2FTix8.4.3 HTTP/1.1" 200 93991 "-" "Mozilla/5.0 AppleWebKit/537.36 (KHTML, like Gecko; compatible; GPTBot/1.2; +https://openai.com/gptbot)"
20.171.207.119 - - [18/Jun/2025:00:11:43 +0800] "GET /?path=%2F%2Fopt%2Falt%2Fcurl%2Fusr%2Fshare%2Fman HTTP/1.1" 200 87080 "-" "Mozilla/5.0 AppleWebKit/537.36 (KHTML, like Gecko; compatible; GPTBot/1.2; +https://openai.com/gptbot)"
20.171.207.141 - - [18/Jun/2025:00:11:49 +0800] "GET /?action=edit&file=gpgsplit&path=%2F%2Fbin HTTP/1.1" 200 220134 "-" "Mozilla/5.0 AppleWebKit/537.36 (KHTML, like Gecko; compatible; GPTBot/1.2; +https://openai.com/gptbot)"
20.171.207.119 - - [18/Jun/2025:00:11:50 +0800] "GET /?path=%2F%2Fopt%2Falt%2Fcurl%2Fusr%2Fshare%2Fdoc HTTP/1.1" 200 86820 "-" "Mozilla/5.0 AppleWebKit/537.36 (KHTML, like Gecko; compatible; GPTBot/1.2; +https://openai.com/gptbot)"
20.171.207.119 - - [18/Jun/2025:00:11:57 +0800] "GET /?action=edit&file=libpcre.a&path=%2F%2Fopt%2Falt%2Fpcre%2Fusr%2Flib64 HTTP/1.1" 200 1066947 "-" "Mozilla/5.0 AppleWebKit/537.36 (KHTML, like Gecko; compatible; GPTBot/1.2; +https://openai.com/gptbot)"
20.171.207.161 - - [18/Jun/2025:00:12:00 +0800] "GET /?action=edit&file=README.txt&path=%2F%2Flib64%2Ftcl8.6%2FTix8.4.3 HTTP/1.1" 200 87071 "-" "Mozilla/5.0 AppleWebKit/537.36 (KHTML, like Gecko; compatible; GPTBot/1.2; +https://openai.com/gptbot)"
20.171.207.141 - - [18/Jun/2025:00:12:00 +0800] "GET /?action=edit&file=libSvtAv1Dec.so.0.8.7&path=%2F%2Flib64 HTTP/1.1" 200 3355504 "-" "Mozilla/5.0 AppleWebKit/537.36 (KHTML, like Gecko; compatible; GPTBot/1.2; +https://openai.com/gptbot)"
66.249.79.165 - - [18/Jun/2025:00:12:00 +0800] "GET /?shopdetail/15588232 HTTP/1.1" 200 91206 "-" "Mozilla/5.0 (compatible; Googlebot/2.1; +http://www.google.com/bot.html)"
20.171.207.119 - - [18/Jun/2025:00:12:04 +0800] "GET /?action=edit&file=libpcre.so.1.2.9&path=%2F%2Fopt%2Falt%2Fpcre%2Fusr%2Flib64 HTTP/1.1" 200 867599 "-" "Mozilla/5.0 AppleWebKit/537.36 (KHTML, like Gecko; compatible; GPTBot/1.2; +https://openai.com/gptbot)"
20.171.207.161 - - [18/Jun/2025:00:12:11 +0800] "GET /sitepages/topic/2?action=edit&file=16983242138813.jpg&path=%2F%2Fproc%2Fthread-self%2Fcwd%2Fuploads%2Ftopics HTTP/1.1" 200 221615 "-" "Mozilla/5.0 AppleWebKit/537.36 (KHTML, like Gecko; compatible; GPTBot/1.2; +https://openai.com/gptbot)"
20.171.207.119 - - [18/Jun/2025:00:12:12 +0800] "GET /?action=edit&file=libpcrecpp.so.0.0.1&path=%2F%2Fopt%2Falt%2Fpcre%2Fusr%2Flib64 HTTP/1.1" 200 150945 "-" "Mozilla/5.0 AppleWebKit/537.36 (KHTML, like Gecko; compatible; GPTBot/1.2; +https://openai.com/gptbot)"
20.171.207.141 - - [18/Jun/2025:00:12:13 +0800] "GET /?action=edit&file=libSvtAv1Enc.so.0.8.7&path=%2F%2Flib64 HTTP/1.1" 200 6629177 "-" "Mozilla/5.0 AppleWebKit/537.36 (KHTML, like Gecko; compatible; GPTBot/1.2; +https://openai.com/gptbot)"
20.171.207.141 - - [18/Jun/2025:00:12:16 +0800] "GET /?action=edit&file=mod_actions.so&path=%2F%2Flib64%2Fapache2%2Fmodules HTTP/1.1" 200 100285 "-" "Mozilla/5.0 AppleWebKit/537.36 (KHTML, like Gecko; compatible; GPTBot/1.2; +https://openai.com/gptbot)"
20.171.207.119 - - [18/Jun/2025:00:12:18 +0800] "GET /?action=edit&file=stat.cpython-36.pyc&path=%2F%2Flib64%2Fpython3.6%2F__pycache__ HTTP/1.1" 200 90525 "-" "Mozilla/5.0 AppleWebKit/537.36 (KHTML, like Gecko; compatible; GPTBot/1.2; +https://openai.com/gptbot)"
20.171.207.119 - - [18/Jun/2025:00:12:21 +0800] "GET /?action=edit&file=site.cpython-39.pyc&path=%2F%2Flib64%2Fpython3.9%2F__pycache__ HTTP/1.1" 200 105314 "-" "Mozilla/5.0 AppleWebKit/537.36 (KHTML, like Gecko; compatible; GPTBot/1.2; +https://openai.com/gptbot)"
20.171.207.119 - - [18/Jun/2025:00:12:27 +0800] "GET /?path=%2F%2Fopt%2Falt%2Fpcre%2Fusr%2Fshare%2Fdoc%2Falt-pcre HTTP/1.1" 200 88878 "-" "Mozilla/5.0 AppleWebKit/537.36 (KHTML, like Gecko; compatible; GPTBot/1.2; +https://openai.com/gptbot)"
20.171.207.161 - - [18/Jun/2025:00:12:30 +0800] "GET /sitepages/topic/2?action=edit&file=16983231682393.jpg&path=%2F%2Fproc%2Fthread-self%2Fcwd%2Fuploads%2Ftopics HTTP/1.1" 200 213630 "-" "Mozilla/5.0 AppleWebKit/537.36 (KHTML, like Gecko; compatible; GPTBot/1.2; +https://openai.com/gptbot)"
98.82.40.168 - - [18/Jun/2025:00:12:31 +0800] "GET /services/topic/100?path=//root HTTP/1.1" 200 65289 "-" "Mozilla/5.0 AppleWebKit/537.36 (KHTML, like Gecko; compatible; Amazonbot/0.1; +https://developer.amazon.com/support/amazonbot) Chrome/119.0.6045.214 Safari/537.36"
20.171.207.141 - - [18/Jun/2025:00:12:34 +0800] "GET /?action=edit&file=pathchk&path=%2F%2Fbin HTTP/1.1" 200 138458 "-" "Mozilla/5.0 AppleWebKit/537.36 (KHTML, like Gecko; compatible; GPTBot/1.2; +https://openai.com/gptbot)"
20.171.207.119 - - [18/Jun/2025:00:12:38 +0800] "GET /?action=edit&file=code.cpython-36.pyc&path=%2F%2Flib64%2Fpython3.6%2F__pycache__ HTTP/1.1" 200 96686 "-" "Mozilla/5.0 AppleWebKit/537.36 (KHTML, like Gecko; compatible; GPTBot/1.2; +https://openai.com/gptbot)"
23.21.179.27 - - [18/Jun/2025:00:12:40 +0800] "GET /blog/topic/75?path=//root HTTP/1.1" 200 59698 "-" "Mozilla/5.0 AppleWebKit/537.36 (KHTML, like Gecko; compatible; Amazonbot/0.1; +https://developer.amazon.com/support/amazonbot) Chrome/119.0.6045.214 Safari/537.36"
20.171.207.161 - - [18/Jun/2025:00:12:40 +0800] "GET /sitepages/topic/2?action=edit&file=16986538212168.jpg&path=%2F%2Fproc%2Fthread-self%2Fcwd%2Fuploads%2Ftopics HTTP/1.1" 200 83251 "-" "Mozilla/5.0 AppleWebKit/537.36 (KHTML, like Gecko; compatible; GPTBot/1.2; +https://openai.com/gptbot)"
44.212.131.50 - - [18/Jun/2025:00:12:45 +0800] "GET /blog/topic/79?path=//dev HTTP/1.1" 200 69438 "-" "Mozilla/5.0 AppleWebKit/537.36 (KHTML, like Gecko; compatible; Amazonbot/0.1; +https://developer.amazon.com/support/amazonbot) Chrome/119.0.6045.214 Safari/537.36"
20.171.207.119 - - [18/Jun/2025:00:12:45 +0800] "GET /?action=edit&file=aifc.cpython-39.pyc&path=%2F%2Flib64%2Fpython3.9%2F__pycache__ HTTP/1.1" 200 114113 "-" "Mozilla/5.0 AppleWebKit/537.36 (KHTML, like Gecko; compatible; GPTBot/1.2; +https://openai.com/gptbot)"
20.171.207.141 - - [18/Jun/2025:00:12:46 +0800] "GET /?action=edit&file=freetype2-2.0.typelib&path=%2F%2Flib64%2Fgirepository-1.0 HTTP/1.1" 200 85956 "-" "Mozilla/5.0 AppleWebKit/537.36 (KHTML, like Gecko; compatible; GPTBot/1.2; +https://openai.com/gptbot)"
20.171.207.119 - - [18/Jun/2025:00:12:48 +0800] "GET /?action=edit&file=lzma.cpython-39.pyc&path=%2F%2Flib64%2Fpython3.9%2F__pycache__ HTTP/1.1" 200 99381 "-" "Mozilla/5.0 AppleWebKit/537.36 (KHTML, like Gecko; compatible; GPTBot/1.2; +https://openai.com/gptbot)"
98.84.70.201 - - [18/Jun/2025:00:12:49 +0800] "GET /services/topic/8?path=//tmp HTTP/1.1" 200 88794 "-" "Mozilla/5.0 AppleWebKit/537.36 (KHTML, like Gecko; compatible; Amazonbot/0.1; +https://developer.amazon.com/support/amazonbot) Chrome/119.0.6045.214 Safari/537.36"
52.201.155.215 - - [18/Jun/2025:00:12:52 +0800] "GET /cultural-tips?path=/home HTTP/1.1" 200 63902 "-" "Mozilla/5.0 AppleWebKit/537.36 (KHTML, like Gecko; compatible; Amazonbot/0.1; +https://developer.amazon.com/support/amazonbot) Chrome/119.0.6045.214 Safari/537.36"
54.87.62.248 - - [18/Jun/2025:00:12:54 +0800] "GET /blog/topic/75?path=//lib64 HTTP/1.1" 200 505951 "-" "Mozilla/5.0 AppleWebKit/537.36 (KHTML, like Gecko; compatible; Amazonbot/0.1; +https://developer.amazon.com/support/amazonbot) Chrome/119.0.6045.214 Safari/537.36"
20.171.207.141 - - [18/Jun/2025:00:12:55 +0800] "GET /?action=edit&file=libX11.so&path=%2F%2Flib64 HTTP/1.1" 200 2235419 "-" "Mozilla/5.0 AppleWebKit/537.36 (KHTML, like Gecko; compatible; GPTBot/1.2; +https://openai.com/gptbot)"
20.171.207.161 - - [18/Jun/2025:00:12:57 +0800] "GET /sitepages/topic/2?action=edit&file=17110099301920.jpg&path=%2F%2Fproc%2Fthread-self%2Fcwd%2Fuploads%2Ftopics HTTP/1.1" 200 167989 "-" "Mozilla/5.0 AppleWebKit/537.36 (KHTML, like Gecko; compatible; GPTBot/1.2; +https://openai.com/gptbot)"
20.171.207.119 - - [18/Jun/2025:00:12:59 +0800] "GET /?path=%2F%2Fopt%2Falt%2Fcurl%2Fusr%2Fshare%2Fdoc HTTP/1.1" 200 86812 "-" "Mozilla/5.0 AppleWebKit/537.36 (KHTML, like Gecko; compatible; GPTBot/1.2; +https://openai.com/gptbot)"
52.1.106.130 - - [18/Jun/2025:00:13:00 +0800] "GET /?path=/home/zuuttrav/public_ftp HTTP/1.1" 200 86204 "-" "Mozilla/5.0 AppleWebKit/537.36 (KHTML, like Gecko; compatible; Amazonbot/0.1; +https://developer.amazon.com/support/amazonbot) Chrome/119.0.6045.214 Safari/537.36"
3.94.156.104 - - [18/Jun/2025:00:13:01 +0800] "GET /blog/topic/95?path=/home/zuuttrav/public_html HTTP/1.1" 200 70731 "-" "Mozilla/5.0 AppleWebKit/537.36 (KHTML, like Gecko; compatible; Amazonbot/0.1; +https://developer.amazon.com/support/amazonbot) Chrome/119.0.6045.214 Safari/537.36"
20.171.207.119 - - [18/Jun/2025:00:13:06 +0800] "GET /?action=edit&file=gzip.cpython-36.pyc&path=%2F%2Flib64%2Fpython3.6%2F__pycache__ HTTP/1.1" 200 104084 "-" "Mozilla/5.0 AppleWebKit/537.36 (KHTML, like Gecko; compatible; GPTBot/1.2; +https://openai.com/gptbot)"
20.171.207.161 - - [18/Jun/2025:00:13:07 +0800] "GET /sitepages/topic/2?action=edit&file=17116128154578.jpg&path=%2F%2Fproc%2Fthread-self%2Fcwd%2Fuploads%2Ftopics HTTP/1.1" 200 313155 "-" "Mozilla/5.0 AppleWebKit/537.36 (KHTML, like Gecko; compatible; GPTBot/1.2; +https://openai.com/gptbot)"
20.171.207.141 - - [18/Jun/2025:00:13:07 +0800] "GET /?action=edit&file=_codecs_kr.cpython-36m-x86_64-linux-gnu.so&path=%2F%2Flib64%2Fpython3.6%2Flib-dynload HTTP/1.1" 200 359833 "-" "Mozilla/5.0 AppleWebKit/537.36 (KHTML, like Gecko; compatible; GPTBot/1.2; +https://openai.com/gptbot)"
114.119.155.203 - - [18/Jun/2025:00:13:08 +0800] "GET /services/topic/104?action=edit&file=vivo.php&path=/home/zuuttrav/www HTTP/1.1" 200 77060 "https://zuuttravel.com/services/topic/104?action=edit&file=vivo.php&path=/home/zuuttrav/www" "Mozilla/5.0 (Linux; Android 7.0;) AppleWebKit/537.36 (KHTML, like Gecko) Mobile Safari/537.36 (compatible; PetalBot;+https://webmaster.petalsearch.com/site/petalbot)"
23.23.180.225 - - [18/Jun/2025:00:13:10 +0800] "GET /blog/topic/75?path=/home/zuuttrav/public_html/core/bootstrap HTTP/1.1" 200 60406 "-" "Mozilla/5.0 AppleWebKit/537.36 (KHTML, like Gecko; compatible; Amazonbot/0.1; +https://developer.amazon.com/support/amazonbot) Chrome/119.0.6045.214 Safari/537.36"
34.231.181.240 - - [18/Jun/2025:00:13:12 +0800] "GET /blog/topic/75?path=/home/zuuttrav/.htpasswds HTTP/1.1" 200 62946 "-" "Mozilla/5.0 AppleWebKit/537.36 (KHTML, like Gecko; compatible; Amazonbot/0.1; +https://developer.amazon.com/support/amazonbot) Chrome/119.0.6045.214 Safari/537.36"
20.171.207.119 - - [18/Jun/2025:00:13:12 +0800] "GET /?action=edit&file=hmac.cpython-36.pyc&path=%2F%2Flib64%2Fpython3.6%2F__pycache__ HTTP/1.1" 200 92761 "-" "Mozilla/5.0 AppleWebKit/537.36 (KHTML, like Gecko; compatible; GPTBot/1.2; +https://openai.com/gptbot)"
3.217.171.106 - - [18/Jun/2025:00:13:13 +0800] "GET /sitepages/topic/9?path=/home/zuuttrav/public_html/uploads HTTP/1.1" 200 86730 "-" "Mozilla/5.0 AppleWebKit/537.36 (KHTML, like Gecko; compatible; Amazonbot/0.1; +https://developer.amazon.com/support/amazonbot) Chrome/119.0.6045.214 Safari/537.36"
20.171.207.119 - - [18/Jun/2025:00:13:15 +0800] "GET /?action=edit&file=lzma.cpython-36.pyc&path=%2F%2Flib64%2Fpython3.6%2F__pycache__ HTTP/1.1" 200 99165 "-" "Mozilla/5.0 AppleWebKit/537.36 (KHTML, like Gecko; compatible; GPTBot/1.2; +https://openai.com/gptbot)"
20.171.207.141 - - [18/Jun/2025:00:13:16 +0800] "GET /?action=edit&file=resource.cpython-36m-x86_64-linux-gnu.so&path=%2F%2Flib64%2Fpython3.6%2Flib-dynload HTTP/1.1" 200 105494 "-" "Mozilla/5.0 AppleWebKit/537.36 (KHTML, like Gecko; compatible; GPTBot/1.2; +https://openai.com/gptbot)"
20.171.207.161 - - [18/Jun/2025:00:13:16 +0800] "GET /?action=edit&file=__init__.cpython-39.opt-2.pyc&path=%2F%2Flib64%2Fpython3.9%2Fvenv%2F__pycache__ HTTP/1.1" 200 98882 "-" "Mozilla/5.0 AppleWebKit/537.36 (KHTML, like Gecko; compatible; GPTBot/1.2; +https://openai.com/gptbot)"
20.171.207.141 - - [18/Jun/2025:00:13:19 +0800] "GET /?action=edit&file=README&path=%2F%2Flib64%2Flibdnf%2Fplugins HTTP/1.1" 200 85692 "-" "Mozilla/5.0 AppleWebKit/537.36 (KHTML, like Gecko; compatible; GPTBot/1.2; +https://openai.com/gptbot)"
52.21.62.139 - - [18/Jun/2025:00:13:19 +0800] "GET /blog/topic/74?path=/home/zuuttrav/public_html/core/bootstrap HTTP/1.1" 200 61869 "-" "Mozilla/5.0 AppleWebKit/537.36 (KHTML, like Gecko; compatible; Amazonbot/0.1; +https://developer.amazon.com/support/amazonbot) Chrome/119.0.6045.214 Safari/537.36"
54.243.63.52 - - [18/Jun/2025:00:13:23 +0800] "GET /contact?path=/home/zuuttrav/public_html/core/routes HTTP/1.1" 200 67599 "-" "Mozilla/5.0 AppleWebKit/537.36 (KHTML, like Gecko; compatible; Amazonbot/0.1; +https://developer.amazon.com/support/amazonbot) Chrome/119.0.6045.214 Safari/537.36"
107.23.62.75 - - [18/Jun/2025:00:13:23 +0800] "GET /cultural-tips?path=/home/zuuttrav/public_html/core HTTP/1.1" 200 70559 "-" "Mozilla/5.0 AppleWebKit/537.36 (KHTML, like Gecko; compatible; Amazonbot/0.1; +https://developer.amazon.com/support/amazonbot) Chrome/119.0.6045.214 Safari/537.36"
20.171.207.161 - - [18/Jun/2025:00:13:25 +0800] "GET /?action=edit&file=__init__.cpython-39.opt-1.pyc&path=%2F%2Flib64%2Fpython3.9%2Fvenv%2F__pycache__ HTTP/1.1" 200 103125 "-" "Mozilla/5.0 AppleWebKit/537.36 (KHTML, like Gecko; compatible; GPTBot/1.2; +https://openai.com/gptbot)"
20.171.207.119 - - [18/Jun/2025:00:13:26 +0800] "GET /?action=edit&file=glob.cpython-36.pyc&path=%2F%2Flib64%2Fpython3.6%2F__pycache__ HTTP/1.1" 200 90967 "-" "Mozilla/5.0 AppleWebKit/537.36 (KHTML, like Gecko; compatible; GPTBot/1.2; +https://openai.com/gptbot)"
20.171.207.161 - - [18/Jun/2025:00:13:28 +0800] "GET /?action=edit&file=__main__.cpython-39.opt-1.pyc&path=%2F%2Flib64%2Fpython3.9%2Fvenv%2F__pycache__ HTTP/1.1" 200 86511 "-" "Mozilla/5.0 AppleWebKit/537.36 (KHTML, like Gecko; compatible; GPTBot/1.2; +https://openai.com/gptbot)"
52.70.138.176 - - [18/Jun/2025:00:13:30 +0800] "GET /blog/topic/79?path=/home/zuuttrav/public_html/core/storage HTTP/1.1" 200 64889 "-" "Mozilla/5.0 AppleWebKit/537.36 (KHTML, like Gecko; compatible; Amazonbot/0.1; +https://developer.amazon.com/support/amazonbot) Chrome/119.0.6045.214 Safari/537.36"
20.171.207.141 - - [18/Jun/2025:00:13:31 +0800] "GET /?action=edit&file=_posixshmem.cpython-39-x86_64-linux-gnu.so&path=%2F%2Flib64%2Fpython3.9%2Flib-dynload HTTP/1.1" 200 99796 "-" "Mozilla/5.0 AppleWebKit/537.36 (KHTML, like Gecko; compatible; GPTBot/1.2; +https://openai.com/gptbot)"
23.23.104.107 - - [18/Jun/2025:00:13:32 +0800] "GET /services/topic/101?path=/home/zuuttrav/tmp HTTP/1.1" 200 72338 "-" "Mozilla/5.0 AppleWebKit/537.36 (KHTML, like Gecko; compatible; Amazonbot/0.1; +https://developer.amazon.com/support/amazonbot) Chrome/119.0.6045.214 Safari/537.36"
20.171.207.141 - - [18/Jun/2025:00:13:33 +0800] "GET /?path=%2F%2Fproc%2Fmpt HTTP/1.1" 200 86653 "-" "Mozilla/5.0 AppleWebKit/537.36 (KHTML, like Gecko; compatible; GPTBot/1.2; +https://openai.com/gptbot)"
20.171.207.119 - - [18/Jun/2025:00:13:33 +0800] "GET /?action=edit&file=this.cpython-36.pyc&path=%2F%2Flib64%2Fpython3.6%2F__pycache__ HTTP/1.1" 200 87619 "-" "Mozilla/5.0 AppleWebKit/537.36 (KHTML, like Gecko; compatible; GPTBot/1.2; +https://openai.com/gptbot)"
20.171.207.119 - - [18/Jun/2025:00:13:35 +0800] "GET /?action=edit&file=index.html&path=%2Fhome%2Fzuuttrav%2Fpublic_html%2Fassets HTTP/1.1" 200 86226 "-" "Mozilla/5.0 AppleWebKit/537.36 (KHTML, like Gecko; compatible; GPTBot/1.2; +https://openai.com/gptbot)"
20.171.207.161 - - [18/Jun/2025:00:13:39 +0800] "GET /?path=%2F%2Flib64%2Flibdnf%2Fplugins HTTP/1.1" 200 86816 "-" "Mozilla/5.0 AppleWebKit/537.36 (KHTML, like Gecko; compatible; GPTBot/1.2; +https://openai.com/gptbot)"
3.224.205.25 - - [18/Jun/2025:00:13:40 +0800] "GET /services/topic/102?path=/home/zuuttrav/public_html HTTP/1.1" 200 71120 "-" "Mozilla/5.0 AppleWebKit/537.36 (KHTML, like Gecko; compatible; Amazonbot/0.1; +https://developer.amazon.com/support/amazonbot) Chrome/119.0.6045.214 Safari/537.36"
20.171.207.161 - - [18/Jun/2025:00:13:42 +0800] "GET /?action=edit&file=__main__.cpython-39.opt-2.pyc&path=%2F%2Flib64%2Fpython3.9%2Fvenv%2F__pycache__ HTTP/1.1" 200 86511 "-" "Mozilla/5.0 AppleWebKit/537.36 (KHTML, like Gecko; compatible; GPTBot/1.2; +https://openai.com/gptbot)"
20.171.207.119 - - [18/Jun/2025:00:13:42 +0800] "GET /?action=edit&file=_pyio.cpython-36.opt-2.pyc&path=%2F%2Flib64%2Fpython3.6%2F__pycache__ HTTP/1.1" 200 140479 "-" "Mozilla/5.0 AppleWebKit/537.36 (KHTML, like Gecko; compatible; GPTBot/1.2; +https://openai.com/gptbot)"
54.87.62.248 - - [18/Jun/2025:00:13:44 +0800] "GET /services/topic/101?path=/home/zuuttrav/www HTTP/1.1" 200 70904 "-" "Mozilla/5.0 AppleWebKit/537.36 (KHTML, like Gecko; compatible; Amazonbot/0.1; +https://developer.amazon.com/support/amazonbot) Chrome/119.0.6045.214 Safari/537.36"
20.171.207.141 - - [18/Jun/2025:00:13:46 +0800] "GET /?path=%2F%2Fproc%2Ftty HTTP/1.1" 200 86875 "-" "Mozilla/5.0 AppleWebKit/537.36 (KHTML, like Gecko; compatible; GPTBot/1.2; +https://openai.com/gptbot)"
52.207.47.227 - - [18/Jun/2025:00:13:48 +0800] "GET /services/topic/7?path=/home/zuuttrav/public_html/assets HTTP/1.1" 200 89806 "-" "Mozilla/5.0 AppleWebKit/537.36 (KHTML, like Gecko; compatible; Amazonbot/0.1; +https://developer.amazon.com/support/amazonbot) Chrome/119.0.6045.214 Safari/537.36"
20.171.207.119 - - [18/Jun/2025:00:13:49 +0800] "GET /?action=edit&file=ChangeLog&path=%2F%2Fopt%2Falt%2Fpcre%2Fusr%2Fshare%2Fdoc%2Falt-pcre HTTP/1.1" 200 386655 "-" "Mozilla/5.0 AppleWebKit/537.36 (KHTML, like Gecko; compatible; GPTBot/1.2; +https://openai.com/gptbot)"
52.45.92.83 - - [18/Jun/2025:00:13:52 +0800] "GET /?path=/home/zuuttrav/.cpanel HTTP/1.1" 200 89650 "-" "Mozilla/5.0 AppleWebKit/537.36 (KHTML, like Gecko; compatible; Amazonbot/0.1; +https://developer.amazon.com/support/amazonbot) Chrome/119.0.6045.214 Safari/537.36"
20.171.207.161 - - [18/Jun/2025:00:13:53 +0800] "GET /?action=edit&file=libisc-export.so.1107&path=%2F%2Flib64%2Fbind9-export HTTP/1.1" 200 798569 "-" "Mozilla/5.0 AppleWebKit/537.36 (KHTML, like Gecko; compatible; GPTBot/1.2; +https://openai.com/gptbot)"
20.171.207.141 - - [18/Jun/2025:00:13:54 +0800] "GET /?action=edit&file=grcrt1.o&path=%2F%2Flib64 HTTP/1.1" 200 101056 "-" "Mozilla/5.0 AppleWebKit/537.36 (KHTML, like Gecko; compatible; GPTBot/1.2; +https://openai.com/gptbot)"
20.171.207.119 - - [18/Jun/2025:00:13:54 +0800] "GET /?action=edit&file=LICENCE&path=%2F%2Fopt%2Falt%2Fpcre%2Fusr%2Fshare%2Fdoc%2Falt-pcre HTTP/1.1" 200 89477 "-" "Mozilla/5.0 AppleWebKit/537.36 (KHTML, like Gecko; compatible; GPTBot/1.2; +https://openai.com/gptbot)"
20.171.207.161 - - [18/Jun/2025:00:13:55 +0800] "GET /?path=%2Fhome%2Fzuuttrav%2Fpublic_html HTTP/1.1" 200 91793 "-" "Mozilla/5.0 AppleWebKit/537.36 (KHTML, like Gecko; compatible; GPTBot/1.2; +https://openai.com/gptbot)"
44.197.76.210 - - [18/Jun/2025:00:13:59 +0800] "GET /welcome-to-mongolia?path=/home/zuuttrav/public_html/assets/translation HTTP/1.1" 200 85236 "-" "Mozilla/5.0 AppleWebKit/537.36 (KHTML, like Gecko; compatible; Amazonbot/0.1; +https://developer.amazon.com/support/amazonbot) Chrome/119.0.6045.214 Safari/537.36"
20.171.207.119 - - [18/Jun/2025:00:13:59 +0800] "GET /?action=edit&file=README&path=%2F%2Fopt%2Falt%2Fpcre%2Fusr%2Fshare%2Fdoc%2Falt-pcre HTTP/1.1" 200 132932 "-" "Mozilla/5.0 AppleWebKit/537.36 (KHTML, like Gecko; compatible; GPTBot/1.2; +https://openai.com/gptbot)"
3.230.69.161 - - [18/Jun/2025:00:14:01 +0800] "GET /services/topic/8?path=/home/zuuttrav/.caldav HTTP/1.1" 200 81302 "-" "Mozilla/5.0 AppleWebKit/537.36 (KHTML, like Gecko; compatible; Amazonbot/0.1; +https://developer.amazon.com/support/amazonbot) Chrome/119.0.6045.214 Safari/537.36"
20.171.207.141 - - [18/Jun/2025:00:14:01 +0800] "GET /?path=%2F%2Flib64%2Fpython2.7%2Flib-tk HTTP/1.1" 200 103379 "-" "Mozilla/5.0 AppleWebKit/537.36 (KHTML, like Gecko; compatible; GPTBot/1.2; +https://openai.com/gptbot)"
20.171.207.161 - - [18/Jun/2025:00:14:02 +0800] "GET /?action=edit&file=__main__.py&path=%2F%2Flib64%2Fpython3.9%2Fvenv HTTP/1.1" 200 86225 "-" "Mozilla/5.0 AppleWebKit/537.36 (KHTML, like Gecko; compatible; GPTBot/1.2; +https://openai.com/gptbot)"
3.220.70.171 - - [18/Jun/2025:00:14:04 +0800] "GET /services/topic/101?path=/home/zuuttrav/public_html/assets/translation HTTP/1.1" 200 67372 "-" "Mozilla/5.0 AppleWebKit/537.36 (KHTML, like Gecko; compatible; Amazonbot/0.1; +https://developer.amazon.com/support/amazonbot) Chrome/119.0.6045.214 Safari/537.36"
20.171.207.141 - - [18/Jun/2025:00:14:04 +0800] "GET /?path=%2Fhome%2Fzuuttrav%2Fpublic_html%2Fassets%2Ftranslation%2Fcss HTTP/1.1" 200 87858 "-" "Mozilla/5.0 AppleWebKit/537.36 (KHTML, like Gecko; compatible; GPTBot/1.2; +https://openai.com/gptbot)"
23.22.105.143 - - [18/Jun/2025:00:14:06 +0800] "GET /?path=/home/zuuttrav/public_html/uploads/contacts HTTP/1.1" 200 87397 "-" "Mozilla/5.0 AppleWebKit/537.36 (KHTML, like Gecko; compatible; Amazonbot/0.1; +https://developer.amazon.com/support/amazonbot) Chrome/119.0.6045.214 Safari/537.36"
20.171.207.119 - - [18/Jun/2025:00:14:07 +0800] "GET /?action=edit&file=COPYING&path=%2F%2Fopt%2Falt%2Fpcre%2Fusr%2Fshare%2Fdoc%2Falt-pcre HTTP/1.1" 200 86335 "-" "Mozilla/5.0 AppleWebKit/537.36 (KHTML, like Gecko; compatible; GPTBot/1.2; +https://openai.com/gptbot)"
20.171.207.161 - - [18/Jun/2025:00:14:08 +0800] "GET /?path=%2F%2Fetc%2Fpam.d HTTP/1.1" 200 90818 "-" "Mozilla/5.0 AppleWebKit/537.36 (KHTML, like Gecko; compatible; GPTBot/1.2; +https://openai.com/gptbot)"
20.171.207.141 - - [18/Jun/2025:00:14:10 +0800] "GET /?path=%2F%2Fetc%2Fenvironment-modules HTTP/1.1" 200 86840 "-" "Mozilla/5.0 AppleWebKit/537.36 (KHTML, like Gecko; compatible; GPTBot/1.2; +https://openai.com/gptbot)"
52.0.105.244 - - [18/Jun/2025:00:14:11 +0800] "GET /topic/about?action=edit&file=smtp_wss&path=/home/zuuttrav/public_html HTTP/1.1" 200 63482 "-" "Mozilla/5.0 AppleWebKit/537.36 (KHTML, like Gecko; compatible; Amazonbot/0.1; +https://developer.amazon.com/support/amazonbot) Chrome/119.0.6045.214 Safari/537.36"
114.119.140.87 - - [18/Jun/2025:00:14:11 +0800] "GET /services/topic/104?action=edit&file=usage_202504.html&path=/home/zuuttrav/tmp/webalizer HTTP/1.1" 200 366615 "https://zuuttravel.com/services/topic/104?path=/home/zuuttrav/tmp/webalizer" "Mozilla/5.0 (Linux; Android 7.0;) AppleWebKit/537.36 (KHTML, like Gecko) Mobile Safari/537.36 (compatible; PetalBot;+https://webmaster.petalsearch.com/site/petalbot)"
20.171.207.119 - - [18/Jun/2025:00:14:14 +0800] "GET /?action=edit&file=AUTHORS&path=%2F%2Fopt%2Falt%2Fpcre%2Fusr%2Fshare%2Fdoc%2Falt-pcre HTTP/1.1" 200 87084 "-" "Mozilla/5.0 AppleWebKit/537.36 (KHTML, like Gecko; compatible; GPTBot/1.2; +https://openai.com/gptbot)"
54.91.122.193 - - [18/Jun/2025:00:14:15 +0800] "GET /blog/topic/75?path=/home/zuuttrav/public_html/core/vendor HTTP/1.1" 200 73564 "-" "Mozilla/5.0 AppleWebKit/537.36 (KHTML, like Gecko; compatible; Amazonbot/0.1; +https://developer.amazon.com/support/amazonbot) Chrome/119.0.6045.214 Safari/537.36"
20.171.207.119 - - [18/Jun/2025:00:14:16 +0800] "GET /?action=edit&file=NEWS&path=%2F%2Fopt%2Falt%2Fpcre%2Fusr%2Fshare%2Fdoc%2Falt-pcre HTTP/1.1" 200 115675 "-" "Mozilla/5.0 AppleWebKit/537.36 (KHTML, like Gecko; compatible; GPTBot/1.2; +https://openai.com/gptbot)"
20.171.207.161 - - [18/Jun/2025:00:14:19 +0800] "GET /?action=edit&file=zipsplit&path=%2F%2Fbin HTTP/1.1" 200 235331 "-" "Mozilla/5.0 AppleWebKit/537.36 (KHTML, like Gecko; compatible; GPTBot/1.2; +https://openai.com/gptbot)"
34.204.150.196 - - [18/Jun/2025:00:14:20 +0800] "GET /cultural-tips?action=edit&file=index.php&path=/home/zuuttrav/public_html HTTP/1.1" 200 65472 "-" "Mozilla/5.0 AppleWebKit/537.36 (KHTML, like Gecko; compatible; Amazonbot/0.1; +https://developer.amazon.com/support/amazonbot) Chrome/119.0.6045.214 Safari/537.36"
20.171.207.161 - - [18/Jun/2025:00:14:21 +0800] "GET /?action=edit&file=__init__.cpython-39.opt-2.pyc&path=%2F%2Flib64%2Fpython3.9%2Fvenv%2F__pycache__ HTTP/1.1" 200 98873 "-" "Mozilla/5.0 AppleWebKit/537.36 (KHTML, like Gecko; compatible; GPTBot/1.2; +https://openai.com/gptbot)"
20.171.207.141 - - [18/Jun/2025:00:14:21 +0800] "GET /?action=edit&file=python-config.cpython-36.opt-1.pyc&path=%2F%2Flib64%2Fpython3.6%2Fconfig-3.6m-x86_64-linux-gnu%2F__pycache__ HTTP/1.1" 200 87782 "-" "Mozilla/5.0 AppleWebKit/537.36 (KHTML, like Gecko; compatible; GPTBot/1.2; +https://openai.com/gptbot)"
54.88.84.219 - - [18/Jun/2025:00:14:27 +0800] "GET /topic/about?action=edit&file=gxq.txt&path=/home/zuuttrav/public_html HTTP/1.1" 200 61228 "-" "Mozilla/5.0 AppleWebKit/537.36 (KHTML, like Gecko; compatible; Amazonbot/0.1; +https://developer.amazon.com/support/amazonbot) Chrome/119.0.6045.214 Safari/537.36"
20.171.207.119 - - [18/Jun/2025:00:14:27 +0800] "GET /?action=edit&file=luasandbox.ini&path=%2F%2Fopt%2Falt%2Fphp71%2Fetc%2Fphp.d.all HTTP/1.1" 200 86318 "-" "Mozilla/5.0 AppleWebKit/537.36 (KHTML, like Gecko; compatible; GPTBot/1.2; +https://openai.com/gptbot)"
52.7.13.143 - - [18/Jun/2025:00:14:27 +0800] "GET /blog/topic/79?path=/home/zuuttrav/public_html/uploads/banners HTTP/1.1" 200 69053 "-" "Mozilla/5.0 AppleWebKit/537.36 (KHTML, like Gecko; compatible; Amazonbot/0.1; +https://developer.amazon.com/support/amazonbot) Chrome/119.0.6045.214 Safari/537.36"
20.171.207.141 - - [18/Jun/2025:00:14:28 +0800] "GET /?path=%2F%2Flib64%2Flibibverbs HTTP/1.1" 200 90106 "-" "Mozilla/5.0 AppleWebKit/537.36 (KHTML, like Gecko; compatible; GPTBot/1.2; +https://openai.com/gptbot)"
20.171.207.141 - - [18/Jun/2025:00:14:31 +0800] "GET /?path=%2F%2Flib64%2Fengines-1.1 HTTP/1.1" 200 87420 "-" "Mozilla/5.0 AppleWebKit/537.36 (KHTML, like Gecko; compatible; GPTBot/1.2; +https://openai.com/gptbot)"
50.16.216.166 - - [18/Jun/2025:00:14:31 +0800] "GET /services/topic/100?action=edit&file=.imunify_patch_id&path=/home/zuuttrav HTTP/1.1" 200 65732 "-" "Mozilla/5.0 AppleWebKit/537.36 (KHTML, like Gecko; compatible; Amazonbot/0.1; +https://developer.amazon.com/support/amazonbot) Chrome/119.0.6045.214 Safari/537.36"
20.171.207.161 - - [18/Jun/2025:00:14:33 +0800] "GET /?action=edit&file=realpath&path=%2F%2Fbin HTTP/1.1" 200 160987 "-" "Mozilla/5.0 AppleWebKit/537.36 (KHTML, like Gecko; compatible; GPTBot/1.2; +https://openai.com/gptbot)"
20.171.207.119 - - [18/Jun/2025:00:14:33 +0800] "GET /?action=edit&file=libyaml-0.so.2.0.5&path=%2F%2Flib64 HTTP/1.1" 200 297491 "-" "Mozilla/5.0 AppleWebKit/537.36 (KHTML, like Gecko; compatible; GPTBot/1.2; +https://openai.com/gptbot)"
20.171.207.141 - - [18/Jun/2025:00:14:38 +0800] "GET /?action=edit&file=libevent_pthreads-2.1.so.6.0.2&path=%2F%2Flib64 HTTP/1.1" 200 99890 "-" "Mozilla/5.0 AppleWebKit/537.36 (KHTML, like Gecko; compatible; GPTBot/1.2; +https://openai.com/gptbot)"
44.212.131.50 - - [18/Jun/2025:00:14:39 +0800] "GET /services/topic/6?action=edit&file=vivo.php&path=/home/zuuttrav/public_html HTTP/1.1" 200 113224 "-" "Mozilla/5.0 AppleWebKit/537.36 (KHTML, like Gecko; compatible; Amazonbot/0.1; +https://developer.amazon.com/support/amazonbot) Chrome/119.0.6045.214 Safari/537.36"
35.153.86.200 - - [18/Jun/2025:00:14:39 +0800] "GET /services/topic/16?path=/home/zuuttrav/public_html/assets/keditor HTTP/1.1" 200 84941 "-" "Mozilla/5.0 AppleWebKit/537.36 (KHTML, like Gecko; compatible; Amazonbot/0.1; +https://developer.amazon.com/support/amazonbot) Chrome/119.0.6045.214 Safari/537.36"
20.171.207.161 - - [18/Jun/2025:00:14:40 +0800] "GET /sitepages/topic/2?action=edit&file=17092730777205.jpg&path=%2F%2Fproc%2Fthread-self%2Fcwd%2Fuploads%2Ftopics HTTP/1.1" 200 139939 "-" "Mozilla/5.0 AppleWebKit/537.36 (KHTML, like Gecko; compatible; GPTBot/1.2; +https://openai.com/gptbot)"
20.171.207.119 - - [18/Jun/2025:00:14:41 +0800] "GET /?action=edit&file=libraw_r.so.19.0.2&path=%2F%2Flib64 HTTP/1.1" 200 1370680 "-" "Mozilla/5.0 AppleWebKit/537.36 (KHTML, like Gecko; compatible; GPTBot/1.2; +https://openai.com/gptbot)"
20.171.207.161 - - [18/Jun/2025:00:14:43 +0800] "GET /sitepages/topic/2?action=edit&file=17080768613222.jpg&path=%2F%2Fproc%2Fthread-self%2Fcwd%2Fuploads%2Ftopics HTTP/1.1" 200 1963862 "-" "Mozilla/5.0 AppleWebKit/537.36 (KHTML, like Gecko; compatible; GPTBot/1.2; +https://openai.com/gptbot)"
3.90.73.206 - - [18/Jun/2025:00:14:44 +0800] "GET /services/topic/101?action=edit&file=.bash_logout&path=/home/zuuttrav HTTP/1.1" 403 71194 "-" "Mozilla/5.0 AppleWebKit/537.36 (KHTML, like Gecko; compatible; Amazonbot/0.1; +https://developer.amazon.com/support/amazonbot) Chrome/119.0.6045.214 Safari/537.36"
20.171.207.141 - - [18/Jun/2025:00:14:48 +0800] "GET /?path=%2F%2Flib64%2Fgtk-2.0%2F2.10.0%2Fprintbackends HTTP/1.1" 200 87098 "-" "Mozilla/5.0 AppleWebKit/537.36 (KHTML, like Gecko; compatible; GPTBot/1.2; +https://openai.com/gptbot)"
20.171.207.119 - - [18/Jun/2025:00:14:48 +0800] "GET /?action=edit&file=update.js&path=%2F%2Fopt%2Falt%2Falt-nodejs9%2Froot%2Flib%2Fnode_modules%2Fnpm%2Flib HTTP/1.1" 200 88757 "-" "Mozilla/5.0 AppleWebKit/537.36 (KHTML, like Gecko; compatible; GPTBot/1.2; +https://openai.com/gptbot)"
18.213.102.186 - - [18/Jun/2025:00:14:50 +0800] "GET /blog/topic/81?action=edit&file=unizuut.mn.zip&path=/home/zuuttrav/public_html HTTP/1.1" 500 5 "-" "Mozilla/5.0 AppleWebKit/537.36 (KHTML, like Gecko; compatible; Amazonbot/0.1; +https://developer.amazon.com/support/amazonbot) Chrome/119.0.6045.214 Safari/537.36"
54.157.84.74 - - [18/Jun/2025:00:14:51 +0800] "GET /blog/topic/75?path=/home/zuuttrav/public_html/123/img HTTP/1.1" 200 61376 "-" "Mozilla/5.0 AppleWebKit/537.36 (KHTML, like Gecko; compatible; Amazonbot/0.1; +https://developer.amazon.com/support/amazonbot) Chrome/119.0.6045.214 Safari/537.36"
20.171.207.161 - - [18/Jun/2025:00:14:54 +0800] "GET /sitepages/topic/2?action=edit&file=17097122833222.jpg&path=%2F%2Fproc%2Fthread-self%2Fcwd%2Fuploads%2Ftopics HTTP/1.1" 200 322992 "-" "Mozilla/5.0 AppleWebKit/537.36 (KHTML, like Gecko; compatible; GPTBot/1.2; +https://openai.com/gptbot)"
20.171.207.119 - - [18/Jun/2025:00:14:55 +0800] "GET /?action=edit&file=update.js&path=%2F%2Fopt%2Falt%2Falt-nodejs6%2Froot%2Flib%2Fnode_modules%2Fnpm%2Flib HTTP/1.1" 200 88264 "-" "Mozilla/5.0 AppleWebKit/537.36 (KHTML, like Gecko; compatible; GPTBot/1.2; +https://openai.com/gptbot)"
20.171.207.141 - - [18/Jun/2025:00:14:56 +0800] "GET /?path=%2F%2Flib64%2Fperl5%2FSys HTTP/1.1" 200 86222 "-" "Mozilla/5.0 AppleWebKit/537.36 (KHTML, like Gecko; compatible; GPTBot/1.2; +https://openai.com/gptbot)"
20.171.207.161 - - [18/Jun/2025:00:14:56 +0800] "GET /sitepages/topic/2?action=edit&file=17090002972340.jpg&path=%2F%2Fproc%2Fthread-self%2Fcwd%2Fuploads%2Ftopics HTTP/1.1" 200 301795 "-" "Mozilla/5.0 AppleWebKit/537.36 (KHTML, like Gecko; compatible; GPTBot/1.2; +https://openai.com/gptbot)"
20.171.207.119 - - [18/Jun/2025:00:14:57 +0800] "GET /?action=edit&file=LICENCE&path=%2F%2Fopt%2Falt%2Fpcre%2Fusr%2Fshare%2Fdoc%2Falt-pcre HTTP/1.1" 200 89462 "-" "Mozilla/5.0 AppleWebKit/537.36 (KHTML, like Gecko; compatible; GPTBot/1.2; +https://openai.com/gptbot)"
20.171.207.141 - - [18/Jun/2025:00:14:59 +0800] "GET /?path=%2F%2Flib64%2Fperl5%2FIPC HTTP/1.1" 200 85938 "-" "Mozilla/5.0 AppleWebKit/537.36 (KHTML, like Gecko; compatible; GPTBot/1.2; +https://openai.com/gptbot)"
18.211.39.188 - - [18/Jun/2025:00:15:00 +0800] "GET /services/topic/8?action=edit&file=README.md&path=/home/zuuttrav/public_html/core HTTP/1.1" 200 85298 "-" "Mozilla/5.0 AppleWebKit/537.36 (KHTML, like Gecko; compatible; Amazonbot/0.1; +https://developer.amazon.com/support/amazonbot) Chrome/119.0.6045.214 Safari/537.36"
20.171.207.161 - - [18/Jun/2025:00:15:04 +0800] "GET /?action=edit&file=README&path=%2F%2Flib64%2Flibdnf%2Fplugins HTTP/1.1" 200 86280 "-" "Mozilla/5.0 AppleWebKit/537.36 (KHTML, like Gecko; compatible; GPTBot/1.2; +https://openai.com/gptbot)"
20.171.207.119 - - [18/Jun/2025:00:15:04 +0800] "GET /?action=edit&file=update.js&path=%2F%2Fopt%2Falt%2Falt-nodejs8%2Froot%2Flib%2Fnode_modules%2Fnpm%2Flib HTTP/1.1" 200 88714 "-" "Mozilla/5.0 AppleWebKit/537.36 (KHTML, like Gecko; compatible; GPTBot/1.2; +https://openai.com/gptbot)"
20.171.207.141 - - [18/Jun/2025:00:15:05 +0800] "GET /?path=%2F%2Flib64%2Fperl5%2Fasm HTTP/1.1" 200 90558 "-" "Mozilla/5.0 AppleWebKit/537.36 (KHTML, like Gecko; compatible; GPTBot/1.2; +https://openai.com/gptbot)"
52.21.62.139 - - [18/Jun/2025:00:15:09 +0800] "GET /?action=edit&file=.contactemail&path=/home/zuuttrav HTTP/1.1" 200 85491 "-" "Mozilla/5.0 AppleWebKit/537.36 (KHTML, like Gecko; compatible; Amazonbot/0.1; +https://developer.amazon.com/support/amazonbot) Chrome/119.0.6045.214 Safari/537.36"
54.147.238.89 - - [18/Jun/2025:00:15:11 +0800] "GET /?action=edit&file=.bash_profile&path=/home/zuuttrav HTTP/1.1" 200 85675 "-" "Mozilla/5.0 AppleWebKit/537.36 (KHTML, like Gecko; compatible; Amazonbot/0.1; +https://developer.amazon.com/support/amazonbot) Chrome/119.0.6045.214 Safari/537.36"
20.171.207.141 - - [18/Jun/2025:00:15:11 +0800] "GET /?path=%2F%2Flib64%2Fperl5%2Fgnu HTTP/1.1" 200 86522 "-" "Mozilla/5.0 AppleWebKit/537.36 (KHTML, like Gecko; compatible; GPTBot/1.2; +https://openai.com/gptbot)"
20.171.207.119 - - [18/Jun/2025:00:15:11 +0800] "GET /?path=%2F%2Fetc%2Fsasl2 HTTP/1.1" 200 86603 "-" "Mozilla/5.0 AppleWebKit/537.36 (KHTML, like Gecko; compatible; GPTBot/1.2; +https://openai.com/gptbot)"
52.200.251.20 - - [18/Jun/2025:00:15:12 +0800] "GET /blog/topic/79?action=edit&file=index.html&path=/home/zuuttrav/public_html/assets HTTP/1.1" 200 62960 "-" "Mozilla/5.0 AppleWebKit/537.36 (KHTML, like Gecko; compatible; Amazonbot/0.1; +https://developer.amazon.com/support/amazonbot) Chrome/119.0.6045.214 Safari/537.36"
20.171.207.161 - - [18/Jun/2025:00:15:14 +0800] "GET /sitepages/topic/2?action=edit&file=17110124777439.jpg&path=%2F%2Fproc%2Fthread-self%2Fcwd%2Fuploads%2Ftopics HTTP/1.1" 200 138845 "-" "Mozilla/5.0 AppleWebKit/537.36 (KHTML, like Gecko; compatible; GPTBot/1.2; +https://openai.com/gptbot)"
20.171.207.141 - - [18/Jun/2025:00:15:17 +0800] "GET /?action=edit&file=Tix.pyc&path=%2F%2Flib64%2Fpython2.7%2Flib-tk HTTP/1.1" 200 187841 "-" "Mozilla/5.0 AppleWebKit/537.36 (KHTML, like Gecko; compatible; GPTBot/1.2; +https://openai.com/gptbot)"
66.249.79.165 - - [18/Jun/2025:00:15:19 +0800] "GET /?shopdetail/28342976 HTTP/1.1" 200 91190 "-" "Mozilla/5.0 (compatible; Googlebot/2.1; +http://www.google.com/bot.html)"
52.21.62.139 - - [18/Jun/2025:00:15:19 +0800] "GET /services/topic/101?action=edit&file=.ftpquota&path=/home/zuuttrav/public_html HTTP/1.1" 200 65190 "-" "Mozilla/5.0 AppleWebKit/537.36 (KHTML, like Gecko; compatible; Amazonbot/0.1; +https://developer.amazon.com/support/amazonbot) Chrome/119.0.6045.214 Safari/537.36"
20.171.207.161 - - [18/Jun/2025:00:15:21 +0800] "GET /sitepages/topic/2?action=edit&file=17109179242227.jpg&path=%2F%2Fproc%2Fthread-self%2Fcwd%2Fuploads%2Ftopics HTTP/1.1" 200 358689 "-" "Mozilla/5.0 AppleWebKit/537.36 (KHTML, like Gecko; compatible; GPTBot/1.2; +https://openai.com/gptbot)"
20.171.207.119 - - [18/Jun/2025:00:15:21 +0800] "GET /?path=%2F%2Fopt%2Falt%2Falt-nodejs8%2Froot%2Fvar%2Fspool%2Fmail HTTP/1.1" 200 86936 "-" "Mozilla/5.0 AppleWebKit/537.36 (KHTML, like Gecko; compatible; GPTBot/1.2; +https://openai.com/gptbot)"
20.171.207.141 - - [18/Jun/2025:00:15:21 +0800] "GET /?path=%2F%2Flib64%2Fpython2.7%2Flib-tk%2Ftest HTTP/1.1" 200 88843 "-" "Mozilla/5.0 AppleWebKit/537.36 (KHTML, like Gecko; compatible; GPTBot/1.2; +https://openai.com/gptbot)"
20.171.207.161 - - [18/Jun/2025:00:15:22 +0800] "GET /sitepages/topic/2?action=edit&file=17116092319222.jpg&path=%2F%2Fproc%2Fthread-self%2Fcwd%2Fuploads%2Ftopics HTTP/1.1" 200 622032 "-" "Mozilla/5.0 AppleWebKit/537.36 (KHTML, like Gecko; compatible; GPTBot/1.2; +https://openai.com/gptbot)"
20.171.207.119 - - [18/Jun/2025:00:15:23 +0800] "GET /?path=%2F%2Fopt%2Falt%2Falt-nodejs9%2Froot%2Fvar%2Fspool%2Fmail HTTP/1.1" 200 86952 "-" "Mozilla/5.0 AppleWebKit/537.36 (KHTML, like Gecko; compatible; GPTBot/1.2; +https://openai.com/gptbot)"
18.210.58.238 - - [18/Jun/2025:00:15:23 +0800] "GET /services/topic/100?action=edit&file=package.json&path=/home/zuuttrav/public_html/core HTTP/1.1" 200 66262 "-" "Mozilla/5.0 AppleWebKit/537.36 (KHTML, like Gecko; compatible; Amazonbot/0.1; +https://developer.amazon.com/support/amazonbot) Chrome/119.0.6045.214 Safari/537.36"
114.119.133.103 - - [18/Jun/2025:00:15:27 +0800] "GET /services/topic/104?action=edit&file=usage_202311.html&path=/home/zuuttrav/tmp/webalizer HTTP/1.1" 200 374547 "https://zuuttravel.com/services/topic/104?path=/home/zuuttrav/tmp/webalizer" "Mozilla/5.0 (Linux; Android 7.0;) AppleWebKit/537.36 (KHTML, like Gecko) Mobile Safari/537.36 (compatible; PetalBot;+https://webmaster.petalsearch.com/site/petalbot)"
3.214.176.44 - - [18/Jun/2025:00:15:27 +0800] "GET /services/topic/16?action=edit&file=index.html&path=/home/zuuttrav/public_html/123 HTTP/1.1" 200 164855 "-" "Mozilla/5.0 AppleWebKit/537.36 (KHTML, like Gecko; compatible; Amazonbot/0.1; +https://developer.amazon.com/support/amazonbot) Chrome/119.0.6045.214 Safari/537.36"
20.171.207.141 - - [18/Jun/2025:00:15:30 +0800] "GET /?action=edit&file=ttk.py&path=%2F%2Flib64%2Fpython2.7%2Flib-tk HTTP/1.1" 200 148951 "-" "Mozilla/5.0 AppleWebKit/537.36 (KHTML, like Gecko; compatible; GPTBot/1.2; +https://openai.com/gptbot)"
20.171.207.161 - - [18/Jun/2025:00:15:34 +0800] "GET /?action=edit&file=fc-pattern&path=%2F%2Fbin HTTP/1.1" 200 101549 "-" "Mozilla/5.0 AppleWebKit/537.36 (KHTML, like Gecko; compatible; GPTBot/1.2; +https://openai.com/gptbot)"
20.171.207.119 - - [18/Jun/2025:00:15:34 +0800] "GET /?path=%2F%2Fopt%2Falt%2Falt-nodejs6%2Froot%2Fvar%2Fspool%2Fmail HTTP/1.1" 200 86944 "-" "Mozilla/5.0 AppleWebKit/537.36 (KHTML, like Gecko; compatible; GPTBot/1.2; +https://openai.com/gptbot)"
34.231.45.47 - - [18/Jun/2025:00:15:36 +0800] "GET /services/topic/100?action=edit&file=.gitattributes&path=/home/zuuttrav/public_html/core HTTP/1.1" 200 65521 "-" "Mozilla/5.0 AppleWebKit/537.36 (KHTML, like Gecko; compatible; Amazonbot/0.1; +https://developer.amazon.com/support/amazonbot) Chrome/119.0.6045.214 Safari/537.36"
20.171.207.119 - - [18/Jun/2025:00:15:37 +0800] "GET /?path=%2F%2Fopt%2Falt%2Ftests HTTP/1.1" 200 87217 "-" "Mozilla/5.0 AppleWebKit/537.36 (KHTML, like Gecko; compatible; GPTBot/1.2; +https://openai.com/gptbot)"
20.171.207.141 - - [18/Jun/2025:00:15:37 +0800] "GET /?action=edit&file=Tix.py&path=%2F%2Flib64%2Fpython2.7%2Flib-tk HTTP/1.1" 200 172846 "-" "Mozilla/5.0 AppleWebKit/537.36 (KHTML, like Gecko; compatible; GPTBot/1.2; +https://openai.com/gptbot)"
54.204.62.163 - - [18/Jun/2025:00:15:39 +0800] "GET /welcome-to-mongolia?action=edit&file=.env&path=/home/zuuttrav/public_html/core HTTP/1.1" 200 85348 "-" "Mozilla/5.0 AppleWebKit/537.36 (KHTML, like Gecko; compatible; Amazonbot/0.1; +https://developer.amazon.com/support/amazonbot) Chrome/119.0.6045.214 Safari/537.36"
20.171.207.161 - - [18/Jun/2025:00:15:41 +0800] "GET /?action=edit&file=gpgsplit&path=%2F%2Fbin HTTP/1.1" 200 220715 "-" "Mozilla/5.0 AppleWebKit/537.36 (KHTML, like Gecko; compatible; GPTBot/1.2; +https://openai.com/gptbot)"
20.171.207.119 - - [18/Jun/2025:00:15:43 +0800] "GET /?path=%2F%2Fetc%2Fssl%2Fcerts HTTP/1.1" 200 87938 "-" "Mozilla/5.0 AppleWebKit/537.36 (KHTML, like Gecko; compatible; GPTBot/1.2; +https://openai.com/gptbot)"
