20.171.207.161 - - [17/Jun/2025:22:19:07 +0800] "GET /sitepages/topic/2?action=edit&file=TAP%3A%3AFormatter%3A%3ABase.3pm.gz&path=%2F%2Fusr%2Fshare%2Fman%2Fman3 HTTP/1.1" 200 63570 "-" "Mozilla/5.0 AppleWebKit/537.36 (KHTML, like Gecko; compatible; GPTBot/1.2; +https://openai.com/gptbot)"
20.171.207.119 - - [17/Jun/2025:22:19:07 +0800] "GET /?action=edit&file=rar.ini&path=%2F%2Fopt%2Falt%2Fphp71%2Fetc%2Fphp.d.all HTTP/1.1" 200 86282 "-" "Mozilla/5.0 AppleWebKit/537.36 (KHTML, like Gecko; compatible; GPTBot/1.2; +https://openai.com/gptbot)"
20.171.207.119 - - [17/Jun/2025:22:19:10 +0800] "GET /?action=edit&file=dom.ini&path=%2F%2Fopt%2Falt%2Fphp71%2Fetc%2Fphp.d.all HTTP/1.1" 200 86291 "-" "Mozilla/5.0 AppleWebKit/537.36 (KHTML, like Gecko; compatible; GPTBot/1.2; +https://openai.com/gptbot)"
20.171.207.119 - - [17/Jun/2025:22:19:16 +0800] "GET /?action=edit&file=ldap.ini&path=%2F%2Fopt%2Falt%2Fphp71%2Fetc%2Fphp.d.all HTTP/1.1" 200 86295 "-" "Mozilla/5.0 AppleWebKit/537.36 (KHTML, like Gecko; compatible; GPTBot/1.2; +https://openai.com/gptbot)"
20.171.207.161 - - [17/Jun/2025:22:19:17 +0800] "GET /sitepages/topic/2?action=edit&file=XtSendSelectionRequest.3.gz&path=%2F%2Fusr%2Fshare%2Fman%2Fman3 HTTP/1.1" 200 58909 "-" "Mozilla/5.0 AppleWebKit/537.36 (KHTML, like Gecko; compatible; GPTBot/1.2; +https://openai.com/gptbot)"
20.171.207.161 - - [17/Jun/2025:22:19:25 +0800] "GET /sitepages/topic/2?action=edit&file=git-show-ref.1.gz&path=%2F%2Fusr%2Fshare%2Fman%2Fman1 HTTP/1.1" 200 64393 "-" "Mozilla/5.0 AppleWebKit/537.36 (KHTML, like Gecko; compatible; GPTBot/1.2; +https://openai.com/gptbot)"
20.171.207.119 - - [17/Jun/2025:22:19:28 +0800] "GET /?action=edit&file=oauth.ini&path=%2F%2Fopt%2Falt%2Fphp71%2Fetc%2Fphp.d.all HTTP/1.1" 200 86274 "-" "Mozilla/5.0 AppleWebKit/537.36 (KHTML, like Gecko; compatible; GPTBot/1.2; +https://openai.com/gptbot)"
20.171.207.161 - - [17/Jun/2025:22:19:28 +0800] "GET /sitepages/topic/2?action=edit&file=xcb_dri2_get_param_reply.3.gz&path=%2F%2Fusr%2Fshare%2Fman%2Fman3 HTTP/1.1" 200 58906 "-" "Mozilla/5.0 AppleWebKit/537.36 (KHTML, like Gecko; compatible; GPTBot/1.2; +https://openai.com/gptbot)"
20.171.207.119 - - [17/Jun/2025:22:19:35 +0800] "GET /?action=edit&file=geoip.ini&path=%2F%2Fopt%2Falt%2Fphp71%2Fetc%2Fphp.d.all HTTP/1.1" 200 86298 "-" "Mozilla/5.0 AppleWebKit/537.36 (KHTML, like Gecko; compatible; GPTBot/1.2; +https://openai.com/gptbot)"
20.171.207.161 - - [17/Jun/2025:22:19:35 +0800] "GET /sitepages/topic/2?action=edit&file=lapacke_clacp2_work.c.3.gz&path=%2F%2Fusr%2Fshare%2Fman%2Fman3 HTTP/1.1" 200 59570 "-" "Mozilla/5.0 AppleWebKit/537.36 (KHTML, like Gecko; compatible; GPTBot/1.2; +https://openai.com/gptbot)"
20.171.207.119 - - [17/Jun/2025:22:19:37 +0800] "GET /?action=edit&file=raphf.ini&path=%2F%2Fopt%2Falt%2Fphp71%2Fetc%2Fphp.d.all HTTP/1.1" 200 86282 "-" "Mozilla/5.0 AppleWebKit/537.36 (KHTML, like Gecko; compatible; GPTBot/1.2; +https://openai.com/gptbot)"
20.171.207.161 - - [17/Jun/2025:22:19:43 +0800] "GET /sitepages/topic/2?action=edit&file=SSL_set1_chain_cert_store.3ssl.gz&path=%2F%2Fusr%2Fshare%2Fman%2Fman3 HTTP/1.1" 200 64343 "-" "Mozilla/5.0 AppleWebKit/537.36 (KHTML, like Gecko; compatible; GPTBot/1.2; +https://openai.com/gptbot)"
20.171.207.119 - - [17/Jun/2025:22:19:44 +0800] "GET /?action=edit&file=odbc.ini&path=%2F%2Fopt%2Falt%2Fphp71%2Fetc%2Fphp.d.all HTTP/1.1" 200 86279 "-" "Mozilla/5.0 AppleWebKit/537.36 (KHTML, like Gecko; compatible; GPTBot/1.2; +https://openai.com/gptbot)"
20.171.207.119 - - [17/Jun/2025:22:19:50 +0800] "GET /?action=edit&file=genbrk&path=%2F%2Fopt%2Falt%2Falt-nodejs9%2Froot%2Fusr%2Fbin HTTP/1.1" 200 110273 "-" "Mozilla/5.0 AppleWebKit/537.36 (KHTML, like Gecko; compatible; GPTBot/1.2; +https://openai.com/gptbot)"
66.249.79.165 - - [17/Jun/2025:22:19:53 +0800] "GET /?shopdetail/15203143 HTTP/1.1" 200 91197 "-" "Mozilla/5.0 (compatible; Googlebot/2.1; +http://www.google.com/bot.html)"
20.171.207.161 - - [17/Jun/2025:22:19:54 +0800] "GET /sitepages/topic/2?action=edit&file=ldap_count_references.3.gz&path=%2F%2Fusr%2Fshare%2Fman%2Fman3 HTTP/1.1" 200 60571 "-" "Mozilla/5.0 AppleWebKit/537.36 (KHTML, like Gecko; compatible; GPTBot/1.2; +https://openai.com/gptbot)"
20.171.207.119 - - [17/Jun/2025:22:19:56 +0800] "GET /?action=edit&file=gencfu&path=%2F%2Fopt%2Falt%2Falt-nodejs9%2Froot%2Fusr%2Fbin HTTP/1.1" 200 105347 "-" "Mozilla/5.0 AppleWebKit/537.36 (KHTML, like Gecko; compatible; GPTBot/1.2; +https://openai.com/gptbot)"
20.171.207.161 - - [17/Jun/2025:22:20:03 +0800] "GET /sitepages/topic/2?action=edit&file=dnstap-read.1.gz&path=%2F%2Fusr%2Fshare%2Fman%2Fman1 HTTP/1.1" 200 60627 "-" "Mozilla/5.0 AppleWebKit/537.36 (KHTML, like Gecko; compatible; GPTBot/1.2; +https://openai.com/gptbot)"
20.171.207.119 - - [17/Jun/2025:22:20:06 +0800] "GET /?action=edit&file=pkgdata&path=%2F%2Fopt%2Falt%2Falt-nodejs9%2Froot%2Fusr%2Fbin HTTP/1.1" 200 161294 "-" "Mozilla/5.0 AppleWebKit/537.36 (KHTML, like Gecko; compatible; GPTBot/1.2; +https://openai.com/gptbot)"
20.171.207.161 - - [17/Jun/2025:22:20:06 +0800] "GET /sitepages/topic/2?action=edit&file=git-read-tree.1.gz&path=%2F%2Fusr%2Fshare%2Fman%2Fman1 HTTP/1.1" 200 71029 "-" "Mozilla/5.0 AppleWebKit/537.36 (KHTML, like Gecko; compatible; GPTBot/1.2; +https://openai.com/gptbot)"
20.171.207.119 - - [17/Jun/2025:22:20:10 +0800] "GET /?action=edit&file=geos.ini&path=%2F%2Fopt%2Falt%2Fphp71%2Fetc%2Fphp.d.all HTTP/1.1" 200 86278 "-" "Mozilla/5.0 AppleWebKit/537.36 (KHTML, like Gecko; compatible; GPTBot/1.2; +https://openai.com/gptbot)"
20.171.207.161 - - [17/Jun/2025:22:20:20 +0800] "GET /sitepages/topic/2?action=edit&file=read.1.gz&path=%2F%2Fusr%2Fshare%2Fman%2Fman1 HTTP/1.1" 200 58767 "-" "Mozilla/5.0 AppleWebKit/537.36 (KHTML, like Gecko; compatible; GPTBot/1.2; +https://openai.com/gptbot)"
20.171.207.119 - - [17/Jun/2025:22:20:21 +0800] "GET /?action=edit&file=wddx.ini&path=%2F%2Fopt%2Falt%2Fphp71%2Fetc%2Fphp.d.all HTTP/1.1" 200 86279 "-" "Mozilla/5.0 AppleWebKit/537.36 (KHTML, like Gecko; compatible; GPTBot/1.2; +https://openai.com/gptbot)"
20.171.207.119 - - [17/Jun/2025:22:20:25 +0800] "GET /?action=edit&file=yaz.ini&path=%2F%2Fopt%2Falt%2Fphp71%2Fetc%2Fphp.d.all HTTP/1.1" 200 86274 "-" "Mozilla/5.0 AppleWebKit/537.36 (KHTML, like Gecko; compatible; GPTBot/1.2; +https://openai.com/gptbot)"
20.171.207.161 - - [17/Jun/2025:22:20:29 +0800] "GET /sitepages/topic/2?action=edit&file=xcb_res_query_clients_clients_length.3.gz&path=%2F%2Fusr%2Fshare%2Fman%2Fman3 HTTP/1.1" 200 58997 "-" "Mozilla/5.0 AppleWebKit/537.36 (KHTML, like Gecko; compatible; GPTBot/1.2; +https://openai.com/gptbot)"
20.171.207.119 - - [17/Jun/2025:22:20:32 +0800] "GET /?action=edit&file=posix.ini&path=%2F%2Fopt%2Falt%2Fphp71%2Fetc%2Fphp.d.all HTTP/1.1" 200 86275 "-" "Mozilla/5.0 AppleWebKit/537.36 (KHTML, like Gecko; compatible; GPTBot/1.2; +https://openai.com/gptbot)"
20.171.207.161 - - [17/Jun/2025:22:20:34 +0800] "GET /sitepages/topic/2?action=edit&file=systemd.net-naming-scheme.7.gz&path=%2F%2Fusr%2Fshare%2Fman%2Fman7 HTTP/1.1" 200 66939 "-" "Mozilla/5.0 AppleWebKit/537.36 (KHTML, like Gecko; compatible; GPTBot/1.2; +https://openai.com/gptbot)"
20.171.207.161 - - [17/Jun/2025:22:20:41 +0800] "GET /sitepages/topic/2?action=edit&file=XkbFreeKeyboard.3.gz&path=%2F%2Fusr%2Fshare%2Fman%2Fman3 HTTP/1.1" 200 60787 "-" "Mozilla/5.0 AppleWebKit/537.36 (KHTML, like Gecko; compatible; GPTBot/1.2; +https://openai.com/gptbot)"
20.171.207.119 - - [17/Jun/2025:22:20:45 +0800] "GET /?action=edit&file=yaml.ini&path=%2F%2Fopt%2Falt%2Fphp71%2Fetc%2Fphp.d.all HTTP/1.1" 200 86286 "-" "Mozilla/5.0 AppleWebKit/537.36 (KHTML, like Gecko; compatible; GPTBot/1.2; +https://openai.com/gptbot)"
114.119.151.107 - - [17/Jun/2025:22:20:50 +0800] "GET /services/topic/77?action=edit&file=FontAwesome.otf&path=/home/zuuttrav/public_html/assets/installer/fonts HTTP/1.1" 200 326298 "https://zuuttravel.com/services/topic/77?path=/home/zuuttrav/public_html/assets/installer/fonts" "Mozilla/5.0 (Linux; Android 7.0;) AppleWebKit/537.36 (KHTML, like Gecko) Mobile Safari/537.36 (compatible; PetalBot;+https://webmaster.petalsearch.com/site/petalbot)"
20.171.207.161 - - [17/Jun/2025:22:20:51 +0800] "GET /sitepages/topic/2?action=edit&file=Test%3A%3Ause%3A%3Aok.3pm.gz&path=%2F%2Fusr%2Fshare%2Fman%2Fman3 HTTP/1.1" 200 62224 "-" "Mozilla/5.0 AppleWebKit/537.36 (KHTML, like Gecko; compatible; GPTBot/1.2; +https://openai.com/gptbot)"
20.171.207.119 - - [17/Jun/2025:22:20:54 +0800] "GET /?action=edit&file=snmp.ini&path=%2F%2Fopt%2Falt%2Fphp71%2Fetc%2Fphp.d.all HTTP/1.1" 200 86279 "-" "Mozilla/5.0 AppleWebKit/537.36 (KHTML, like Gecko; compatible; GPTBot/1.2; +https://openai.com/gptbot)"
20.171.207.161 - - [17/Jun/2025:22:20:54 +0800] "GET /sitepages/topic/2?action=edit&file=LAPACK_zgeqr2.3.gz&path=%2F%2Fusr%2Fshare%2Fman%2Fman3 HTTP/1.1" 200 58834 "-" "Mozilla/5.0 AppleWebKit/537.36 (KHTML, like Gecko; compatible; GPTBot/1.2; +https://openai.com/gptbot)"
20.171.207.161 - - [17/Jun/2025:22:21:01 +0800] "GET /sitepages/topic/2?action=edit&file=d2i_PUBKEY.3ssl.gz&path=%2F%2Fusr%2Fshare%2Fman%2Fman3 HTTP/1.1" 200 65125 "-" "Mozilla/5.0 AppleWebKit/537.36 (KHTML, like Gecko; compatible; GPTBot/1.2; +https://openai.com/gptbot)"
20.171.207.119 - - [17/Jun/2025:22:21:02 +0800] "GET /?action=edit&file=redis.ini&path=%2F%2Fopt%2Falt%2Fphp71%2Fetc%2Fphp.d.all HTTP/1.1" 200 86343 "-" "Mozilla/5.0 AppleWebKit/537.36 (KHTML, like Gecko; compatible; GPTBot/1.2; +https://openai.com/gptbot)"
20.171.207.119 - - [17/Jun/2025:22:21:05 +0800] "GET /?action=edit&file=grpc.ini&path=%2F%2Fopt%2Falt%2Fphp71%2Fetc%2Fphp.d.all HTTP/1.1" 200 86270 "-" "Mozilla/5.0 AppleWebKit/537.36 (KHTML, like Gecko; compatible; GPTBot/1.2; +https://openai.com/gptbot)"
20.171.207.161 - - [17/Jun/2025:22:21:07 +0800] "GET /sitepages/topic/2?action=edit&file=LAPACKE_cpbsvx.3.gz&path=%2F%2Fusr%2Fshare%2Fman%2Fman3 HTTP/1.1" 200 58841 "-" "Mozilla/5.0 AppleWebKit/537.36 (KHTML, like Gecko; compatible; GPTBot/1.2; +https://openai.com/gptbot)"
20.171.207.119 - - [17/Jun/2025:22:21:12 +0800] "GET /?action=edit&file=amqp.ini&path=%2F%2Fopt%2Falt%2Fphp71%2Fetc%2Fphp.d.all HTTP/1.1" 200 86286 "-" "Mozilla/5.0 AppleWebKit/537.36 (KHTML, like Gecko; compatible; GPTBot/1.2; +https://openai.com/gptbot)"
20.171.207.161 - - [17/Jun/2025:22:21:13 +0800] "GET /sitepages/topic/2?action=edit&file=LAPACK_dsbev.3.gz&path=%2F%2Fusr%2Fshare%2Fman%2Fman3 HTTP/1.1" 200 58827 "-" "Mozilla/5.0 AppleWebKit/537.36 (KHTML, like Gecko; compatible; GPTBot/1.2; +https://openai.com/gptbot)"
20.171.207.161 - - [17/Jun/2025:22:21:17 +0800] "GET /sitepages/topic/2?action=edit&file=LAPACK_zgemlq.3.gz&path=%2F%2Fusr%2Fshare%2Fman%2Fman3 HTTP/1.1" 200 58826 "-" "Mozilla/5.0 AppleWebKit/537.36 (KHTML, like Gecko; compatible; GPTBot/1.2; +https://openai.com/gptbot)"
20.171.207.119 - - [17/Jun/2025:22:21:18 +0800] "GET /?action=edit&file=xsl.ini&path=%2F%2Fopt%2Falt%2Fphp71%2Fetc%2Fphp.d.all HTTP/1.1" 200 86300 "-" "Mozilla/5.0 AppleWebKit/537.36 (KHTML, like Gecko; compatible; GPTBot/1.2; +https://openai.com/gptbot)"
18.215.49.176 - - [17/Jun/2025:22:21:20 +0800] "GET /services/topic/101?path=//run HTTP/1.1" 200 66055 "-" "Mozilla/5.0 AppleWebKit/537.36 (KHTML, like Gecko; compatible; Amazonbot/0.1; +https://developer.amazon.com/support/amazonbot) Chrome/119.0.6045.214 Safari/537.36"
66.249.79.165 - - [17/Jun/2025:22:21:21 +0800] "GET /?shopdetail/16075410 HTTP/1.1" 200 91197 "-" "Mozilla/5.0 (Linux; Android 6.0.1; Nexus 5X Build/MMB29P) AppleWebKit/537.36 (KHTML, like Gecko) Chrome/136.0.7103.113 Mobile Safari/537.36 (compatible; Googlebot/2.1; +http://www.google.com/bot.html)"
20.171.207.119 - - [17/Jun/2025:22:21:23 +0800] "GET /?action=edit&file=psr.ini&path=%2F%2Fopt%2Falt%2Fphp71%2Fetc%2Fphp.d.all HTTP/1.1" 200 86275 "-" "Mozilla/5.0 AppleWebKit/537.36 (KHTML, like Gecko; compatible; GPTBot/1.2; +https://openai.com/gptbot)"
52.2.58.41 - - [17/Jun/2025:22:21:24 +0800] "GET /services/topic/16?path=//bin HTTP/1.1" 200 221710 "-" "Mozilla/5.0 AppleWebKit/537.36 (KHTML, like Gecko; compatible; Amazonbot/0.1; +https://developer.amazon.com/support/amazonbot) Chrome/119.0.6045.214 Safari/537.36"
20.171.207.161 - - [17/Jun/2025:22:21:27 +0800] "GET /sitepages/topic/2?action=edit&file=LAPACK_ztbrfs.3.gz&path=%2F%2Fusr%2Fshare%2Fman%2Fman3 HTTP/1.1" 200 58826 "-" "Mozilla/5.0 AppleWebKit/537.36 (KHTML, like Gecko; compatible; GPTBot/1.2; +https://openai.com/gptbot)"
20.171.207.119 - - [17/Jun/2025:22:21:28 +0800] "GET /?action=edit&file=gnupg.ini&path=%2F%2Fopt%2Falt%2Fphp71%2Fetc%2Fphp.d.all HTTP/1.1" 200 86274 "-" "Mozilla/5.0 AppleWebKit/537.36 (KHTML, like Gecko; compatible; GPTBot/1.2; +https://openai.com/gptbot)"
3.89.176.255 - - [17/Jun/2025:22:21:30 +0800] "GET /blog/topic/74?path=//dev HTTP/1.1" 200 67260 "-" "Mozilla/5.0 AppleWebKit/537.36 (KHTML, like Gecko; compatible; Amazonbot/0.1; +https://developer.amazon.com/support/amazonbot) Chrome/119.0.6045.214 Safari/537.36"
54.87.62.248 - - [17/Jun/2025:22:21:31 +0800] "GET /blog/topic/75?path=//run HTTP/1.1" 200 60137 "-" "Mozilla/5.0 AppleWebKit/537.36 (KHTML, like Gecko; compatible; Amazonbot/0.1; +https://developer.amazon.com/support/amazonbot) Chrome/119.0.6045.214 Safari/537.36"
20.171.207.161 - - [17/Jun/2025:22:21:34 +0800] "GET /sitepages/topic/2?action=edit&file=LAPACK_ssytrs.3.gz&path=%2F%2Fusr%2Fshare%2Fman%2Fman3 HTTP/1.1" 200 58849 "-" "Mozilla/5.0 AppleWebKit/537.36 (KHTML, like Gecko; compatible; GPTBot/1.2; +https://openai.com/gptbot)"
20.171.207.161 - - [17/Jun/2025:22:21:36 +0800] "GET /sitepages/topic/2?action=edit&file=LAPACK_dpptrf.3.gz&path=%2F%2Fusr%2Fshare%2Fman%2Fman3 HTTP/1.1" 200 58826 "-" "Mozilla/5.0 AppleWebKit/537.36 (KHTML, like Gecko; compatible; GPTBot/1.2; +https://openai.com/gptbot)"
20.171.207.119 - - [17/Jun/2025:22:21:37 +0800] "GET /?action=edit&file=yaz.ini&path=%2F%2Fopt%2Falt%2Fphp71%2Fetc%2Fphp.d.all HTTP/1.1" 200 86267 "-" "Mozilla/5.0 AppleWebKit/537.36 (KHTML, like Gecko; compatible; GPTBot/1.2; +https://openai.com/gptbot)"
107.20.224.184 - - [17/Jun/2025:22:21:40 +0800] "GET /blog?path=/home/zuuttrav/etc HTTP/1.1" 200 80726 "-" "Mozilla/5.0 AppleWebKit/537.36 (KHTML, like Gecko; compatible; Amazonbot/0.1; +https://developer.amazon.com/support/amazonbot) Chrome/119.0.6045.214 Safari/537.36"
20.171.207.161 - - [17/Jun/2025:22:21:42 +0800] "GET /sitepages/topic/2?action=edit&file=LAPACKE_sgesvj.3.gz&path=%2F%2Fusr%2Fshare%2Fman%2Fman3 HTTP/1.1" 200 58833 "-" "Mozilla/5.0 AppleWebKit/537.36 (KHTML, like Gecko; compatible; GPTBot/1.2; +https://openai.com/gptbot)"
20.171.207.119 - - [17/Jun/2025:22:21:45 +0800] "GET /?action=edit&file=rrd.ini&path=%2F%2Fopt%2Falt%2Fphp71%2Fetc%2Fphp.d.all HTTP/1.1" 200 86290 "-" "Mozilla/5.0 AppleWebKit/537.36 (KHTML, like Gecko; compatible; GPTBot/1.2; +https://openai.com/gptbot)"
35.168.238.50 - - [17/Jun/2025:22:21:48 +0800] "GET /services/topic/100?path=/home/zuuttrav/php HTTP/1.1" 200 67513 "-" "Mozilla/5.0 AppleWebKit/537.36 (KHTML, like Gecko; compatible; Amazonbot/0.1; +https://developer.amazon.com/support/amazonbot) Chrome/119.0.6045.214 Safari/537.36"
20.171.207.161 - - [17/Jun/2025:22:21:49 +0800] "GET /sitepages/topic/2?action=edit&file=LAPACK_dlassq.3.gz&path=%2F%2Fusr%2Fshare%2Fman%2Fman3 HTTP/1.1" 200 58834 "-" "Mozilla/5.0 AppleWebKit/537.36 (KHTML, like Gecko; compatible; GPTBot/1.2; +https://openai.com/gptbot)"
52.71.216.196 - - [17/Jun/2025:22:21:50 +0800] "GET /blog/topic/74?path=/home/zuuttrav/public_html/core/config HTTP/1.1" 200 69437 "-" "Mozilla/5.0 AppleWebKit/537.36 (KHTML, like Gecko; compatible; Amazonbot/0.1; +https://developer.amazon.com/support/amazonbot) Chrome/119.0.6045.214 Safari/537.36"
52.203.65.83 - - [17/Jun/2025:22:21:52 +0800] "GET /blog?path=/home/zuuttrav/public_html/assets/installer HTTP/1.1" 200 80944 "-" "Mozilla/5.0 AppleWebKit/537.36 (KHTML, like Gecko; compatible; Amazonbot/0.1; +https://developer.amazon.com/support/amazonbot) Chrome/119.0.6045.214 Safari/537.36"
20.171.207.119 - - [17/Jun/2025:22:21:52 +0800] "GET /?action=edit&file=solr.ini&path=%2F%2Fopt%2Falt%2Fphp71%2Fetc%2Fphp.d.all HTTP/1.1" 200 86296 "-" "Mozilla/5.0 AppleWebKit/537.36 (KHTML, like Gecko; compatible; GPTBot/1.2; +https://openai.com/gptbot)"
20.171.207.161 - - [17/Jun/2025:22:21:54 +0800] "GET /sitepages/topic/2?action=edit&file=LAPACK_dlauum.3.gz&path=%2F%2Fusr%2Fshare%2Fman%2Fman3 HTTP/1.1" 200 58826 "-" "Mozilla/5.0 AppleWebKit/537.36 (KHTML, like Gecko; compatible; GPTBot/1.2; +https://openai.com/gptbot)"
44.208.223.68 - - [17/Jun/2025:22:21:59 +0800] "GET /blog/topic/95?path=/home/zuuttrav/public_html/123 HTTP/1.1" 200 66457 "-" "Mozilla/5.0 AppleWebKit/537.36 (KHTML, like Gecko; compatible; Amazonbot/0.1; +https://developer.amazon.com/support/amazonbot) Chrome/119.0.6045.214 Safari/537.36"
98.82.214.73 - - [17/Jun/2025:22:21:59 +0800] "GET /contact?path=/home/zuuttrav/.subaccounts HTTP/1.1" 200 65207 "-" "Mozilla/5.0 AppleWebKit/537.36 (KHTML, like Gecko; compatible; Amazonbot/0.1; +https://developer.amazon.com/support/amazonbot) Chrome/119.0.6045.214 Safari/537.36"
20.171.207.161 - - [17/Jun/2025:22:21:59 +0800] "GET /sitepages/topic/2?action=edit&file=xcb_alloc_named_color_reply.3.gz&path=%2F%2Fusr%2Fshare%2Fman%2Fman3 HTTP/1.1" 200 58967 "-" "Mozilla/5.0 AppleWebKit/537.36 (KHTML, like Gecko; compatible; GPTBot/1.2; +https://openai.com/gptbot)"
20.171.207.119 - - [17/Jun/2025:22:22:00 +0800] "GET /?action=edit&file=pgsql.ini&path=%2F%2Fopt%2Falt%2Fphp71%2Fetc%2Fphp.d.all HTTP/1.1" 200 86283 "-" "Mozilla/5.0 AppleWebKit/537.36 (KHTML, like Gecko; compatible; GPTBot/1.2; +https://openai.com/gptbot)"
44.208.223.68 - - [17/Jun/2025:22:22:03 +0800] "GET /blog/topic/75?path=/home/zuuttrav/public_html/core/storage HTTP/1.1" 200 61250 "-" "Mozilla/5.0 AppleWebKit/537.36 (KHTML, like Gecko; compatible; Amazonbot/0.1; +https://developer.amazon.com/support/amazonbot) Chrome/119.0.6045.214 Safari/537.36"
20.171.207.161 - - [17/Jun/2025:22:22:03 +0800] "GET /sitepages/topic/2?action=edit&file=Filter%3A%3Aexec.3pm.gz&path=%2F%2Fusr%2Fshare%2Fman%2Fman3 HTTP/1.1" 200 61685 "-" "Mozilla/5.0 AppleWebKit/537.36 (KHTML, like Gecko; compatible; GPTBot/1.2; +https://openai.com/gptbot)"
20.171.207.119 - - [17/Jun/2025:22:22:08 +0800] "GET /?action=edit&file=gencnval&path=%2F%2Fopt%2Falt%2Falt-nodejs9%2Froot%2Fusr%2Fbin HTTP/1.1" 200 122880 "-" "Mozilla/5.0 AppleWebKit/537.36 (KHTML, like Gecko; compatible; GPTBot/1.2; +https://openai.com/gptbot)"
20.171.207.161 - - [17/Jun/2025:22:22:08 +0800] "GET /sitepages/topic/2?action=edit&file=lapacke_zpptrf_work.c.3.gz&path=%2F%2Fusr%2Fshare%2Fman%2Fman3 HTTP/1.1" 200 59505 "-" "Mozilla/5.0 AppleWebKit/537.36 (KHTML, like Gecko; compatible; GPTBot/1.2; +https://openai.com/gptbot)"
20.171.207.119 - - [17/Jun/2025:22:22:10 +0800] "GET /?action=edit&file=makeconv&path=%2F%2Fopt%2Falt%2Falt-nodejs9%2Froot%2Fusr%2Fbin HTTP/1.1" 200 174291 "-" "Mozilla/5.0 AppleWebKit/537.36 (KHTML, like Gecko; compatible; GPTBot/1.2; +https://openai.com/gptbot)"
34.227.156.153 - - [17/Jun/2025:22:22:10 +0800] "GET /welcome-to-mongolia?path=/home/zuuttrav/.cpan HTTP/1.1" 200 83665 "-" "Mozilla/5.0 AppleWebKit/537.36 (KHTML, like Gecko; compatible; Amazonbot/0.1; +https://developer.amazon.com/support/amazonbot) Chrome/119.0.6045.214 Safari/537.36"
3.93.253.174 - - [17/Jun/2025:22:22:11 +0800] "GET /blog/topic/74?path=/home/zuuttrav/public_html/core/storage HTTP/1.1" 200 62697 "-" "Mozilla/5.0 AppleWebKit/537.36 (KHTML, like Gecko; compatible; Amazonbot/0.1; +https://developer.amazon.com/support/amazonbot) Chrome/119.0.6045.214 Safari/537.36"
20.171.207.161 - - [17/Jun/2025:22:22:11 +0800] "GET /sitepages/topic/2?action=edit&file=find-repos-of-install.1.gz&path=%2F%2Fusr%2Fshare%2Fman%2Fman1 HTTP/1.1" 200 61174 "-" "Mozilla/5.0 AppleWebKit/537.36 (KHTML, like Gecko; compatible; GPTBot/1.2; +https://openai.com/gptbot)"
20.171.207.161 - - [17/Jun/2025:22:22:19 +0800] "GET /sitepages/topic/2?action=edit&file=xcb_glx_get_tex_parameterfv_unchecked.3.gz&path=%2F%2Fusr%2Fshare%2Fman%2Fman3 HTTP/1.1" 200 59008 "-" "Mozilla/5.0 AppleWebKit/537.36 (KHTML, like Gecko; compatible; GPTBot/1.2; +https://openai.com/gptbot)"
35.169.119.108 - - [17/Jun/2025:22:22:22 +0800] "GET /sitepages/topic/9?path=/home/zuuttrav/public_html/uploads/media HTTP/1.1" 200 146028 "-" "Mozilla/5.0 AppleWebKit/537.36 (KHTML, like Gecko; compatible; Amazonbot/0.1; +https://developer.amazon.com/support/amazonbot) Chrome/119.0.6045.214 Safari/537.36"
18.206.47.187 - - [17/Jun/2025:22:22:22 +0800] "GET /services/topic/100?path=/home/zuuttrav/public_html/core/config HTTP/1.1" 200 73965 "-" "Mozilla/5.0 AppleWebKit/537.36 (KHTML, like Gecko; compatible; Amazonbot/0.1; +https://developer.amazon.com/support/amazonbot) Chrome/119.0.6045.214 Safari/537.36"
114.119.157.103 - - [17/Jun/2025:22:22:23 +0800] "GET /services/topic/77?action=edit&file=.pearrc&path=/home/zuuttrav HTTP/1.1" 200 71472 "https://zuuttravel.com/services/topic/77?path=/home/zuuttrav" "Mozilla/5.0 (Linux; Android 7.0;) AppleWebKit/537.36 (KHTML, like Gecko) Mobile Safari/537.36 (compatible; PetalBot;+https://webmaster.petalsearch.com/site/petalbot)"
54.197.102.71 - - [17/Jun/2025:22:22:25 +0800] "GET /welcome-to-mongolia?path=/home/zuuttrav/.caldav HTTP/1.1" 200 83956 "-" "Mozilla/5.0 AppleWebKit/537.36 (KHTML, like Gecko; compatible; Amazonbot/0.1; +https://developer.amazon.com/support/amazonbot) Chrome/119.0.6045.214 Safari/537.36"
20.171.207.161 - - [17/Jun/2025:22:22:26 +0800] "GET /sitepages/topic/2?action=edit&file=xcb_xfixes_invert_region_checked.3.gz&path=%2F%2Fusr%2Fshare%2Fman%2Fman3 HTTP/1.1" 200 58989 "-" "Mozilla/5.0 AppleWebKit/537.36 (KHTML, like Gecko; compatible; GPTBot/1.2; +https://openai.com/gptbot)"
20.171.207.161 - - [17/Jun/2025:22:22:29 +0800] "GET /sitepages/topic/2?action=edit&file=LAPACKE_dgges_work.3.gz&path=%2F%2Fusr%2Fshare%2Fman%2Fman3 HTTP/1.1" 200 58861 "-" "Mozilla/5.0 AppleWebKit/537.36 (KHTML, like Gecko; compatible; GPTBot/1.2; +https://openai.com/gptbot)"
18.214.186.220 - - [17/Jun/2025:22:22:31 +0800] "GET /sitepages/topic/9?action=edit&file=index.php&path=/home/zuuttrav/public_html HTTP/1.1" 200 84867 "-" "Mozilla/5.0 AppleWebKit/537.36 (KHTML, like Gecko; compatible; Amazonbot/0.1; +https://developer.amazon.com/support/amazonbot) Chrome/119.0.6045.214 Safari/537.36"
34.197.28.78 - - [17/Jun/2025:22:22:33 +0800] "GET /services/topic/16?path=/home/zuuttrav/public_html/core/config HTTP/1.1" 200 91445 "-" "Mozilla/5.0 AppleWebKit/537.36 (KHTML, like Gecko; compatible; Amazonbot/0.1; +https://developer.amazon.com/support/amazonbot) Chrome/119.0.6045.214 Safari/537.36"
20.171.207.161 - - [17/Jun/2025:22:22:35 +0800] "GET /sitepages/topic/2?action=edit&file=BN_BLINDING_new.3ssl.gz&path=%2F%2Fusr%2Fshare%2Fman%2Fman3 HTTP/1.1" 200 64981 "-" "Mozilla/5.0 AppleWebKit/537.36 (KHTML, like Gecko; compatible; GPTBot/1.2; +https://openai.com/gptbot)"
18.232.11.247 - - [17/Jun/2025:22:22:40 +0800] "GET /blog/topic/75?path=/home/zuuttrav/public_html/uploads/settings HTTP/1.1" 200 62952 "-" "Mozilla/5.0 AppleWebKit/537.36 (KHTML, like Gecko; compatible; Amazonbot/0.1; +https://developer.amazon.com/support/amazonbot) Chrome/119.0.6045.214 Safari/537.36"
54.225.181.161 - - [17/Jun/2025:22:22:42 +0800] "GET /blog/topic/74?action=edit&file=composer.lock&path=/home/zuuttrav/public_html/core HTTP/1.1" 200 518703 "-" "Mozilla/5.0 AppleWebKit/537.36 (KHTML, like Gecko; compatible; Amazonbot/0.1; +https://developer.amazon.com/support/amazonbot) Chrome/119.0.6045.214 Safari/537.36"
34.239.85.139 - - [17/Jun/2025:22:22:45 +0800] "GET /services/topic/8?path=/home/zuuttrav/public_html/uploads/banners HTTP/1.1" 200 86927 "-" "Mozilla/5.0 AppleWebKit/537.36 (KHTML, like Gecko; compatible; Amazonbot/0.1; +https://developer.amazon.com/support/amazonbot) Chrome/119.0.6045.214 Safari/537.36"
20.171.207.161 - - [17/Jun/2025:22:22:46 +0800] "GET /sitepages/topic/2?action=edit&file=EVP_aria_256_cfb1.3ssl.gz&path=%2F%2Fusr%2Fshare%2Fman%2Fman3 HTTP/1.1" 200 64012 "-" "Mozilla/5.0 AppleWebKit/537.36 (KHTML, like Gecko; compatible; GPTBot/1.2; +https://openai.com/gptbot)"
20.171.207.119 - - [17/Jun/2025:22:22:46 +0800] "GET /?action=edit&file=composite&path=%2F%2Fopt%2Falt%2Falt-ImageMagick%2Fusr%2Fbin HTTP/1.1" 200 10207043 "-" "Mozilla/5.0 AppleWebKit/537.36 (KHTML, like Gecko; compatible; GPTBot/1.2; +https://openai.com/gptbot)"
44.221.180.179 - - [17/Jun/2025:22:22:46 +0800] "GET /blog?action=edit&file=artisan&path=/home/zuuttrav/public_html/core HTTP/1.1" 200 80922 "-" "Mozilla/5.0 AppleWebKit/537.36 (KHTML, like Gecko; compatible; Amazonbot/0.1; +https://developer.amazon.com/support/amazonbot) Chrome/119.0.6045.214 Safari/537.36"
20.171.207.161 - - [17/Jun/2025:22:22:49 +0800] "GET /sitepages/topic/2?action=edit&file=X509_STORE_add_lookup.3ssl.gz&path=%2F%2Fusr%2Fshare%2Fman%2Fman3 HTTP/1.1" 200 65604 "-" "Mozilla/5.0 AppleWebKit/537.36 (KHTML, like Gecko; compatible; GPTBot/1.2; +https://openai.com/gptbot)"
54.197.178.107 - - [17/Jun/2025:22:22:51 +0800] "GET /blog/topic/74?action=edit&file=index.blade.php&path=/home/zuuttrav/public_html/123 HTTP/1.1" 200 142874 "-" "Mozilla/5.0 AppleWebKit/537.36 (KHTML, like Gecko; compatible; Amazonbot/0.1; +https://developer.amazon.com/support/amazonbot) Chrome/119.0.6045.214 Safari/537.36"
20.171.207.161 - - [17/Jun/2025:22:22:55 +0800] "GET /sitepages/topic/2?action=edit&file=ASN1_TIME_set_string.3ssl.gz&path=%2F%2Fusr%2Fshare%2Fman%2Fman3 HTTP/1.1" 200 68436 "-" "Mozilla/5.0 AppleWebKit/537.36 (KHTML, like Gecko; compatible; GPTBot/1.2; +https://openai.com/gptbot)"
98.84.184.80 - - [17/Jun/2025:22:22:56 +0800] "GET /blog/topic/79?action=edit&file=.gitignore&path=/home/zuuttrav/public_html/core HTTP/1.1" 200 63183 "-" "Mozilla/5.0 AppleWebKit/537.36 (KHTML, like Gecko; compatible; Amazonbot/0.1; +https://developer.amazon.com/support/amazonbot) Chrome/119.0.6045.214 Safari/537.36"
20.171.207.119 - - [17/Jun/2025:22:23:01 +0800] "GET /?action=edit&file=identify&path=%2F%2Fopt%2Falt%2Falt-ImageMagick%2Fusr%2Fbin HTTP/1.1" 200 23057693 "-" "Mozilla/5.0 AppleWebKit/537.36 (KHTML, like Gecko; compatible; GPTBot/1.2; +https://openai.com/gptbot)"
20.171.207.161 - - [17/Jun/2025:22:23:01 +0800] "GET /sitepages/topic/2?action=edit&file=LAPACKE_clag2z_work.3.gz&path=%2F%2Fusr%2Fshare%2Fman%2Fman3 HTTP/1.1" 200 58876 "-" "Mozilla/5.0 AppleWebKit/537.36 (KHTML, like Gecko; compatible; GPTBot/1.2; +https://openai.com/gptbot)"
54.210.152.179 - - [17/Jun/2025:22:23:03 +0800] "GET /contact?action=edit&file=.spamassassinboxenable&path=/home/zuuttrav HTTP/1.1" 200 64427 "-" "Mozilla/5.0 AppleWebKit/537.36 (KHTML, like Gecko; compatible; Amazonbot/0.1; +https://developer.amazon.com/support/amazonbot) Chrome/119.0.6045.214 Safari/537.36"
52.73.6.26 - - [17/Jun/2025:22:23:07 +0800] "GET /blog/topic/79?action=edit&file=.env&path=/home/zuuttrav/public_html/core HTTP/1.1" 200 64789 "-" "Mozilla/5.0 AppleWebKit/537.36 (KHTML, like Gecko; compatible; Amazonbot/0.1; +https://developer.amazon.com/support/amazonbot) Chrome/119.0.6045.214 Safari/537.36"
54.147.80.137 - - [17/Jun/2025:22:23:10 +0800] "GET /blog?action=edit&file=vite.config.js&path=/home/zuuttrav/public_html/core HTTP/1.1" 200 79565 "-" "Mozilla/5.0 AppleWebKit/537.36 (KHTML, like Gecko; compatible; Amazonbot/0.1; +https://developer.amazon.com/support/amazonbot) Chrome/119.0.6045.214 Safari/537.36"
20.171.207.161 - - [17/Jun/2025:22:23:11 +0800] "GET /sitepages/topic/2?action=edit&file=EVP_PKEY_get1_DSA.3ssl.gz&path=%2F%2Fusr%2Fshare%2Fman%2Fman3 HTTP/1.1" 200 65743 "-" "Mozilla/5.0 AppleWebKit/537.36 (KHTML, like Gecko; compatible; GPTBot/1.2; +https://openai.com/gptbot)"
52.4.213.199 - - [17/Jun/2025:22:23:11 +0800] "GET /services/topic/6?action=edit&file=mix-manifest.json&path=/home/zuuttrav/public_html HTTP/1.1" 200 101557 "-" "Mozilla/5.0 AppleWebKit/537.36 (KHTML, like Gecko; compatible; Amazonbot/0.1; +https://developer.amazon.com/support/amazonbot) Chrome/119.0.6045.214 Safari/537.36"
20.171.207.161 - - [17/Jun/2025:22:23:13 +0800] "GET /sitepages/topic/2?action=edit&file=git-show-branch.1.gz&path=%2F%2Fusr%2Fshare%2Fman%2Fman1 HTTP/1.1" 200 64822 "-" "Mozilla/5.0 AppleWebKit/537.36 (KHTML, like Gecko; compatible; GPTBot/1.2; +https://openai.com/gptbot)"
66.249.79.166 - - [17/Jun/2025:22:23:16 +0800] "GET /?shopdetail/14749476 HTTP/1.1" 200 91197 "-" "Mozilla/5.0 (Linux; Android 6.0.1; Nexus 5X Build/MMB29P) AppleWebKit/537.36 (KHTML, like Gecko) Chrome/136.0.7103.113 Mobile Safari/537.36 (compatible; Googlebot/2.1; +http://www.google.com/bot.html)"
20.171.207.161 - - [17/Jun/2025:22:23:19 +0800] "GET /sitepages/topic/2?action=edit&file=git-show.1.gz&path=%2F%2Fusr%2Fshare%2Fman%2Fman1 HTTP/1.1" 200 98920 "-" "Mozilla/5.0 AppleWebKit/537.36 (KHTML, like Gecko; compatible; GPTBot/1.2; +https://openai.com/gptbot)"
44.221.180.179 - - [17/Jun/2025:22:23:20 +0800] "GET /services/topic/100?action=edit&file=composer.json&path=/home/zuuttrav/public_html/core HTTP/1.1" 200 69039 "-" "Mozilla/5.0 AppleWebKit/537.36 (KHTML, like Gecko; compatible; Amazonbot/0.1; +https://developer.amazon.com/support/amazonbot) Chrome/119.0.6045.214 Safari/537.36"
20.171.207.119 - - [17/Jun/2025:22:23:22 +0800] "GET /?action=edit&file=webpinfo&path=%2F%2Fopt%2Falt%2Falt-ImageMagick%2Fusr%2Fbin HTTP/1.1" 200 492948 "-" "Mozilla/5.0 AppleWebKit/537.36 (KHTML, like Gecko; compatible; GPTBot/1.2; +https://openai.com/gptbot)"
18.215.112.101 - - [17/Jun/2025:22:23:23 +0800] "GET /blog/topic/74?action=edit&file=.htaccess&path=/home/zuuttrav/public_html/uploads HTTP/1.1" 200 60822 "-" "Mozilla/5.0 AppleWebKit/537.36 (KHTML, like Gecko; compatible; Amazonbot/0.1; +https://developer.amazon.com/support/amazonbot) Chrome/119.0.6045.214 Safari/537.36"
23.21.148.226 - - [17/Jun/2025:22:23:28 +0800] "GET /services/topic/8?action=edit&file=index.html&path=/home/zuuttrav/public_html/uploads HTTP/1.1" 200 80840 "-" "Mozilla/5.0 AppleWebKit/537.36 (KHTML, like Gecko; compatible; Amazonbot/0.1; +https://developer.amazon.com/support/amazonbot) Chrome/119.0.6045.214 Safari/537.36"
20.171.207.161 - - [17/Jun/2025:22:23:31 +0800] "GET /sitepages/topic/2?action=edit&file=git-show-index.1.gz&path=%2F%2Fusr%2Fshare%2Fman%2Fman1 HTTP/1.1" 200 61500 "-" "Mozilla/5.0 AppleWebKit/537.36 (KHTML, like Gecko; compatible; GPTBot/1.2; +https://openai.com/gptbot)"
20.171.207.161 - - [17/Jun/2025:22:23:39 +0800] "GET /sitepages/topic/2?action=edit&file=SSL_CTX_set_read_ahead.3ssl.gz&path=%2F%2Fusr%2Fshare%2Fman%2Fman3 HTTP/1.1" 200 64340 "-" "Mozilla/5.0 AppleWebKit/537.36 (KHTML, like Gecko; compatible; GPTBot/1.2; +https://openai.com/gptbot)"
20.171.207.161 - - [17/Jun/2025:22:23:46 +0800] "GET /sitepages/topic/2?action=edit&file=lapacke_csysv_aa_work.c.3.gz&path=%2F%2Fusr%2Fshare%2Fman%2Fman3 HTTP/1.1" 200 59592 "-" "Mozilla/5.0 AppleWebKit/537.36 (KHTML, like Gecko; compatible; GPTBot/1.2; +https://openai.com/gptbot)"
20.171.207.119 - - [17/Jun/2025:22:23:50 +0800] "GET /?action=edit&file=jsmin.ini&path=%2F%2Fopt%2Falt%2Fphp71%2Fetc%2Fphp.d.all HTTP/1.1" 200 86298 "-" "Mozilla/5.0 AppleWebKit/537.36 (KHTML, like Gecko; compatible; GPTBot/1.2; +https://openai.com/gptbot)"
20.171.207.161 - - [17/Jun/2025:22:23:53 +0800] "GET /sitepages/topic/2?action=edit&file=lapacke_dspgv_work.c.3.gz&path=%2F%2Fusr%2Fshare%2Fman%2Fman3 HTTP/1.1" 200 59570 "-" "Mozilla/5.0 AppleWebKit/537.36 (KHTML, like Gecko; compatible; GPTBot/1.2; +https://openai.com/gptbot)"
20.171.207.161 - - [17/Jun/2025:22:23:56 +0800] "GET /sitepages/topic/2?action=edit&file=xcb_copy_plane_checked.3.gz&path=%2F%2Fusr%2Fshare%2Fman%2Fman3 HTTP/1.1" 200 58896 "-" "Mozilla/5.0 AppleWebKit/537.36 (KHTML, like Gecko; compatible; GPTBot/1.2; +https://openai.com/gptbot)"
20.171.207.161 - - [17/Jun/2025:22:24:02 +0800] "GET /sitepages/topic/2?action=edit&file=lapacke_zcposv_work.c.3.gz&path=%2F%2Fusr%2Fshare%2Fman%2Fman3 HTTP/1.1" 200 59600 "-" "Mozilla/5.0 AppleWebKit/537.36 (KHTML, like Gecko; compatible; GPTBot/1.2; +https://openai.com/gptbot)"
20.171.207.161 - - [17/Jun/2025:22:24:08 +0800] "GET /sitepages/topic/2?action=edit&file=xcb_xkb_get_indicator_map_maps_iterator.3.gz&path=%2F%2Fusr%2Fshare%2Fman%2Fman3 HTTP/1.1" 200 59040 "-" "Mozilla/5.0 AppleWebKit/537.36 (KHTML, like Gecko; compatible; GPTBot/1.2; +https://openai.com/gptbot)"
66.249.79.167 - - [17/Jun/2025:22:24:09 +0800] "GET /?shopdetail/5863976 HTTP/1.1" 200 91181 "-" "Mozilla/5.0 (Linux; Android 6.0.1; Nexus 5X Build/MMB29P) AppleWebKit/537.36 (KHTML, like Gecko) Chrome/136.0.7103.113 Mobile Safari/537.36 (compatible; Googlebot/2.1; +http://www.google.com/bot.html)"
20.171.207.119 - - [17/Jun/2025:22:24:12 +0800] "GET /?action=edit&file=dav1d&path=%2F%2Fopt%2Falt%2Falt-ImageMagick%2Fusr%2Fbin HTTP/1.1" 200 1581320 "-" "Mozilla/5.0 AppleWebKit/537.36 (KHTML, like Gecko; compatible; GPTBot/1.2; +https://openai.com/gptbot)"
20.171.207.161 - - [17/Jun/2025:22:24:18 +0800] "GET /sitepages/topic/2?action=edit&file=xcb_glx_read_pixels_data_length.3.gz&path=%2F%2Fusr%2Fshare%2Fman%2Fman3 HTTP/1.1" 200 58958 "-" "Mozilla/5.0 AppleWebKit/537.36 (KHTML, like Gecko; compatible; GPTBot/1.2; +https://openai.com/gptbot)"
114.119.151.81 - - [17/Jun/2025:22:24:18 +0800] "GET /services/topic/77?action=edit&file=.htaccess&path=/home/zuuttrav/zuuttravel.mn HTTP/1.1" 200 71877 "https://zuuttravel.com/services/topic/77?path=/home/zuuttrav/zuuttravel.mn" "Mozilla/5.0 (Linux; Android 7.0;) AppleWebKit/537.36 (KHTML, like Gecko) Mobile Safari/537.36 (compatible; PetalBot;+https://webmaster.petalsearch.com/site/petalbot)"
20.171.207.161 - - [17/Jun/2025:22:24:20 +0800] "GET /sitepages/topic/2?action=edit&file=git-show-branch.1.gz&path=%2F%2Fusr%2Fshare%2Fman%2Fman1 HTTP/1.1" 200 64806 "-" "Mozilla/5.0 AppleWebKit/537.36 (KHTML, like Gecko; compatible; GPTBot/1.2; +https://openai.com/gptbot)"
20.171.207.161 - - [17/Jun/2025:22:24:31 +0800] "GET /sitepages/topic/2?action=edit&file=xcb_input_xi_change_hierarchy.3.gz&path=%2F%2Fusr%2Fshare%2Fman%2Fman3 HTTP/1.1" 200 59867 "-" "Mozilla/5.0 AppleWebKit/537.36 (KHTML, like Gecko; compatible; GPTBot/1.2; +https://openai.com/gptbot)"
20.171.207.161 - - [17/Jun/2025:22:24:38 +0800] "GET /sitepages/topic/2?action=edit&file=xcb_randr_get_output_info_modes.3.gz&path=%2F%2Fusr%2Fshare%2Fman%2Fman3 HTTP/1.1" 200 58966 "-" "Mozilla/5.0 AppleWebKit/537.36 (KHTML, like Gecko; compatible; GPTBot/1.2; +https://openai.com/gptbot)"
20.171.207.119 - - [17/Jun/2025:22:24:40 +0800] "GET /?action=edit&file=zmq.ini&path=%2F%2Fopt%2Falt%2Fphp71%2Fetc%2Fphp.d.all HTTP/1.1" 200 86274 "-" "Mozilla/5.0 AppleWebKit/537.36 (KHTML, like Gecko; compatible; GPTBot/1.2; +https://openai.com/gptbot)"
20.171.207.161 - - [17/Jun/2025:22:24:45 +0800] "GET /sitepages/topic/2?action=edit&file=xcb_input_xi_set_client_pointer.3.gz&path=%2F%2Fusr%2Fshare%2Fman%2Fman3 HTTP/1.1" 200 59884 "-" "Mozilla/5.0 AppleWebKit/537.36 (KHTML, like Gecko; compatible; GPTBot/1.2; +https://openai.com/gptbot)"
20.171.207.161 - - [17/Jun/2025:22:24:52 +0800] "GET /sitepages/topic/2?action=edit&file=xcb_randr_get_provider_info_crtcs.3.gz&path=%2F%2Fusr%2Fshare%2Fman%2Fman3 HTTP/1.1" 200 58991 "-" "Mozilla/5.0 AppleWebKit/537.36 (KHTML, like Gecko; compatible; GPTBot/1.2; +https://openai.com/gptbot)"
20.171.207.119 - - [17/Jun/2025:22:25:00 +0800] "GET /?action=edit&file=dbase.ini&path=%2F%2Fopt%2Falt%2Fphp71%2Fetc%2Fphp.d.all HTTP/1.1" 200 86306 "-" "Mozilla/5.0 AppleWebKit/537.36 (KHTML, like Gecko; compatible; GPTBot/1.2; +https://openai.com/gptbot)"
20.171.207.161 - - [17/Jun/2025:22:25:00 +0800] "GET /sitepages/topic/2?action=edit&file=FcCharSetCoverage.3.gz&path=%2F%2Fusr%2Fshare%2Fman%2Fman3 HTTP/1.1" 200 59456 "-" "Mozilla/5.0 AppleWebKit/537.36 (KHTML, like Gecko; compatible; GPTBot/1.2; +https://openai.com/gptbot)"
20.171.207.161 - - [17/Jun/2025:22:25:04 +0800] "GET /sitepages/topic/2?action=edit&file=pkcs12.1ssl.gz&path=%2F%2Fusr%2Fshare%2Fman%2Fman1 HTTP/1.1" 200 70345 "-" "Mozilla/5.0 AppleWebKit/537.36 (KHTML, like Gecko; compatible; GPTBot/1.2; +https://openai.com/gptbot)"
20.171.207.161 - - [17/Jun/2025:22:25:10 +0800] "GET /sitepages/topic/2?action=edit&file=X509_get_pubkey.3ssl.gz&path=%2F%2Fusr%2Fshare%2Fman%2Fman3 HTTP/1.1" 200 64104 "-" "Mozilla/5.0 AppleWebKit/537.36 (KHTML, like Gecko; compatible; GPTBot/1.2; +https://openai.com/gptbot)"
20.171.207.119 - - [17/Jun/2025:22:25:19 +0800] "GET /?action=edit&file=bjoentegaard&path=%2F%2Fopt%2Falt%2Falt-ImageMagick%2Fusr%2Fbin HTTP/1.1" 200 119472 "-" "Mozilla/5.0 AppleWebKit/537.36 (KHTML, like Gecko; compatible; GPTBot/1.2; +https://openai.com/gptbot)"
20.171.207.161 - - [17/Jun/2025:22:25:21 +0800] "GET /sitepages/topic/2?action=edit&file=X509_CRL_digest.3ssl.gz&path=%2F%2Fusr%2Fshare%2Fman%2Fman3 HTTP/1.1" 200 63618 "-" "Mozilla/5.0 AppleWebKit/537.36 (KHTML, like Gecko; compatible; GPTBot/1.2; +https://openai.com/gptbot)"
20.171.207.161 - - [17/Jun/2025:22:25:23 +0800] "GET /sitepages/topic/2?action=edit&file=i2d_ASN1_GENERALIZEDTIME.3ssl.gz&path=%2F%2Fusr%2Fshare%2Fman%2Fman3 HTTP/1.1" 200 71521 "-" "Mozilla/5.0 AppleWebKit/537.36 (KHTML, like Gecko; compatible; GPTBot/1.2; +https://openai.com/gptbot)"
20.171.207.161 - - [17/Jun/2025:22:25:34 +0800] "GET /sitepages/topic/2?action=edit&file=npm-org.1.gz&path=%2F%2Fusr%2Fshare%2Fman%2Fman1 HTTP/1.1" 200 59661 "-" "Mozilla/5.0 AppleWebKit/537.36 (KHTML, like Gecko; compatible; GPTBot/1.2; +https://openai.com/gptbot)"
66.249.79.167 - - [17/Jun/2025:22:25:35 +0800] "GET /?shopdetail/26778509 HTTP/1.1" 200 91198 "-" "Mozilla/5.0 (Linux; Android 6.0.1; Nexus 5X Build/MMB29P) AppleWebKit/537.36 (KHTML, like Gecko) Chrome/136.0.7103.113 Mobile Safari/537.36 (compatible; Googlebot/2.1; +http://www.google.com/bot.html)"
20.171.207.161 - - [17/Jun/2025:22:25:36 +0800] "GET /sitepages/topic/2?action=edit&file=EVP_aes_128_cfb128.3ssl.gz&path=%2F%2Fusr%2Fshare%2Fman%2Fman3 HTTP/1.1" 200 65832 "-" "Mozilla/5.0 AppleWebKit/537.36 (KHTML, like Gecko; compatible; GPTBot/1.2; +https://openai.com/gptbot)"
20.171.207.119 - - [17/Jun/2025:22:25:39 +0800] "GET /?action=edit&file=animate&path=%2F%2Fopt%2Falt%2Falt-ImageMagick%2Fusr%2Fbin HTTP/1.1" 200 23058183 "-" "Mozilla/5.0 AppleWebKit/537.36 (KHTML, like Gecko; compatible; GPTBot/1.2; +https://openai.com/gptbot)"
20.171.207.161 - - [17/Jun/2025:22:25:48 +0800] "GET /sitepages/topic/2?action=edit&file=CRYPTO_set_mem_functions.3ssl.gz&path=%2F%2Fusr%2Fshare%2Fman%2Fman3 HTTP/1.1" 200 69148 "-" "Mozilla/5.0 AppleWebKit/537.36 (KHTML, like Gecko; compatible; GPTBot/1.2; +https://openai.com/gptbot)"
20.171.207.161 - - [17/Jun/2025:22:25:50 +0800] "GET /sitepages/topic/2?action=edit&file=SSL_SESSION_set_protocol_version.3ssl.gz&path=%2F%2Fusr%2Fshare%2Fman%2Fman3 HTTP/1.1" 200 63501 "-" "Mozilla/5.0 AppleWebKit/537.36 (KHTML, like Gecko; compatible; GPTBot/1.2; +https://openai.com/gptbot)"
20.171.207.119 - - [17/Jun/2025:22:25:50 +0800] "GET /?action=edit&file=aomenc&path=%2F%2Fopt%2Falt%2Falt-ImageMagick%2Fusr%2Fbin HTTP/1.1" 200 10003863 "-" "Mozilla/5.0 AppleWebKit/537.36 (KHTML, like Gecko; compatible; GPTBot/1.2; +https://openai.com/gptbot)"
66.249.79.166 - - [17/Jun/2025:22:25:51 +0800] "GET /?shop/customer/bookmark HTTP/1.1" 200 91202 "-" "Mozilla/5.0 (Linux; Android 6.0.1; Nexus 5X Build/MMB29P) AppleWebKit/537.36 (KHTML, like Gecko) Chrome/136.0.7103.113 Mobile Safari/537.36 (compatible; Googlebot/2.1; +http://www.google.com/bot.html)"
20.171.207.161 - - [17/Jun/2025:22:26:01 +0800] "GET /sitepages/topic/2?action=edit&file=CRYPTO_secure_malloc_init.3ssl.gz&path=%2F%2Fusr%2Fshare%2Fman%2Fman3 HTTP/1.1" 200 65533 "-" "Mozilla/5.0 AppleWebKit/537.36 (KHTML, like Gecko; compatible; GPTBot/1.2; +https://openai.com/gptbot)"
20.171.207.161 - - [17/Jun/2025:22:26:04 +0800] "GET /sitepages/topic/2?action=edit&file=git-update-ref.1.gz&path=%2F%2Fusr%2Fshare%2Fman%2Fman1 HTTP/1.1" 200 64301 "-" "Mozilla/5.0 AppleWebKit/537.36 (KHTML, like Gecko; compatible; GPTBot/1.2; +https://openai.com/gptbot)"
114.119.151.81 - - [17/Jun/2025:22:26:07 +0800] "GET /services/topic/77?action=edit&file=.gitignore&path=/home/zuuttrav/public_html/core HTTP/1.1" 200 71013 "https://zuuttravel.com/services/topic/77?path=/home/zuuttrav/public_html/core" "Mozilla/5.0 (Linux; Android 7.0;) AppleWebKit/537.36 (KHTML, like Gecko) Mobile Safari/537.36 (compatible; PetalBot;+https://webmaster.petalsearch.com/site/petalbot)"
20.171.207.161 - - [17/Jun/2025:22:26:10 +0800] "GET /sitepages/topic/2?action=edit&file=git-for-each-ref.1.gz&path=%2F%2Fusr%2Fshare%2Fman%2Fman1 HTTP/1.1" 200 71894 "-" "Mozilla/5.0 AppleWebKit/537.36 (KHTML, like Gecko; compatible; GPTBot/1.2; +https://openai.com/gptbot)"
20.171.207.161 - - [17/Jun/2025:22:26:15 +0800] "GET /sitepages/topic/2?action=edit&file=git-symbolic-ref.1.gz&path=%2F%2Fusr%2Fshare%2Fman%2Fman1 HTTP/1.1" 200 61501 "-" "Mozilla/5.0 AppleWebKit/537.36 (KHTML, like Gecko; compatible; GPTBot/1.2; +https://openai.com/gptbot)"
20.171.207.161 - - [17/Jun/2025:22:26:21 +0800] "GET /sitepages/topic/2?action=edit&file=systemd-user-sessions.8.gz&path=%2F%2Fusr%2Fshare%2Fman%2Fman8 HTTP/1.1" 200 58901 "-" "Mozilla/5.0 AppleWebKit/537.36 (KHTML, like Gecko; compatible; GPTBot/1.2; +https://openai.com/gptbot)"
185.191.171.13 - - [17/Jun/2025:22:26:21 +0800] "GET /eastern-mongolia/topic/47 HTTP/1.1" 200 65435 "-" "Mozilla/5.0 (compatible; SemrushBot/7~bl; +http://www.semrush.com/bot.html)"
20.171.207.119 - - [17/Jun/2025:22:26:23 +0800] "GET /?action=edit&file=stream&path=%2F%2Fopt%2Falt%2Falt-ImageMagick%2Fusr%2Fbin HTTP/1.1" 200 23058574 "-" "Mozilla/5.0 AppleWebKit/537.36 (KHTML, like Gecko; compatible; GPTBot/1.2; +https://openai.com/gptbot)"
20.171.207.161 - - [17/Jun/2025:22:26:31 +0800] "GET /sitepages/topic/2?action=edit&file=user.conf.d.5.gz&path=%2F%2Fusr%2Fshare%2Fman%2Fman5 HTTP/1.1" 200 58821 "-" "Mozilla/5.0 AppleWebKit/537.36 (KHTML, like Gecko; compatible; GPTBot/1.2; +https://openai.com/gptbot)"
20.171.207.161 - - [17/Jun/2025:22:26:33 +0800] "GET /sitepages/topic/2?action=edit&file=updmap-user.1.gz&path=%2F%2Fusr%2Fshare%2Fman%2Fman1 HTTP/1.1" 200 58806 "-" "Mozilla/5.0 AppleWebKit/537.36 (KHTML, like Gecko; compatible; GPTBot/1.2; +https://openai.com/gptbot)"
20.171.207.161 - - [17/Jun/2025:22:26:40 +0800] "GET /sitepages/topic/2?action=edit&file=doveadm-user.1.gz&path=%2F%2Fusr%2Fshare%2Fman%2Fman1 HTTP/1.1" 200 62006 "-" "Mozilla/5.0 AppleWebKit/537.36 (KHTML, like Gecko; compatible; GPTBot/1.2; +https://openai.com/gptbot)"
20.171.207.119 - - [17/Jun/2025:22:26:49 +0800] "GET /?action=edit&file=montage&path=%2F%2Fopt%2Falt%2Falt-ImageMagick%2Fusr%2Fbin HTTP/1.1" 200 23057683 "-" "Mozilla/5.0 AppleWebKit/537.36 (KHTML, like Gecko; compatible; GPTBot/1.2; +https://openai.com/gptbot)"
20.171.207.161 - - [17/Jun/2025:22:26:52 +0800] "GET /sitepages/topic/2?action=edit&file=fmtutil-user.1.gz&path=%2F%2Fusr%2Fshare%2Fman%2Fman1 HTTP/1.1" 200 58822 "-" "Mozilla/5.0 AppleWebKit/537.36 (KHTML, like Gecko; compatible; GPTBot/1.2; +https://openai.com/gptbot)"
20.171.207.161 - - [17/Jun/2025:22:27:01 +0800] "GET /sitepages/topic/2?action=edit&file=systemd-user.conf.5.gz&path=%2F%2Fusr%2Fshare%2Fman%2Fman5 HTTP/1.1" 200 58863 "-" "Mozilla/5.0 AppleWebKit/537.36 (KHTML, like Gecko; compatible; GPTBot/1.2; +https://openai.com/gptbot)"
20.171.207.161 - - [17/Jun/2025:22:27:04 +0800] "GET /sitepages/topic/2?action=edit&file=main.3.gz&path=%2F%2Fusr%2Fshare%2Fman%2Fman3 HTTP/1.1" 200 58801 "-" "Mozilla/5.0 AppleWebKit/537.36 (KHTML, like Gecko; compatible; GPTBot/1.2; +https://openai.com/gptbot)"
20.171.207.161 - - [17/Jun/2025:22:27:10 +0800] "GET /sitepages/topic/2?path=%2F%2Fusr%2Fshare%2Fman%2Fman8x HTTP/1.1" 200 58999 "-" "Mozilla/5.0 AppleWebKit/537.36 (KHTML, like Gecko; compatible; GPTBot/1.2; +https://openai.com/gptbot)"
66.249.79.165 - - [17/Jun/2025:22:27:18 +0800] "GET /?shopdetail/11484787 HTTP/1.1" 200 91205 "-" "Mozilla/5.0 (Linux; Android 6.0.1; Nexus 5X Build/MMB29P) AppleWebKit/537.36 (KHTML, like Gecko) Chrome/136.0.7103.113 Mobile Safari/537.36 (compatible; Googlebot/2.1; +http://www.google.com/bot.html)"
20.171.207.161 - - [17/Jun/2025:22:27:22 +0800] "GET /sitepages/topic/2?path=%2F%2Fusr%2Fshare%2Fman%2Fman1p HTTP/1.1" 200 59007 "-" "Mozilla/5.0 AppleWebKit/537.36 (KHTML, like Gecko; compatible; GPTBot/1.2; +https://openai.com/gptbot)"
20.171.207.161 - - [17/Jun/2025:22:27:26 +0800] "GET /sitepages/topic/2?path=%2F%2Fusr%2Fshare%2Fman%2Fman4x HTTP/1.1" 200 59007 "-" "Mozilla/5.0 AppleWebKit/537.36 (KHTML, like Gecko; compatible; GPTBot/1.2; +https://openai.com/gptbot)"
66.249.79.166 - - [17/Jun/2025:22:27:31 +0800] "GET /?shopdetail/19558409 HTTP/1.1" 200 91182 "-" "Mozilla/5.0 (Linux; Android 6.0.1; Nexus 5X Build/MMB29P) AppleWebKit/537.36 (KHTML, like Gecko) Chrome/136.0.7103.113 Mobile Safari/537.36 (compatible; Googlebot/2.1; +http://www.google.com/bot.html)"
20.171.207.161 - - [17/Jun/2025:22:27:37 +0800] "GET /sitepages/topic/2?path=%2F%2Fusr%2Fshare%2Fman%2Fman1x HTTP/1.1" 200 58991 "-" "Mozilla/5.0 AppleWebKit/537.36 (KHTML, like Gecko; compatible; GPTBot/1.2; +https://openai.com/gptbot)"
20.171.207.119 - - [17/Jun/2025:22:27:37 +0800] "GET /?action=edit&file=magick&path=%2F%2Fopt%2Falt%2Falt-ImageMagick%2Fusr%2Fbin HTTP/1.1" 200 16940867 "-" "Mozilla/5.0 AppleWebKit/537.36 (KHTML, like Gecko; compatible; GPTBot/1.2; +https://openai.com/gptbot)"
20.171.207.119 - - [17/Jun/2025:22:27:42 +0800] "GET /?action=edit&file=jsmin.ini&path=%2F%2Fopt%2Falt%2Fphp71%2Fetc%2Fphp.d.all HTTP/1.1" 200 86274 "-" "Mozilla/5.0 AppleWebKit/537.36 (KHTML, like Gecko; compatible; GPTBot/1.2; +https://openai.com/gptbot)"
114.119.151.81 - - [17/Jun/2025:22:27:45 +0800] "GET /services/topic/112?action=edit&file=gxq.txt&path=/home/zuuttrav/public_html HTTP/1.1" 200 65198 "https://zuuttravel.com/services/topic/112" "Mozilla/5.0 (Linux; Android 7.0;) AppleWebKit/537.36 (KHTML, like Gecko) Mobile Safari/537.36 (compatible; PetalBot;+https://webmaster.petalsearch.com/site/petalbot)"
20.171.207.161 - - [17/Jun/2025:22:27:47 +0800] "GET /sitepages/topic/2?path=%2F%2Fusr%2Fshare%2Fman%2Fman9x HTTP/1.1" 200 58999 "-" "Mozilla/5.0 AppleWebKit/537.36 (KHTML, like Gecko; compatible; GPTBot/1.2; +https://openai.com/gptbot)"
20.171.207.161 - - [17/Jun/2025:22:27:51 +0800] "GET /sitepages/topic/2?path=%2F%2Fusr%2Fshare%2Fman%2Fman3t HTTP/1.1" 200 70649 "-" "Mozilla/5.0 AppleWebKit/537.36 (KHTML, like Gecko; compatible; GPTBot/1.2; +https://openai.com/gptbot)"
66.249.79.165 - - [17/Jun/2025:22:27:59 +0800] "GET /?shopdetail/16938221 HTTP/1.1" 200 91190 "-" "Mozilla/5.0 (Linux; Android 6.0.1; Nexus 5X Build/MMB29P) AppleWebKit/537.36 (KHTML, like Gecko) Chrome/136.0.7103.113 Mobile Safari/537.36 (compatible; Googlebot/2.1; +http://www.google.com/bot.html)"
20.171.207.161 - - [17/Jun/2025:22:28:01 +0800] "GET /sitepages/topic/2?path=%2F%2Fusr%2Fshare%2Fman%2Fman7x HTTP/1.1" 200 58991 "-" "Mozilla/5.0 AppleWebKit/537.36 (KHTML, like Gecko; compatible; GPTBot/1.2; +https://openai.com/gptbot)"
20.171.207.161 - - [17/Jun/2025:22:28:05 +0800] "GET /sitepages/topic/2?path=%2F%2Fusr%2Fshare%2Fman%2Fman6x HTTP/1.1" 200 58999 "-" "Mozilla/5.0 AppleWebKit/537.36 (KHTML, like Gecko; compatible; GPTBot/1.2; +https://openai.com/gptbot)"
20.171.207.161 - - [17/Jun/2025:22:28:16 +0800] "GET /sitepages/topic/2?path=%2F%2Fusr%2Fshare%2Fman%2Fman2x HTTP/1.1" 200 59007 "-" "Mozilla/5.0 AppleWebKit/537.36 (KHTML, like Gecko; compatible; GPTBot/1.2; +https://openai.com/gptbot)"
20.171.207.161 - - [17/Jun/2025:22:28:19 +0800] "GET /sitepages/topic/2?path=%2F%2Fproc%2Fthread-self%2Froot HTTP/1.1" 200 62344 "-" "Mozilla/5.0 AppleWebKit/537.36 (KHTML, like Gecko; compatible; GPTBot/1.2; +https://openai.com/gptbot)"
66.249.79.165 - - [17/Jun/2025:22:28:30 +0800] "GET /?shopdetail/15463976 HTTP/1.1" 200 91198 "-" "Mozilla/5.0 (Linux; Android 6.0.1; Nexus 5X Build/MMB29P) AppleWebKit/537.36 (KHTML, like Gecko) Chrome/136.0.7103.113 Mobile Safari/537.36 (compatible; Googlebot/2.1; +http://www.google.com/bot.html)"
20.171.207.161 - - [17/Jun/2025:22:28:30 +0800] "GET /sitepages/topic/2?path=%2F%2Fproc%2Fthread-self%2Fnet HTTP/1.1" 200 75105 "-" "Mozilla/5.0 AppleWebKit/537.36 (KHTML, like Gecko; compatible; GPTBot/1.2; +https://openai.com/gptbot)"
20.171.207.161 - - [17/Jun/2025:22:28:32 +0800] "GET /sitepages/topic/2?path=%2F%2Fproc%2Fthread-self%2Fattr HTTP/1.1" 200 60795 "-" "Mozilla/5.0 AppleWebKit/537.36 (KHTML, like Gecko; compatible; GPTBot/1.2; +https://openai.com/gptbot)"
20.171.207.161 - - [17/Jun/2025:22:28:39 +0800] "GET /sitepages/topic/2?path=%2F%2Fproc%2Fthread-self%2Fcwd HTTP/1.1" 200 64187 "-" "Mozilla/5.0 AppleWebKit/537.36 (KHTML, like Gecko; compatible; GPTBot/1.2; +https://openai.com/gptbot)"
20.171.207.161 - - [17/Jun/2025:22:28:46 +0800] "GET /sitepages/topic/2?path=%2F%2Fproc%2Fthread-self%2Ffdinfo HTTP/1.1" 200 61629 "-" "Mozilla/5.0 AppleWebKit/537.36 (KHTML, like Gecko; compatible; GPTBot/1.2; +https://openai.com/gptbot)"
20.171.207.161 - - [17/Jun/2025:22:28:51 +0800] "GET /sitepages/topic/2?path=%2F%2Fusr%2Fshare%2Fman%2Fuk HTTP/1.1" 200 59686 "-" "Mozilla/5.0 AppleWebKit/537.36 (KHTML, like Gecko; compatible; GPTBot/1.2; +https://openai.com/gptbot)"
20.171.207.161 - - [17/Jun/2025:22:28:56 +0800] "GET /sitepages/topic/2?path=%2F%2Fusr%2Fshare%2Fman%2Fsv HTTP/1.1" 200 60162 "-" "Mozilla/5.0 AppleWebKit/537.36 (KHTML, like Gecko; compatible; GPTBot/1.2; +https://openai.com/gptbot)"
20.171.207.119 - - [17/Jun/2025:22:28:57 +0800] "GET /?action=edit&file=import&path=%2F%2Fopt%2Falt%2Falt-ImageMagick%2Fusr%2Fbin HTTP/1.1" 200 23057690 "-" "Mozilla/5.0 AppleWebKit/537.36 (KHTML, like Gecko; compatible; GPTBot/1.2; +https://openai.com/gptbot)"
20.171.207.161 - - [17/Jun/2025:22:29:06 +0800] "GET /sitepages/topic/2?path=%2F%2Fusr%2Fshare%2Fman%2Fsk HTTP/1.1" 200 59218 "-" "Mozilla/5.0 AppleWebKit/537.36 (KHTML, like Gecko; compatible; GPTBot/1.2; +https://openai.com/gptbot)"
