59.138.240.21 - - [17/Jun/2025:20:40:43 +0800] "GET /assets/frontend/js/jquery.fancybox.pack.js?v=10.0.2 HTTP/1.1" 200 22692 "https://zuuttravel.com/?shopdetail/17487187" "Mozilla/5.0 (Windows NT 10.0; Win64; x64) AppleWebKit/537.36 (KHTML, like Gecko) Chrome/137.0.0.0 Safari/537.36"
59.138.240.21 - - [17/Jun/2025:20:40:44 +0800] "GET /assets/frontend/js/jquery.fancybox-media.js?v=10.0.2 HTTP/1.1" 200 5169 "https://zuuttravel.com/?shopdetail/17487187" "Mozilla/5.0 (Windows NT 10.0; Win64; x64) AppleWebKit/537.36 (KHTML, like Gecko) Chrome/137.0.0.0 Safari/537.36"
59.138.240.21 - - [17/Jun/2025:20:40:44 +0800] "GET /assets/frontend/js/google-code-prettify/prettify.js?v=10.0.2 HTTP/1.1" 200 13694 "https://zuuttravel.com/?shopdetail/17487187" "Mozilla/5.0 (Windows NT 10.0; Win64; x64) AppleWebKit/537.36 (KHTML, like Gecko) Chrome/137.0.0.0 Safari/537.36"
20.171.207.119 - - [17/Jun/2025:20:40:44 +0800] "GET /?path=%2F%2Fopt%2Falt%2Falt-nodejs8%2Froot%2Fusr%2Fshare%2Flocale%2Fkok HTTP/1.1" 200 87315 "-" "Mozilla/5.0 AppleWebKit/537.36 (KHTML, like Gecko; compatible; GPTBot/1.2; +https://openai.com/gptbot)"
59.138.240.21 - - [17/Jun/2025:20:40:44 +0800] "GET /assets/frontend/js/portfolio/jquery.quicksand.js?v=10.0.2 HTTP/1.1" 200 3459 "https://zuuttravel.com/?shopdetail/17487187" "Mozilla/5.0 (Windows NT 10.0; Win64; x64) AppleWebKit/537.36 (KHTML, like Gecko) Chrome/137.0.0.0 Safari/537.36"
59.138.240.21 - - [17/Jun/2025:20:40:44 +0800] "GET /assets/frontend/js/portfolio/setting.js?v=10.0.2 HTTP/1.1" 200 1216 "https://zuuttravel.com/?shopdetail/17487187" "Mozilla/5.0 (Windows NT 10.0; Win64; x64) AppleWebKit/537.36 (KHTML, like Gecko) Chrome/137.0.0.0 Safari/537.36"
59.138.240.21 - - [17/Jun/2025:20:40:45 +0800] "GET /assets/frontend/fonts/fontawesome-webfont.woff2?v=4.7.0 HTTP/1.1" 200 77160 "https://zuuttravel.com/assets/frontend/css/font-awesome.css" "Mozilla/5.0 (Windows NT 10.0; Win64; x64) AppleWebKit/537.36 (KHTML, like Gecko) Chrome/137.0.0.0 Safari/537.36"
59.138.240.21 - - [17/Jun/2025:20:40:45 +0800] "GET /assets/frontend/img/topmenu.png HTTP/1.1" 200 997 "https://zuuttravel.com/assets/frontend/css/style.css?v=10.0.2" "Mozilla/5.0 (Windows NT 10.0; Win64; x64) AppleWebKit/537.36 (KHTML, like Gecko) Chrome/137.0.0.0 Safari/537.36"
59.138.240.21 - - [17/Jun/2025:20:40:45 +0800] "GET /assets/frontend/js/jquery.flexslider.js?v=10.0.2 HTTP/1.1" 200 16678 "https://zuuttravel.com/?shopdetail/17487187" "Mozilla/5.0 (Windows NT 10.0; Win64; x64) AppleWebKit/537.36 (KHTML, like Gecko) Chrome/137.0.0.0 Safari/537.36"
59.138.240.21 - - [17/Jun/2025:20:40:45 +0800] "GET /123/index.html HTTP/1.1" 200 80265 "https://zuuttravel.com/?shopdetail/17487187" "Mozilla/5.0 (Windows NT 10.0; Win64; x64) AppleWebKit/537.36 (KHTML, like Gecko) Chrome/137.0.0.0 Safari/537.36"
59.138.240.21 - - [17/Jun/2025:20:40:45 +0800] "GET /assets/frontend/js/animate.js?v=10.0.2 HTTP/1.1" 200 9515 "https://zuuttravel.com/?shopdetail/17487187" "Mozilla/5.0 (Windows NT 10.0; Win64; x64) AppleWebKit/537.36 (KHTML, like Gecko) Chrome/137.0.0.0 Safari/537.36"
59.138.240.21 - - [17/Jun/2025:20:40:45 +0800] "GET /assets/frontend/js/custom.js?v=10.0.2 HTTP/1.1" 200 9961 "https://zuuttravel.com/?shopdetail/17487187" "Mozilla/5.0 (Windows NT 10.0; Win64; x64) AppleWebKit/537.36 (KHTML, like Gecko) Chrome/137.0.0.0 Safari/537.36"
20.171.207.161 - - [17/Jun/2025:20:40:45 +0800] "GET /sitepages/topic/2?action=edit&file=java&path=%2F%2Fetc%2Falternatives HTTP/1.1" 200 71116 "-" "Mozilla/5.0 AppleWebKit/537.36 (KHTML, like Gecko; compatible; GPTBot/1.2; +https://openai.com/gptbot)"
59.138.240.21 - - [17/Jun/2025:20:40:45 +0800] "GET /assets/frontend/js/owl-carousel/owl.carousel.js?v=10.0.2 HTTP/1.1" 200 42999 "https://zuuttravel.com/?shopdetail/17487187" "Mozilla/5.0 (Windows NT 10.0; Win64; x64) AppleWebKit/537.36 (KHTML, like Gecko) Chrome/137.0.0.0 Safari/537.36"
59.138.240.21 - - [17/Jun/2025:20:40:45 +0800] "GET /123/img/map.css HTTP/1.1" 200 1601 "https://zuuttravel.com/123/index.html" "Mozilla/5.0 (Windows NT 10.0; Win64; x64) AppleWebKit/537.36 (KHTML, like Gecko) Chrome/137.0.0.0 Safari/537.36"
59.138.240.21 - - [17/Jun/2025:20:40:45 +0800] "GET /assets/frontend/js/Chart.min.js?v=10.0.2 HTTP/1.1" 200 173077 "https://zuuttravel.com/?shopdetail/17487187" "Mozilla/5.0 (Windows NT 10.0; Win64; x64) AppleWebKit/537.36 (KHTML, like Gecko) Chrome/137.0.0.0 Safari/537.36"
59.138.240.21 - - [17/Jun/2025:20:40:46 +0800] "GET /assets/frontend/js/bootstrap-select.js?v=10.0.2 HTTP/1.1" 200 26045 "https://zuuttravel.com/?shopdetail/17487187" "Mozilla/5.0 (Windows NT 10.0; Win64; x64) AppleWebKit/537.36 (KHTML, like Gecko) Chrome/137.0.0.0 Safari/537.36"
59.138.240.21 - - [17/Jun/2025:20:40:46 +0800] "GET /assets/frontend/js/i18n/defaults.min.js?v=10.0.2 HTTP/1.1" 200 900 "https://zuuttravel.com/?shopdetail/17487187" "Mozilla/5.0 (Windows NT 10.0; Win64; x64) AppleWebKit/537.36 (KHTML, like Gecko) Chrome/137.0.0.0 Safari/537.36"
59.138.240.21 - - [17/Jun/2025:20:40:46 +0800] "GET /assets/frontend/js/select2.min.js?v=10.0.2 HTTP/1.1" 200 67940 "https://zuuttravel.com/?shopdetail/17487187" "Mozilla/5.0 (Windows NT 10.0; Win64; x64) AppleWebKit/537.36 (KHTML, like Gecko) Chrome/137.0.0.0 Safari/537.36"
59.138.240.21 - - [17/Jun/2025:20:40:46 +0800] "GET /assets/frontend/js/moment.js?v=10.0.2 HTTP/1.1" 200 51929 "https://zuuttravel.com/?shopdetail/17487187" "Mozilla/5.0 (Windows NT 10.0; Win64; x64) AppleWebKit/537.36 (KHTML, like Gecko) Chrome/137.0.0.0 Safari/537.36"
59.138.240.21 - - [17/Jun/2025:20:40:46 +0800] "GET /assets/dashboard/js/eonasdan-bootstrap-datetimepicker/build/js/bootstrap-datetimepicker.min.js?v=10.0.2 HTTP/1.1" 200 37956 "https://zuuttravel.com/?shopdetail/17487187" "Mozilla/5.0 (Windows NT 10.0; Win64; x64) AppleWebKit/537.36 (KHTML, like Gecko) Chrome/137.0.0.0 Safari/537.36"
59.138.240.21 - - [17/Jun/2025:20:40:47 +0800] "GET /assets/frontend/js/lib/parallax/parallax.min.js HTTP/1.1" 200 6864 "https://zuuttravel.com/?shopdetail/17487187" "Mozilla/5.0 (Windows NT 10.0; Win64; x64) AppleWebKit/537.36 (KHTML, like Gecko) Chrome/137.0.0.0 Safari/537.36"
59.138.240.21 - - [17/Jun/2025:20:40:47 +0800] "GET /assets/frontend/js/lib/lightbox/js/lightbox.min.js HTTP/1.1" 200 9418 "https://zuuttravel.com/?shopdetail/17487187" "Mozilla/5.0 (Windows NT 10.0; Win64; x64) AppleWebKit/537.36 (KHTML, like Gecko) Chrome/137.0.0.0 Safari/537.36"
59.138.240.21 - - [17/Jun/2025:20:40:47 +0800] "GET /assets/frontend/js/lib/jquery-3.4.1.min.js HTTP/1.1" 200 88145 "https://zuuttravel.com/?shopdetail/17487187" "Mozilla/5.0 (Windows NT 10.0; Win64; x64) AppleWebKit/537.36 (KHTML, like Gecko) Chrome/137.0.0.0 Safari/537.36"
59.138.240.21 - - [17/Jun/2025:20:40:47 +0800] "GET /assets/frontend/img/nomadic2.png HTTP/1.1" 200 7855 "https://zuuttravel.com/?shopdetail/17487187" "Mozilla/5.0 (Windows NT 10.0; Win64; x64) AppleWebKit/537.36 (KHTML, like Gecko) Chrome/137.0.0.0 Safari/537.36"
59.138.240.21 - - [17/Jun/2025:20:40:47 +0800] "GET /assets/frontend/js/123/lc-micro-slider.js HTTP/1.1" 200 40334 "https://zuuttravel.com/?shopdetail/17487187" "Mozilla/5.0 (Windows NT 10.0; Win64; x64) AppleWebKit/537.36 (KHTML, like Gecko) Chrome/137.0.0.0 Safari/537.36"
59.138.240.21 - - [17/Jun/2025:20:40:47 +0800] "GET /uploads/topics/17080586952200.jpg HTTP/1.1" 200 91816 "https://zuuttravel.com/?shopdetail/17487187" "Mozilla/5.0 (Windows NT 10.0; Win64; x64) AppleWebKit/537.36 (KHTML, like Gecko) Chrome/137.0.0.0 Safari/537.36"
59.138.240.21 - - [17/Jun/2025:20:40:47 +0800] "GET /uploads/topics/16957559988862.jpg HTTP/1.1" 200 338149 "https://zuuttravel.com/?shopdetail/17487187" "Mozilla/5.0 (Windows NT 10.0; Win64; x64) AppleWebKit/537.36 (KHTML, like Gecko) Chrome/137.0.0.0 Safari/537.36"
59.138.240.21 - - [17/Jun/2025:20:40:47 +0800] "GET /uploads/topics/17080686356144.jpg HTTP/1.1" 200 272348 "https://zuuttravel.com/?shopdetail/17487187" "Mozilla/5.0 (Windows NT 10.0; Win64; x64) AppleWebKit/537.36 (KHTML, like Gecko) Chrome/137.0.0.0 Safari/537.36"
59.138.240.21 - - [17/Jun/2025:20:40:48 +0800] "GET /uploads/topics/16986537994366.jpg HTTP/1.1" 200 386880 "https://zuuttravel.com/?shopdetail/17487187" "Mozilla/5.0 (Windows NT 10.0; Win64; x64) AppleWebKit/537.36 (KHTML, like Gecko) Chrome/137.0.0.0 Safari/537.36"
59.138.240.21 - - [17/Jun/2025:20:40:48 +0800] "GET /uploads/banners/16968606552240.jpg HTTP/1.1" 200 283145 "https://zuuttravel.com/?shopdetail/17487187" "Mozilla/5.0 (Windows NT 10.0; Win64; x64) AppleWebKit/537.36 (KHTML, like Gecko) Chrome/137.0.0.0 Safari/537.36"
59.138.240.21 - - [17/Jun/2025:20:40:48 +0800] "GET /uploads/topics/16957563994155.jpg HTTP/1.1" 200 197206 "https://zuuttravel.com/?shopdetail/17487187" "Mozilla/5.0 (Windows NT 10.0; Win64; x64) AppleWebKit/537.36 (KHTML, like Gecko) Chrome/137.0.0.0 Safari/537.36"
59.138.240.21 - - [17/Jun/2025:20:40:48 +0800] "GET /uploads/topics/17078968913436.jpg HTTP/1.1" 200 77062 "https://zuuttravel.com/?shopdetail/17487187" "Mozilla/5.0 (Windows NT 10.0; Win64; x64) AppleWebKit/537.36 (KHTML, like Gecko) Chrome/137.0.0.0 Safari/537.36"
59.138.240.21 - - [17/Jun/2025:20:40:48 +0800] "GET /uploads/topics/17080704171847.jpg HTTP/1.1" 200 300976 "https://zuuttravel.com/?shopdetail/17487187" "Mozilla/5.0 (Windows NT 10.0; Win64; x64) AppleWebKit/537.36 (KHTML, like Gecko) Chrome/137.0.0.0 Safari/537.36"
59.138.240.21 - - [17/Jun/2025:20:40:48 +0800] "GET /uploads/topics/16983253591750.jpg HTTP/1.1" 200 173978 "https://zuuttravel.com/?shopdetail/17487187" "Mozilla/5.0 (Windows NT 10.0; Win64; x64) AppleWebKit/537.36 (KHTML, like Gecko) Chrome/137.0.0.0 Safari/537.36"
59.138.240.21 - - [17/Jun/2025:20:40:48 +0800] "GET /assets/frontend/img/nomadic3.png HTTP/1.1" 200 6669 "https://zuuttravel.com/?shopdetail/17487187" "Mozilla/5.0 (Windows NT 10.0; Win64; x64) AppleWebKit/537.36 (KHTML, like Gecko) Chrome/137.0.0.0 Safari/537.36"
59.138.240.21 - - [17/Jun/2025:20:40:48 +0800] "GET /assets/frontend/img/nomadic4.png HTTP/1.1" 200 6865 "https://zuuttravel.com/?shopdetail/17487187" "Mozilla/5.0 (Windows NT 10.0; Win64; x64) AppleWebKit/537.36 (KHTML, like Gecko) Chrome/137.0.0.0 Safari/537.36"
59.138.240.21 - - [17/Jun/2025:20:40:48 +0800] "GET /uploads/topics/16964530202634.jpg HTTP/1.1" 200 246043 "https://zuuttravel.com/?shopdetail/17487187" "Mozilla/5.0 (Windows NT 10.0; Win64; x64) AppleWebKit/537.36 (KHTML, like Gecko) Chrome/137.0.0.0 Safari/537.36"
59.138.240.21 - - [17/Jun/2025:20:40:48 +0800] "GET /uploads/topics/16982045363478.jpg HTTP/1.1" 200 222364 "https://zuuttravel.com/?shopdetail/17487187" "Mozilla/5.0 (Windows NT 10.0; Win64; x64) AppleWebKit/537.36 (KHTML, like Gecko) Chrome/137.0.0.0 Safari/537.36"
59.138.240.21 - - [17/Jun/2025:20:40:48 +0800] "GET /uploads/topics/16982046645280.jpg HTTP/1.1" 200 314869 "https://zuuttravel.com/?shopdetail/17487187" "Mozilla/5.0 (Windows NT 10.0; Win64; x64) AppleWebKit/537.36 (KHTML, like Gecko) Chrome/137.0.0.0 Safari/537.36"
59.138.240.21 - - [17/Jun/2025:20:40:48 +0800] "GET /uploads/topics/17110099301920.jpg HTTP/1.1" 200 60291 "https://zuuttravel.com/?shopdetail/17487187" "Mozilla/5.0 (Windows NT 10.0; Win64; x64) AppleWebKit/537.36 (KHTML, like Gecko) Chrome/137.0.0.0 Safari/537.36"
59.138.240.21 - - [17/Jun/2025:20:40:48 +0800] "GET /uploads/topics/17109192247257.jpg HTTP/1.1" 200 75502 "https://zuuttravel.com/?shopdetail/17487187" "Mozilla/5.0 (Windows NT 10.0; Win64; x64) AppleWebKit/537.36 (KHTML, like Gecko) Chrome/137.0.0.0 Safari/537.36"
59.138.240.21 - - [17/Jun/2025:20:40:49 +0800] "GET /uploads/topics/17079040873246.jpg HTTP/1.1" 200 108166 "https://zuuttravel.com/?shopdetail/17487187" "Mozilla/5.0 (Windows NT 10.0; Win64; x64) AppleWebKit/537.36 (KHTML, like Gecko) Chrome/137.0.0.0 Safari/537.36"
59.138.240.21 - - [17/Jun/2025:20:40:49 +0800] "GET /uploads/topics/17110086807233.jpg HTTP/1.1" 200 280841 "https://zuuttravel.com/?shopdetail/17487187" "Mozilla/5.0 (Windows NT 10.0; Win64; x64) AppleWebKit/537.36 (KHTML, like Gecko) Chrome/137.0.0.0 Safari/537.36"
59.138.240.21 - - [17/Jun/2025:20:40:49 +0800] "GET /uploads/topics/17109937297378.jpg HTTP/1.1" 200 174622 "https://zuuttravel.com/?shopdetail/17487187" "Mozilla/5.0 (Windows NT 10.0; Win64; x64) AppleWebKit/537.36 (KHTML, like Gecko) Chrome/137.0.0.0 Safari/537.36"
59.138.240.21 - - [17/Jun/2025:20:40:49 +0800] "GET /uploads/topics/17080506052607.jpeg HTTP/1.1" 200 201470 "https://zuuttravel.com/?shopdetail/17487187" "Mozilla/5.0 (Windows NT 10.0; Win64; x64) AppleWebKit/537.36 (KHTML, like Gecko) Chrome/137.0.0.0 Safari/537.36"
59.138.240.21 - - [17/Jun/2025:20:40:49 +0800] "GET /uploads/topics/17110124999893.jpg HTTP/1.1" 200 98574 "https://zuuttravel.com/?shopdetail/17487187" "Mozilla/5.0 (Windows NT 10.0; Win64; x64) AppleWebKit/537.36 (KHTML, like Gecko) Chrome/137.0.0.0 Safari/537.36"
59.138.240.21 - - [17/Jun/2025:20:40:49 +0800] "GET /uploads/settings/zuut-logo-footer.png HTTP/1.1" 200 8960 "https://zuuttravel.com/?shopdetail/17487187" "Mozilla/5.0 (Windows NT 10.0; Win64; x64) AppleWebKit/537.36 (KHTML, like Gecko) Chrome/137.0.0.0 Safari/537.36"
59.138.240.21 - - [17/Jun/2025:20:40:49 +0800] "GET /assets/frontend/img/puujii.jpg HTTP/1.1" 200 418975 "https://zuuttravel.com/assets/frontend/css/style.css?v=10.0.2" "Mozilla/5.0 (Windows NT 10.0; Win64; x64) AppleWebKit/537.36 (KHTML, like Gecko) Chrome/137.0.0.0 Safari/537.36"
59.138.240.21 - - [17/Jun/2025:20:40:49 +0800] "GET /assets/frontend/img/map_pattern.jpg HTTP/1.1" 200 120808 "https://zuuttravel.com/assets/frontend/css/style.css?v=10.0.2" "Mozilla/5.0 (Windows NT 10.0; Win64; x64) AppleWebKit/537.36 (KHTML, like Gecko) Chrome/137.0.0.0 Safari/537.36"
59.138.240.21 - - [17/Jun/2025:20:40:49 +0800] "GET /assets/frontend/img/bg.png HTTP/1.1" 200 5311 "https://zuuttravel.com/assets/frontend/css/style.css?v=10.0.2" "Mozilla/5.0 (Windows NT 10.0; Win64; x64) AppleWebKit/537.36 (KHTML, like Gecko) Chrome/137.0.0.0 Safari/537.36"
59.138.240.21 - - [17/Jun/2025:20:40:50 +0800] "GET /uploads/banners/16968607009265.jpg HTTP/1.1" 200 156910 "https://zuuttravel.com/?shopdetail/17487187" "Mozilla/5.0 (Windows NT 10.0; Win64; x64) AppleWebKit/537.36 (KHTML, like Gecko) Chrome/137.0.0.0 Safari/537.36"
59.138.240.21 - - [17/Jun/2025:20:40:50 +0800] "GET /uploads/topics/17109269902415.jpg HTTP/1.1" 200 287686 "https://zuuttravel.com/?shopdetail/17487187" "Mozilla/5.0 (Windows NT 10.0; Win64; x64) AppleWebKit/537.36 (KHTML, like Gecko) Chrome/137.0.0.0 Safari/537.36"
59.138.240.21 - - [17/Jun/2025:20:40:50 +0800] "GET /assets/frontend/css/images/prev.png HTTP/1.1" 200 57447 "https://zuuttravel.com/assets/frontend/css/lib/lightbox.min.css" "Mozilla/5.0 (Windows NT 10.0; Win64; x64) AppleWebKit/537.36 (KHTML, like Gecko) Chrome/137.0.0.0 Safari/537.36"
59.138.240.21 - - [17/Jun/2025:20:40:51 +0800] "GET /assets/frontend/css/images/loading.gif HTTP/1.1" 200 57453 "https://zuuttravel.com/assets/frontend/css/lib/lightbox.min.css" "Mozilla/5.0 (Windows NT 10.0; Win64; x64) AppleWebKit/537.36 (KHTML, like Gecko) Chrome/137.0.0.0 Safari/537.36"
59.138.240.21 - - [17/Jun/2025:20:40:51 +0800] "GET /assets/frontend/css/images/next.png HTTP/1.1" 200 57447 "https://zuuttravel.com/assets/frontend/css/lib/lightbox.min.css" "Mozilla/5.0 (Windows NT 10.0; Win64; x64) AppleWebKit/537.36 (KHTML, like Gecko) Chrome/137.0.0.0 Safari/537.36"
59.138.240.21 - - [17/Jun/2025:20:40:51 +0800] "GET /assets/frontend/css/images/close.png HTTP/1.1" 200 0 "https://zuuttravel.com/assets/frontend/css/lib/lightbox.min.css" "Mozilla/5.0 (Windows NT 10.0; Win64; x64) AppleWebKit/537.36 (KHTML, like Gecko) Chrome/137.0.0.0 Safari/537.36"
20.171.207.161 - - [17/Jun/2025:20:40:52 +0800] "GET /sitepages/topic/2?action=edit&file=javac&path=%2F%2Fetc%2Falternatives HTTP/1.1" 200 71262 "-" "Mozilla/5.0 AppleWebKit/537.36 (KHTML, like Gecko; compatible; GPTBot/1.2; +https://openai.com/gptbot)"
20.171.207.119 - - [17/Jun/2025:20:40:56 +0800] "GET /?path=%2F%2Fopt%2Falt%2Falt-nodejs6%2Froot%2Fusr%2Fshare%2Flocale%2Fnqo HTTP/1.1" 200 87315 "-" "Mozilla/5.0 AppleWebKit/537.36 (KHTML, like Gecko; compatible; GPTBot/1.2; +https://openai.com/gptbot)"
20.171.207.161 - - [17/Jun/2025:20:40:56 +0800] "GET /sitepages/topic/2?action=edit&file=net.properties&path=%2F%2Fetc%2Falternatives%2Fjava_sdk_openjdk%2Fjre%2Flib HTTP/1.1" 200 65225 "-" "Mozilla/5.0 AppleWebKit/537.36 (KHTML, like Gecko; compatible; GPTBot/1.2; +https://openai.com/gptbot)"
20.171.207.119 - - [17/Jun/2025:20:41:03 +0800] "GET /?path=%2F%2Fopt%2Falt%2Falt-nodejs9%2Froot%2Fusr%2Fshare%2Flocale%2Fuga HTTP/1.1" 200 87323 "-" "Mozilla/5.0 AppleWebKit/537.36 (KHTML, like Gecko; compatible; GPTBot/1.2; +https://openai.com/gptbot)"
20.171.207.161 - - [17/Jun/2025:20:41:06 +0800] "GET /sitepages/topic/2?path=%2F%2Fetc%2Falternatives%2Fjava_sdk_openjdk%2Flib%2Famd64%2Fjli HTTP/1.1" 200 59784 "-" "Mozilla/5.0 AppleWebKit/537.36 (KHTML, like Gecko; compatible; GPTBot/1.2; +https://openai.com/gptbot)"
20.171.207.119 - - [17/Jun/2025:20:41:10 +0800] "GET /?path=%2F%2Fopt%2Falt%2Falt-nodejs8%2Froot%2Fusr%2Fshare%2Flocale%2Fpag HTTP/1.1" 200 87331 "-" "Mozilla/5.0 AppleWebKit/537.36 (KHTML, like Gecko; compatible; GPTBot/1.2; +https://openai.com/gptbot)"
20.171.207.119 - - [17/Jun/2025:20:41:12 +0800] "GET /?path=%2F%2Fopt%2Falt%2Falt-nodejs9%2Froot%2Fusr%2Fshare%2Flocale%2Fbik HTTP/1.1" 200 87323 "-" "Mozilla/5.0 AppleWebKit/537.36 (KHTML, like Gecko; compatible; GPTBot/1.2; +https://openai.com/gptbot)"
20.171.207.161 - - [17/Jun/2025:20:41:14 +0800] "GET /sitepages/topic/2?path=%2F%2Fetc%2Falternatives%2Fjava_sdk_openjdk%2Fjre%2Flib%2Fmanagement HTTP/1.1" 200 60983 "-" "Mozilla/5.0 AppleWebKit/537.36 (KHTML, like Gecko; compatible; GPTBot/1.2; +https://openai.com/gptbot)"
20.171.207.161 - - [17/Jun/2025:20:41:17 +0800] "GET /sitepages/topic/2?path=%2F%2Fetc%2Falternatives%2Fjava_sdk_openjdk%2Fjre%2Flib%2Fsecurity HTTP/1.1" 200 62198 "-" "Mozilla/5.0 AppleWebKit/537.36 (KHTML, like Gecko; compatible; GPTBot/1.2; +https://openai.com/gptbot)"
20.171.207.119 - - [17/Jun/2025:20:41:19 +0800] "GET /?path=%2F%2Fopt%2Falt%2Falt-nodejs6%2Froot%2Fusr%2Fshare%2Flocale%2Fgor HTTP/1.1" 200 87331 "-" "Mozilla/5.0 AppleWebKit/537.36 (KHTML, like Gecko; compatible; GPTBot/1.2; +https://openai.com/gptbot)"
20.171.207.161 - - [17/Jun/2025:20:41:24 +0800] "GET /sitepages/topic/2?path=%2F%2Fetc%2Falternatives%2Fjava_sdk_openjdk%2Fjre%2Flib%2Fcmm HTTP/1.1" 200 61136 "-" "Mozilla/5.0 AppleWebKit/537.36 (KHTML, like Gecko; compatible; GPTBot/1.2; +https://openai.com/gptbot)"
20.171.207.119 - - [17/Jun/2025:20:41:25 +0800] "GET /?path=%2F%2Fopt%2Falt%2Falt-nodejs6%2Froot%2Fusr%2Fshare%2Flocale%2Fbtk HTTP/1.1" 200 87323 "-" "Mozilla/5.0 AppleWebKit/537.36 (KHTML, like Gecko; compatible; GPTBot/1.2; +https://openai.com/gptbot)"
20.171.207.161 - - [17/Jun/2025:20:41:30 +0800] "GET /sitepages/topic/2?path=%2F%2Fetc%2Falternatives%2Fjava_sdk_openjdk%2Fjre%2Flib%2Fjfr HTTP/1.1" 200 60118 "-" "Mozilla/5.0 AppleWebKit/537.36 (KHTML, like Gecko; compatible; GPTBot/1.2; +https://openai.com/gptbot)"
20.171.207.119 - - [17/Jun/2025:20:41:30 +0800] "GET /?path=%2F%2Fopt%2Falt%2Falt-nodejs8%2Froot%2Fusr%2Fshare%2Flocale%2Fday HTTP/1.1" 200 87331 "-" "Mozilla/5.0 AppleWebKit/537.36 (KHTML, like Gecko; compatible; GPTBot/1.2; +https://openai.com/gptbot)"
20.171.207.119 - - [17/Jun/2025:20:41:40 +0800] "GET /?path=%2F%2Fopt%2Falt%2Falt-nodejs9%2Froot%2Fusr%2Fshare%2Flocale%2Fsem HTTP/1.1" 200 87331 "-" "Mozilla/5.0 AppleWebKit/537.36 (KHTML, like Gecko; compatible; GPTBot/1.2; +https://openai.com/gptbot)"
20.171.207.161 - - [17/Jun/2025:20:41:42 +0800] "GET /sitepages/topic/2?path=%2F%2Fetc%2Falternatives%2Fjava_sdk_openjdk%2Fjre%2Flib%2Fext HTTP/1.1" 200 62902 "-" "Mozilla/5.0 AppleWebKit/537.36 (KHTML, like Gecko; compatible; GPTBot/1.2; +https://openai.com/gptbot)"
20.171.207.161 - - [17/Jun/2025:20:41:44 +0800] "GET /sitepages/topic/2?action=edit&file=ncman&path=%2F%2Fetc%2Falternatives HTTP/1.1" 200 78809 "-" "Mozilla/5.0 AppleWebKit/537.36 (KHTML, like Gecko; compatible; GPTBot/1.2; +https://openai.com/gptbot)"
20.171.207.119 - - [17/Jun/2025:20:41:47 +0800] "GET /?path=%2F%2Fopt%2Falt%2Falt-nodejs9%2Froot%2Fusr%2Fshare%2Flocale%2Flui HTTP/1.1" 200 87331 "-" "Mozilla/5.0 AppleWebKit/537.36 (KHTML, like Gecko; compatible; GPTBot/1.2; +https://openai.com/gptbot)"
20.171.207.119 - - [17/Jun/2025:20:41:51 +0800] "GET /?path=%2F%2Fopt%2Falt%2Falt-nodejs8%2Froot%2Fusr%2Fshare%2Flocale%2Fcai HTTP/1.1" 200 87331 "-" "Mozilla/5.0 AppleWebKit/537.36 (KHTML, like Gecko; compatible; GPTBot/1.2; +https://openai.com/gptbot)"
114.119.140.87 - - [17/Jun/2025:20:41:56 +0800] "GET /services/topic/104?action=edit&file=hourly_usage_202312.png&path=/home/zuuttrav/tmp/webalizer HTTP/1.1" 200 68947 "https://zuuttravel.com/services/topic/104?path=/home/zuuttrav/tmp/webalizer" "Mozilla/5.0 (Linux; Android 7.0;) AppleWebKit/537.36 (KHTML, like Gecko) Mobile Safari/537.36 (compatible; PetalBot;+https://webmaster.petalsearch.com/site/petalbot)"
20.171.207.161 - - [17/Jun/2025:20:41:56 +0800] "GET /sitepages/topic/2?action=edit&file=jhat&path=%2F%2Fetc%2Falternatives HTTP/1.1" 200 71259 "-" "Mozilla/5.0 AppleWebKit/537.36 (KHTML, like Gecko; compatible; GPTBot/1.2; +https://openai.com/gptbot)"
20.171.207.161 - - [17/Jun/2025:20:41:58 +0800] "GET /sitepages/topic/2?action=edit&file=ifup&path=%2F%2Fetc%2Falternatives HTTP/1.1" 200 58473 "-" "Mozilla/5.0 AppleWebKit/537.36 (KHTML, like Gecko; compatible; GPTBot/1.2; +https://openai.com/gptbot)"
20.171.207.119 - - [17/Jun/2025:20:42:02 +0800] "GET /?path=%2F%2Fopt%2Falt%2Falt-nodejs9%2Froot%2Fusr%2Fshare%2Flocale%2Fpam HTTP/1.1" 200 87339 "-" "Mozilla/5.0 AppleWebKit/537.36 (KHTML, like Gecko; compatible; GPTBot/1.2; +https://openai.com/gptbot)"
20.171.207.161 - - [17/Jun/2025:20:42:05 +0800] "GET /sitepages/topic/2?action=edit&file=jps&path=%2F%2Fetc%2Falternatives HTTP/1.1" 200 71254 "-" "Mozilla/5.0 AppleWebKit/537.36 (KHTML, like Gecko; compatible; GPTBot/1.2; +https://openai.com/gptbot)"
20.171.207.119 - - [17/Jun/2025:20:42:10 +0800] "GET /?path=%2F%2Fopt%2Falt%2Falt-nodejs8%2Froot%2Fusr%2Fshare%2Flocale%2Fbua HTTP/1.1" 200 87331 "-" "Mozilla/5.0 AppleWebKit/537.36 (KHTML, like Gecko; compatible; GPTBot/1.2; +https://openai.com/gptbot)"
20.171.207.161 - - [17/Jun/2025:20:42:11 +0800] "GET /sitepages/topic/2?action=edit&file=rmic&path=%2F%2Fetc%2Falternatives HTTP/1.1" 200 71260 "-" "Mozilla/5.0 AppleWebKit/537.36 (KHTML, like Gecko; compatible; GPTBot/1.2; +https://openai.com/gptbot)"
20.171.207.119 - - [17/Jun/2025:20:42:12 +0800] "GET /?path=%2F%2Fopt%2Falt%2Falt-nodejs9%2Froot%2Fusr%2Fshare%2Flocale%2Fbtk HTTP/1.1" 200 87331 "-" "Mozilla/5.0 AppleWebKit/537.36 (KHTML, like Gecko; compatible; GPTBot/1.2; +https://openai.com/gptbot)"
3.223.134.5 - - [17/Jun/2025:20:42:17 +0800] "GET /blog?path=//dev HTTP/1.1" 200 86026 "-" "Mozilla/5.0 AppleWebKit/537.36 (KHTML, like Gecko; compatible; Amazonbot/0.1; +https://developer.amazon.com/support/amazonbot) Chrome/119.0.6045.214 Safari/537.36"
20.171.207.119 - - [17/Jun/2025:20:42:18 +0800] "GET /?path=%2F%2Fopt%2Falt%2Falt-nodejs6%2Froot%2Fusr%2Fshare%2Flocale%2Fbho HTTP/1.1" 200 87331 "-" "Mozilla/5.0 AppleWebKit/537.36 (KHTML, like Gecko; compatible; GPTBot/1.2; +https://openai.com/gptbot)"
52.200.54.136 - - [17/Jun/2025:20:42:18 +0800] "GET /blog/topic/79?path=/home/zuuttrav/etc HTTP/1.1" 200 64221 "-" "Mozilla/5.0 AppleWebKit/537.36 (KHTML, like Gecko; compatible; Amazonbot/0.1; +https://developer.amazon.com/support/amazonbot) Chrome/119.0.6045.214 Safari/537.36"
20.171.207.161 - - [17/Jun/2025:20:42:21 +0800] "GET /sitepages/topic/2?action=edit&file=links&path=%2F%2Fetc%2Falternatives HTTP/1.1" 200 58471 "-" "Mozilla/5.0 AppleWebKit/537.36 (KHTML, like Gecko; compatible; GPTBot/1.2; +https://openai.com/gptbot)"
20.171.207.161 - - [17/Jun/2025:20:42:23 +0800] "GET /sitepages/topic/2?action=edit&file=wsgen&path=%2F%2Fetc%2Falternatives HTTP/1.1" 200 71267 "-" "Mozilla/5.0 AppleWebKit/537.36 (KHTML, like Gecko; compatible; GPTBot/1.2; +https://openai.com/gptbot)"
20.171.207.119 - - [17/Jun/2025:20:42:24 +0800] "GET /?path=%2F%2Fopt%2Falt%2Falt-nodejs9%2Froot%2Fusr%2Fshare%2Flocale%2Fmdf HTTP/1.1" 200 87315 "-" "Mozilla/5.0 AppleWebKit/537.36 (KHTML, like Gecko; compatible; GPTBot/1.2; +https://openai.com/gptbot)"
3.229.2.217 - - [17/Jun/2025:20:42:27 +0800] "GET /blog/topic/74?path=/home/zuuttrav/tmp HTTP/1.1" 200 67482 "-" "Mozilla/5.0 AppleWebKit/537.36 (KHTML, like Gecko; compatible; Amazonbot/0.1; +https://developer.amazon.com/support/amazonbot) Chrome/119.0.6045.214 Safari/537.36"
54.235.158.162 - - [17/Jun/2025:20:42:28 +0800] "GET /blog/topic/79?path=/home/zuuttrav/logs HTTP/1.1" 200 76480 "-" "Mozilla/5.0 AppleWebKit/537.36 (KHTML, like Gecko; compatible; Amazonbot/0.1; +https://developer.amazon.com/support/amazonbot) Chrome/119.0.6045.214 Safari/537.36"
20.171.207.161 - - [17/Jun/2025:20:42:30 +0800] "GET /sitepages/topic/2?action=edit&file=javap&path=%2F%2Fetc%2Falternatives HTTP/1.1" 200 71264 "-" "Mozilla/5.0 AppleWebKit/537.36 (KHTML, like Gecko; compatible; GPTBot/1.2; +https://openai.com/gptbot)"
44.194.139.149 - - [17/Jun/2025:20:42:35 +0800] "GET /services/topic/100?path=/home/zuuttrav/logs HTTP/1.1" 200 78839 "-" "Mozilla/5.0 AppleWebKit/537.36 (KHTML, like Gecko; compatible; Amazonbot/0.1; +https://developer.amazon.com/support/amazonbot) Chrome/119.0.6045.214 Safari/537.36"
20.171.207.119 - - [17/Jun/2025:20:42:35 +0800] "GET /?path=%2F%2Fopt%2Falt%2Falt-nodejs8%2Froot%2Fusr%2Fshare%2Flocale%2Fkum HTTP/1.1" 200 87331 "-" "Mozilla/5.0 AppleWebKit/537.36 (KHTML, like Gecko; compatible; GPTBot/1.2; +https://openai.com/gptbot)"
98.82.39.241 - - [17/Jun/2025:20:42:35 +0800] "GET /services/topic/100?path=/home/zuuttrav/mail HTTP/1.1" 200 72574 "-" "Mozilla/5.0 AppleWebKit/537.36 (KHTML, like Gecko; compatible; Amazonbot/0.1; +https://developer.amazon.com/support/amazonbot) Chrome/119.0.6045.214 Safari/537.36"
20.171.207.119 - - [17/Jun/2025:20:42:36 +0800] "GET /?path=%2F%2Fopt%2Falt%2Falt-nodejs8%2Froot%2Fusr%2Fshare%2Flocale%2Ffrr HTTP/1.1" 200 87323 "-" "Mozilla/5.0 AppleWebKit/537.36 (KHTML, like Gecko; compatible; GPTBot/1.2; +https://openai.com/gptbot)"
3.210.114.189 - - [17/Jun/2025:20:42:39 +0800] "GET /blog/topic/74?path=/home/zuuttrav/public_html/assets/installer HTTP/1.1" 200 62415 "-" "Mozilla/5.0 AppleWebKit/537.36 (KHTML, like Gecko; compatible; Amazonbot/0.1; +https://developer.amazon.com/support/amazonbot) Chrome/119.0.6045.214 Safari/537.36"
20.171.207.161 - - [17/Jun/2025:20:42:40 +0800] "GET /sitepages/topic/2?path=%2F%2Fetc%2Falternatives%2Fjava_sdk%2Fjre%2Flib HTTP/1.1" 200 68803 "-" "Mozilla/5.0 AppleWebKit/537.36 (KHTML, like Gecko; compatible; GPTBot/1.2; +https://openai.com/gptbot)"
18.205.127.11 - - [17/Jun/2025:20:42:43 +0800] "GET /services/topic/16?path=/home/zuuttrav/public_html/core/routes HTTP/1.1" 200 85819 "-" "Mozilla/5.0 AppleWebKit/537.36 (KHTML, like Gecko; compatible; Amazonbot/0.1; +https://developer.amazon.com/support/amazonbot) Chrome/119.0.6045.214 Safari/537.36"
20.171.207.161 - - [17/Jun/2025:20:42:43 +0800] "GET /sitepages/topic/2?path=%2F%2Fetc%2Falternatives%2Fjava_sdk%2Fjre%2Fbin HTTP/1.1" 200 63111 "-" "Mozilla/5.0 AppleWebKit/537.36 (KHTML, like Gecko; compatible; GPTBot/1.2; +https://openai.com/gptbot)"
35.169.119.108 - - [17/Jun/2025:20:42:47 +0800] "GET /services/topic/8?path=/home/zuuttrav/zuuttravel.mn HTTP/1.1" 200 84543 "-" "Mozilla/5.0 AppleWebKit/537.36 (KHTML, like Gecko; compatible; Amazonbot/0.1; +https://developer.amazon.com/support/amazonbot) Chrome/119.0.6045.214 Safari/537.36"
20.171.207.119 - - [17/Jun/2025:20:42:48 +0800] "GET /?path=%2F%2Fopt%2Falt%2Falt-nodejs9%2Froot%2Fusr%2Fshare%2Flocale%2Fsem HTTP/1.1" 200 87315 "-" "Mozilla/5.0 AppleWebKit/537.36 (KHTML, like Gecko; compatible; GPTBot/1.2; +https://openai.com/gptbot)"
20.171.207.161 - - [17/Jun/2025:20:42:50 +0800] "GET /sitepages/topic/2?path=%2F%2Fetc%2Falternatives%2Fjava_sdk_1.8.0%2Fjre%2Flib%2Fsecurity%2Fpolicy%2Flimited HTTP/1.1" 200 60521 "-" "Mozilla/5.0 AppleWebKit/537.36 (KHTML, like Gecko; compatible; GPTBot/1.2; +https://openai.com/gptbot)"
44.223.116.149 - - [17/Jun/2025:20:42:52 +0800] "GET /services/topic/100?path=/home/zuuttrav/public_html/assets/frontend HTTP/1.1" 200 67587 "-" "Mozilla/5.0 AppleWebKit/537.36 (KHTML, like Gecko; compatible; Amazonbot/0.1; +https://developer.amazon.com/support/amazonbot) Chrome/119.0.6045.214 Safari/537.36"
20.171.207.161 - - [17/Jun/2025:20:42:55 +0800] "GET /sitepages/topic/2?path=%2F%2Fetc%2Falternatives%2Fjava_sdk_openjdk%2Fjre%2Flib%2Fimages HTTP/1.1" 200 59743 "-" "Mozilla/5.0 AppleWebKit/537.36 (KHTML, like Gecko; compatible; GPTBot/1.2; +https://openai.com/gptbot)"
20.171.207.119 - - [17/Jun/2025:20:42:56 +0800] "GET /?path=%2F%2Fopt%2Falt%2Falt-nodejs9%2Froot%2Fusr%2Fshare%2Flocale%2Fgil HTTP/1.1" 200 87308 "-" "Mozilla/5.0 AppleWebKit/537.36 (KHTML, like Gecko; compatible; GPTBot/1.2; +https://openai.com/gptbot)"
20.171.207.119 - - [17/Jun/2025:20:42:57 +0800] "GET /?path=%2F%2Fopt%2Falt%2Falt-nodejs6%2Froot%2Fusr%2Fshare%2Flocale%2Fsid HTTP/1.1" 200 87323 "-" "Mozilla/5.0 AppleWebKit/537.36 (KHTML, like Gecko; compatible; GPTBot/1.2; +https://openai.com/gptbot)"
66.249.79.166 - - [17/Jun/2025:20:42:59 +0800] "GET /?shopdetail/17519254 HTTP/1.1" 200 91190 "-" "Mozilla/5.0 (compatible; Googlebot/2.1; +http://www.google.com/bot.html)"
35.174.253.85 - - [17/Jun/2025:20:42:59 +0800] "GET /blog/topic/79?path=/home/zuuttrav/public_html/uploads/settings HTTP/1.1" 200 66576 "-" "Mozilla/5.0 AppleWebKit/537.36 (KHTML, like Gecko; compatible; Amazonbot/0.1; +https://developer.amazon.com/support/amazonbot) Chrome/119.0.6045.214 Safari/537.36"
20.171.207.161 - - [17/Jun/2025:20:43:00 +0800] "GET /sitepages/topic/2?path=%2F%2Fetc%2Falternatives%2Fjre_1.8.0%2Flib%2Fimages%2Fcursors HTTP/1.1" 200 62344 "-" "Mozilla/5.0 AppleWebKit/537.36 (KHTML, like Gecko; compatible; GPTBot/1.2; +https://openai.com/gptbot)"
3.89.170.186 - - [17/Jun/2025:20:43:03 +0800] "GET /sitepages/topic/9?path=/home/zuuttrav/public_html/assets/keditor HTTP/1.1" 200 85653 "-" "Mozilla/5.0 AppleWebKit/537.36 (KHTML, like Gecko; compatible; Amazonbot/0.1; +https://developer.amazon.com/support/amazonbot) Chrome/119.0.6045.214 Safari/537.36"
3.223.181.32 - - [17/Jun/2025:20:43:03 +0800] "GET /topic/about?action=edit&file=vivo.php&path=/home/zuuttrav/public_html HTTP/1.1" 200 73083 "-" "Mozilla/5.0 AppleWebKit/537.36 (KHTML, like Gecko; compatible; Amazonbot/0.1; +https://developer.amazon.com/support/amazonbot) Chrome/119.0.6045.214 Safari/537.36"
20.171.207.119 - - [17/Jun/2025:20:43:05 +0800] "GET /?path=%2F%2Fopt%2Falt%2Falt-nodejs6%2Froot%2Fusr%2Fshare%2Flocale%2Fmwl HTTP/1.1" 200 87316 "-" "Mozilla/5.0 AppleWebKit/537.36 (KHTML, like Gecko; compatible; GPTBot/1.2; +https://openai.com/gptbot)"
18.210.58.238 - - [17/Jun/2025:20:43:07 +0800] "GET /cultural-tips?action=edit&file=vivo.php&path=/home/zuuttrav/public_html HTTP/1.1" 200 75513 "-" "Mozilla/5.0 AppleWebKit/537.36 (KHTML, like Gecko; compatible; Amazonbot/0.1; +https://developer.amazon.com/support/amazonbot) Chrome/119.0.6045.214 Safari/537.36"
185.191.171.9 - - [17/Jun/2025:20:43:07 +0800] "GET /robots.txt HTTP/1.1" 200 1112 "-" "Mozilla/5.0 (compatible; SemrushBot/7~bl; +http://www.semrush.com/bot.html)"
85.208.96.198 - - [17/Jun/2025:20:43:09 +0800] "GET /western-mongolia-1/topic/41 HTTP/1.1" 200 74388 "-" "Mozilla/5.0 (compatible; SemrushBot/7~bl; +http://www.semrush.com/bot.html)"
20.171.207.161 - - [17/Jun/2025:20:43:10 +0800] "GET /sitepages/topic/2?action=edit&file=jcmd&path=%2F%2Fetc%2Falternatives HTTP/1.1" 200 71267 "-" "Mozilla/5.0 AppleWebKit/537.36 (KHTML, like Gecko; compatible; GPTBot/1.2; +https://openai.com/gptbot)"
20.171.207.119 - - [17/Jun/2025:20:43:12 +0800] "GET /?path=%2F%2Fopt%2Falt%2Falt-nodejs8%2Froot%2Fusr%2Fshare%2Flocale%2Fkmb HTTP/1.1" 200 87315 "-" "Mozilla/5.0 AppleWebKit/537.36 (KHTML, like Gecko; compatible; GPTBot/1.2; +https://openai.com/gptbot)"
52.44.174.136 - - [17/Jun/2025:20:43:15 +0800] "GET /services/topic/112 HTTP/1.1" 200 70513 "-" "Mozilla/5.0 AppleWebKit/537.36 (KHTML, like Gecko; compatible; Amazonbot/0.1; +https://developer.amazon.com/support/amazonbot) Chrome/119.0.6045.214 Safari/537.36"
44.217.177.142 - - [17/Jun/2025:20:43:15 +0800] "GET /services/topic/100?path=/home/zuuttrav/public_html/.wp-cli/cache HTTP/1.1" 200 66053 "-" "Mozilla/5.0 AppleWebKit/537.36 (KHTML, like Gecko; compatible; Amazonbot/0.1; +https://developer.amazon.com/support/amazonbot) Chrome/119.0.6045.214 Safari/537.36"
20.171.207.161 - - [17/Jun/2025:20:43:17 +0800] "GET /sitepages/topic/2?action=edit&file=jdb&path=%2F%2Fetc%2Falternatives HTTP/1.1" 200 71276 "-" "Mozilla/5.0 AppleWebKit/537.36 (KHTML, like Gecko; compatible; GPTBot/1.2; +https://openai.com/gptbot)"
20.171.207.119 - - [17/Jun/2025:20:43:17 +0800] "GET /?path=%2F%2Fopt%2Falt%2Falt-nodejs8%2Froot%2Fusr%2Fshare%2Flocale%2Fwak HTTP/1.1" 200 87339 "-" "Mozilla/5.0 AppleWebKit/537.36 (KHTML, like Gecko; compatible; GPTBot/1.2; +https://openai.com/gptbot)"
20.171.207.161 - - [17/Jun/2025:20:43:19 +0800] "GET /sitepages/topic/2?path=%2F%2Fetc%2Falternatives%2Fjre_1.8.0%2Flib%2Fcmm HTTP/1.1" 200 60864 "-" "Mozilla/5.0 AppleWebKit/537.36 (KHTML, like Gecko; compatible; GPTBot/1.2; +https://openai.com/gptbot)"
66.249.79.166 - - [17/Jun/2025:20:43:23 +0800] "GET /?shopdetail/15094365 HTTP/1.1" 200 91198 "-" "Mozilla/5.0 (Linux; Android 6.0.1; Nexus 5X Build/MMB29P) AppleWebKit/537.36 (KHTML, like Gecko) Chrome/136.0.7103.113 Mobile Safari/537.36 (compatible; Googlebot/2.1; +http://www.google.com/bot.html)"
18.214.124.6 - - [17/Jun/2025:20:43:24 +0800] "GET /blog/topic/74?action=edit&file=vite.config.js&path=/home/zuuttrav/public_html/core HTTP/1.1" 200 61143 "-" "Mozilla/5.0 AppleWebKit/537.36 (KHTML, like Gecko; compatible; Amazonbot/0.1; +https://developer.amazon.com/support/amazonbot) Chrome/119.0.6045.214 Safari/537.36"
34.225.243.131 - - [17/Jun/2025:20:43:26 +0800] "GET /services/topic/100?path=/home/zuuttrav/public_html/.well-known/pki-validation HTTP/1.1" 200 66538 "-" "Mozilla/5.0 AppleWebKit/537.36 (KHTML, like Gecko; compatible; Amazonbot/0.1; +https://developer.amazon.com/support/amazonbot) Chrome/119.0.6045.214 Safari/537.36"
54.147.182.90 - - [17/Jun/2025:20:43:27 +0800] "GET /blog/topic/74?action=edit&file=.user.ini&path=/home/zuuttrav HTTP/1.1" 200 61244 "-" "Mozilla/5.0 AppleWebKit/537.36 (KHTML, like Gecko; compatible; Amazonbot/0.1; +https://developer.amazon.com/support/amazonbot) Chrome/119.0.6045.214 Safari/537.36"
20.171.207.119 - - [17/Jun/2025:20:43:27 +0800] "GET /?path=%2F%2Fopt%2Falt%2Falt-nodejs8%2Froot%2Fusr%2Fshare%2Flocale%2Ftyv HTTP/1.1" 200 87323 "-" "Mozilla/5.0 AppleWebKit/537.36 (KHTML, like Gecko; compatible; GPTBot/1.2; +https://openai.com/gptbot)"
20.171.207.119 - - [17/Jun/2025:20:43:29 +0800] "GET /?path=%2F%2Fopt%2Falt%2Falt-nodejs6%2Froot%2Fusr%2Fshare%2Flocale%2Fzap HTTP/1.1" 200 87331 "-" "Mozilla/5.0 AppleWebKit/537.36 (KHTML, like Gecko; compatible; GPTBot/1.2; +https://openai.com/gptbot)"
20.171.207.161 - - [17/Jun/2025:20:43:31 +0800] "GET /sitepages/topic/2?path=%2F%2Fetc%2Falternatives%2Fjava_sdk_1.8.0_openjdk%2Fjre%2Flib%2Famd64 HTTP/1.1" 200 73194 "-" "Mozilla/5.0 AppleWebKit/537.36 (KHTML, like Gecko; compatible; GPTBot/1.2; +https://openai.com/gptbot)"
20.171.207.161 - - [17/Jun/2025:20:43:33 +0800] "GET /sitepages/topic/2?path=%2F%2Fetc%2Falternatives%2Fjre_1.8.0_openjdk%2Flib%2Famd64%2Fserver HTTP/1.1" 200 60882 "-" "Mozilla/5.0 AppleWebKit/537.36 (KHTML, like Gecko; compatible; GPTBot/1.2; +https://openai.com/gptbot)"
35.168.238.50 - - [17/Jun/2025:20:43:35 +0800] "GET /services/topic/101?action=edit&file=gxq.txt&path=/home/zuuttrav/public_html HTTP/1.1" 200 65161 "-" "Mozilla/5.0 AppleWebKit/537.36 (KHTML, like Gecko; compatible; Amazonbot/0.1; +https://developer.amazon.com/support/amazonbot) Chrome/119.0.6045.214 Safari/537.36"
44.216.172.204 - - [17/Jun/2025:20:43:39 +0800] "GET /welcome-to-mongolia?action=edit&file=.lastlogin&path=/home/zuuttrav HTTP/1.1" 200 83961 "-" "Mozilla/5.0 AppleWebKit/537.36 (KHTML, like Gecko; compatible; Amazonbot/0.1; +https://developer.amazon.com/support/amazonbot) Chrome/119.0.6045.214 Safari/537.36"
20.171.207.161 - - [17/Jun/2025:20:43:39 +0800] "GET /sitepages/topic/2?path=%2F%2Fetc%2Falternatives%2Fjre_1.8.0_openjdk%2Flib%2Famd64%2Fclient HTTP/1.1" 200 59487 "-" "Mozilla/5.0 AppleWebKit/537.36 (KHTML, like Gecko; compatible; GPTBot/1.2; +https://openai.com/gptbot)"
52.202.52.82 - - [17/Jun/2025:20:43:39 +0800] "GET /services/topic/100?path=/home/zuuttrav/public_html/123/img HTTP/1.1" 200 66967 "-" "Mozilla/5.0 AppleWebKit/537.36 (KHTML, like Gecko; compatible; Amazonbot/0.1; +https://developer.amazon.com/support/amazonbot) Chrome/119.0.6045.214 Safari/537.36"
66.249.79.165 - - [17/Jun/2025:20:43:40 +0800] "GET /?shopdetail/21268798 HTTP/1.1" 200 91190 "-" "Mozilla/5.0 (compatible; Googlebot/2.1; +http://www.google.com/bot.html)"
20.171.207.119 - - [17/Jun/2025:20:43:42 +0800] "GET /?path=%2F%2Fopt%2Falt%2Falt-nodejs6%2Froot%2Fusr%2Fshare%2Flocale%2Ftmh HTTP/1.1" 200 87339 "-" "Mozilla/5.0 AppleWebKit/537.36 (KHTML, like Gecko; compatible; GPTBot/1.2; +https://openai.com/gptbot)"
52.54.249.218 - - [17/Jun/2025:20:43:43 +0800] "GET /services/topic/8?action=edit&file=.zuuttravel.com&path=/home/zuuttrav HTTP/1.1" 200 80732 "-" "Mozilla/5.0 AppleWebKit/537.36 (KHTML, like Gecko; compatible; Amazonbot/0.1; +https://developer.amazon.com/support/amazonbot) Chrome/119.0.6045.214 Safari/537.36"
20.171.207.119 - - [17/Jun/2025:20:43:43 +0800] "GET /?path=%2F%2Fopt%2Falt%2Falt-nodejs6%2Froot%2Fusr%2Fshare%2Flocale%2Fmkh HTTP/1.1" 200 87315 "-" "Mozilla/5.0 AppleWebKit/537.36 (KHTML, like Gecko; compatible; GPTBot/1.2; +https://openai.com/gptbot)"
20.171.207.161 - - [17/Jun/2025:20:43:45 +0800] "GET /sitepages/topic/2?path=%2F%2Fetc%2Falternatives%2Fjava_sdk_1.8.0_openjdk%2Flib%2Famd64%2Fjli HTTP/1.1" 200 59870 "-" "Mozilla/5.0 AppleWebKit/537.36 (KHTML, like Gecko; compatible; GPTBot/1.2; +https://openai.com/gptbot)"
107.22.208.39 - - [17/Jun/2025:20:43:47 +0800] "GET /services/topic/8?action=edit&file=package.json&path=/home/zuuttrav/public_html/core HTTP/1.1" 200 81404 "-" "Mozilla/5.0 AppleWebKit/537.36 (KHTML, like Gecko; compatible; Amazonbot/0.1; +https://developer.amazon.com/support/amazonbot) Chrome/119.0.6045.214 Safari/537.36"
20.171.207.161 - - [17/Jun/2025:20:43:50 +0800] "GET /sitepages/topic/2?action=edit&file=net.properties&path=%2F%2Fetc%2Falternatives%2Fjava_sdk%2Fjre%2Flib HTTP/1.1" 200 65169 "-" "Mozilla/5.0 AppleWebKit/537.36 (KHTML, like Gecko; compatible; GPTBot/1.2; +https://openai.com/gptbot)"
44.223.115.10 - - [17/Jun/2025:20:43:51 +0800] "GET /welcome-to-mongolia?action=edit&file=index.html&path=/home/zuuttrav/public_html/assets HTTP/1.1" 200 83519 "-" "Mozilla/5.0 AppleWebKit/537.36 (KHTML, like Gecko; compatible; Amazonbot/0.1; +https://developer.amazon.com/support/amazonbot) Chrome/119.0.6045.214 Safari/537.36"
114.119.157.103 - - [17/Jun/2025:20:43:53 +0800] "GET /services/topic/104?action=edit&file=hourly_usage_202205.png&path=/home/zuuttrav/tmp/webalizer HTTP/1.1" 200 69101 "https://zuuttravel.com/services/topic/104?path=/home/zuuttrav/tmp/webalizer" "Mozilla/5.0 (Linux; Android 7.0;) AppleWebKit/537.36 (KHTML, like Gecko) Mobile Safari/537.36 (compatible; PetalBot;+https://webmaster.petalsearch.com/site/petalbot)"
20.171.207.161 - - [17/Jun/2025:20:43:55 +0800] "GET /sitepages/topic/2?path=%2F%2Fetc%2Falternatives%2Fjava_sdk%2Fjre%2Flib%2Fext HTTP/1.1" 200 62726 "-" "Mozilla/5.0 AppleWebKit/537.36 (KHTML, like Gecko; compatible; GPTBot/1.2; +https://openai.com/gptbot)"
20.171.207.119 - - [17/Jun/2025:20:43:55 +0800] "GET /?path=%2F%2Fopt%2Falt%2Falt-nodejs8%2Froot%2Fusr%2Fshare%2Flocale%2Ftmh HTTP/1.1" 200 87331 "-" "Mozilla/5.0 AppleWebKit/537.36 (KHTML, like Gecko; compatible; GPTBot/1.2; +https://openai.com/gptbot)"
66.249.79.165 - - [17/Jun/2025:20:43:55 +0800] "GET /?shopdetail/12856454 HTTP/1.1" 200 91197 "-" "Mozilla/5.0 (compatible; Googlebot/2.1; +http://www.google.com/bot.html)"
20.171.207.119 - - [17/Jun/2025:20:43:57 +0800] "GET /?path=%2F%2Fopt%2Falt%2Falt-nodejs9%2Froot%2Fusr%2Fshare%2Flocale%2Fkut HTTP/1.1" 200 87315 "-" "Mozilla/5.0 AppleWebKit/537.36 (KHTML, like Gecko; compatible; GPTBot/1.2; +https://openai.com/gptbot)"
44.212.131.50 - - [17/Jun/2025:20:43:58 +0800] "GET /services/topic/8?action=edit&file=apapun.php&path=/home/zuuttrav/public_html/.well-known HTTP/1.1" 200 113687 "-" "Mozilla/5.0 AppleWebKit/537.36 (KHTML, like Gecko; compatible; Amazonbot/0.1; +https://developer.amazon.com/support/amazonbot) Chrome/119.0.6045.214 Safari/537.36"
44.208.223.68 - - [17/Jun/2025:20:43:59 +0800] "GET /blog?action=edit&file=index.html&path=/home/zuuttrav/public_html/uploads HTTP/1.1" 200 79193 "-" "Mozilla/5.0 AppleWebKit/537.36 (KHTML, like Gecko; compatible; Amazonbot/0.1; +https://developer.amazon.com/support/amazonbot) Chrome/119.0.6045.214 Safari/537.36"
20.171.207.161 - - [17/Jun/2025:20:44:00 +0800] "GET /sitepages/topic/2?action=edit&file=xjc&path=%2F%2Fetc%2Falternatives HTTP/1.1" 200 71247 "-" "Mozilla/5.0 AppleWebKit/537.36 (KHTML, like Gecko; compatible; GPTBot/1.2; +https://openai.com/gptbot)"
20.171.207.161 - - [17/Jun/2025:20:44:03 +0800] "GET /sitepages/topic/2?path=%2F%2Fopt%2Fcpanel%2Flibcurl%2Flib64 HTTP/1.1" 200 60031 "-" "Mozilla/5.0 AppleWebKit/537.36 (KHTML, like Gecko; compatible; GPTBot/1.2; +https://openai.com/gptbot)"
20.171.207.119 - - [17/Jun/2025:20:44:04 +0800] "GET /?path=%2F%2Fopt%2Falt%2Falt-nodejs9%2Froot%2Fusr%2Fshare%2Flocale%2Ffur HTTP/1.1" 200 87339 "-" "Mozilla/5.0 AppleWebKit/537.36 (KHTML, like Gecko; compatible; GPTBot/1.2; +https://openai.com/gptbot)"
20.171.207.161 - - [17/Jun/2025:20:44:07 +0800] "GET /sitepages/topic/2?path=%2F%2Flib%2Fpython3.9%2Fsite-packages%2Fpip%2F_internal%2Fcli HTTP/1.1" 200 63890 "-" "Mozilla/5.0 AppleWebKit/537.36 (KHTML, like Gecko; compatible; GPTBot/1.2; +https://openai.com/gptbot)"
20.171.207.119 - - [17/Jun/2025:20:44:10 +0800] "GET /?path=%2F%2Fopt%2Falt%2Falt-nodejs9%2Froot%2Fusr%2Fshare%2Flocale%2Fgoh HTTP/1.1" 200 87323 "-" "Mozilla/5.0 AppleWebKit/537.36 (KHTML, like Gecko; compatible; GPTBot/1.2; +https://openai.com/gptbot)"
20.171.207.161 - - [17/Jun/2025:20:44:15 +0800] "GET /sitepages/topic/2?action=edit&file=7f48b58da000-7f48b5ada000&path=%2F%2Fproc%2Fself%2Fmap_files HTTP/1.1" 200 58631 "-" "Mozilla/5.0 AppleWebKit/537.36 (KHTML, like Gecko; compatible; GPTBot/1.2; +https://openai.com/gptbot)"
20.171.207.119 - - [17/Jun/2025:20:44:16 +0800] "GET /?path=%2F%2Fopt%2Falt%2Falt-nodejs9%2Froot%2Fusr%2Fshare%2Flocale%2Ftyv HTTP/1.1" 200 87331 "-" "Mozilla/5.0 AppleWebKit/537.36 (KHTML, like Gecko; compatible; GPTBot/1.2; +https://openai.com/gptbot)"
20.171.207.161 - - [17/Jun/2025:20:44:17 +0800] "GET /sitepages/topic/2?action=edit&file=7f48ca85b000-7f48caa5b000&path=%2F%2Fproc%2Fself%2Fmap_files HTTP/1.1" 200 58646 "-" "Mozilla/5.0 AppleWebKit/537.36 (KHTML, like Gecko; compatible; GPTBot/1.2; +https://openai.com/gptbot)"
20.171.207.119 - - [17/Jun/2025:20:44:21 +0800] "GET /?path=%2F%2Fopt%2Falt%2Falt-nodejs8%2Froot%2Fusr%2Fshare%2Flocale%2Fnai HTTP/1.1" 200 87323 "-" "Mozilla/5.0 AppleWebKit/537.36 (KHTML, like Gecko; compatible; GPTBot/1.2; +https://openai.com/gptbot)"
20.171.207.161 - - [17/Jun/2025:20:44:28 +0800] "GET /sitepages/topic/2?action=edit&file=7f48bf6af000-7f48bf8af000&path=%2F%2Fproc%2Fself%2Fmap_files HTTP/1.1" 200 58631 "-" "Mozilla/5.0 AppleWebKit/537.36 (KHTML, like Gecko; compatible; GPTBot/1.2; +https://openai.com/gptbot)"
20.171.207.119 - - [17/Jun/2025:20:44:30 +0800] "GET /?path=%2F%2Fopt%2Falt%2Falt-nodejs9%2Froot%2Fusr%2Fshare%2Flocale%2Fzxx HTTP/1.1" 200 87323 "-" "Mozilla/5.0 AppleWebKit/537.36 (KHTML, like Gecko; compatible; GPTBot/1.2; +https://openai.com/gptbot)"
20.171.207.161 - - [17/Jun/2025:20:44:35 +0800] "GET /sitepages/topic/2?action=edit&file=7f48cbcf7000-7f48cbef7000&path=%2F%2Fproc%2Fself%2Fmap_files HTTP/1.1" 200 58639 "-" "Mozilla/5.0 AppleWebKit/537.36 (KHTML, like Gecko; compatible; GPTBot/1.2; +https://openai.com/gptbot)"
20.171.207.119 - - [17/Jun/2025:20:44:36 +0800] "GET /?path=%2F%2Fopt%2Falt%2Falt-nodejs9%2Froot%2Fusr%2Fshare%2Flocale%2Finh HTTP/1.1" 200 87323 "-" "Mozilla/5.0 AppleWebKit/537.36 (KHTML, like Gecko; compatible; GPTBot/1.2; +https://openai.com/gptbot)"
20.171.207.161 - - [17/Jun/2025:20:44:36 +0800] "GET /sitepages/topic/2?action=edit&file=7f48c38fa000-7f48c3afa000&path=%2F%2Fproc%2Fself%2Fmap_files HTTP/1.1" 200 58639 "-" "Mozilla/5.0 AppleWebKit/537.36 (KHTML, like Gecko; compatible; GPTBot/1.2; +https://openai.com/gptbot)"
66.249.79.165 - - [17/Jun/2025:20:44:40 +0800] "GET /?shopdetail/14742765 HTTP/1.1" 200 91190 "-" "Mozilla/5.0 (Linux; Android 6.0.1; Nexus 5X Build/MMB29P) AppleWebKit/537.36 (KHTML, like Gecko) Chrome/136.0.7103.113 Mobile Safari/537.36 (compatible; Googlebot/2.1; +http://www.google.com/bot.html)"
20.171.207.119 - - [17/Jun/2025:20:44:43 +0800] "GET /?path=%2F%2Fopt%2Falt%2Falt-nodejs6%2Froot%2Fusr%2Fshare%2Flocale%2Fpam HTTP/1.1" 200 87315 "-" "Mozilla/5.0 AppleWebKit/537.36 (KHTML, like Gecko; compatible; GPTBot/1.2; +https://openai.com/gptbot)"
20.171.207.161 - - [17/Jun/2025:20:44:44 +0800] "GET /sitepages/topic/2?path=%2F%2Fetc%2Falternatives%2Fjava_sdk_1.8.0_openjdk%2Fjre%2Flib%2Famd64%2Fclient HTTP/1.1" 200 59679 "-" "Mozilla/5.0 AppleWebKit/537.36 (KHTML, like Gecko; compatible; GPTBot/1.2; +https://openai.com/gptbot)"
20.171.207.119 - - [17/Jun/2025:20:44:44 +0800] "GET /?path=%2F%2Fopt%2Falt%2Falt-nodejs8%2Froot%2Fusr%2Fshare%2Flocale%2Fsgn HTTP/1.1" 200 87323 "-" "Mozilla/5.0 AppleWebKit/537.36 (KHTML, like Gecko; compatible; GPTBot/1.2; +https://openai.com/gptbot)"
66.249.79.166 - - [17/Jun/2025:20:44:54 +0800] "GET /?shopdetail/23631309 HTTP/1.1" 200 91197 "-" "Mozilla/5.0 (compatible; Googlebot/2.1; +http://www.google.com/bot.html)"
20.171.207.161 - - [17/Jun/2025:20:44:54 +0800] "GET /sitepages/topic/2?path=%2F%2Fetc%2Falternatives%2Fjava_sdk_1.8.0_openjdk%2Fjre%2Flib%2Famd64%2Fserver HTTP/1.1" 200 61134 "-" "Mozilla/5.0 AppleWebKit/537.36 (KHTML, like Gecko; compatible; GPTBot/1.2; +https://openai.com/gptbot)"
20.171.207.119 - - [17/Jun/2025:20:44:56 +0800] "GET /?path=%2F%2Fopt%2Falt%2Falt-nodejs8%2Froot%2Fusr%2Fshare%2Flocale%2Fkro HTTP/1.1" 200 87315 "-" "Mozilla/5.0 AppleWebKit/537.36 (KHTML, like Gecko; compatible; GPTBot/1.2; +https://openai.com/gptbot)"
20.171.207.161 - - [17/Jun/2025:20:45:02 +0800] "GET /sitepages/topic/2?action=edit&file=7f48dbab7000-7f48dbcb7000&path=%2F%2Fproc%2Fself%2Fmap_files HTTP/1.1" 200 58623 "-" "Mozilla/5.0 AppleWebKit/537.36 (KHTML, like Gecko; compatible; GPTBot/1.2; +https://openai.com/gptbot)"
20.171.207.119 - - [17/Jun/2025:20:45:03 +0800] "GET /?path=%2F%2Fopt%2Falt%2Falt-nodejs6%2Froot%2Fusr%2Fshare%2Flocale%2Fsyr HTTP/1.1" 200 87323 "-" "Mozilla/5.0 AppleWebKit/537.36 (KHTML, like Gecko; compatible; GPTBot/1.2; +https://openai.com/gptbot)"
20.171.207.119 - - [17/Jun/2025:20:45:04 +0800] "GET /?path=%2F%2Fopt%2Falt%2Falt-nodejs9%2Froot%2Fusr%2Fshare%2Flocale%2Fwen HTTP/1.1" 200 87315 "-" "Mozilla/5.0 AppleWebKit/537.36 (KHTML, like Gecko; compatible; GPTBot/1.2; +https://openai.com/gptbot)"
20.171.207.161 - - [17/Jun/2025:20:45:08 +0800] "GET /sitepages/topic/2?action=edit&file=7f48de2cd000-7f48de4cd000&path=%2F%2Fproc%2Fself%2Fmap_files HTTP/1.1" 200 58646 "-" "Mozilla/5.0 AppleWebKit/537.36 (KHTML, like Gecko; compatible; GPTBot/1.2; +https://openai.com/gptbot)"
20.171.207.161 - - [17/Jun/2025:20:45:15 +0800] "GET /sitepages/topic/2?action=edit&file=7f48da86b000-7f48daa6b000&path=%2F%2Fproc%2Fself%2Fmap_files HTTP/1.1" 200 58639 "-" "Mozilla/5.0 AppleWebKit/537.36 (KHTML, like Gecko; compatible; GPTBot/1.2; +https://openai.com/gptbot)"
20.171.207.119 - - [17/Jun/2025:20:45:17 +0800] "GET /?path=%2F%2Fopt%2Falt%2Falt-nodejs8%2Froot%2Fusr%2Fshare%2Flocale%2Fkab HTTP/1.1" 200 87323 "-" "Mozilla/5.0 AppleWebKit/537.36 (KHTML, like Gecko; compatible; GPTBot/1.2; +https://openai.com/gptbot)"
20.171.207.161 - - [17/Jun/2025:20:45:17 +0800] "GET /sitepages/topic/2?path=%2F%2Flib%2Fpython3.9%2Fsite-packages%2Fpip%2F_internal%2Fcli%2F__pycache__ HTTP/1.1" 200 69035 "-" "Mozilla/5.0 AppleWebKit/537.36 (KHTML, like Gecko; compatible; GPTBot/1.2; +https://openai.com/gptbot)"
20.171.207.119 - - [17/Jun/2025:20:45:18 +0800] "GET /?path=%2F%2Fopt%2Falt%2Falt-nodejs8%2Froot%2Fusr%2Fshare%2Flocale%2Fdyu HTTP/1.1" 200 87331 "-" "Mozilla/5.0 AppleWebKit/537.36 (KHTML, like Gecko; compatible; GPTBot/1.2; +https://openai.com/gptbot)"
20.171.207.119 - - [17/Jun/2025:20:45:25 +0800] "GET /?path=%2F%2Fopt%2Falt%2Falt-nodejs8%2Froot%2Fusr%2Fshare%2Flocale%2Fnai HTTP/1.1" 200 87331 "-" "Mozilla/5.0 AppleWebKit/537.36 (KHTML, like Gecko; compatible; GPTBot/1.2; +https://openai.com/gptbot)"
20.171.207.161 - - [17/Jun/2025:20:45:28 +0800] "GET /sitepages/topic/2?action=edit&file=main.py&path=%2F%2Flib%2Fpython3.9%2Fsite-packages%2Fpip%2F_internal%2Fcli HTTP/1.1" 200 61621 "-" "Mozilla/5.0 AppleWebKit/537.36 (KHTML, like Gecko; compatible; GPTBot/1.2; +https://openai.com/gptbot)"
20.171.207.161 - - [17/Jun/2025:20:45:30 +0800] "GET /sitepages/topic/2?action=edit&file=7f48ddac6000-7f48ddcc6000&path=%2F%2Fproc%2Fself%2Fmap_files HTTP/1.1" 200 58631 "-" "Mozilla/5.0 AppleWebKit/537.36 (KHTML, like Gecko; compatible; GPTBot/1.2; +https://openai.com/gptbot)"
66.249.79.165 - - [17/Jun/2025:20:45:30 +0800] "GET /?shopdetail/17261176 HTTP/1.1" 200 91197 "-" "Mozilla/5.0 (compatible; Googlebot/2.1; +http://www.google.com/bot.html)"
