114.119.150.208 - - [17/Jun/2025:22:52:15 +0800] "GET /services/topic/111?path=//lib/locale HTTP/1.1" 200 75000 "https://zuuttravel.com/services/topic/111?path=//lib" "Mozilla/5.0 (Linux; Android 7.0;) AppleWebKit/537.36 (KHTML, like Gecko) Mobile Safari/537.36 (compatible; PetalBot;+https://webmaster.petalsearch.com/site/petalbot)"
20.171.207.119 - - [17/Jun/2025:22:52:20 +0800] "GET /?action=edit&file=mailparse.ini&path=%2F%2Fopt%2Falt%2Fphp71%2Fetc%2Fphp.d.all HTTP/1.1" 200 86313 "-" "Mozilla/5.0 AppleWebKit/537.36 (KHTML, like Gecko; compatible; GPTBot/1.2; +https://openai.com/gptbot)"
20.171.207.119 - - [17/Jun/2025:22:52:27 +0800] "GET /?action=edit&file=swoole.ini&path=%2F%2Fopt%2Falt%2Fphp71%2Fetc%2Fphp.d.all HTTP/1.1" 200 86278 "-" "Mozilla/5.0 AppleWebKit/537.36 (KHTML, like Gecko; compatible; GPTBot/1.2; +https://openai.com/gptbot)"
20.171.207.161 - - [17/Jun/2025:22:52:27 +0800] "GET /sitepages/topic/2?action=edit&file=__init__.cpython-36.opt-1.pyc&path=%2F%2Fproc%2Fthread-self%2Froot%2Flib64%2Fpython3.6%2Fxml%2F__pycache__ HTTP/1.1" 200 59813 "-" "Mozilla/5.0 AppleWebKit/537.36 (KHTML, like Gecko; compatible; GPTBot/1.2; +https://openai.com/gptbot)"
20.171.207.161 - - [17/Jun/2025:22:52:29 +0800] "GET /sitepages/topic/2?action=edit&file=__init__.cpython-36.opt-1.pyc&path=%2F%2Fproc%2Fthread-self%2Froot%2Flib64%2Fpython3.6%2Flogging%2F__pycache__ HTTP/1.1" 200 123842 "-" "Mozilla/5.0 AppleWebKit/537.36 (KHTML, like Gecko; compatible; GPTBot/1.2; +https://openai.com/gptbot)"
20.171.207.119 - - [17/Jun/2025:22:52:34 +0800] "GET /?action=edit&file=memcache.ini&path=%2F%2Fopt%2Falt%2Fphp71%2Fetc%2Fphp.d.all HTTP/1.1" 200 86286 "-" "Mozilla/5.0 AppleWebKit/537.36 (KHTML, like Gecko; compatible; GPTBot/1.2; +https://openai.com/gptbot)"
20.171.207.161 - - [17/Jun/2025:22:52:36 +0800] "GET /sitepages/topic/2?action=edit&file=__init__.cpython-36.opt-1.pyc&path=%2F%2Fproc%2Fthread-self%2Froot%2Flib64%2Fpython3.6%2Fpydoc_data%2F__pycache__ HTTP/1.1" 200 59306 "-" "Mozilla/5.0 AppleWebKit/537.36 (KHTML, like Gecko; compatible; GPTBot/1.2; +https://openai.com/gptbot)"
20.171.207.119 - - [17/Jun/2025:22:52:37 +0800] "GET /?action=edit&file=pdo_odbc.ini&path=%2F%2Fopt%2Falt%2Fphp71%2Fetc%2Fphp.d.all HTTP/1.1" 200 86312 "-" "Mozilla/5.0 AppleWebKit/537.36 (KHTML, like Gecko; compatible; GPTBot/1.2; +https://openai.com/gptbot)"
20.171.207.119 - - [17/Jun/2025:22:52:45 +0800] "GET /?action=edit&file=newrelic.ini&path=%2F%2Fopt%2Falt%2Fphp71%2Fetc%2Fphp.d.all HTTP/1.1" 200 86286 "-" "Mozilla/5.0 AppleWebKit/537.36 (KHTML, like Gecko; compatible; GPTBot/1.2; +https://openai.com/gptbot)"
20.171.207.161 - - [17/Jun/2025:22:52:48 +0800] "GET /sitepages/topic/2?action=edit&file=bq.jpg&path=%2F%2Fproc%2Fthread-self%2Fcwd%2Fuploads%2Fmedia HTTP/1.1" 200 60952 "-" "Mozilla/5.0 AppleWebKit/537.36 (KHTML, like Gecko; compatible; GPTBot/1.2; +https://openai.com/gptbot)"
20.171.207.119 - - [17/Jun/2025:22:52:56 +0800] "GET /?action=edit&file=gender.ini&path=%2F%2Fopt%2Falt%2Fphp71%2Fetc%2Fphp.d.all HTTP/1.1" 200 86286 "-" "Mozilla/5.0 AppleWebKit/537.36 (KHTML, like Gecko; compatible; GPTBot/1.2; +https://openai.com/gptbot)"
20.171.207.161 - - [17/Jun/2025:22:52:56 +0800] "GET /sitepages/topic/2?action=edit&file=__init__.cpython-39.opt-2.pyc&path=%2F%2Fproc%2Fthread-self%2Froot%2Flib64%2Fpython3.9%2Ftkinter%2F__pycache__ HTTP/1.1" 200 176835 "-" "Mozilla/5.0 AppleWebKit/537.36 (KHTML, like Gecko; compatible; GPTBot/1.2; +https://openai.com/gptbot)"
20.171.207.119 - - [17/Jun/2025:22:53:00 +0800] "GET /?action=edit&file=pdo_dblib.ini&path=%2F%2Fopt%2Falt%2Fphp71%2Fetc%2Fphp.d.all HTTP/1.1" 200 86308 "-" "Mozilla/5.0 AppleWebKit/537.36 (KHTML, like Gecko; compatible; GPTBot/1.2; +https://openai.com/gptbot)"
20.171.207.161 - - [17/Jun/2025:22:53:04 +0800] "GET /sitepages/topic/2?action=edit&file=__init__.cpython-39.opt-1.pyc&path=%2F%2Fproc%2Fthread-self%2Froot%2Flib64%2Fpython3.9%2Flogging%2F__pycache__ HTTP/1.1" 200 131112 "-" "Mozilla/5.0 AppleWebKit/537.36 (KHTML, like Gecko; compatible; GPTBot/1.2; +https://openai.com/gptbot)"
20.171.207.119 - - [17/Jun/2025:22:53:06 +0800] "GET /?action=edit&file=htscanner.ini&path=%2F%2Fopt%2Falt%2Fphp71%2Fetc%2Fphp.d.all HTTP/1.1" 200 86298 "-" "Mozilla/5.0 AppleWebKit/537.36 (KHTML, like Gecko; compatible; GPTBot/1.2; +https://openai.com/gptbot)"
66.249.79.165 - - [17/Jun/2025:22:53:08 +0800] "GET /?shopdetail/13307498 HTTP/1.1" 200 91197 "-" "Mozilla/5.0 (compatible; Googlebot/2.1; +http://www.google.com/bot.html)"
20.171.207.161 - - [17/Jun/2025:22:53:12 +0800] "GET /sitepages/topic/2?action=edit&file=__main__.cpython-39.opt-2.pyc&path=%2F%2Fproc%2Fthread-self%2Froot%2Flib64%2Fpython3.9%2Ftkinter%2F__pycache__ HTTP/1.1" 200 59460 "-" "Mozilla/5.0 AppleWebKit/537.36 (KHTML, like Gecko; compatible; GPTBot/1.2; +https://openai.com/gptbot)"
20.171.207.119 - - [17/Jun/2025:22:53:17 +0800] "GET /?action=edit&file=sockets.ini&path=%2F%2Fopt%2Falt%2Fphp71%2Fetc%2Fphp.d.all HTTP/1.1" 200 86283 "-" "Mozilla/5.0 AppleWebKit/537.36 (KHTML, like Gecko; compatible; GPTBot/1.2; +https://openai.com/gptbot)"
20.171.207.119 - - [17/Jun/2025:22:53:19 +0800] "GET /?action=edit&file=brotli.ini&path=%2F%2Fopt%2Falt%2Fphp71%2Fetc%2Fphp.d.all HTTP/1.1" 200 86303 "-" "Mozilla/5.0 AppleWebKit/537.36 (KHTML, like Gecko; compatible; GPTBot/1.2; +https://openai.com/gptbot)"
20.171.207.161 - - [17/Jun/2025:22:53:19 +0800] "GET /sitepages/topic/2?action=edit&file=__init__.cpython-36.opt-2.pyc&path=%2F%2Fproc%2Fthread-self%2Froot%2Flib64%2Fpython3.6%2Fasyncio%2F__pycache__ HTTP/1.1" 200 59898 "-" "Mozilla/5.0 AppleWebKit/537.36 (KHTML, like Gecko; compatible; GPTBot/1.2; +https://openai.com/gptbot)"
20.171.207.161 - - [17/Jun/2025:22:53:26 +0800] "GET /sitepages/topic/2?action=edit&file=__main__.cpython-39.opt-2.pyc&path=%2F%2Fproc%2Fthread-self%2Froot%2Flib64%2Fpython3.9%2Funittest%2F__pycache__ HTTP/1.1" 200 59569 "-" "Mozilla/5.0 AppleWebKit/537.36 (KHTML, like Gecko; compatible; GPTBot/1.2; +https://openai.com/gptbot)"
20.171.207.161 - - [17/Jun/2025:22:53:28 +0800] "GET /sitepages/topic/2?action=edit&file=__init__.cpython-39.opt-2.pyc&path=%2F%2Fproc%2Fthread-self%2Froot%2Flib64%2Fpython3.9%2Fasyncio%2F__pycache__ HTTP/1.1" 200 59939 "-" "Mozilla/5.0 AppleWebKit/537.36 (KHTML, like Gecko; compatible; GPTBot/1.2; +https://openai.com/gptbot)"
20.171.207.119 - - [17/Jun/2025:22:53:30 +0800] "GET /?action=edit&file=interbase.ini&path=%2F%2Fopt%2Falt%2Fphp71%2Fetc%2Fphp.d.all HTTP/1.1" 200 86307 "-" "Mozilla/5.0 AppleWebKit/537.36 (KHTML, like Gecko; compatible; GPTBot/1.2; +https://openai.com/gptbot)"
20.171.207.119 - - [17/Jun/2025:22:53:37 +0800] "GET /?action=edit&file=suhosin.ini&path=%2F%2Fopt%2Falt%2Fphp71%2Fetc%2Fphp.d.all HTTP/1.1" 200 86300 "-" "Mozilla/5.0 AppleWebKit/537.36 (KHTML, like Gecko; compatible; GPTBot/1.2; +https://openai.com/gptbot)"
20.171.207.161 - - [17/Jun/2025:22:53:40 +0800] "GET /sitepages/topic/2?action=edit&file=__init__.cpython-39.opt-2.pyc&path=%2F%2Fproc%2Fthread-self%2Froot%2Flib64%2Fpython3.9%2Fpydoc_data%2F__pycache__ HTTP/1.1" 200 59300 "-" "Mozilla/5.0 AppleWebKit/537.36 (KHTML, like Gecko; compatible; GPTBot/1.2; +https://openai.com/gptbot)"
20.171.207.119 - - [17/Jun/2025:22:53:44 +0800] "GET /?action=edit&file=imagick.ini&path=%2F%2Fopt%2Falt%2Fphp71%2Fetc%2Fphp.d.all HTTP/1.1" 200 86282 "-" "Mozilla/5.0 AppleWebKit/537.36 (KHTML, like Gecko; compatible; GPTBot/1.2; +https://openai.com/gptbot)"
20.171.207.161 - - [17/Jun/2025:22:53:48 +0800] "GET /sitepages/topic/2?action=edit&file=__main__.cpython-39.opt-2.pyc&path=%2F%2Fproc%2Fthread-self%2Froot%2Flib64%2Fpython3.9%2Fasyncio%2F__pycache__ HTTP/1.1" 200 62839 "-" "Mozilla/5.0 AppleWebKit/537.36 (KHTML, like Gecko; compatible; GPTBot/1.2; +https://openai.com/gptbot)"
20.171.207.161 - - [17/Jun/2025:22:53:51 +0800] "GET /sitepages/topic/2?action=edit&file=__init__.cpython-39.opt-1.pyc&path=%2F%2Fproc%2Fthread-self%2Froot%2Flib64%2Fpython3.9%2Fzoneinfo%2F__pycache__ HTTP/1.1" 200 60040 "-" "Mozilla/5.0 AppleWebKit/537.36 (KHTML, like Gecko; compatible; GPTBot/1.2; +https://openai.com/gptbot)"
20.171.207.119 - - [17/Jun/2025:22:53:51 +0800] "GET /?action=edit&file=oci8.ini&path=%2F%2Fopt%2Falt%2Fphp71%2Fetc%2Fphp.d.all HTTP/1.1" 200 86270 "-" "Mozilla/5.0 AppleWebKit/537.36 (KHTML, like Gecko; compatible; GPTBot/1.2; +https://openai.com/gptbot)"
114.119.151.107 - - [17/Jun/2025:22:53:54 +0800] "GET /services/topic/111?path=//lib/jvm-private HTTP/1.1" 200 65443 "https://zuuttravel.com/services/topic/111?path=//lib" "Mozilla/5.0 (Linux; Android 7.0;) AppleWebKit/537.36 (KHTML, like Gecko) Mobile Safari/537.36 (compatible; PetalBot;+https://webmaster.petalsearch.com/site/petalbot)"
20.171.207.161 - - [17/Jun/2025:22:53:57 +0800] "GET /sitepages/topic/2?action=edit&file=__init__.cpython-39.opt-2.pyc&path=%2F%2Fproc%2Fthread-self%2Froot%2Flib64%2Fpython3.9%2Flogging%2F__pycache__ HTTP/1.1" 200 100844 "-" "Mozilla/5.0 AppleWebKit/537.36 (KHTML, like Gecko; compatible; GPTBot/1.2; +https://openai.com/gptbot)"
20.171.207.119 - - [17/Jun/2025:22:53:58 +0800] "GET /?action=edit&file=mysqli.ini&path=%2F%2Fopt%2Falt%2Fphp71%2Fetc%2Fphp.d.all HTTP/1.1" 200 86303 "-" "Mozilla/5.0 AppleWebKit/537.36 (KHTML, like Gecko; compatible; GPTBot/1.2; +https://openai.com/gptbot)"
20.171.207.161 - - [17/Jun/2025:22:54:03 +0800] "GET /sitepages/topic/2?action=edit&file=__init__.cpython-39.opt-1.pyc&path=%2F%2Fproc%2Fthread-self%2Froot%2Flib64%2Fpython3.9%2Fpydoc_data%2F__pycache__ HTTP/1.1" 200 59308 "-" "Mozilla/5.0 AppleWebKit/537.36 (KHTML, like Gecko; compatible; GPTBot/1.2; +https://openai.com/gptbot)"
20.171.207.119 - - [17/Jun/2025:22:54:06 +0800] "GET /?action=edit&file=gearman.ini&path=%2F%2Fopt%2Falt%2Fphp71%2Fetc%2Fphp.d.all HTTP/1.1" 200 86298 "-" "Mozilla/5.0 AppleWebKit/537.36 (KHTML, like Gecko; compatible; GPTBot/1.2; +https://openai.com/gptbot)"
20.171.207.161 - - [17/Jun/2025:22:54:08 +0800] "GET /sitepages/topic/2?action=edit&file=__init__.cpython-36.opt-1.pyc&path=%2F%2Fproc%2Fthread-self%2Froot%2Flib64%2Fpython3.6%2Fasyncio%2F__pycache__ HTTP/1.1" 200 59966 "-" "Mozilla/5.0 AppleWebKit/537.36 (KHTML, like Gecko; compatible; GPTBot/1.2; +https://openai.com/gptbot)"
20.171.207.119 - - [17/Jun/2025:22:54:15 +0800] "GET /?action=edit&file=protobuf.ini&path=%2F%2Fopt%2Falt%2Fphp71%2Fetc%2Fphp.d.all HTTP/1.1" 200 86286 "-" "Mozilla/5.0 AppleWebKit/537.36 (KHTML, like Gecko; compatible; GPTBot/1.2; +https://openai.com/gptbot)"
20.171.207.161 - - [17/Jun/2025:22:54:17 +0800] "GET /sitepages/topic/2?action=edit&file=__init__.cpython-39.opt-1.pyc&path=%2F%2Fproc%2Fthread-self%2Froot%2Flib64%2Fpython3.9%2Fasyncio%2F__pycache__ HTTP/1.1" 200 59987 "-" "Mozilla/5.0 AppleWebKit/537.36 (KHTML, like Gecko; compatible; GPTBot/1.2; +https://openai.com/gptbot)"
20.171.207.119 - - [17/Jun/2025:22:54:17 +0800] "GET /?action=edit&file=gmagick.ini&path=%2F%2Fopt%2Falt%2Fphp71%2Fetc%2Fphp.d.all HTTP/1.1" 200 86290 "-" "Mozilla/5.0 AppleWebKit/537.36 (KHTML, like Gecko; compatible; GPTBot/1.2; +https://openai.com/gptbot)"
66.249.79.165 - - [17/Jun/2025:22:54:24 +0800] "GET /?shopdetail/20896109 HTTP/1.1" 200 91190 "-" "Mozilla/5.0 (Linux; Android 6.0.1; Nexus 5X Build/MMB29P) AppleWebKit/537.36 (KHTML, like Gecko) Chrome/136.0.7103.113 Mobile Safari/537.36 (compatible; Googlebot/2.1; +http://www.google.com/bot.html)"
20.171.207.161 - - [17/Jun/2025:22:54:25 +0800] "GET /sitepages/topic/2?action=edit&file=__init__.cpython-39.opt-2.pyc&path=%2F%2Fproc%2Fthread-self%2Froot%2Flib64%2Fpython3.9%2Fzoneinfo%2F__pycache__ HTTP/1.1" 200 60032 "-" "Mozilla/5.0 AppleWebKit/537.36 (KHTML, like Gecko; compatible; GPTBot/1.2; +https://openai.com/gptbot)"
20.171.207.161 - - [17/Jun/2025:22:54:28 +0800] "GET /sitepages/topic/2?action=edit&file=__init__.cpython-36.opt-2.pyc&path=%2F%2Fproc%2Fthread-self%2Froot%2Flib64%2Fpython3.6%2Flogging%2F__pycache__ HTTP/1.1" 200 94953 "-" "Mozilla/5.0 AppleWebKit/537.36 (KHTML, like Gecko; compatible; GPTBot/1.2; +https://openai.com/gptbot)"
20.171.207.119 - - [17/Jun/2025:22:54:29 +0800] "GET /?action=edit&file=timezonedb.ini&path=%2F%2Fopt%2Falt%2Fphp71%2Fetc%2Fphp.d.all HTTP/1.1" 200 86302 "-" "Mozilla/5.0 AppleWebKit/537.36 (KHTML, like Gecko; compatible; GPTBot/1.2; +https://openai.com/gptbot)"
20.171.207.161 - - [17/Jun/2025:22:54:34 +0800] "GET /sitepages/topic/2?path=%2F%2Fproc%2Fthread-self%2Froot%2Flib64%2Fpython3.6%2Fsite-packages%2Flxml-4.2.3-py3.6.egg-info HTTP/1.1" 200 62077 "-" "Mozilla/5.0 AppleWebKit/537.36 (KHTML, like Gecko; compatible; GPTBot/1.2; +https://openai.com/gptbot)"
20.171.207.119 - - [17/Jun/2025:22:54:36 +0800] "GET /?action=edit&file=mongodb.ini&path=%2F%2Fopt%2Falt%2Fphp71%2Fetc%2Fphp.d.all HTTP/1.1" 200 86324 "-" "Mozilla/5.0 AppleWebKit/537.36 (KHTML, like Gecko; compatible; GPTBot/1.2; +https://openai.com/gptbot)"
20.171.207.161 - - [17/Jun/2025:22:54:41 +0800] "GET /sitepages/topic/2?path=%2F%2Fproc%2Fthread-self%2Froot%2Flib64%2Flibdnf HTTP/1.1" 200 59486 "-" "Mozilla/5.0 AppleWebKit/537.36 (KHTML, like Gecko; compatible; GPTBot/1.2; +https://openai.com/gptbot)"
20.171.207.119 - - [17/Jun/2025:22:54:44 +0800] "GET /?action=edit&file=xmlreader.ini&path=%2F%2Fopt%2Falt%2Fphp71%2Fetc%2Fphp.d.all HTTP/1.1" 200 86308 "-" "Mozilla/5.0 AppleWebKit/537.36 (KHTML, like Gecko; compatible; GPTBot/1.2; +https://openai.com/gptbot)"
20.171.207.161 - - [17/Jun/2025:22:54:45 +0800] "GET /sitepages/topic/2?path=%2F%2Fproc%2Fthread-self%2Froot%2Flib64%2Fpython3.6%2Fsite-packages%2Fmarkupsafe HTTP/1.1" 200 62203 "-" "Mozilla/5.0 AppleWebKit/537.36 (KHTML, like Gecko; compatible; GPTBot/1.2; +https://openai.com/gptbot)"
20.171.207.119 - - [17/Jun/2025:22:54:51 +0800] "GET /?action=edit&file=weakref.ini&path=%2F%2Fopt%2Falt%2Fphp71%2Fetc%2Fphp.d.all HTTP/1.1" 200 86282 "-" "Mozilla/5.0 AppleWebKit/537.36 (KHTML, like Gecko; compatible; GPTBot/1.2; +https://openai.com/gptbot)"
20.171.207.161 - - [17/Jun/2025:22:54:55 +0800] "GET /sitepages/topic/2?path=%2F%2Fproc%2Fthread-self%2Fcwd%2Fuploads%2Ftopics HTTP/1.1" 200 262126 "-" "Mozilla/5.0 AppleWebKit/537.36 (KHTML, like Gecko; compatible; GPTBot/1.2; +https://openai.com/gptbot)"
20.171.207.161 - - [17/Jun/2025:22:54:56 +0800] "GET /sitepages/topic/2?path=%2F%2Fproc%2Fthread-self%2Froot%2Flib64%2Fpython3.6%2Fwsgiref HTTP/1.1" 200 61763 "-" "Mozilla/5.0 AppleWebKit/537.36 (KHTML, like Gecko; compatible; GPTBot/1.2; +https://openai.com/gptbot)"
20.171.207.119 - - [17/Jun/2025:22:54:58 +0800] "GET /?action=edit&file=genrb&path=%2F%2Fopt%2Falt%2Falt-nodejs9%2Froot%2Fusr%2Fbin HTTP/1.1" 200 331860 "-" "Mozilla/5.0 AppleWebKit/537.36 (KHTML, like Gecko; compatible; GPTBot/1.2; +https://openai.com/gptbot)"
20.171.207.119 - - [17/Jun/2025:22:55:05 +0800] "GET /?path=%2F%2Fopt%2Falt%2Falt-nodejs9%2Froot%2Fusr%2Flib%2Fnode_modules HTTP/1.1" 200 87237 "-" "Mozilla/5.0 AppleWebKit/537.36 (KHTML, like Gecko; compatible; GPTBot/1.2; +https://openai.com/gptbot)"
20.171.207.119 - - [17/Jun/2025:22:55:08 +0800] "GET /?path=%2F%2Fopt%2Falt%2Falt-nodejs6%2Froot%2Fusr%2Flib%2Fnode_modules HTTP/1.1" 200 87237 "-" "Mozilla/5.0 AppleWebKit/537.36 (KHTML, like Gecko; compatible; GPTBot/1.2; +https://openai.com/gptbot)"
20.171.207.161 - - [17/Jun/2025:22:55:09 +0800] "GET /sitepages/topic/2?path=%2F%2Fproc%2Fthread-self%2Froot%2Flib64%2Fpython3.9%2Fwsgiref HTTP/1.1" 200 61772 "-" "Mozilla/5.0 AppleWebKit/537.36 (KHTML, like Gecko; compatible; GPTBot/1.2; +https://openai.com/gptbot)"
20.171.207.161 - - [17/Jun/2025:22:55:16 +0800] "GET /sitepages/topic/2?action=edit&file=pulldom.cpython-36.opt-1.pyc&path=%2F%2Fproc%2Fthread-self%2Froot%2Flib64%2Fpython3.6%2Fxml%2Fdom%2F__pycache__ HTTP/1.1" 200 70449 "-" "Mozilla/5.0 AppleWebKit/537.36 (KHTML, like Gecko; compatible; GPTBot/1.2; +https://openai.com/gptbot)"
66.249.79.167 - - [17/Jun/2025:22:55:18 +0800] "GET /?shopdetail/17148565 HTTP/1.1" 200 91197 "-" "Mozilla/5.0 (Linux; Android 6.0.1; Nexus 5X Build/MMB29P) AppleWebKit/537.36 (KHTML, like Gecko) Chrome/136.0.7103.113 Mobile Safari/537.36 (compatible; Googlebot/2.1; +http://www.google.com/bot.html)"
20.171.207.119 - - [17/Jun/2025:22:55:19 +0800] "GET /?path=%2F%2Fopt%2Falt%2Falt-nodejs8%2Froot%2Fusr%2Flib%2Fnode_modules HTTP/1.1" 200 87237 "-" "Mozilla/5.0 AppleWebKit/537.36 (KHTML, like Gecko; compatible; GPTBot/1.2; +https://openai.com/gptbot)"
20.171.207.119 - - [17/Jun/2025:22:55:21 +0800] "GET /?action=edit&file=xmlwriter.ini&path=%2F%2Fopt%2Falt%2Fphp71%2Fetc%2Fphp.d.all HTTP/1.1" 200 86307 "-" "Mozilla/5.0 AppleWebKit/537.36 (KHTML, like Gecko; compatible; GPTBot/1.2; +https://openai.com/gptbot)"
20.171.207.161 - - [17/Jun/2025:22:55:23 +0800] "GET /sitepages/topic/2?action=edit&file=__init__.cpython-39.opt-1.pyc&path=%2F%2Fproc%2Fthread-self%2Froot%2Flib64%2Fpython3.9%2Fasyncio%2F__pycache__ HTTP/1.1" 200 60003 "-" "Mozilla/5.0 AppleWebKit/537.36 (KHTML, like Gecko; compatible; GPTBot/1.2; +https://openai.com/gptbot)"
20.171.207.119 - - [17/Jun/2025:22:55:28 +0800] "GET /?action=edit&file=igbinary.ini&path=%2F%2Fopt%2Falt%2Fphp71%2Fetc%2Fphp.d.all HTTP/1.1" 200 86310 "-" "Mozilla/5.0 AppleWebKit/537.36 (KHTML, like Gecko; compatible; GPTBot/1.2; +https://openai.com/gptbot)"
20.171.207.161 - - [17/Jun/2025:22:55:30 +0800] "GET /sitepages/topic/2?action=edit&file=expatbuilder.cpython-36.opt-1.pyc&path=%2F%2Fproc%2Fthread-self%2Froot%2Flib64%2Fpython3.6%2Fxml%2Fdom%2F__pycache__ HTTP/1.1" 200 88102 "-" "Mozilla/5.0 AppleWebKit/537.36 (KHTML, like Gecko; compatible; GPTBot/1.2; +https://openai.com/gptbot)"
114.119.151.81 - - [17/Jun/2025:22:55:34 +0800] "GET /services/topic/111?path=//dev HTTP/1.1" 200 71814 "https://zuuttravel.com/services/topic/111?path=/" "Mozilla/5.0 (Linux; Android 7.0;) AppleWebKit/537.36 (KHTML, like Gecko) Mobile Safari/537.36 (compatible; PetalBot;+https://webmaster.petalsearch.com/site/petalbot)"
20.171.207.161 - - [17/Jun/2025:22:55:37 +0800] "GET /sitepages/topic/2?action=edit&file=windows_utils.cpython-39.opt-1.pyc&path=%2F%2Fproc%2Fthread-self%2Froot%2Flib64%2Fpython3.9%2Fasyncio%2F__pycache__ HTTP/1.1" 200 64073 "-" "Mozilla/5.0 AppleWebKit/537.36 (KHTML, like Gecko; compatible; GPTBot/1.2; +https://openai.com/gptbot)"
20.171.207.161 - - [17/Jun/2025:22:55:38 +0800] "GET /sitepages/topic/2?action=edit&file=unix_events.cpython-39.opt-1.pyc&path=%2F%2Fproc%2Fthread-self%2Froot%2Flib64%2Fpython3.9%2Fasyncio%2F__pycache__ HTTP/1.1" 200 105580 "-" "Mozilla/5.0 AppleWebKit/537.36 (KHTML, like Gecko; compatible; GPTBot/1.2; +https://openai.com/gptbot)"
20.171.207.119 - - [17/Jun/2025:22:55:39 +0800] "GET /?action=edit&file=libsodium.ini&path=%2F%2Fopt%2Falt%2Fphp71%2Fetc%2Fphp.d.all HTTP/1.1" 200 86307 "-" "Mozilla/5.0 AppleWebKit/537.36 (KHTML, like Gecko; compatible; GPTBot/1.2; +https://openai.com/gptbot)"
20.171.207.119 - - [17/Jun/2025:22:55:45 +0800] "GET /?action=edit&file=pdo_pgsql.ini&path=%2F%2Fopt%2Falt%2Fphp71%2Fetc%2Fphp.d.all HTTP/1.1" 200 86308 "-" "Mozilla/5.0 AppleWebKit/537.36 (KHTML, like Gecko; compatible; GPTBot/1.2; +https://openai.com/gptbot)"
20.171.207.161 - - [17/Jun/2025:22:55:51 +0800] "GET /sitepages/topic/2?action=edit&file=libxml2.cpython-36.opt-1.pyc&path=%2F%2Fproc%2Fthread-self%2Froot%2Flib64%2Fpython3.6%2Fsite-packages%2F__pycache__ HTTP/1.1" 200 477539 "-" "Mozilla/5.0 AppleWebKit/537.36 (KHTML, like Gecko; compatible; GPTBot/1.2; +https://openai.com/gptbot)"
20.171.207.119 - - [17/Jun/2025:22:55:53 +0800] "GET /?action=edit&file=msgpack.ini&path=%2F%2Fopt%2Falt%2Fphp71%2Fetc%2Fphp.d.all HTTP/1.1" 200 86306 "-" "Mozilla/5.0 AppleWebKit/537.36 (KHTML, like Gecko; compatible; GPTBot/1.2; +https://openai.com/gptbot)"
20.171.207.161 - - [17/Jun/2025:22:55:54 +0800] "GET /sitepages/topic/2?action=edit&file=quoprimime.cpython-39.opt-1.pyc&path=%2F%2Fproc%2Fthread-self%2Froot%2Flib64%2Fpython3.9%2Femail%2F__pycache__ HTTP/1.1" 200 67472 "-" "Mozilla/5.0 AppleWebKit/537.36 (KHTML, like Gecko; compatible; GPTBot/1.2; +https://openai.com/gptbot)"
20.171.207.119 - - [17/Jun/2025:22:56:01 +0800] "GET /?action=edit&file=gen-enc-table&path=%2F%2Fopt%2Falt%2Falt-ImageMagick%2Fusr%2Fbin HTTP/1.1" 200 97511 "-" "Mozilla/5.0 AppleWebKit/537.36 (KHTML, like Gecko; compatible; GPTBot/1.2; +https://openai.com/gptbot)"
20.171.207.161 - - [17/Jun/2025:22:56:05 +0800] "GET /sitepages/topic/2?action=edit&file=base_futures.cpython-39.opt-1.pyc&path=%2F%2Fproc%2Fthread-self%2Froot%2Flib64%2Fpython3.9%2Fasyncio%2F__pycache__ HTTP/1.1" 200 61314 "-" "Mozilla/5.0 AppleWebKit/537.36 (KHTML, like Gecko; compatible; GPTBot/1.2; +https://openai.com/gptbot)"
20.171.207.161 - - [17/Jun/2025:22:56:07 +0800] "GET /sitepages/topic/2?path=%2F%2Fproc%2Fthread-self%2Froot%2Flib64%2Fpython3.6%2Fsite-packages%2Fmarkupsafe%2F__pycache__ HTTP/1.1" 200 63936 "-" "Mozilla/5.0 AppleWebKit/537.36 (KHTML, like Gecko; compatible; GPTBot/1.2; +https://openai.com/gptbot)"
20.171.207.119 - - [17/Jun/2025:22:56:07 +0800] "GET /?action=edit&file=phalcon4.ini&path=%2F%2Fopt%2Falt%2Fphp71%2Fetc%2Fphp.d.all HTTP/1.1" 200 86346 "-" "Mozilla/5.0 AppleWebKit/537.36 (KHTML, like Gecko; compatible; GPTBot/1.2; +https://openai.com/gptbot)"
20.171.207.119 - - [17/Jun/2025:22:56:15 +0800] "GET /?action=edit&file=phalcon3.ini&path=%2F%2Fopt%2Falt%2Fphp71%2Fetc%2Fphp.d.all HTTP/1.1" 200 86329 "-" "Mozilla/5.0 AppleWebKit/537.36 (KHTML, like Gecko; compatible; GPTBot/1.2; +https://openai.com/gptbot)"
20.171.207.161 - - [17/Jun/2025:22:56:18 +0800] "GET /sitepages/topic/2?action=edit&file=windows_events.cpython-39.opt-1.pyc&path=%2F%2Fproc%2Fthread-self%2Froot%2Flib64%2Fpython3.9%2Fasyncio%2F__pycache__ HTTP/1.1" 200 87446 "-" "Mozilla/5.0 AppleWebKit/537.36 (KHTML, like Gecko; compatible; GPTBot/1.2; +https://openai.com/gptbot)"
20.171.207.119 - - [17/Jun/2025:22:56:21 +0800] "GET /?path=%2F%2Fopt%2Falt%2Falt-nodejs8%2Froot%2Fusr%2Flib%2Fpython2.7 HTTP/1.1" 200 87250 "-" "Mozilla/5.0 AppleWebKit/537.36 (KHTML, like Gecko; compatible; GPTBot/1.2; +https://openai.com/gptbot)"
20.171.207.119 - - [17/Jun/2025:22:56:23 +0800] "GET /?path=%2F%2Fopt%2Falt%2Falt-nodejs9%2Froot%2Fusr%2Flib%2Fnode_modules%2Fnpm HTTP/1.1" 200 94879 "-" "Mozilla/5.0 AppleWebKit/537.36 (KHTML, like Gecko; compatible; GPTBot/1.2; +https://openai.com/gptbot)"
20.171.207.161 - - [17/Jun/2025:22:56:24 +0800] "GET /sitepages/topic/2?action=edit&file=17080660045971.jpg&path=%2F%2Fproc%2Fthread-self%2Fcwd%2Fuploads%2Ftopics HTTP/1.1" 200 382227 "-" "Mozilla/5.0 AppleWebKit/537.36 (KHTML, like Gecko; compatible; GPTBot/1.2; +https://openai.com/gptbot)"
20.171.207.119 - - [17/Jun/2025:22:56:30 +0800] "GET /?path=%2F%2Fopt%2Falt%2Falt-nodejs6%2Froot%2Fusr%2Flib%2Fnode_modules%2Fnpm HTTP/1.1" 200 94858 "-" "Mozilla/5.0 AppleWebKit/537.36 (KHTML, like Gecko; compatible; GPTBot/1.2; +https://openai.com/gptbot)"
20.171.207.161 - - [17/Jun/2025:22:56:31 +0800] "GET /sitepages/topic/2?action=edit&file=17080704467547.jpg&path=%2F%2Fproc%2Fthread-self%2Fcwd%2Fuploads%2Ftopics HTTP/1.1" 200 311011 "-" "Mozilla/5.0 AppleWebKit/537.36 (KHTML, like Gecko; compatible; GPTBot/1.2; +https://openai.com/gptbot)"
20.171.207.161 - - [17/Jun/2025:22:56:38 +0800] "GET /sitepages/topic/2?action=edit&file=17084947596924.jpg&path=%2F%2Fproc%2Fthread-self%2Fcwd%2Fuploads%2Ftopics HTTP/1.1" 200 1409953 "-" "Mozilla/5.0 AppleWebKit/537.36 (KHTML, like Gecko; compatible; GPTBot/1.2; +https://openai.com/gptbot)"
20.171.207.119 - - [17/Jun/2025:22:56:41 +0800] "GET /?path=%2F%2Fopt%2Falt%2Falt-nodejs8%2Froot%2Fusr%2Flib%2Fnode_modules%2Fnpm HTTP/1.1" 200 94593 "-" "Mozilla/5.0 AppleWebKit/537.36 (KHTML, like Gecko; compatible; GPTBot/1.2; +https://openai.com/gptbot)"
20.171.207.119 - - [17/Jun/2025:22:56:44 +0800] "GET /?path=%2F%2Fopt%2Falt%2Falt-nodejs6%2Froot%2Fusr%2Flib%2Fpython2.7 HTTP/1.1" 200 87250 "-" "Mozilla/5.0 AppleWebKit/537.36 (KHTML, like Gecko; compatible; GPTBot/1.2; +https://openai.com/gptbot)"
20.171.207.119 - - [17/Jun/2025:22:56:51 +0800] "GET /?path=%2F%2Fopt%2Falt%2Falt-nodejs9%2Froot%2Fusr%2Flib%2Fpython2.7 HTTP/1.1" 200 87227 "-" "Mozilla/5.0 AppleWebKit/537.36 (KHTML, like Gecko; compatible; GPTBot/1.2; +https://openai.com/gptbot)"
20.171.207.161 - - [17/Jun/2025:22:56:53 +0800] "GET /sitepages/topic/2?action=edit&file=17085808931409.jpg&path=%2F%2Fproc%2Fthread-self%2Fcwd%2Fuploads%2Ftopics HTTP/1.1" 200 3600995 "-" "Mozilla/5.0 AppleWebKit/537.36 (KHTML, like Gecko; compatible; GPTBot/1.2; +https://openai.com/gptbot)"
20.171.207.119 - - [17/Jun/2025:22:56:57 +0800] "GET /?action=edit&file=pdo_firebird.ini&path=%2F%2Fopt%2Falt%2Fphp71%2Fetc%2Fphp.d.all HTTP/1.1" 200 86336 "-" "Mozilla/5.0 AppleWebKit/537.36 (KHTML, like Gecko; compatible; GPTBot/1.2; +https://openai.com/gptbot)"
20.171.207.161 - - [17/Jun/2025:22:57:04 +0800] "GET /sitepages/topic/2?action=edit&file=16982004751454.jpg&path=%2F%2Fproc%2Fthread-self%2Fcwd%2Fuploads%2Ftopics HTTP/1.1" 200 393049 "-" "Mozilla/5.0 AppleWebKit/537.36 (KHTML, like Gecko; compatible; GPTBot/1.2; +https://openai.com/gptbot)"
114.119.151.107 - - [17/Jun/2025:22:57:05 +0800] "GET /services/topic/111?action=edit&file=tmp_e0a54504e2e794962c9d2e4d2ac52499.php&path=/home/zuuttrav/public_html/uploads/media HTTP/1.1" 200 85267 "https://zuuttravel.com/services/topic/111?path=/home/zuuttrav/public_html/uploads/media" "Mozilla/5.0 (Linux; Android 7.0;) AppleWebKit/537.36 (KHTML, like Gecko) Mobile Safari/537.36 (compatible; PetalBot;+https://webmaster.petalsearch.com/site/petalbot)"
20.171.207.161 - - [17/Jun/2025:22:57:23 +0800] "GET /sitepages/topic/2?action=edit&file=17084884366626.jpg&path=%2F%2Fproc%2Fthread-self%2Fcwd%2Fuploads%2Ftopics HTTP/1.1" 200 1873425 "-" "Mozilla/5.0 AppleWebKit/537.36 (KHTML, like Gecko; compatible; GPTBot/1.2; +https://openai.com/gptbot)"
20.171.207.119 - - [17/Jun/2025:22:57:31 +0800] "GET /?action=edit&file=heif-enc&path=%2F%2Fopt%2Falt%2Falt-ImageMagick%2Fusr%2Fbin HTTP/1.1" 200 12205891 "-" "Mozilla/5.0 AppleWebKit/537.36 (KHTML, like Gecko; compatible; GPTBot/1.2; +https://openai.com/gptbot)"
20.171.207.119 - - [17/Jun/2025:22:57:38 +0800] "GET /?action=edit&file=sysvmsg.ini&path=%2F%2Fopt%2Falt%2Fphp71%2Fetc%2Fphp.d.all HTTP/1.1" 200 86299 "-" "Mozilla/5.0 AppleWebKit/537.36 (KHTML, like Gecko; compatible; GPTBot/1.2; +https://openai.com/gptbot)"
20.171.207.161 - - [17/Jun/2025:22:57:41 +0800] "GET /sitepages/topic/2?action=edit&file=17092809862804.jpg&path=%2F%2Fproc%2Fthread-self%2Fcwd%2Fuploads%2Ftopics HTTP/1.1" 200 230892 "-" "Mozilla/5.0 AppleWebKit/537.36 (KHTML, like Gecko; compatible; GPTBot/1.2; +https://openai.com/gptbot)"
20.171.207.161 - - [17/Jun/2025:22:58:00 +0800] "GET /sitepages/topic/2?action=edit&file=17092649251672.jpg&path=%2F%2Fproc%2Fthread-self%2Fcwd%2Fuploads%2Ftopics HTTP/1.1" 200 678940 "-" "Mozilla/5.0 AppleWebKit/537.36 (KHTML, like Gecko; compatible; GPTBot/1.2; +https://openai.com/gptbot)"
20.171.207.119 - - [17/Jun/2025:22:58:06 +0800] "GET /?action=edit&file=xdebug.ini&path=%2F%2Fopt%2Falt%2Fphp71%2Fetc%2Fphp.d.all HTTP/1.1" 200 86313 "-" "Mozilla/5.0 AppleWebKit/537.36 (KHTML, like Gecko; compatible; GPTBot/1.2; +https://openai.com/gptbot)"
20.171.207.161 - - [17/Jun/2025:22:58:16 +0800] "GET /sitepages/topic/2?action=edit&file=17109937297378.jpg&path=%2F%2Fproc%2Fthread-self%2Fcwd%2Fuploads%2Ftopics HTTP/1.1" 200 382275 "-" "Mozilla/5.0 AppleWebKit/537.36 (KHTML, like Gecko; compatible; GPTBot/1.2; +https://openai.com/gptbot)"
20.171.207.161 - - [17/Jun/2025:22:58:32 +0800] "GET /sitepages/topic/2?action=edit&file=17092730537258.jpg&path=%2F%2Fproc%2Fthread-self%2Fcwd%2Fuploads%2Ftopics HTTP/1.1" 200 490838 "-" "Mozilla/5.0 AppleWebKit/537.36 (KHTML, like Gecko; compatible; GPTBot/1.2; +https://openai.com/gptbot)"
20.171.207.119 - - [17/Jun/2025:22:58:39 +0800] "GET /?action=edit&file=sqlsrv.ini&path=%2F%2Fopt%2Falt%2Fphp71%2Fetc%2Fphp.d.all HTTP/1.1" 200 86286 "-" "Mozilla/5.0 AppleWebKit/537.36 (KHTML, like Gecko; compatible; GPTBot/1.2; +https://openai.com/gptbot)"
20.171.207.161 - - [17/Jun/2025:22:58:45 +0800] "GET /sitepages/topic/2?action=edit&file=16986538196165.jpg&path=%2F%2Fproc%2Fthread-self%2Fcwd%2Fuploads%2Ftopics HTTP/1.1" 200 166132 "-" "Mozilla/5.0 AppleWebKit/537.36 (KHTML, like Gecko; compatible; GPTBot/1.2; +https://openai.com/gptbot)"
66.249.79.166 - - [17/Jun/2025:22:58:50 +0800] "GET /?shopdetail/16129665 HTTP/1.1" 200 91197 "-" "Mozilla/5.0 (Linux; Android 6.0.1; Nexus 5X Build/MMB29P) AppleWebKit/537.36 (KHTML, like Gecko) Chrome/136.0.7103.113 Mobile Safari/537.36 (compatible; Googlebot/2.1; +http://www.google.com/bot.html)"
20.171.207.161 - - [17/Jun/2025:22:58:52 +0800] "GET /sitepages/topic/2?action=edit&file=17092759539351.jpg&path=%2F%2Fproc%2Fthread-self%2Fcwd%2Fuploads%2Ftopics HTTP/1.1" 200 432984 "-" "Mozilla/5.0 AppleWebKit/537.36 (KHTML, like Gecko; compatible; GPTBot/1.2; +https://openai.com/gptbot)"
185.191.171.8 - - [17/Jun/2025:22:58:58 +0800] "GET /robots.txt HTTP/1.1" 200 1112 "-" "Mozilla/5.0 (compatible; SemrushBot/7~bl; +http://www.semrush.com/bot.html)"
85.208.96.195 - - [17/Jun/2025:22:59:05 +0800] "GET /northern-mongolia-1/topic/52 HTTP/1.1" 200 65458 "-" "Mozilla/5.0 (compatible; SemrushBot/7~bl; +http://www.semrush.com/bot.html)"
20.171.207.119 - - [17/Jun/2025:22:59:05 +0800] "GET /?action=edit&file=sysvshm.ini&path=%2F%2Fopt%2Falt%2Fphp71%2Fetc%2Fphp.d.all HTTP/1.1" 200 86291 "-" "Mozilla/5.0 AppleWebKit/537.36 (KHTML, like Gecko; compatible; GPTBot/1.2; +https://openai.com/gptbot)"
20.171.207.161 - - [17/Jun/2025:22:59:08 +0800] "GET /sitepages/topic/2?action=edit&file=17084868822175.jpg&path=%2F%2Fproc%2Fthread-self%2Fcwd%2Fuploads%2Ftopics HTTP/1.1" 200 1451242 "-" "Mozilla/5.0 AppleWebKit/537.36 (KHTML, like Gecko; compatible; GPTBot/1.2; +https://openai.com/gptbot)"
114.119.155.203 - - [17/Jun/2025:22:59:12 +0800] "GET /services/topic/111?action=edit&file=tmp_441ededb78e08c0dca6f284f7e6805ba.php&path=/home/zuuttrav/public_html/uploads/media HTTP/1.1" 200 85267 "https://zuuttravel.com/services/topic/111?path=/home/zuuttrav/public_html/uploads/media" "Mozilla/5.0 (Linux; Android 7.0;) AppleWebKit/537.36 (KHTML, like Gecko) Mobile Safari/537.36 (compatible; PetalBot;+https://webmaster.petalsearch.com/site/petalbot)"
20.171.207.161 - - [17/Jun/2025:22:59:17 +0800] "GET /sitepages/topic/2?action=edit&file=17080552749128.jpg&path=%2F%2Fproc%2Fthread-self%2Fcwd%2Fuploads%2Ftopics HTTP/1.1" 200 73657 "-" "Mozilla/5.0 AppleWebKit/537.36 (KHTML, like Gecko; compatible; GPTBot/1.2; +https://openai.com/gptbot)"
20.171.207.161 - - [17/Jun/2025:22:59:27 +0800] "GET /sitepages/topic/2?action=edit&file=17084868704676.jpg&path=%2F%2Fproc%2Fthread-self%2Fcwd%2Fuploads%2Ftopics HTTP/1.1" 200 2014575 "-" "Mozilla/5.0 AppleWebKit/537.36 (KHTML, like Gecko; compatible; GPTBot/1.2; +https://openai.com/gptbot)"
20.171.207.119 - - [17/Jun/2025:22:59:28 +0800] "GET /?action=edit&file=make.bat&path=%2F%2Fopt%2Falt%2Falt-nodejs9%2Froot%2Fusr%2Flib%2Fnode_modules%2Fnpm HTTP/1.1" 200 86421 "-" "Mozilla/5.0 AppleWebKit/537.36 (KHTML, like Gecko; compatible; GPTBot/1.2; +https://openai.com/gptbot)"
20.171.207.161 - - [17/Jun/2025:22:59:30 +0800] "GET /sitepages/topic/2?action=edit&file=17085682455488.jpg&path=%2F%2Fproc%2Fthread-self%2Fcwd%2Fuploads%2Ftopics HTTP/1.1" 200 560008 "-" "Mozilla/5.0 AppleWebKit/537.36 (KHTML, like Gecko; compatible; GPTBot/1.2; +https://openai.com/gptbot)"
20.171.207.161 - - [17/Jun/2025:22:59:44 +0800] "GET /sitepages/topic/2?action=edit&file=17110086967152.jpg&path=%2F%2Fproc%2Fthread-self%2Fcwd%2Fuploads%2Ftopics HTTP/1.1" 200 204396 "-" "Mozilla/5.0 AppleWebKit/537.36 (KHTML, like Gecko; compatible; GPTBot/1.2; +https://openai.com/gptbot)"
20.171.207.119 - - [17/Jun/2025:22:59:47 +0800] "GET /?action=edit&file=cli.js&path=%2F%2Fopt%2Falt%2Falt-nodejs6%2Froot%2Fusr%2Flib%2Fnode_modules%2Fnpm HTTP/1.1" 200 86333 "-" "Mozilla/5.0 AppleWebKit/537.36 (KHTML, like Gecko; compatible; GPTBot/1.2; +https://openai.com/gptbot)"
66.249.79.165 - - [17/Jun/2025:22:59:47 +0800] "GET /?shopdetail/23391309 HTTP/1.1" 200 91197 "-" "Mozilla/5.0 (Linux; Android 6.0.1; Nexus 5X Build/MMB29P) AppleWebKit/537.36 (KHTML, like Gecko) Chrome/136.0.7103.113 Mobile Safari/537.36 (compatible; Googlebot/2.1; +http://www.google.com/bot.html)"
20.171.207.161 - - [17/Jun/2025:22:59:54 +0800] "GET /sitepages/topic/2?action=edit&file=17085809112194.jpg&path=%2F%2Fproc%2Fthread-self%2Fcwd%2Fuploads%2Ftopics HTTP/1.1" 200 2475111 "-" "Mozilla/5.0 AppleWebKit/537.36 (KHTML, like Gecko; compatible; GPTBot/1.2; +https://openai.com/gptbot)"
20.171.207.161 - - [17/Jun/2025:22:59:59 +0800] "GET /sitepages/topic/2?action=edit&file=16983231659023.jpg&path=%2F%2Fproc%2Fthread-self%2Fcwd%2Fuploads%2Ftopics HTTP/1.1" 200 225419 "-" "Mozilla/5.0 AppleWebKit/537.36 (KHTML, like Gecko; compatible; GPTBot/1.2; +https://openai.com/gptbot)"
20.171.207.119 - - [17/Jun/2025:23:00:06 +0800] "GET /?action=edit&file=Makefile&path=%2F%2Fopt%2Falt%2Falt-nodejs9%2Froot%2Fusr%2Flib%2Fnode_modules%2Fnpm HTTP/1.1" 200 92276 "-" "Mozilla/5.0 AppleWebKit/537.36 (KHTML, like Gecko; compatible; GPTBot/1.2; +https://openai.com/gptbot)"
66.249.79.167 - - [17/Jun/2025:23:00:10 +0800] "GET /?shopdetail/20708643 HTTP/1.1" 200 91197 "-" "Mozilla/5.0 (Linux; Android 6.0.1; Nexus 5X Build/MMB29P) AppleWebKit/537.36 (KHTML, like Gecko) Chrome/136.0.7103.113 Mobile Safari/537.36 (compatible; Googlebot/2.1; +http://www.google.com/bot.html)"
20.171.207.161 - - [17/Jun/2025:23:00:16 +0800] "GET /sitepages/topic/2?action=edit&file=17084919725829.jpg&path=%2F%2Fproc%2Fthread-self%2Fcwd%2Fuploads%2Ftopics HTTP/1.1" 200 2063844 "-" "Mozilla/5.0 AppleWebKit/537.36 (KHTML, like Gecko; compatible; GPTBot/1.2; +https://openai.com/gptbot)"
20.171.207.119 - - [17/Jun/2025:23:00:18 +0800] "GET /?action=edit&file=make.bat&path=%2F%2Fopt%2Falt%2Falt-nodejs8%2Froot%2Fusr%2Flib%2Fnode_modules%2Fnpm HTTP/1.1" 200 86453 "-" "Mozilla/5.0 AppleWebKit/537.36 (KHTML, like Gecko; compatible; GPTBot/1.2; +https://openai.com/gptbot)"
20.171.207.161 - - [17/Jun/2025:23:00:24 +0800] "GET /sitepages/topic/2?action=edit&file=17092730382494.jpg&path=%2F%2Fproc%2Fthread-self%2Fcwd%2Fuploads%2Ftopics HTTP/1.1" 200 586100 "-" "Mozilla/5.0 AppleWebKit/537.36 (KHTML, like Gecko; compatible; GPTBot/1.2; +https://openai.com/gptbot)"
20.171.207.119 - - [17/Jun/2025:23:00:33 +0800] "GET /?action=edit&file=Makefile&path=%2F%2Fopt%2Falt%2Falt-nodejs8%2Froot%2Fusr%2Flib%2Fnode_modules%2Fnpm HTTP/1.1" 200 90698 "-" "Mozilla/5.0 AppleWebKit/537.36 (KHTML, like Gecko; compatible; GPTBot/1.2; +https://openai.com/gptbot)"
20.171.207.161 - - [17/Jun/2025:23:00:33 +0800] "GET /sitepages/topic/2?action=edit&file=17110099763071.jpg&path=%2F%2Fproc%2Fthread-self%2Fcwd%2Fuploads%2Ftopics HTTP/1.1" 200 185287 "-" "Mozilla/5.0 AppleWebKit/537.36 (KHTML, like Gecko; compatible; GPTBot/1.2; +https://openai.com/gptbot)"
20.171.207.161 - - [17/Jun/2025:23:00:41 +0800] "GET /sitepages/topic/2?action=edit&file=17084992771870.jpg&path=%2F%2Fproc%2Fthread-self%2Fcwd%2Fuploads%2Ftopics HTTP/1.1" 200 895578 "-" "Mozilla/5.0 AppleWebKit/537.36 (KHTML, like Gecko; compatible; GPTBot/1.2; +https://openai.com/gptbot)"
20.171.207.161 - - [17/Jun/2025:23:00:48 +0800] "GET /sitepages/topic/2?action=edit&file=17084955017202.jpg&path=%2F%2Fproc%2Fthread-self%2Fcwd%2Fuploads%2Ftopics HTTP/1.1" 200 1945087 "-" "Mozilla/5.0 AppleWebKit/537.36 (KHTML, like Gecko; compatible; GPTBot/1.2; +https://openai.com/gptbot)"
66.249.79.166 - - [17/Jun/2025:23:00:50 +0800] "GET /?shopdetail/24575698 HTTP/1.1" 200 91190 "-" "Mozilla/5.0 (compatible; Googlebot/2.1; +http://www.google.com/bot.html)"
20.171.207.119 - - [17/Jun/2025:23:00:52 +0800] "GET /?action=edit&file=.mailmap&path=%2F%2Fopt%2Falt%2Falt-nodejs9%2Froot%2Fusr%2Flib%2Fnode_modules%2Fnpm HTTP/1.1" 200 89638 "-" "Mozilla/5.0 AppleWebKit/537.36 (KHTML, like Gecko; compatible; GPTBot/1.2; +https://openai.com/gptbot)"
114.119.150.208 - - [17/Jun/2025:23:00:53 +0800] "GET /services/topic/111?action=edit&file=sendmail&path=//sbin HTTP/1.1" 200 66388 "https://zuuttravel.com/services/topic/111?path=//sbin" "Mozilla/5.0 (Linux; Android 7.0;) AppleWebKit/537.36 (KHTML, like Gecko) Mobile Safari/537.36 (compatible; PetalBot;+https://webmaster.petalsearch.com/site/petalbot)"
20.171.207.161 - - [17/Jun/2025:23:00:59 +0800] "GET /sitepages/topic/2?action=edit&file=17084868704676.jpg&path=%2F%2Fproc%2Fthread-self%2Fcwd%2Fuploads%2Ftopics HTTP/1.1" 200 2014480 "-" "Mozilla/5.0 AppleWebKit/537.36 (KHTML, like Gecko; compatible; GPTBot/1.2; +https://openai.com/gptbot)"
20.171.207.119 - - [17/Jun/2025:23:00:59 +0800] "GET /?action=edit&file=docs&path=%2F%2Fopt%2Falt%2Falt-nodejs8%2Froot%2Fusr%2Flib%2Fnode_modules%2Fnpm HTTP/1.1" 200 86107 "-" "Mozilla/5.0 AppleWebKit/537.36 (KHTML, like Gecko; compatible; GPTBot/1.2; +https://openai.com/gptbot)"
20.171.207.161 - - [17/Jun/2025:23:01:08 +0800] "GET /sitepages/topic/2?action=edit&file=17084968289481.jpg&path=%2F%2Fproc%2Fthread-self%2Fcwd%2Fuploads%2Ftopics HTTP/1.1" 200 1884259 "-" "Mozilla/5.0 AppleWebKit/537.36 (KHTML, like Gecko; compatible; GPTBot/1.2; +https://openai.com/gptbot)"
20.171.207.119 - - [17/Jun/2025:23:01:16 +0800] "GET /?action=edit&file=make.bat&path=%2F%2Fopt%2Falt%2Falt-nodejs6%2Froot%2Fusr%2Flib%2Fnode_modules%2Fnpm HTTP/1.1" 200 86429 "-" "Mozilla/5.0 AppleWebKit/537.36 (KHTML, like Gecko; compatible; GPTBot/1.2; +https://openai.com/gptbot)"
20.171.207.161 - - [17/Jun/2025:23:01:18 +0800] "GET /sitepages/topic/2?action=edit&file=17085682209510.jpg&path=%2F%2Fproc%2Fthread-self%2Fcwd%2Fuploads%2Ftopics HTTP/1.1" 200 603906 "-" "Mozilla/5.0 AppleWebKit/537.36 (KHTML, like Gecko; compatible; GPTBot/1.2; +https://openai.com/gptbot)"
20.171.207.119 - - [17/Jun/2025:23:01:25 +0800] "GET /?action=edit&file=.mailmap&path=%2F%2Fopt%2Falt%2Falt-nodejs6%2Froot%2Fusr%2Flib%2Fnode_modules%2Fnpm HTTP/1.1" 200 89501 "-" "Mozilla/5.0 AppleWebKit/537.36 (KHTML, like Gecko; compatible; GPTBot/1.2; +https://openai.com/gptbot)"
20.171.207.161 - - [17/Jun/2025:23:01:27 +0800] "GET /sitepages/topic/2?action=edit&file=17084826281940.jpg&path=%2F%2Fproc%2Fthread-self%2Fcwd%2Fuploads%2Ftopics HTTP/1.1" 200 2386316 "-" "Mozilla/5.0 AppleWebKit/537.36 (KHTML, like Gecko; compatible; GPTBot/1.2; +https://openai.com/gptbot)"
20.171.207.161 - - [17/Jun/2025:23:01:32 +0800] "GET /sitepages/topic/2?action=edit&file=17084822758483.jpg&path=%2F%2Fproc%2Fthread-self%2Fcwd%2Fuploads%2Ftopics HTTP/1.1" 200 557552 "-" "Mozilla/5.0 AppleWebKit/537.36 (KHTML, like Gecko; compatible; GPTBot/1.2; +https://openai.com/gptbot)"
20.171.207.119 - - [17/Jun/2025:23:01:33 +0800] "GET /?action=edit&file=doc&path=%2F%2Fopt%2Falt%2Falt-nodejs6%2Froot%2Fusr%2Flib%2Fnode_modules%2Fnpm HTTP/1.1" 200 86114 "-" "Mozilla/5.0 AppleWebKit/537.36 (KHTML, like Gecko; compatible; GPTBot/1.2; +https://openai.com/gptbot)"
20.171.207.119 - - [17/Jun/2025:23:01:42 +0800] "GET /?action=edit&file=doc&path=%2F%2Fopt%2Falt%2Falt-nodejs9%2Froot%2Fusr%2Flib%2Fnode_modules%2Fnpm HTTP/1.1" 200 86106 "-" "Mozilla/5.0 AppleWebKit/537.36 (KHTML, like Gecko; compatible; GPTBot/1.2; +https://openai.com/gptbot)"
20.171.207.161 - - [17/Jun/2025:23:01:46 +0800] "GET /sitepages/topic/2?action=edit&file=17084968486812.jpg&path=%2F%2Fproc%2Fthread-self%2Fcwd%2Fuploads%2Ftopics HTTP/1.1" 200 776993 "-" "Mozilla/5.0 AppleWebKit/537.36 (KHTML, like Gecko; compatible; GPTBot/1.2; +https://openai.com/gptbot)"
20.171.207.119 - - [17/Jun/2025:23:01:49 +0800] "GET /?action=edit&file=.mailmap&path=%2F%2Fopt%2Falt%2Falt-nodejs8%2Froot%2Fusr%2Flib%2Fnode_modules%2Fnpm HTTP/1.1" 200 90139 "-" "Mozilla/5.0 AppleWebKit/537.36 (KHTML, like Gecko; compatible; GPTBot/1.2; +https://openai.com/gptbot)"
20.171.207.161 - - [17/Jun/2025:23:01:54 +0800] "GET /sitepages/topic/2?action=edit&file=16986538265680.jpg&path=%2F%2Fproc%2Fthread-self%2Fcwd%2Fuploads%2Ftopics HTTP/1.1" 200 79565 "-" "Mozilla/5.0 AppleWebKit/537.36 (KHTML, like Gecko; compatible; GPTBot/1.2; +https://openai.com/gptbot)"
66.249.79.166 - - [17/Jun/2025:23:01:56 +0800] "GET /?shopdetail/16877398 HTTP/1.1" 200 91214 "-" "Mozilla/5.0 (Linux; Android 6.0.1; Nexus 5X Build/MMB29P) AppleWebKit/537.36 (KHTML, like Gecko) Chrome/136.0.7103.113 Mobile Safari/537.36 (compatible; Googlebot/2.1; +http://www.google.com/bot.html)"
20.171.207.119 - - [17/Jun/2025:23:01:56 +0800] "GET /?action=edit&file=Makefile&path=%2F%2Fopt%2Falt%2Falt-nodejs6%2Froot%2Fusr%2Flib%2Fnode_modules%2Fnpm HTTP/1.1" 200 91610 "-" "Mozilla/5.0 AppleWebKit/537.36 (KHTML, like Gecko; compatible; GPTBot/1.2; +https://openai.com/gptbot)"
20.171.207.119 - - [17/Jun/2025:23:01:59 +0800] "GET /?action=edit&file=configure&path=%2F%2Fopt%2Falt%2Falt-nodejs9%2Froot%2Fusr%2Flib%2Fnode_modules%2Fnpm HTTP/1.1" 200 86901 "-" "Mozilla/5.0 AppleWebKit/537.36 (KHTML, like Gecko; compatible; GPTBot/1.2; +https://openai.com/gptbot)"
20.171.207.161 - - [17/Jun/2025:23:02:02 +0800] "GET /sitepages/topic/2?action=edit&file=17092785239859.jpg&path=%2F%2Fproc%2Fthread-self%2Fcwd%2Fuploads%2Ftopics HTTP/1.1" 200 376504 "-" "Mozilla/5.0 AppleWebKit/537.36 (KHTML, like Gecko; compatible; GPTBot/1.2; +https://openai.com/gptbot)"
20.171.207.161 - - [17/Jun/2025:23:02:09 +0800] "GET /sitepages/topic/2?action=edit&file=16983237684982.jpg&path=%2F%2Fproc%2Fthread-self%2Fcwd%2Fuploads%2Ftopics HTTP/1.1" 200 169440 "-" "Mozilla/5.0 AppleWebKit/537.36 (KHTML, like Gecko; compatible; GPTBot/1.2; +https://openai.com/gptbot)"
20.171.207.119 - - [17/Jun/2025:23:02:10 +0800] "GET /?action=edit&file=configure&path=%2F%2Fopt%2Falt%2Falt-nodejs8%2Froot%2Fusr%2Flib%2Fnode_modules%2Fnpm HTTP/1.1" 200 86873 "-" "Mozilla/5.0 AppleWebKit/537.36 (KHTML, like Gecko; compatible; GPTBot/1.2; +https://openai.com/gptbot)"
20.171.207.161 - - [17/Jun/2025:23:02:16 +0800] "GET /sitepages/topic/2?action=edit&file=17080662381420.jpg&path=%2F%2Fproc%2Fthread-self%2Fcwd%2Fuploads%2Ftopics HTTP/1.1" 200 230874 "-" "Mozilla/5.0 AppleWebKit/537.36 (KHTML, like Gecko; compatible; GPTBot/1.2; +https://openai.com/gptbot)"
20.171.207.119 - - [17/Jun/2025:23:02:16 +0800] "GET /?action=edit&file=configure&path=%2F%2Fopt%2Falt%2Falt-nodejs6%2Froot%2Fusr%2Flib%2Fnode_modules%2Fnpm HTTP/1.1" 200 86901 "-" "Mozilla/5.0 AppleWebKit/537.36 (KHTML, like Gecko; compatible; GPTBot/1.2; +https://openai.com/gptbot)"
20.171.207.119 - - [17/Jun/2025:23:02:18 +0800] "GET /?action=edit&file=.licensee.json&path=%2F%2Fopt%2Falt%2Falt-nodejs8%2Froot%2Fusr%2Flib%2Fnode_modules%2Fnpm HTTP/1.1" 200 86673 "-" "Mozilla/5.0 AppleWebKit/537.36 (KHTML, like Gecko; compatible; GPTBot/1.2; +https://openai.com/gptbot)"
20.171.207.161 - - [17/Jun/2025:23:02:22 +0800] "GET /sitepages/topic/2?action=edit&file=17084784046814.jpg&path=%2F%2Fproc%2Fthread-self%2Fcwd%2Fuploads%2Ftopics HTTP/1.1" 200 2417930 "-" "Mozilla/5.0 AppleWebKit/537.36 (KHTML, like Gecko; compatible; GPTBot/1.2; +https://openai.com/gptbot)"
20.171.207.119 - - [17/Jun/2025:23:02:24 +0800] "GET /?action=edit&file=package.json&path=%2F%2Fopt%2Falt%2Falt-nodejs6%2Froot%2Fusr%2Flib%2Fnode_modules%2Fnpm HTTP/1.1" 200 95083 "-" "Mozilla/5.0 AppleWebKit/537.36 (KHTML, like Gecko; compatible; GPTBot/1.2; +https://openai.com/gptbot)"
20.171.207.161 - - [17/Jun/2025:23:02:31 +0800] "GET /sitepages/topic/2?action=edit&file=17092782419739.jpg&path=%2F%2Fproc%2Fthread-self%2Fcwd%2Fuploads%2Ftopics HTTP/1.1" 200 2234417 "-" "Mozilla/5.0 AppleWebKit/537.36 (KHTML, like Gecko; compatible; GPTBot/1.2; +https://openai.com/gptbot)"
20.171.207.119 - - [17/Jun/2025:23:02:35 +0800] "GET /?action=edit&file=package.json&path=%2F%2Fopt%2Falt%2Falt-nodejs8%2Froot%2Fusr%2Flib%2Fnode_modules%2Fnpm HTTP/1.1" 200 98947 "-" "Mozilla/5.0 AppleWebKit/537.36 (KHTML, like Gecko; compatible; GPTBot/1.2; +https://openai.com/gptbot)"
20.171.207.119 - - [17/Jun/2025:23:02:41 +0800] "GET /?action=edit&file=package.json&path=%2F%2Fopt%2Falt%2Falt-nodejs9%2Froot%2Fusr%2Flib%2Fnode_modules%2Fnpm HTTP/1.1" 200 96906 "-" "Mozilla/5.0 AppleWebKit/537.36 (KHTML, like Gecko; compatible; GPTBot/1.2; +https://openai.com/gptbot)"
20.171.207.119 - - [17/Jun/2025:23:02:43 +0800] "GET /?action=edit&file=.npmignore&path=%2F%2Fopt%2Falt%2Falt-nodejs6%2Froot%2Fusr%2Flib%2Fnode_modules%2Fnpm HTTP/1.1" 200 86796 "-" "Mozilla/5.0 AppleWebKit/537.36 (KHTML, like Gecko; compatible; GPTBot/1.2; +https://openai.com/gptbot)"
114.119.150.208 - - [17/Jun/2025:23:02:45 +0800] "GET /services/topic/111?action=edit&file=pam_console_apply&path=//sbin HTTP/1.1" 200 125812 "https://zuuttravel.com/services/topic/111?path=//sbin" "Mozilla/5.0 (Linux; Android 7.0;) AppleWebKit/537.36 (KHTML, like Gecko) Mobile Safari/537.36 (compatible; PetalBot;+https://webmaster.petalsearch.com/site/petalbot)"
20.171.207.161 - - [17/Jun/2025:23:02:46 +0800] "GET /sitepages/topic/2?action=edit&file=16968578251975.jpg&path=%2F%2Fproc%2Fthread-self%2Fcwd%2Fuploads%2Ftopics HTTP/1.1" 200 124671 "-" "Mozilla/5.0 AppleWebKit/537.36 (KHTML, like Gecko; compatible; GPTBot/1.2; +https://openai.com/gptbot)"
20.171.207.119 - - [17/Jun/2025:23:02:51 +0800] "GET /?action=edit&file=.npmignore&path=%2F%2Fopt%2Falt%2Falt-nodejs8%2Froot%2Fusr%2Flib%2Fnode_modules%2Fnpm HTTP/1.1" 200 86629 "-" "Mozilla/5.0 AppleWebKit/537.36 (KHTML, like Gecko; compatible; GPTBot/1.2; +https://openai.com/gptbot)"
20.171.207.119 - - [17/Jun/2025:23:02:55 +0800] "GET /?action=edit&file=.npmignore&path=%2F%2Fopt%2Falt%2Falt-nodejs9%2Froot%2Fusr%2Flib%2Fnode_modules%2Fnpm HTTP/1.1" 200 86819 "-" "Mozilla/5.0 AppleWebKit/537.36 (KHTML, like Gecko; compatible; GPTBot/1.2; +https://openai.com/gptbot)"
20.171.207.161 - - [17/Jun/2025:23:02:57 +0800] "GET /sitepages/topic/2?action=edit&file=17084791898277.jpg&path=%2F%2Fproc%2Fthread-self%2Fcwd%2Fuploads%2Ftopics HTTP/1.1" 200 3375543 "-" "Mozilla/5.0 AppleWebKit/537.36 (KHTML, like Gecko; compatible; GPTBot/1.2; +https://openai.com/gptbot)"
20.171.207.161 - - [17/Jun/2025:23:03:02 +0800] "GET /sitepages/topic/2?action=edit&file=17084822758483.jpg&path=%2F%2Fproc%2Fthread-self%2Fcwd%2Fuploads%2Ftopics HTTP/1.1" 200 557399 "-" "Mozilla/5.0 AppleWebKit/537.36 (KHTML, like Gecko; compatible; GPTBot/1.2; +https://openai.com/gptbot)"
20.171.207.119 - - [17/Jun/2025:23:03:05 +0800] "GET /?action=edit&file=README.md&path=%2F%2Fopt%2Falt%2Falt-nodejs6%2Froot%2Fusr%2Flib%2Fnode_modules%2Fnpm HTTP/1.1" 200 91032 "-" "Mozilla/5.0 AppleWebKit/537.36 (KHTML, like Gecko; compatible; GPTBot/1.2; +https://openai.com/gptbot)"
20.171.207.119 - - [17/Jun/2025:23:03:12 +0800] "GET /?action=edit&file=README.md&path=%2F%2Fopt%2Falt%2Falt-nodejs9%2Froot%2Fusr%2Flib%2Fnode_modules%2Fnpm HTTP/1.1" 200 91086 "-" "Mozilla/5.0 AppleWebKit/537.36 (KHTML, like Gecko; compatible; GPTBot/1.2; +https://openai.com/gptbot)"
20.171.207.119 - - [17/Jun/2025:23:03:13 +0800] "GET /?action=edit&file=configure&path=%2F%2Fopt%2Falt%2Falt-nodejs6%2Froot%2Fusr%2Flib%2Fnode_modules%2Fnpm HTTP/1.1" 200 86877 "-" "Mozilla/5.0 AppleWebKit/537.36 (KHTML, like Gecko; compatible; GPTBot/1.2; +https://openai.com/gptbot)"
66.249.79.167 - - [17/Jun/2025:23:03:17 +0800] "GET /?shopdetail/21336487 HTTP/1.1" 200 91197 "-" "Mozilla/5.0 (Linux; Android 6.0.1; Nexus 5X Build/MMB29P) AppleWebKit/537.36 (KHTML, like Gecko) Chrome/136.0.7103.113 Mobile Safari/537.36 (compatible; Googlebot/2.1; +http://www.google.com/bot.html)"
20.171.207.161 - - [17/Jun/2025:23:03:19 +0800] "GET /sitepages/topic/2?action=edit&file=17084919823792.jpg&path=%2F%2Fproc%2Fthread-self%2Fcwd%2Fuploads%2Ftopics HTTP/1.1" 200 1700742 "-" "Mozilla/5.0 AppleWebKit/537.36 (KHTML, like Gecko; compatible; GPTBot/1.2; +https://openai.com/gptbot)"
20.171.207.119 - - [17/Jun/2025:23:03:20 +0800] "GET /?action=edit&file=README.md&path=%2F%2Fopt%2Falt%2Falt-nodejs8%2Froot%2Fusr%2Flib%2Fnode_modules%2Fnpm HTTP/1.1" 200 91052 "-" "Mozilla/5.0 AppleWebKit/537.36 (KHTML, like Gecko; compatible; GPTBot/1.2; +https://openai.com/gptbot)"
20.171.207.119 - - [17/Jun/2025:23:03:25 +0800] "GET /?action=edit&file=appveyor.yml&path=%2F%2Fopt%2Falt%2Falt-nodejs6%2Froot%2Fusr%2Flib%2Fnode_modules%2Fnpm HTTP/1.1" 200 87244 "-" "Mozilla/5.0 AppleWebKit/537.36 (KHTML, like Gecko; compatible; GPTBot/1.2; +https://openai.com/gptbot)"
20.171.207.161 - - [17/Jun/2025:23:03:29 +0800] "GET /sitepages/topic/2?action=edit&file=16968598415865.jpg&path=%2F%2Fproc%2Fthread-self%2Fcwd%2Fuploads%2Ftopics HTTP/1.1" 200 235803 "-" "Mozilla/5.0 AppleWebKit/537.36 (KHTML, like Gecko; compatible; GPTBot/1.2; +https://openai.com/gptbot)"
20.171.207.119 - - [17/Jun/2025:23:03:31 +0800] "GET /?action=edit&file=appveyor.yml&path=%2F%2Fopt%2Falt%2Falt-nodejs9%2Froot%2Fusr%2Flib%2Fnode_modules%2Fnpm HTTP/1.1" 200 87304 "-" "Mozilla/5.0 AppleWebKit/537.36 (KHTML, like Gecko; compatible; GPTBot/1.2; +https://openai.com/gptbot)"
20.171.207.161 - - [17/Jun/2025:23:03:38 +0800] "GET /sitepages/topic/2?action=edit&file=17092730492445.jpg&path=%2F%2Fproc%2Fthread-self%2Fcwd%2Fuploads%2Ftopics HTTP/1.1" 200 141285 "-" "Mozilla/5.0 AppleWebKit/537.36 (KHTML, like Gecko; compatible; GPTBot/1.2; +https://openai.com/gptbot)"
20.171.207.119 - - [17/Jun/2025:23:03:41 +0800] "GET /?action=edit&file=appveyor.yml&path=%2F%2Fopt%2Falt%2Falt-nodejs8%2Froot%2Fusr%2Flib%2Fnode_modules%2Fnpm HTTP/1.1" 200 87272 "-" "Mozilla/5.0 AppleWebKit/537.36 (KHTML, like Gecko; compatible; GPTBot/1.2; +https://openai.com/gptbot)"
20.171.207.161 - - [17/Jun/2025:23:03:42 +0800] "GET /sitepages/topic/2?action=edit&file=17085810553852.jpg&path=%2F%2Fproc%2Fthread-self%2Fcwd%2Fuploads%2Ftopics HTTP/1.1" 200 1601736 "-" "Mozilla/5.0 AppleWebKit/537.36 (KHTML, like Gecko; compatible; GPTBot/1.2; +https://openai.com/gptbot)"
20.171.207.119 - - [17/Jun/2025:23:03:42 +0800] "GET /?action=edit&file=LICENSE&path=%2F%2Fopt%2Falt%2Falt-nodejs9%2Froot%2Fusr%2Flib%2Fnode_modules%2Fnpm HTTP/1.1" 200 96185 "-" "Mozilla/5.0 AppleWebKit/537.36 (KHTML, like Gecko; compatible; GPTBot/1.2; +https://openai.com/gptbot)"
