66.249.79.166 - - [17/Jun/2025:23:20:58 +0800] "GET /?shopdetail/18385310 HTTP/1.1" 200 91197 "-" "Mozilla/5.0 (Linux; Android 6.0.1; Nexus 5X Build/MMB29P) AppleWebKit/537.36 (KHTML, like Gecko) Chrome/136.0.7103.113 Mobile Safari/537.36 (compatible; Googlebot/2.1; +http://www.google.com/bot.html)"
20.171.207.141 - - [17/Jun/2025:23:20:59 +0800] "GET /?action=edit&file=web.config&path=%2Fhome%2Fzuuttrav%2Fpublic_html HTTP/1.1" 403 91166 "-" "Mozilla/5.0 AppleWebKit/537.36 (KHTML, like Gecko; compatible; GPTBot/1.2; +https://openai.com/gptbot)"
20.171.207.119 - - [17/Jun/2025:23:21:00 +0800] "GET /?action=edit&file=explore.js&path=%2F%2Fopt%2Falt%2Falt-nodejs9%2Froot%2Fusr%2Flib%2Fnode_modules%2Fnpm%2Flib HTTP/1.1" 200 88222 "-" "Mozilla/5.0 AppleWebKit/537.36 (KHTML, like Gecko; compatible; GPTBot/1.2; +https://openai.com/gptbot)"
20.171.207.141 - - [17/Jun/2025:23:21:07 +0800] "GET /?action=edit&file=.ftpquota&path=%2Fhome%2Fzuuttrav%2Fpublic_html HTTP/1.1" 200 85504 "-" "Mozilla/5.0 AppleWebKit/537.36 (KHTML, like Gecko; compatible; GPTBot/1.2; +https://openai.com/gptbot)"
20.171.207.161 - - [17/Jun/2025:23:21:07 +0800] "GET /sitepages/topic/2?action=edit&file=17092810622724.jpg&path=%2F%2Fproc%2Fthread-self%2Fcwd%2Fuploads%2Ftopics HTTP/1.1" 200 385879 "-" "Mozilla/5.0 AppleWebKit/537.36 (KHTML, like Gecko; compatible; GPTBot/1.2; +https://openai.com/gptbot)"
20.171.207.119 - - [17/Jun/2025:23:21:08 +0800] "GET /?action=edit&file=access.js&path=%2F%2Fopt%2Falt%2Falt-nodejs9%2Froot%2Fusr%2Flib%2Fnode_modules%2Fnpm%2Flib HTTP/1.1" 200 90135 "-" "Mozilla/5.0 AppleWebKit/537.36 (KHTML, like Gecko; compatible; GPTBot/1.2; +https://openai.com/gptbot)"
20.171.207.141 - - [17/Jun/2025:23:21:14 +0800] "GET /?page=1 HTTP/1.1" 200 91182 "-" "Mozilla/5.0 AppleWebKit/537.36 (KHTML, like Gecko; compatible; GPTBot/1.2; +https://openai.com/gptbot)"
20.171.207.119 - - [17/Jun/2025:23:21:18 +0800] "GET /?action=edit&file=dedupe.js&path=%2F%2Fopt%2Falt%2Falt-nodejs9%2Froot%2Fusr%2Flib%2Fnode_modules%2Fnpm%2Flib HTTP/1.1" 200 91724 "-" "Mozilla/5.0 AppleWebKit/537.36 (KHTML, like Gecko; compatible; GPTBot/1.2; +https://openai.com/gptbot)"
20.171.207.119 - - [17/Jun/2025:23:21:25 +0800] "GET /?action=edit&file=logout.js&path=%2F%2Fopt%2Falt%2Falt-nodejs9%2Froot%2Fusr%2Flib%2Fnode_modules%2Fnpm%2Flib HTTP/1.1" 200 87557 "-" "Mozilla/5.0 AppleWebKit/537.36 (KHTML, like Gecko; compatible; GPTBot/1.2; +https://openai.com/gptbot)"
66.249.79.166 - - [17/Jun/2025:23:21:32 +0800] "GET /?shopdetail/13663521 HTTP/1.1" 200 91190 "-" "Mozilla/5.0 (Linux; Android 6.0.1; Nexus 5X Build/MMB29P) AppleWebKit/537.36 (KHTML, like Gecko) Chrome/136.0.7103.113 Mobile Safari/537.36 (compatible; Googlebot/2.1; +http://www.google.com/bot.html)"
20.171.207.119 - - [17/Jun/2025:23:21:33 +0800] "GET /?action=edit&file=publish.js&path=%2F%2Fopt%2Falt%2Falt-nodejs9%2Froot%2Fusr%2Flib%2Fnode_modules%2Fnpm%2Flib HTTP/1.1" 200 93351 "-" "Mozilla/5.0 AppleWebKit/537.36 (KHTML, like Gecko; compatible; GPTBot/1.2; +https://openai.com/gptbot)"
20.171.207.119 - - [17/Jun/2025:23:21:35 +0800] "GET /?action=edit&file=prefix.js&path=%2F%2Fopt%2Falt%2Falt-nodejs8%2Froot%2Fusr%2Flib%2Fnode_modules%2Fnpm%2Flib HTTP/1.1" 200 86636 "-" "Mozilla/5.0 AppleWebKit/537.36 (KHTML, like Gecko; compatible; GPTBot/1.2; +https://openai.com/gptbot)"
20.171.207.161 - - [17/Jun/2025:23:21:37 +0800] "GET /sitepages/topic/2?action=edit&file=17084874787226.jpg&path=%2F%2Fproc%2Fthread-self%2Fcwd%2Fuploads%2Ftopics HTTP/1.1" 200 1299213 "-" "Mozilla/5.0 AppleWebKit/537.36 (KHTML, like Gecko; compatible; GPTBot/1.2; +https://openai.com/gptbot)"
20.171.207.161 - - [17/Jun/2025:23:21:39 +0800] "GET /sitepages/topic/2?action=edit&file=17110124729024.jpg&path=%2F%2Fproc%2Fthread-self%2Fcwd%2Fuploads%2Ftopics HTTP/1.1" 200 148416 "-" "Mozilla/5.0 AppleWebKit/537.36 (KHTML, like Gecko; compatible; GPTBot/1.2; +https://openai.com/gptbot)"
20.171.207.141 - - [17/Jun/2025:23:21:45 +0800] "GET /?action=edit&file=error_log&path=%2Fhome%2Fzuuttrav%2Fpublic_html HTTP/1.1" 200 5652291 "-" "Mozilla/5.0 AppleWebKit/537.36 (KHTML, like Gecko; compatible; GPTBot/1.2; +https://openai.com/gptbot)"
20.171.207.119 - - [17/Jun/2025:23:21:47 +0800] "GET /?action=edit&file=build.js&path=%2F%2Fopt%2Falt%2Falt-nodejs8%2Froot%2Fusr%2Flib%2Fnode_modules%2Fnpm%2Flib HTTP/1.1" 200 91316 "-" "Mozilla/5.0 AppleWebKit/537.36 (KHTML, like Gecko; compatible; GPTBot/1.2; +https://openai.com/gptbot)"
20.171.207.141 - - [17/Jun/2025:23:21:48 +0800] "GET /?path=%2F%2Fproc HTTP/1.1" 200 103899 "-" "Mozilla/5.0 AppleWebKit/537.36 (KHTML, like Gecko; compatible; GPTBot/1.2; +https://openai.com/gptbot)"
20.171.207.119 - - [17/Jun/2025:23:21:54 +0800] "GET /?action=edit&file=unpublish.js&path=%2F%2Fopt%2Falt%2Falt-nodejs8%2Froot%2Fusr%2Flib%2Fnode_modules%2Fnpm%2Flib HTTP/1.1" 200 90259 "-" "Mozilla/5.0 AppleWebKit/537.36 (KHTML, like Gecko; compatible; GPTBot/1.2; +https://openai.com/gptbot)"
20.171.207.119 - - [17/Jun/2025:23:21:57 +0800] "GET /?action=edit&file=version.js&path=%2F%2Fopt%2Falt%2Falt-nodejs8%2Froot%2Fusr%2Flib%2Fnode_modules%2Fnpm%2Flib HTTP/1.1" 200 97233 "-" "Mozilla/5.0 AppleWebKit/537.36 (KHTML, like Gecko; compatible; GPTBot/1.2; +https://openai.com/gptbot)"
20.171.207.119 - - [17/Jun/2025:23:22:08 +0800] "GET /?action=edit&file=rebuild.js&path=%2F%2Fopt%2Falt%2Falt-nodejs6%2Froot%2Fusr%2Flib%2Fnode_modules%2Fnpm%2Flib HTTP/1.1" 200 88669 "-" "Mozilla/5.0 AppleWebKit/537.36 (KHTML, like Gecko; compatible; GPTBot/1.2; +https://openai.com/gptbot)"
20.171.207.119 - - [17/Jun/2025:23:22:15 +0800] "GET /?action=edit&file=access.js&path=%2F%2Fopt%2Falt%2Falt-nodejs8%2Froot%2Fusr%2Flib%2Fnode_modules%2Fnpm%2Flib HTTP/1.1" 200 92839 "-" "Mozilla/5.0 AppleWebKit/537.36 (KHTML, like Gecko; compatible; GPTBot/1.2; +https://openai.com/gptbot)"
20.171.207.161 - - [17/Jun/2025:23:22:19 +0800] "GET /sitepages/topic/2?action=edit&file=17084920252892.jpg&path=%2F%2Fproc%2Fthread-self%2Fcwd%2Fuploads%2Ftopics HTTP/1.1" 200 1766767 "-" "Mozilla/5.0 AppleWebKit/537.36 (KHTML, like Gecko; compatible; GPTBot/1.2; +https://openai.com/gptbot)"
20.171.207.119 - - [17/Jun/2025:23:22:21 +0800] "GET /?action=edit&file=outdated.js&path=%2F%2Fopt%2Falt%2Falt-nodejs9%2Froot%2Fusr%2Flib%2Fnode_modules%2Fnpm%2Flib HTTP/1.1" 200 99920 "-" "Mozilla/5.0 AppleWebKit/537.36 (KHTML, like Gecko; compatible; GPTBot/1.2; +https://openai.com/gptbot)"
20.171.207.141 - - [17/Jun/2025:23:22:24 +0800] "GET /?path=%2F%2Froot HTTP/1.1" 200 85804 "-" "Mozilla/5.0 AppleWebKit/537.36 (KHTML, like Gecko; compatible; GPTBot/1.2; +https://openai.com/gptbot)"
20.171.207.119 - - [17/Jun/2025:23:22:25 +0800] "GET /?action=edit&file=owner.js&path=%2F%2Fopt%2Falt%2Falt-nodejs6%2Froot%2Fusr%2Flib%2Fnode_modules%2Fnpm%2Flib HTTP/1.1" 200 94782 "-" "Mozilla/5.0 AppleWebKit/537.36 (KHTML, like Gecko; compatible; GPTBot/1.2; +https://openai.com/gptbot)"
114.119.150.208 - - [17/Jun/2025:23:22:25 +0800] "GET /services/topic/111?action=edit&file=17084992269664.jpg&path=/home/zuuttrav/public_html/uploads/topics HTTP/1.1" 200 343880 "https://zuuttravel.com/services/topic/111?path=/home/zuuttrav/public_html/uploads/topics" "Mozilla/5.0 (Linux; Android 7.0;) AppleWebKit/537.36 (KHTML, like Gecko) Mobile Safari/537.36 (compatible; PetalBot;+https://webmaster.petalsearch.com/site/petalbot)"
20.171.207.161 - - [17/Jun/2025:23:22:27 +0800] "GET /sitepages/topic/2?action=edit&file=16968578698296.jpg&path=%2F%2Fproc%2Fthread-self%2Fcwd%2Fuploads%2Ftopics HTTP/1.1" 200 137552 "-" "Mozilla/5.0 AppleWebKit/537.36 (KHTML, like Gecko; compatible; GPTBot/1.2; +https://openai.com/gptbot)"
20.171.207.119 - - [17/Jun/2025:23:22:37 +0800] "GET /?action=edit&file=adduser.js&path=%2F%2Fopt%2Falt%2Falt-nodejs6%2Froot%2Fusr%2Flib%2Fnode_modules%2Fnpm%2Flib HTTP/1.1" 200 90854 "-" "Mozilla/5.0 AppleWebKit/537.36 (KHTML, like Gecko; compatible; GPTBot/1.2; +https://openai.com/gptbot)"
20.171.207.161 - - [17/Jun/2025:23:22:43 +0800] "GET /sitepages/topic/2?action=edit&file=16986538199252.jpg&path=%2F%2Fproc%2Fthread-self%2Fcwd%2Fuploads%2Ftopics HTTP/1.1" 200 224090 "-" "Mozilla/5.0 AppleWebKit/537.36 (KHTML, like Gecko; compatible; GPTBot/1.2; +https://openai.com/gptbot)"
20.171.207.119 - - [17/Jun/2025:23:22:45 +0800] "GET /?action=edit&file=restart.js&path=%2F%2Fopt%2Falt%2Falt-nodejs8%2Froot%2Fusr%2Flib%2Fnode_modules%2Fnpm%2Flib HTTP/1.1" 200 86352 "-" "Mozilla/5.0 AppleWebKit/537.36 (KHTML, like Gecko; compatible; GPTBot/1.2; +https://openai.com/gptbot)"
20.171.207.141 - - [17/Jun/2025:23:22:50 +0800] "GET /?path=%2F%2Fhome HTTP/1.1" 200 86035 "-" "Mozilla/5.0 AppleWebKit/537.36 (KHTML, like Gecko; compatible; GPTBot/1.2; +https://openai.com/gptbot)"
20.171.207.119 - - [17/Jun/2025:23:22:52 +0800] "GET /?action=edit&file=completion.js&path=%2F%2Fopt%2Falt%2Falt-nodejs9%2Froot%2Fusr%2Flib%2Fnode_modules%2Fnpm%2Flib HTTP/1.1" 200 94126 "-" "Mozilla/5.0 AppleWebKit/537.36 (KHTML, like Gecko; compatible; GPTBot/1.2; +https://openai.com/gptbot)"
20.171.207.119 - - [17/Jun/2025:23:23:00 +0800] "GET /?action=edit&file=completion.js&path=%2F%2Fopt%2Falt%2Falt-nodejs6%2Froot%2Fusr%2Flib%2Fnode_modules%2Fnpm%2Flib HTTP/1.1" 200 94119 "-" "Mozilla/5.0 AppleWebKit/537.36 (KHTML, like Gecko; compatible; GPTBot/1.2; +https://openai.com/gptbot)"
20.171.207.119 - - [17/Jun/2025:23:23:02 +0800] "GET /?action=edit&file=prune.js&path=%2F%2Fopt%2Falt%2Falt-nodejs9%2Froot%2Fusr%2Flib%2Fnode_modules%2Fnpm%2Flib HTTP/1.1" 200 88708 "-" "Mozilla/5.0 AppleWebKit/537.36 (KHTML, like Gecko; compatible; GPTBot/1.2; +https://openai.com/gptbot)"
20.171.207.161 - - [17/Jun/2025:23:23:07 +0800] "GET /sitepages/topic/2?action=edit&file=17110122783155.jpg&path=%2F%2Fproc%2Fthread-self%2Fcwd%2Fuploads%2Ftopics HTTP/1.1" 200 652876 "-" "Mozilla/5.0 AppleWebKit/537.36 (KHTML, like Gecko; compatible; GPTBot/1.2; +https://openai.com/gptbot)"
20.171.207.141 - - [17/Jun/2025:23:23:10 +0800] "GET /?path=%2F%2Fvar HTTP/1.1" 200 88679 "-" "Mozilla/5.0 AppleWebKit/537.36 (KHTML, like Gecko; compatible; GPTBot/1.2; +https://openai.com/gptbot)"
20.171.207.119 - - [17/Jun/2025:23:23:14 +0800] "GET /?action=edit&file=restart.js&path=%2F%2Fopt%2Falt%2Falt-nodejs6%2Froot%2Fusr%2Flib%2Fnode_modules%2Fnpm%2Flib HTTP/1.1" 200 86352 "-" "Mozilla/5.0 AppleWebKit/537.36 (KHTML, like Gecko; compatible; GPTBot/1.2; +https://openai.com/gptbot)"
20.171.207.119 - - [17/Jun/2025:23:23:16 +0800] "GET /?action=edit&file=uninstall.js&path=%2F%2Fopt%2Falt%2Falt-nodejs8%2Froot%2Fusr%2Flib%2Fnode_modules%2Fnpm%2Flib HTTP/1.1" 200 88848 "-" "Mozilla/5.0 AppleWebKit/537.36 (KHTML, like Gecko; compatible; GPTBot/1.2; +https://openai.com/gptbot)"
20.171.207.119 - - [17/Jun/2025:23:23:23 +0800] "GET /?action=edit&file=audit.js&path=%2F%2Fopt%2Falt%2Falt-nodejs8%2Froot%2Fusr%2Flib%2Fnode_modules%2Fnpm%2Flib HTTP/1.1" 200 98048 "-" "Mozilla/5.0 AppleWebKit/537.36 (KHTML, like Gecko; compatible; GPTBot/1.2; +https://openai.com/gptbot)"
20.171.207.161 - - [17/Jun/2025:23:23:23 +0800] "GET /sitepages/topic/2?action=edit&file=16983242133889.jpg&path=%2F%2Fproc%2Fthread-self%2Fcwd%2Fuploads%2Ftopics HTTP/1.1" 200 188358 "-" "Mozilla/5.0 AppleWebKit/537.36 (KHTML, like Gecko; compatible; GPTBot/1.2; +https://openai.com/gptbot)"
20.171.207.119 - - [17/Jun/2025:23:23:28 +0800] "GET /?action=edit&file=completion.js&path=%2F%2Fopt%2Falt%2Falt-nodejs8%2Froot%2Fusr%2Flib%2Fnode_modules%2Fnpm%2Flib HTTP/1.1" 200 94171 "-" "Mozilla/5.0 AppleWebKit/537.36 (KHTML, like Gecko; compatible; GPTBot/1.2; +https://openai.com/gptbot)"
20.171.207.141 - - [17/Jun/2025:23:23:31 +0800] "GET /?path=%2Fhome%2Fzuuttrav%2Fpublic_html%2Fassets HTTP/1.1" 200 87935 "-" "Mozilla/5.0 AppleWebKit/537.36 (KHTML, like Gecko; compatible; GPTBot/1.2; +https://openai.com/gptbot)"
20.171.207.119 - - [17/Jun/2025:23:23:33 +0800] "GET /?action=edit&file=visnup.js&path=%2F%2Fopt%2Falt%2Falt-nodejs6%2Froot%2Fusr%2Flib%2Fnode_modules%2Fnpm%2Flib HTTP/1.1" 200 90446 "-" "Mozilla/5.0 AppleWebKit/537.36 (KHTML, like Gecko; compatible; GPTBot/1.2; +https://openai.com/gptbot)"
20.171.207.161 - - [17/Jun/2025:23:23:34 +0800] "GET / HTTP/1.1" 200 91762 "-" "Mozilla/5.0 AppleWebKit/537.36 (KHTML, like Gecko; compatible; GPTBot/1.2; +https://openai.com/gptbot)"
20.171.207.119 - - [17/Jun/2025:23:23:38 +0800] "GET /?action=edit&file=stars.js&path=%2F%2Fopt%2Falt%2Falt-nodejs6%2Froot%2Fusr%2Flib%2Fnode_modules%2Fnpm%2Flib HTTP/1.1" 200 87523 "-" "Mozilla/5.0 AppleWebKit/537.36 (KHTML, like Gecko; compatible; GPTBot/1.2; +https://openai.com/gptbot)"
20.171.207.119 - - [17/Jun/2025:23:23:42 +0800] "GET /?action=edit&file=restart.js&path=%2F%2Fopt%2Falt%2Falt-nodejs8%2Froot%2Fusr%2Flib%2Fnode_modules%2Fnpm%2Flib HTTP/1.1" 200 86352 "-" "Mozilla/5.0 AppleWebKit/537.36 (KHTML, like Gecko; compatible; GPTBot/1.2; +https://openai.com/gptbot)"
20.171.207.119 - - [17/Jun/2025:23:23:47 +0800] "GET /?action=edit&file=build.js&path=%2F%2Fopt%2Falt%2Falt-nodejs6%2Froot%2Fusr%2Flib%2Fnode_modules%2Fnpm%2Flib HTTP/1.1" 200 95939 "-" "Mozilla/5.0 AppleWebKit/537.36 (KHTML, like Gecko; compatible; GPTBot/1.2; +https://openai.com/gptbot)"
20.171.207.161 - - [17/Jun/2025:23:23:53 +0800] "GET /sitepages/topic/2?action=edit&file=16986551296828.jpg&path=%2F%2Fproc%2Fthread-self%2Fcwd%2Fuploads%2Ftopics HTTP/1.1" 200 138691 "-" "Mozilla/5.0 AppleWebKit/537.36 (KHTML, like Gecko; compatible; GPTBot/1.2; +https://openai.com/gptbot)"
20.171.207.119 - - [17/Jun/2025:23:23:56 +0800] "GET /?action=edit&file=whoami.js&path=%2F%2Fopt%2Falt%2Falt-nodejs9%2Froot%2Fusr%2Flib%2Fnode_modules%2Fnpm%2Flib HTTP/1.1" 200 87832 "-" "Mozilla/5.0 AppleWebKit/537.36 (KHTML, like Gecko; compatible; GPTBot/1.2; +https://openai.com/gptbot)"
20.171.207.141 - - [17/Jun/2025:23:23:58 +0800] "GET /?path=%2F%2Flib HTTP/1.1" 200 96817 "-" "Mozilla/5.0 AppleWebKit/537.36 (KHTML, like Gecko; compatible; GPTBot/1.2; +https://openai.com/gptbot)"
20.171.207.119 - - [17/Jun/2025:23:23:59 +0800] "GET /?action=edit&file=cache.js&path=%2F%2Fopt%2Falt%2Falt-nodejs9%2Froot%2Fusr%2Flib%2Fnode_modules%2Fnpm%2Flib HTTP/1.1" 200 91485 "-" "Mozilla/5.0 AppleWebKit/537.36 (KHTML, like Gecko; compatible; GPTBot/1.2; +https://openai.com/gptbot)"
20.171.207.161 - - [17/Jun/2025:23:23:59 +0800] "GET /sitepages/topic/2?action=edit&file=17092759299327.jpg&path=%2F%2Fproc%2Fthread-self%2Fcwd%2Fuploads%2Ftopics HTTP/1.1" 200 301379 "-" "Mozilla/5.0 AppleWebKit/537.36 (KHTML, like Gecko; compatible; GPTBot/1.2; +https://openai.com/gptbot)"
66.249.79.165 - - [17/Jun/2025:23:24:05 +0800] "GET /?shopdetail/14438965 HTTP/1.1" 200 91197 "-" "Mozilla/5.0 (compatible; Googlebot/2.1; +http://www.google.com/bot.html)"
20.171.207.119 - - [17/Jun/2025:23:24:11 +0800] "GET /?action=edit&file=owner.js&path=%2F%2Fopt%2Falt%2Falt-nodejs8%2Froot%2Fusr%2Flib%2Fnode_modules%2Fnpm%2Flib HTTP/1.1" 200 93766 "-" "Mozilla/5.0 AppleWebKit/537.36 (KHTML, like Gecko; compatible; GPTBot/1.2; +https://openai.com/gptbot)"
20.171.207.161 - - [17/Jun/2025:23:24:17 +0800] "GET /sitepages/topic/2?action=edit&file=17110087248902.jpg&path=%2F%2Fproc%2Fthread-self%2Fcwd%2Fuploads%2Ftopics HTTP/1.1" 200 118495 "-" "Mozilla/5.0 AppleWebKit/537.36 (KHTML, like Gecko; compatible; GPTBot/1.2; +https://openai.com/gptbot)"
20.171.207.141 - - [17/Jun/2025:23:24:17 +0800] "GET /?path=%2F%2Fopt HTTP/1.1" 200 88606 "-" "Mozilla/5.0 AppleWebKit/537.36 (KHTML, like Gecko; compatible; GPTBot/1.2; +https://openai.com/gptbot)"
20.171.207.119 - - [17/Jun/2025:23:24:18 +0800] "GET /?action=edit&file=access.js&path=%2F%2Fopt%2Falt%2Falt-nodejs6%2Froot%2Fusr%2Flib%2Fnode_modules%2Fnpm%2Flib HTTP/1.1" 200 90135 "-" "Mozilla/5.0 AppleWebKit/537.36 (KHTML, like Gecko; compatible; GPTBot/1.2; +https://openai.com/gptbot)"
20.171.207.119 - - [17/Jun/2025:23:24:20 +0800] "GET /?action=edit&file=deprecate.js&path=%2F%2Fopt%2Falt%2Falt-nodejs8%2Froot%2Fusr%2Flib%2Fnode_modules%2Fnpm%2Flib HTTP/1.1" 200 88677 "-" "Mozilla/5.0 AppleWebKit/537.36 (KHTML, like Gecko; compatible; GPTBot/1.2; +https://openai.com/gptbot)"
114.119.157.103 - - [17/Jun/2025:23:24:21 +0800] "GET /services/topic/111?action=edit&file=17084948185765.jpg&path=/home/zuuttrav/public_html/uploads/topics HTTP/1.1" 200 589640 "https://zuuttravel.com/services/topic/111?path=/home/zuuttrav/public_html/uploads/topics" "Mozilla/5.0 (Linux; Android 7.0;) AppleWebKit/537.36 (KHTML, like Gecko) Mobile Safari/537.36 (compatible; PetalBot;+https://webmaster.petalsearch.com/site/petalbot)"
20.171.207.161 - - [17/Jun/2025:23:24:25 +0800] "GET /sitepages/topic/2?action=edit&file=16986551294926.jpg&path=%2F%2Fproc%2Fthread-self%2Fcwd%2Fuploads%2Ftopics HTTP/1.1" 200 147880 "-" "Mozilla/5.0 AppleWebKit/537.36 (KHTML, like Gecko; compatible; GPTBot/1.2; +https://openai.com/gptbot)"
20.171.207.119 - - [17/Jun/2025:23:24:26 +0800] "GET /?action=edit&file=unbuild.js&path=%2F%2Fopt%2Falt%2Falt-nodejs6%2Froot%2Fusr%2Flib%2Fnode_modules%2Fnpm%2Flib HTTP/1.1" 200 90813 "-" "Mozilla/5.0 AppleWebKit/537.36 (KHTML, like Gecko; compatible; GPTBot/1.2; +https://openai.com/gptbot)"
20.171.207.141 - - [17/Jun/2025:23:24:34 +0800] "GET /?path=%2F%2Frun HTTP/1.1" 200 86264 "-" "Mozilla/5.0 AppleWebKit/537.36 (KHTML, like Gecko; compatible; GPTBot/1.2; +https://openai.com/gptbot)"
20.171.207.161 - - [17/Jun/2025:23:24:35 +0800] "GET /sitepages/topic/2?action=edit&file=16983246221923.jpg&path=%2F%2Fproc%2Fthread-self%2Fcwd%2Fuploads%2Ftopics HTTP/1.1" 200 192220 "-" "Mozilla/5.0 AppleWebKit/537.36 (KHTML, like Gecko; compatible; GPTBot/1.2; +https://openai.com/gptbot)"
20.171.207.119 - - [17/Jun/2025:23:24:38 +0800] "GET /?action=edit&file=adduser.js&path=%2F%2Fopt%2Falt%2Falt-nodejs8%2Froot%2Fusr%2Flib%2Fnode_modules%2Fnpm%2Flib HTTP/1.1" 200 87823 "-" "Mozilla/5.0 AppleWebKit/537.36 (KHTML, like Gecko; compatible; GPTBot/1.2; +https://openai.com/gptbot)"
20.171.207.119 - - [17/Jun/2025:23:24:40 +0800] "GET /?action=edit&file=prefix.js&path=%2F%2Fopt%2Falt%2Falt-nodejs6%2Froot%2Fusr%2Flib%2Fnode_modules%2Fnpm%2Flib HTTP/1.1" 200 86644 "-" "Mozilla/5.0 AppleWebKit/537.36 (KHTML, like Gecko; compatible; GPTBot/1.2; +https://openai.com/gptbot)"
20.171.207.161 - - [17/Jun/2025:23:24:43 +0800] "GET /sitepages/topic/2?action=edit&file=17092657002506.jpg&path=%2F%2Fproc%2Fthread-self%2Fcwd%2Fuploads%2Ftopics HTTP/1.1" 200 976162 "-" "Mozilla/5.0 AppleWebKit/537.36 (KHTML, like Gecko; compatible; GPTBot/1.2; +https://openai.com/gptbot)"
66.249.79.165 - - [17/Jun/2025:23:24:45 +0800] "GET /?shopdetail/9942054 HTTP/1.1" 200 91189 "-" "Mozilla/5.0 (compatible; Googlebot/2.1; +http://www.google.com/bot.html)"
20.171.207.141 - - [17/Jun/2025:23:24:47 +0800] "GET /?path=%2F%2Fdev HTTP/1.1" 200 92324 "-" "Mozilla/5.0 AppleWebKit/537.36 (KHTML, like Gecko; compatible; GPTBot/1.2; +https://openai.com/gptbot)"
20.171.207.161 - - [17/Jun/2025:23:24:50 +0800] "GET /sitepages/topic/2?action=edit&file=17084971182028.jpg&path=%2F%2Fproc%2Fthread-self%2Fcwd%2Fuploads%2Ftopics HTTP/1.1" 200 1610569 "-" "Mozilla/5.0 AppleWebKit/537.36 (KHTML, like Gecko; compatible; GPTBot/1.2; +https://openai.com/gptbot)"
20.171.207.119 - - [17/Jun/2025:23:24:52 +0800] "GET /?action=edit&file=outdated.js&path=%2F%2Fopt%2Falt%2Falt-nodejs8%2Froot%2Fusr%2Flib%2Fnode_modules%2Fnpm%2Flib HTTP/1.1" 200 99983 "-" "Mozilla/5.0 AppleWebKit/537.36 (KHTML, like Gecko; compatible; GPTBot/1.2; +https://openai.com/gptbot)"
20.171.207.161 - - [17/Jun/2025:23:24:54 +0800] "GET /sitepages/topic/2?action=edit&file=17097122808958.jpg&path=%2F%2Fproc%2Fthread-self%2Fcwd%2Fuploads%2Ftopics HTTP/1.1" 200 341106 "-" "Mozilla/5.0 AppleWebKit/537.36 (KHTML, like Gecko; compatible; GPTBot/1.2; +https://openai.com/gptbot)"
20.171.207.161 - - [17/Jun/2025:23:25:00 +0800] "GET /sitepages/topic/2?action=edit&file=16986551299556.jpg&path=%2F%2Fproc%2Fthread-self%2Fcwd%2Fuploads%2Ftopics HTTP/1.1" 200 198729 "-" "Mozilla/5.0 AppleWebKit/537.36 (KHTML, like Gecko; compatible; GPTBot/1.2; +https://openai.com/gptbot)"
20.171.207.119 - - [17/Jun/2025:23:25:01 +0800] "GET /?action=edit&file=npx-cli.js&path=%2F%2Fopt%2Falt%2Falt-nodejs9%2Froot%2Fusr%2Flib%2Fnode_modules%2Fnpm%2Fbin HTTP/1.1" 200 86504 "-" "Mozilla/5.0 AppleWebKit/537.36 (KHTML, like Gecko; compatible; GPTBot/1.2; +https://openai.com/gptbot)"
20.171.207.141 - - [17/Jun/2025:23:25:04 +0800] "GET /?path=%2F%2Ftmp HTTP/1.1" 200 93212 "-" "Mozilla/5.0 AppleWebKit/537.36 (KHTML, like Gecko; compatible; GPTBot/1.2; +https://openai.com/gptbot)"
20.171.207.119 - - [17/Jun/2025:23:25:04 +0800] "GET /?action=edit&file=shrinkwrap.js&path=%2F%2Fopt%2Falt%2Falt-nodejs9%2Froot%2Fusr%2Flib%2Fnode_modules%2Fnpm%2Flib HTTP/1.1" 200 94841 "-" "Mozilla/5.0 AppleWebKit/537.36 (KHTML, like Gecko; compatible; GPTBot/1.2; +https://openai.com/gptbot)"
20.171.207.161 - - [17/Jun/2025:23:25:06 +0800] "GET /sitepages/topic/2?action=edit&file=17110087112974.jpg&path=%2F%2Fproc%2Fthread-self%2Fcwd%2Fuploads%2Ftopics HTTP/1.1" 200 428964 "-" "Mozilla/5.0 AppleWebKit/537.36 (KHTML, like Gecko; compatible; GPTBot/1.2; +https://openai.com/gptbot)"
20.171.207.119 - - [17/Jun/2025:23:25:11 +0800] "GET /?action=edit&file=shrinkwrap.js&path=%2F%2Fopt%2Falt%2Falt-nodejs6%2Froot%2Fusr%2Flib%2Fnode_modules%2Fnpm%2Flib HTTP/1.1" 200 93584 "-" "Mozilla/5.0 AppleWebKit/537.36 (KHTML, like Gecko; compatible; GPTBot/1.2; +https://openai.com/gptbot)"
20.171.207.141 - - [17/Jun/2025:23:25:11 +0800] "GET /?path=%2F%2Fetc HTTP/1.1" 200 105217 "-" "Mozilla/5.0 AppleWebKit/537.36 (KHTML, like Gecko; compatible; GPTBot/1.2; +https://openai.com/gptbot)"
20.171.207.161 - - [17/Jun/2025:23:25:12 +0800] "GET /?path=%2F HTTP/1.1" 200 89325 "-" "Mozilla/5.0 AppleWebKit/537.36 (KHTML, like Gecko; compatible; GPTBot/1.2; +https://openai.com/gptbot)"
66.249.79.165 - - [17/Jun/2025:23:25:13 +0800] "GET /?shopdetail/5812165 HTTP/1.1" 200 91189 "-" "Mozilla/5.0 (Linux; Android 6.0.1; Nexus 5X Build/MMB29P) AppleWebKit/537.36 (KHTML, like Gecko) Chrome/136.0.7103.113 Mobile Safari/537.36 (compatible; Googlebot/2.1; +http://www.google.com/bot.html)"
20.171.207.161 - - [17/Jun/2025:23:25:16 +0800] "GET /?action=edit&file=mix-manifest.json&path=%2Fhome%2Fzuuttrav%2Fpublic_html HTTP/1.1" 200 86188 "-" "Mozilla/5.0 AppleWebKit/537.36 (KHTML, like Gecko; compatible; GPTBot/1.2; +https://openai.com/gptbot)"
20.171.207.119 - - [17/Jun/2025:23:25:17 +0800] "GET /?action=edit&file=shrinkwrap.js&path=%2F%2Fopt%2Falt%2Falt-nodejs8%2Froot%2Fusr%2Flib%2Fnode_modules%2Fnpm%2Flib HTTP/1.1" 200 97158 "-" "Mozilla/5.0 AppleWebKit/537.36 (KHTML, like Gecko; compatible; GPTBot/1.2; +https://openai.com/gptbot)"
20.171.207.119 - - [17/Jun/2025:23:25:23 +0800] "GET /?action=edit&file=substack.js&path=%2F%2Fopt%2Falt%2Falt-nodejs9%2Froot%2Fusr%2Flib%2Fnode_modules%2Fnpm%2Flib HTTP/1.1" 200 86871 "-" "Mozilla/5.0 AppleWebKit/537.36 (KHTML, like Gecko; compatible; GPTBot/1.2; +https://openai.com/gptbot)"
20.171.207.161 - - [17/Jun/2025:23:25:26 +0800] "GET /?path=%2Fhome HTTP/1.1" 200 86623 "-" "Mozilla/5.0 AppleWebKit/537.36 (KHTML, like Gecko; compatible; GPTBot/1.2; +https://openai.com/gptbot)"
20.171.207.141 - - [17/Jun/2025:23:25:27 +0800] "GET /?path=%2F%2Fusr HTTP/1.1" 200 88036 "-" "Mozilla/5.0 AppleWebKit/537.36 (KHTML, like Gecko; compatible; GPTBot/1.2; +https://openai.com/gptbot)"
20.171.207.119 - - [17/Jun/2025:23:25:28 +0800] "GET /?action=edit&file=substack.js&path=%2F%2Fopt%2Falt%2Falt-nodejs8%2Froot%2Fusr%2Flib%2Fnode_modules%2Fnpm%2Flib HTTP/1.1" 200 86879 "-" "Mozilla/5.0 AppleWebKit/537.36 (KHTML, like Gecko; compatible; GPTBot/1.2; +https://openai.com/gptbot)"
20.171.207.141 - - [17/Jun/2025:23:25:32 +0800] "GET /?action=edit&file=ioports&path=%2F%2Fproc HTTP/1.1" 200 85332 "-" "Mozilla/5.0 AppleWebKit/537.36 (KHTML, like Gecko; compatible; GPTBot/1.2; +https://openai.com/gptbot)"
20.171.207.161 - - [17/Jun/2025:23:25:33 +0800] "GET /?path=%2Fhome%2Fzuuttrav%2Fpublic_html%2F.well-known HTTP/1.1" 200 87521 "-" "Mozilla/5.0 AppleWebKit/537.36 (KHTML, like Gecko; compatible; GPTBot/1.2; +https://openai.com/gptbot)"
20.171.207.119 - - [17/Jun/2025:23:25:37 +0800] "GET /?action=edit&file=substack.js&path=%2F%2Fopt%2Falt%2Falt-nodejs6%2Froot%2Fusr%2Flib%2Fnode_modules%2Fnpm%2Flib HTTP/1.1" 200 86887 "-" "Mozilla/5.0 AppleWebKit/537.36 (KHTML, like Gecko; compatible; GPTBot/1.2; +https://openai.com/gptbot)"
20.171.207.119 - - [17/Jun/2025:23:25:39 +0800] "GET /?action=edit&file=help-search.js&path=%2F%2Fopt%2Falt%2Falt-nodejs9%2Froot%2Fusr%2Flib%2Fnode_modules%2Fnpm%2Flib HTTP/1.1" 200 92606 "-" "Mozilla/5.0 AppleWebKit/537.36 (KHTML, like Gecko; compatible; GPTBot/1.2; +https://openai.com/gptbot)"
20.171.207.141 - - [17/Jun/2025:23:25:42 +0800] "GET /?path=%2F%2Fbin HTTP/1.1" 200 224749 "-" "Mozilla/5.0 AppleWebKit/537.36 (KHTML, like Gecko; compatible; GPTBot/1.2; +https://openai.com/gptbot)"
20.171.207.161 - - [17/Jun/2025:23:25:45 +0800] "GET /sitepages/topic/2?action=edit&file=17092730212766.jpg&path=%2F%2Fproc%2Fthread-self%2Fcwd%2Fuploads%2Ftopics HTTP/1.1" 200 2958941 "-" "Mozilla/5.0 AppleWebKit/537.36 (KHTML, like Gecko; compatible; GPTBot/1.2; +https://openai.com/gptbot)"
20.171.207.119 - - [17/Jun/2025:23:25:46 +0800] "GET /?action=edit&file=help-search.js&path=%2F%2Fopt%2Falt%2Falt-nodejs8%2Froot%2Fusr%2Flib%2Fnode_modules%2Fnpm%2Flib HTTP/1.1" 200 92596 "-" "Mozilla/5.0 AppleWebKit/537.36 (KHTML, like Gecko; compatible; GPTBot/1.2; +https://openai.com/gptbot)"
20.171.207.161 - - [17/Jun/2025:23:25:52 +0800] "GET /sitepages/topic/2?action=edit&file=17092810118323.jpg&path=%2F%2Fproc%2Fthread-self%2Fcwd%2Fuploads%2Ftopics HTTP/1.1" 200 148253 "-" "Mozilla/5.0 AppleWebKit/537.36 (KHTML, like Gecko; compatible; GPTBot/1.2; +https://openai.com/gptbot)"
20.171.207.119 - - [17/Jun/2025:23:25:52 +0800] "GET /?action=edit&file=help-search.js&path=%2F%2Fopt%2Falt%2Falt-nodejs6%2Froot%2Fusr%2Flib%2Fnode_modules%2Fnpm%2Flib HTTP/1.1" 200 92598 "-" "Mozilla/5.0 AppleWebKit/537.36 (KHTML, like Gecko; compatible; GPTBot/1.2; +https://openai.com/gptbot)"
20.171.207.141 - - [17/Jun/2025:23:25:54 +0800] "GET /?path=%2F%2Fsbin HTTP/1.1" 200 99463 "-" "Mozilla/5.0 AppleWebKit/537.36 (KHTML, like Gecko; compatible; GPTBot/1.2; +https://openai.com/gptbot)"
20.171.207.141 - - [17/Jun/2025:23:25:55 +0800] "GET /?path=%2F%2Flib HTTP/1.1" 200 96809 "-" "Mozilla/5.0 AppleWebKit/537.36 (KHTML, like Gecko; compatible; GPTBot/1.2; +https://openai.com/gptbot)"
20.171.207.119 - - [17/Jun/2025:23:25:58 +0800] "GET /?action=edit&file=LICENSE&path=%2F%2Fopt%2Falt%2Falt-nodejs6%2Froot%2Fusr%2Flib%2Fnode_modules%2Fnpm%2Fhtml HTTP/1.1" 200 147754 "-" "Mozilla/5.0 AppleWebKit/537.36 (KHTML, like Gecko; compatible; GPTBot/1.2; +https://openai.com/gptbot)"
20.171.207.161 - - [17/Jun/2025:23:26:00 +0800] "GET /sitepages/topic/2?action=edit&file=17085812044012.jpg&path=%2F%2Fproc%2Fthread-self%2Fcwd%2Fuploads%2Ftopics HTTP/1.1" 200 1421628 "-" "Mozilla/5.0 AppleWebKit/537.36 (KHTML, like Gecko; compatible; GPTBot/1.2; +https://openai.com/gptbot)"
20.171.207.141 - - [17/Jun/2025:23:26:03 +0800] "GET /?path=%2F%2Flib64 HTTP/1.1" 200 532066 "-" "Mozilla/5.0 AppleWebKit/537.36 (KHTML, like Gecko; compatible; GPTBot/1.2; +https://openai.com/gptbot)"
20.171.207.119 - - [17/Jun/2025:23:26:04 +0800] "GET /?action=edit&file=README.md&path=%2F%2Fopt%2Falt%2Falt-nodejs9%2Froot%2Fusr%2Flib%2Fnode_modules%2Fnpm%2Fhtml HTTP/1.1" 200 115593 "-" "Mozilla/5.0 AppleWebKit/537.36 (KHTML, like Gecko; compatible; GPTBot/1.2; +https://openai.com/gptbot)"
20.171.207.119 - - [17/Jun/2025:23:26:07 +0800] "GET /?action=edit&file=LICENSE&path=%2F%2Fopt%2Falt%2Falt-nodejs9%2Froot%2Fusr%2Flib%2Fnode_modules%2Fnpm%2Fhtml HTTP/1.1" 200 149613 "-" "Mozilla/5.0 AppleWebKit/537.36 (KHTML, like Gecko; compatible; GPTBot/1.2; +https://openai.com/gptbot)"
20.171.207.141 - - [17/Jun/2025:23:26:09 +0800] "GET /?path=%2Fhome%2Fzuuttrav%2Fpublic_html%2Fuploads%2Fpattern HTTP/1.1" 200 94286 "-" "Mozilla/5.0 AppleWebKit/537.36 (KHTML, like Gecko; compatible; GPTBot/1.2; +https://openai.com/gptbot)"
20.171.207.119 - - [17/Jun/2025:23:26:11 +0800] "GET /?action=edit&file=README.md&path=%2F%2Fopt%2Falt%2Falt-nodejs6%2Froot%2Fusr%2Flib%2Fnode_modules%2Fnpm%2Fhtml HTTP/1.1" 200 115325 "-" "Mozilla/5.0 AppleWebKit/537.36 (KHTML, like Gecko; compatible; GPTBot/1.2; +https://openai.com/gptbot)"
20.171.207.141 - - [17/Jun/2025:23:26:14 +0800] "GET /?path=%2F%2Fopt%2Fcloudlinux-site-optimization-module HTTP/1.1" 200 87615 "-" "Mozilla/5.0 AppleWebKit/537.36 (KHTML, like Gecko; compatible; GPTBot/1.2; +https://openai.com/gptbot)"
20.171.207.119 - - [17/Jun/2025:23:26:14 +0800] "GET /?action=edit&file=CHANGELOG.md&path=%2F%2Fopt%2Falt%2Falt-nodejs9%2Froot%2Fusr%2Flib%2Fnode_modules%2Fnpm%2Fhtml HTTP/1.1" 200 150608 "-" "Mozilla/5.0 AppleWebKit/537.36 (KHTML, like Gecko; compatible; GPTBot/1.2; +https://openai.com/gptbot)"
20.171.207.161 - - [17/Jun/2025:23:26:15 +0800] "GET /sitepages/topic/2?action=edit&file=16983246252285.jpg&path=%2F%2Fproc%2Fthread-self%2Fcwd%2Fuploads%2Ftopics HTTP/1.1" 200 198272 "-" "Mozilla/5.0 AppleWebKit/537.36 (KHTML, like Gecko; compatible; GPTBot/1.2; +https://openai.com/gptbot)"
20.171.207.161 - - [17/Jun/2025:23:26:23 +0800] "GET /sitepages/topic/2?action=edit&file=17092761616265.jpg&path=%2F%2Fproc%2Fthread-self%2Fcwd%2Fuploads%2Ftopics HTTP/1.1" 200 872971 "-" "Mozilla/5.0 AppleWebKit/537.36 (KHTML, like Gecko; compatible; GPTBot/1.2; +https://openai.com/gptbot)"
20.171.207.119 - - [17/Jun/2025:23:26:23 +0800] "GET /?action=edit&file=CHANGELOG.md&path=%2F%2Fopt%2Falt%2Falt-nodejs6%2Froot%2Fusr%2Flib%2Fnode_modules%2Fnpm%2Fhtml HTTP/1.1" 200 155045 "-" "Mozilla/5.0 AppleWebKit/537.36 (KHTML, like Gecko; compatible; GPTBot/1.2; +https://openai.com/gptbot)"
20.171.207.141 - - [17/Jun/2025:23:26:24 +0800] "GET /?path=%2Fhome%2Fzuuttrav%2Fpublic_html%2Fassets%2Fdashboard HTTP/1.1" 200 87519 "-" "Mozilla/5.0 AppleWebKit/537.36 (KHTML, like Gecko; compatible; GPTBot/1.2; +https://openai.com/gptbot)"
20.171.207.119 - - [17/Jun/2025:23:26:25 +0800] "GET /?action=edit&file=AUTHORS&path=%2F%2Fopt%2Falt%2Falt-nodejs6%2Froot%2Fusr%2Flib%2Fnode_modules%2Fnpm%2Fhtml HTTP/1.1" 200 176379 "-" "Mozilla/5.0 AppleWebKit/537.36 (KHTML, like Gecko; compatible; GPTBot/1.2; +https://openai.com/gptbot)"
20.171.207.141 - - [17/Jun/2025:23:26:25 +0800] "GET /?path=%2Fhome%2Fzuuttrav%2Fpublic_html%2Fassets%2Finstaller HTTP/1.1" 200 87259 "-" "Mozilla/5.0 AppleWebKit/537.36 (KHTML, like Gecko; compatible; GPTBot/1.2; +https://openai.com/gptbot)"
20.171.207.161 - - [17/Jun/2025:23:26:32 +0800] "GET /sitepages/topic/2?action=edit&file=17090045229794.jpg&path=%2F%2Fproc%2Fthread-self%2Fcwd%2Fuploads%2Ftopics HTTP/1.1" 200 153384 "-" "Mozilla/5.0 AppleWebKit/537.36 (KHTML, like Gecko; compatible; GPTBot/1.2; +https://openai.com/gptbot)"
20.171.207.141 - - [17/Jun/2025:23:26:37 +0800] "GET /?path=%2Fhome%2Fzuuttrav%2Fpublic_html%2Fuploads%2Fcontacts HTTP/1.1" 200 87389 "-" "Mozilla/5.0 AppleWebKit/537.36 (KHTML, like Gecko; compatible; GPTBot/1.2; +https://openai.com/gptbot)"
20.171.207.119 - - [17/Jun/2025:23:26:37 +0800] "GET /?action=edit&file=AUTHORS&path=%2F%2Fopt%2Falt%2Falt-nodejs8%2Froot%2Fusr%2Flib%2Fnode_modules%2Fnpm%2Fhtml HTTP/1.1" 200 176387 "-" "Mozilla/5.0 AppleWebKit/537.36 (KHTML, like Gecko; compatible; GPTBot/1.2; +https://openai.com/gptbot)"
20.171.207.119 - - [17/Jun/2025:23:26:43 +0800] "GET /?action=edit&file=LICENSE&path=%2F%2Fopt%2Falt%2Falt-nodejs8%2Froot%2Fusr%2Flib%2Fnode_modules%2Fnpm%2Fhtml HTTP/1.1" 200 146581 "-" "Mozilla/5.0 AppleWebKit/537.36 (KHTML, like Gecko; compatible; GPTBot/1.2; +https://openai.com/gptbot)"
20.171.207.141 - - [17/Jun/2025:23:26:44 +0800] "GET /?action=edit&file=inputrc&path=%2F%2Fetc HTTP/1.1" 200 86598 "-" "Mozilla/5.0 AppleWebKit/537.36 (KHTML, like Gecko; compatible; GPTBot/1.2; +https://openai.com/gptbot)"
20.171.207.161 - - [17/Jun/2025:23:26:44 +0800] "GET /sitepages/topic/2?action=edit&file=17084822706271.jpg&path=%2F%2Fproc%2Fthread-self%2Fcwd%2Fuploads%2Ftopics HTTP/1.1" 200 3745461 "-" "Mozilla/5.0 AppleWebKit/537.36 (KHTML, like Gecko; compatible; GPTBot/1.2; +https://openai.com/gptbot)"
20.171.207.119 - - [17/Jun/2025:23:26:50 +0800] "GET /?action=edit&file=README.md&path=%2F%2Fopt%2Falt%2Falt-nodejs8%2Froot%2Fusr%2Flib%2Fnode_modules%2Fnpm%2Fhtml HTTP/1.1" 200 115350 "-" "Mozilla/5.0 AppleWebKit/537.36 (KHTML, like Gecko; compatible; GPTBot/1.2; +https://openai.com/gptbot)"
20.171.207.141 - - [17/Jun/2025:23:26:50 +0800] "GET /?action=edit&file=profile&path=%2F%2Fetc HTTP/1.1" 200 88274 "-" "Mozilla/5.0 AppleWebKit/537.36 (KHTML, like Gecko; compatible; GPTBot/1.2; +https://openai.com/gptbot)"
20.171.207.161 - - [17/Jun/2025:23:26:52 +0800] "GET /?path=%2F%2Fhome HTTP/1.1" 200 86623 "-" "Mozilla/5.0 AppleWebKit/537.36 (KHTML, like Gecko; compatible; GPTBot/1.2; +https://openai.com/gptbot)"
20.171.207.119 - - [17/Jun/2025:23:26:57 +0800] "GET /?action=edit&file=CHANGELOG.md&path=%2F%2Fopt%2Falt%2Falt-nodejs8%2Froot%2Fusr%2Flib%2Fnode_modules%2Fnpm%2Fhtml HTTP/1.1" 200 151430 "-" "Mozilla/5.0 AppleWebKit/537.36 (KHTML, like Gecko; compatible; GPTBot/1.2; +https://openai.com/gptbot)"
20.171.207.161 - - [17/Jun/2025:23:26:58 +0800] "GET /?path=%2F%2Froot HTTP/1.1" 200 86408 "-" "Mozilla/5.0 AppleWebKit/537.36 (KHTML, like Gecko; compatible; GPTBot/1.2; +https://openai.com/gptbot)"
20.171.207.141 - - [17/Jun/2025:23:26:58 +0800] "GET /?path=%2Fhome%2Fzuuttrav%2Fpublic_html%2Fassets%2Ftranslation HTTP/1.1" 200 87358 "-" "Mozilla/5.0 AppleWebKit/537.36 (KHTML, like Gecko; compatible; GPTBot/1.2; +https://openai.com/gptbot)"
20.171.207.119 - - [17/Jun/2025:23:26:59 +0800] "GET /?action=edit&file=GOVERNANCE.md&path=%2F%2Fopt%2Falt%2Falt-nodejs8%2Froot%2Fusr%2Flib%2Fnode_modules%2Fnpm%2Fhtml HTTP/1.1" 200 92122 "-" "Mozilla/5.0 AppleWebKit/537.36 (KHTML, like Gecko; compatible; GPTBot/1.2; +https://openai.com/gptbot)"
20.171.207.141 - - [17/Jun/2025:23:26:59 +0800] "GET /?path=%2Fhome%2Fzuuttrav%2Fpublic_html%2Fuploads%2Fsections HTTP/1.1" 200 87054 "-" "Mozilla/5.0 AppleWebKit/537.36 (KHTML, like Gecko; compatible; GPTBot/1.2; +https://openai.com/gptbot)"
20.171.207.161 - - [17/Jun/2025:23:27:09 +0800] "GET /?path=%2F%2Fproc HTTP/1.1" 200 104946 "-" "Mozilla/5.0 AppleWebKit/537.36 (KHTML, like Gecko; compatible; GPTBot/1.2; +https://openai.com/gptbot)"
20.171.207.119 - - [17/Jun/2025:23:27:11 +0800] "GET /?action=edit&file=GOVERNANCE.md&path=%2F%2Fopt%2Falt%2Falt-nodejs9%2Froot%2Fusr%2Flib%2Fnode_modules%2Fnpm%2Fhtml HTTP/1.1" 200 94924 "-" "Mozilla/5.0 AppleWebKit/537.36 (KHTML, like Gecko; compatible; GPTBot/1.2; +https://openai.com/gptbot)"
20.171.207.141 - - [17/Jun/2025:23:27:11 +0800] "GET /?action=edit&file=at&path=%2F%2Fbin HTTP/1.1" 200 86675 "-" "Mozilla/5.0 AppleWebKit/537.36 (KHTML, like Gecko; compatible; GPTBot/1.2; +https://openai.com/gptbot)"
20.171.207.119 - - [17/Jun/2025:23:27:18 +0800] "GET /?action=edit&file=fetch-package-metadata.js&path=%2F%2Fopt%2Falt%2Falt-nodejs9%2Froot%2Fusr%2Flib%2Fnode_modules%2Fnpm%2Flib HTTP/1.1" 200 90649 "-" "Mozilla/5.0 AppleWebKit/537.36 (KHTML, like Gecko; compatible; GPTBot/1.2; +https://openai.com/gptbot)"
20.171.207.141 - - [17/Jun/2025:23:27:18 +0800] "GET /?action=edit&file=od&path=%2F%2Fbin HTTP/1.1" 200 200193 "-" "Mozilla/5.0 AppleWebKit/537.36 (KHTML, like Gecko; compatible; GPTBot/1.2; +https://openai.com/gptbot)"
20.171.207.161 - - [17/Jun/2025:23:27:19 +0800] "GET /?path=%2F%2Frun HTTP/1.1" 200 86828 "-" "Mozilla/5.0 AppleWebKit/537.36 (KHTML, like Gecko; compatible; GPTBot/1.2; +https://openai.com/gptbot)"
20.171.207.119 - - [17/Jun/2025:23:27:25 +0800] "GET /?action=edit&file=fetch-package-metadata.md&path=%2F%2Fopt%2Falt%2Falt-nodejs9%2Froot%2Fusr%2Flib%2Fnode_modules%2Fnpm%2Flib HTTP/1.1" 200 88122 "-" "Mozilla/5.0 AppleWebKit/537.36 (KHTML, like Gecko; compatible; GPTBot/1.2; +https://openai.com/gptbot)"
20.171.207.119 - - [17/Jun/2025:23:27:26 +0800] "GET /?action=edit&file=fetch-package-metadata.md&path=%2F%2Fopt%2Falt%2Falt-nodejs6%2Froot%2Fusr%2Flib%2Fnode_modules%2Fnpm%2Flib HTTP/1.1" 200 88135 "-" "Mozilla/5.0 AppleWebKit/537.36 (KHTML, like Gecko; compatible; GPTBot/1.2; +https://openai.com/gptbot)"
20.171.207.141 - - [17/Jun/2025:23:27:27 +0800] "GET /?action=edit&file=g%2B%2B&path=%2F%2Fbin HTTP/1.1" 200 1944542 "-" "Mozilla/5.0 AppleWebKit/537.36 (KHTML, like Gecko; compatible; GPTBot/1.2; +https://openai.com/gptbot)"
20.171.207.161 - - [17/Jun/2025:23:27:32 +0800] "GET /?path=%2F%2Fvar HTTP/1.1" 200 89267 "-" "Mozilla/5.0 AppleWebKit/537.36 (KHTML, like Gecko; compatible; GPTBot/1.2; +https://openai.com/gptbot)"
20.171.207.141 - - [17/Jun/2025:23:27:34 +0800] "GET /?action=edit&file=p12.png&path=%2Fhome%2Fzuuttrav%2Fpublic_html%2Fuploads%2Fpattern HTTP/1.1" 200 106966 "-" "Mozilla/5.0 AppleWebKit/537.36 (KHTML, like Gecko; compatible; GPTBot/1.2; +https://openai.com/gptbot)"
20.171.207.119 - - [17/Jun/2025:23:27:38 +0800] "GET /?action=edit&file=fetch-package-metadata.js&path=%2F%2Fopt%2Falt%2Falt-nodejs8%2Froot%2Fusr%2Flib%2Fnode_modules%2Fnpm%2Flib HTTP/1.1" 200 90683 "-" "Mozilla/5.0 AppleWebKit/537.36 (KHTML, like Gecko; compatible; GPTBot/1.2; +https://openai.com/gptbot)"
20.171.207.161 - - [17/Jun/2025:23:27:40 +0800] "GET /?path=%2F%2Fopt HTTP/1.1" 200 89201 "-" "Mozilla/5.0 AppleWebKit/537.36 (KHTML, like Gecko; compatible; GPTBot/1.2; +https://openai.com/gptbot)"
20.171.207.141 - - [17/Jun/2025:23:27:41 +0800] "GET /?action=edit&file=libssl.so&path=%2F%2Flib64 HTTP/1.1" 200 1005717 "-" "Mozilla/5.0 AppleWebKit/537.36 (KHTML, like Gecko; compatible; GPTBot/1.2; +https://openai.com/gptbot)"
20.171.207.161 - - [17/Jun/2025:23:27:42 +0800] "GET /?path=%2F%2Fetc HTTP/1.1" 200 105805 "-" "Mozilla/5.0 AppleWebKit/537.36 (KHTML, like Gecko; compatible; GPTBot/1.2; +https://openai.com/gptbot)"
114.119.133.103 - - [17/Jun/2025:23:27:44 +0800] "GET /services/topic/111?action=edit&file=17084920344596.jpg&path=/home/zuuttrav/public_html/uploads/topics HTTP/1.1" 200 737096 "https://zuuttravel.com/services/topic/111?path=/home/zuuttrav/public_html/uploads/topics" "Mozilla/5.0 (Linux; Android 7.0;) AppleWebKit/537.36 (KHTML, like Gecko) Mobile Safari/537.36 (compatible; PetalBot;+https://webmaster.petalsearch.com/site/petalbot)"
20.171.207.119 - - [17/Jun/2025:23:27:45 +0800] "GET /?action=edit&file=fetch-package-metadata.md&path=%2F%2Fopt%2Falt%2Falt-nodejs8%2Froot%2Fusr%2Flib%2Fnode_modules%2Fnpm%2Flib HTTP/1.1" 200 88116 "-" "Mozilla/5.0 AppleWebKit/537.36 (KHTML, like Gecko; compatible; GPTBot/1.2; +https://openai.com/gptbot)"
20.171.207.141 - - [17/Jun/2025:23:27:49 +0800] "GET /?action=edit&file=libodbcinst.so.2.0.0&path=%2F%2Flib64 HTTP/1.1" 200 253683 "-" "Mozilla/5.0 AppleWebKit/537.36 (KHTML, like Gecko; compatible; GPTBot/1.2; +https://openai.com/gptbot)"
20.171.207.141 - - [17/Jun/2025:23:27:51 +0800] "GET /?action=edit&file=libxcb.so&path=%2F%2Flib64 HTTP/1.1" 200 389886 "-" "Mozilla/5.0 AppleWebKit/537.36 (KHTML, like Gecko; compatible; GPTBot/1.2; +https://openai.com/gptbot)"
20.171.207.119 - - [17/Jun/2025:23:27:52 +0800] "GET /?action=edit&file=fetch-package-metadata.js&path=%2F%2Fopt%2Falt%2Falt-nodejs6%2Froot%2Fusr%2Flib%2Fnode_modules%2Fnpm%2Flib HTTP/1.1" 200 99291 "-" "Mozilla/5.0 AppleWebKit/537.36 (KHTML, like Gecko; compatible; GPTBot/1.2; +https://openai.com/gptbot)"
20.171.207.119 - - [17/Jun/2025:23:27:54 +0800] "GET /?action=edit&file=search.js&path=%2F%2Fopt%2Falt%2Falt-nodejs6%2Froot%2Fusr%2Flib%2Fnode_modules%2Fnpm%2Flib HTTP/1.1" 200 94940 "-" "Mozilla/5.0 AppleWebKit/537.36 (KHTML, like Gecko; compatible; GPTBot/1.2; +https://openai.com/gptbot)"
20.171.207.161 - - [17/Jun/2025:23:27:55 +0800] "GET /?path=%2F%2Fdev HTTP/1.1" 200 92905 "-" "Mozilla/5.0 AppleWebKit/537.36 (KHTML, like Gecko; compatible; GPTBot/1.2; +https://openai.com/gptbot)"
20.171.207.141 - - [17/Jun/2025:23:27:58 +0800] "GET /?action=edit&file=liblve.so&path=%2F%2Flib64 HTTP/1.1" 200 292295 "-" "Mozilla/5.0 AppleWebKit/537.36 (KHTML, like Gecko; compatible; GPTBot/1.2; +https://openai.com/gptbot)"
20.171.207.161 - - [17/Jun/2025:23:28:02 +0800] "GET /?path=%2F%2Fbin HTTP/1.1" 200 225337 "-" "Mozilla/5.0 AppleWebKit/537.36 (KHTML, like Gecko; compatible; GPTBot/1.2; +https://openai.com/gptbot)"
20.171.207.161 - - [17/Jun/2025:23:28:04 +0800] "GET /?path=%2F%2Ftmp HTTP/1.1" 200 93800 "-" "Mozilla/5.0 AppleWebKit/537.36 (KHTML, like Gecko; compatible; GPTBot/1.2; +https://openai.com/gptbot)"
20.171.207.119 - - [17/Jun/2025:23:28:06 +0800] "GET /?action=edit&file=search.js&path=%2F%2Fopt%2Falt%2Falt-nodejs8%2Froot%2Fusr%2Flib%2Fnode_modules%2Fnpm%2Flib HTTP/1.1" 200 90246 "-" "Mozilla/5.0 AppleWebKit/537.36 (KHTML, like Gecko; compatible; GPTBot/1.2; +https://openai.com/gptbot)"
20.171.207.141 - - [17/Jun/2025:23:28:09 +0800] "GET /?action=edit&file=libgobject-2.0.so.0.5600.4&path=%2F%2Flib64 HTTP/1.1" 200 613780 "-" "Mozilla/5.0 AppleWebKit/537.36 (KHTML, like Gecko; compatible; GPTBot/1.2; +https://openai.com/gptbot)"
20.171.207.141 - - [17/Jun/2025:23:28:11 +0800] "GET /?path=%2F%2Flib64%2Fapache2 HTTP/1.1" 200 86115 "-" "Mozilla/5.0 AppleWebKit/537.36 (KHTML, like Gecko; compatible; GPTBot/1.2; +https://openai.com/gptbot)"
20.171.207.161 - - [17/Jun/2025:23:28:12 +0800] "GET /?path=%2F%2Fusr HTTP/1.1" 200 88632 "-" "Mozilla/5.0 AppleWebKit/537.36 (KHTML, like Gecko; compatible; GPTBot/1.2; +https://openai.com/gptbot)"
20.171.207.119 - - [17/Jun/2025:23:28:14 +0800] "GET /?action=edit&file=search.js&path=%2F%2Fopt%2Falt%2Falt-nodejs9%2Froot%2Fusr%2Flib%2Fnode_modules%2Fnpm%2Flib HTTP/1.1" 200 89988 "-" "Mozilla/5.0 AppleWebKit/537.36 (KHTML, like Gecko; compatible; GPTBot/1.2; +https://openai.com/gptbot)"
20.171.207.161 - - [17/Jun/2025:23:28:17 +0800] "GET /?path=%2F%2Froot HTTP/1.1" 200 86392 "-" "Mozilla/5.0 AppleWebKit/537.36 (KHTML, like Gecko; compatible; GPTBot/1.2; +https://openai.com/gptbot)"
66.249.79.165 - - [17/Jun/2025:23:28:18 +0800] "GET /?shopdetail/16900109 HTTP/1.1" 200 91206 "-" "Mozilla/5.0 (Linux; Android 6.0.1; Nexus 5X Build/MMB29P) AppleWebKit/537.36 (KHTML, like Gecko) Chrome/136.0.7103.113 Mobile Safari/537.36 (compatible; Googlebot/2.1; +http://www.google.com/bot.html)"
20.171.207.119 - - [17/Jun/2025:23:28:21 +0800] "GET /?action=edit&file=CONTRIBUTING.md&path=%2F%2Fopt%2Falt%2Falt-nodejs6%2Froot%2Fusr%2Flib%2Fnode_modules%2Fnpm%2Fhtml HTTP/1.1" 200 99426 "-" "Mozilla/5.0 AppleWebKit/537.36 (KHTML, like Gecko; compatible; GPTBot/1.2; +https://openai.com/gptbot)"
20.171.207.141 - - [17/Jun/2025:23:28:22 +0800] "GET /?action=edit&file=libxmlrpc_xmlparse.so.3.51&path=%2F%2Flib64 HTTP/1.1" 200 166785 "-" "Mozilla/5.0 AppleWebKit/537.36 (KHTML, like Gecko; compatible; GPTBot/1.2; +https://openai.com/gptbot)"
20.171.207.141 - - [17/Jun/2025:23:28:24 +0800] "GET /?action=edit&file=libqrencode.so.3&path=%2F%2Flib64 HTTP/1.1" 200 173865 "-" "Mozilla/5.0 AppleWebKit/537.36 (KHTML, like Gecko; compatible; GPTBot/1.2; +https://openai.com/gptbot)"
20.171.207.161 - - [17/Jun/2025:23:28:24 +0800] "GET /?path=%2F%2Flib HTTP/1.1" 200 97413 "-" "Mozilla/5.0 AppleWebKit/537.36 (KHTML, like Gecko; compatible; GPTBot/1.2; +https://openai.com/gptbot)"
20.171.207.161 - - [17/Jun/2025:23:28:27 +0800] "GET /?path=%2F%2Fsbin HTTP/1.1" 200 100052 "-" "Mozilla/5.0 AppleWebKit/537.36 (KHTML, like Gecko; compatible; GPTBot/1.2; +https://openai.com/gptbot)"
20.171.207.119 - - [17/Jun/2025:23:28:27 +0800] "GET /?path=%2F%2Fopt%2Falt%2Falt-nodejs9%2Froot%2Fusr%2Flib%2Fnode_modules%2Fnpm%2Fman%2Fman2 HTTP/1.1" 200 87248 "-" "Mozilla/5.0 AppleWebKit/537.36 (KHTML, like Gecko; compatible; GPTBot/1.2; +https://openai.com/gptbot)"
20.171.207.119 - - [17/Jun/2025:23:28:30 +0800] "GET /?path=%2F%2Fopt%2Falt%2Falt-nodejs6%2Froot%2Fusr%2Flib%2Fnode_modules%2Fnpm%2Fman%2Fman2 HTTP/1.1" 200 87233 "-" "Mozilla/5.0 AppleWebKit/537.36 (KHTML, like Gecko; compatible; GPTBot/1.2; +https://openai.com/gptbot)"
66.249.79.166 - - [17/Jun/2025:23:28:31 +0800] "GET /?shopdetail/22301132 HTTP/1.1" 200 91190 "-" "Mozilla/5.0 (compatible; Googlebot/2.1; +http://www.google.com/bot.html)"
20.171.207.141 - - [17/Jun/2025:23:28:31 +0800] "GET /?action=edit&file=libpaper.so.1.1.2&path=%2F%2Flib64 HTTP/1.1" 200 107983 "-" "Mozilla/5.0 AppleWebKit/537.36 (KHTML, like Gecko; compatible; GPTBot/1.2; +https://openai.com/gptbot)"
20.171.207.119 - - [17/Jun/2025:23:28:36 +0800] "GET /?path=%2F%2Fopt%2Falt%2Falt-nodejs9%2Froot%2Fusr%2Flib%2Fnode_modules%2Fnpm%2Fman%2Fman7 HTTP/1.1" 200 91737 "-" "Mozilla/5.0 AppleWebKit/537.36 (KHTML, like Gecko; compatible; GPTBot/1.2; +https://openai.com/gptbot)"
20.171.207.161 - - [17/Jun/2025:23:28:36 +0800] "GET /?path=%2F%2Flib64 HTTP/1.1" 200 532724 "-" "Mozilla/5.0 AppleWebKit/537.36 (KHTML, like Gecko; compatible; GPTBot/1.2; +https://openai.com/gptbot)"
20.171.207.141 - - [17/Jun/2025:23:28:37 +0800] "GET /?action=edit&file=libhandle.so.1.0.3&path=%2F%2Flib64 HTTP/1.1" 200 106643 "-" "Mozilla/5.0 AppleWebKit/537.36 (KHTML, like Gecko; compatible; GPTBot/1.2; +https://openai.com/gptbot)"
20.171.207.161 - - [17/Jun/2025:23:28:40 +0800] "GET /?path=%2F%2Frun%2Fmotd.d HTTP/1.1" 200 86444 "-" "Mozilla/5.0 AppleWebKit/537.36 (KHTML, like Gecko; compatible; GPTBot/1.2; +https://openai.com/gptbot)"
20.171.207.161 - - [17/Jun/2025:23:28:45 +0800] "GET /sitepages/topic/2?action=edit&file=16983244926412.jpg&path=%2F%2Fproc%2Fthread-self%2Fcwd%2Fuploads%2Ftopics HTTP/1.1" 200 130906 "-" "Mozilla/5.0 AppleWebKit/537.36 (KHTML, like Gecko; compatible; GPTBot/1.2; +https://openai.com/gptbot)"
20.171.207.141 - - [17/Jun/2025:23:28:47 +0800] "GET /?action=edit&file=libldap-2.4.so.2.10.9&path=%2F%2Flib64 HTTP/1.1" 200 593416 "-" "Mozilla/5.0 AppleWebKit/537.36 (KHTML, like Gecko; compatible; GPTBot/1.2; +https://openai.com/gptbot)"
20.171.207.119 - - [17/Jun/2025:23:28:47 +0800] "GET /?path=%2F%2Fopt%2Falt%2Falt-nodejs8%2Froot%2Fusr%2Flib%2Fnode_modules%2Fnpm%2Fman%2Fman9 HTTP/1.1" 200 87248 "-" "Mozilla/5.0 AppleWebKit/537.36 (KHTML, like Gecko; compatible; GPTBot/1.2; +https://openai.com/gptbot)"
20.171.207.141 - - [17/Jun/2025:23:28:50 +0800] "GET /?action=edit&file=c%2B%2B&path=%2F%2Fbin HTTP/1.1" 200 1944572 "-" "Mozilla/5.0 AppleWebKit/537.36 (KHTML, like Gecko; compatible; GPTBot/1.2; +https://openai.com/gptbot)"
20.171.207.161 - - [17/Jun/2025:23:28:51 +0800] "GET /sitepages/topic/2?action=edit&file=16983244932121.jpg&path=%2F%2Fproc%2Fthread-self%2Fcwd%2Fuploads%2Ftopics HTTP/1.1" 200 190460 "-" "Mozilla/5.0 AppleWebKit/537.36 (KHTML, like Gecko; compatible; GPTBot/1.2; +https://openai.com/gptbot)"
20.171.207.119 - - [17/Jun/2025:23:28:55 +0800] "GET /?path=%2F%2Fopt%2Falt%2Falt-nodejs6%2Froot%2Fusr%2Flib%2Fnode_modules%2Fnpm%2Fman%2Fman4x HTTP/1.1" 200 87244 "-" "Mozilla/5.0 AppleWebKit/537.36 (KHTML, like Gecko; compatible; GPTBot/1.2; +https://openai.com/gptbot)"
20.171.207.141 - - [17/Jun/2025:23:28:56 +0800] "GET /?action=edit&file=libgif.so.7.0.0&path=%2F%2Flib64 HTTP/1.1" 200 147215 "-" "Mozilla/5.0 AppleWebKit/537.36 (KHTML, like Gecko; compatible; GPTBot/1.2; +https://openai.com/gptbot)"
20.171.207.119 - - [17/Jun/2025:23:28:57 +0800] "GET /?action=edit&file=fetch-package-metadata.js&path=%2F%2Fopt%2Falt%2Falt-nodejs6%2Froot%2Fusr%2Flib%2Fnode_modules%2Fnpm%2Flib HTTP/1.1" 200 99282 "-" "Mozilla/5.0 AppleWebKit/537.36 (KHTML, like Gecko; compatible; GPTBot/1.2; +https://openai.com/gptbot)"
20.171.207.161 - - [17/Jun/2025:23:29:01 +0800] "GET /?action=edit&file=profile&path=%2F%2Fetc HTTP/1.1" 200 88855 "-" "Mozilla/5.0 AppleWebKit/537.36 (KHTML, like Gecko; compatible; GPTBot/1.2; +https://openai.com/gptbot)"
20.171.207.141 - - [17/Jun/2025:23:29:03 +0800] "GET /?action=edit&file=net-snmp-create-v3-user&path=%2F%2Fbin HTTP/1.1" 200 89401 "-" "Mozilla/5.0 AppleWebKit/537.36 (KHTML, like Gecko; compatible; GPTBot/1.2; +https://openai.com/gptbot)"
20.171.207.161 - - [17/Jun/2025:23:29:04 +0800] "GET /?path=%2F%2Fopt%2Fcloudlinux-site-optimization-module HTTP/1.1" 200 88197 "-" "Mozilla/5.0 AppleWebKit/537.36 (KHTML, like Gecko; compatible; GPTBot/1.2; +https://openai.com/gptbot)"
20.171.207.119 - - [17/Jun/2025:23:29:04 +0800] "GET /?path=%2F%2Fopt%2Falt%2Falt-nodejs8%2Froot%2Fusr%2Flib%2Fnode_modules%2Fnpm%2Fman%2Fman7 HTTP/1.1" 200 90920 "-" "Mozilla/5.0 AppleWebKit/537.36 (KHTML, like Gecko; compatible; GPTBot/1.2; +https://openai.com/gptbot)"
20.171.207.161 - - [17/Jun/2025:23:29:11 +0800] "GET /?path=%2F%2Fetc%2Fmy.cnf.d HTTP/1.1" 403 91747 "-" "Mozilla/5.0 AppleWebKit/537.36 (KHTML, like Gecko; compatible; GPTBot/1.2; +https://openai.com/gptbot)"
20.171.207.119 - - [17/Jun/2025:23:29:12 +0800] "GET /?path=%2F%2Fopt%2Falt%2Falt-nodejs6%2Froot%2Fusr%2Flib%2Fnode_modules%2Fnpm%2Fman%2Fman9 HTTP/1.1" 200 87240 "-" "Mozilla/5.0 AppleWebKit/537.36 (KHTML, like Gecko; compatible; GPTBot/1.2; +https://openai.com/gptbot)"
20.171.207.141 - - [17/Jun/2025:23:29:12 +0800] "GET /?action=edit&file=libgsf-1.so.114&path=%2F%2Flib64 HTTP/1.1" 200 543433 "-" "Mozilla/5.0 AppleWebKit/537.36 (KHTML, like Gecko; compatible; GPTBot/1.2; +https://openai.com/gptbot)"
20.171.207.141 - - [17/Jun/2025:23:29:14 +0800] "GET /?action=edit&file=perl5.26.3&path=%2F%2Fbin HTTP/1.1" 200 100400 "-" "Mozilla/5.0 AppleWebKit/537.36 (KHTML, like Gecko; compatible; GPTBot/1.2; +https://openai.com/gptbot)"
20.171.207.119 - - [17/Jun/2025:23:29:21 +0800] "GET /?path=%2F%2Fopt%2Falt%2Falt-nodejs6%2Froot%2Fusr%2Flib%2Fnode_modules%2Fnpm%2Fman%2Fman7 HTTP/1.1" 200 91745 "-" "Mozilla/5.0 AppleWebKit/537.36 (KHTML, like Gecko; compatible; GPTBot/1.2; +https://openai.com/gptbot)"
20.171.207.119 - - [17/Jun/2025:23:29:23 +0800] "GET /?path=%2F%2Fopt%2Falt%2Falt-nodejs9%2Froot%2Fusr%2Flib%2Fnode_modules%2Fnpm%2Fman%2Fman1 HTTP/1.1" 200 111320 "-" "Mozilla/5.0 AppleWebKit/537.36 (KHTML, like Gecko; compatible; GPTBot/1.2; +https://openai.com/gptbot)"
