??
You're inside public_html, but wp-admin or wp-content was not found.
Savvy
W
olf -
MANAGER
Edit File: zuuttravel.com
216.73.216.92 - - [21/Jun/2025:20:13:21 +0800] "GET /?action=edit&file=fi-classic.map.gz&path=%2F%2Fproc%2F93277%2Froot%2Fusr%2Flib%2Fkbd%2Fkeymaps%2Fxkb HTTP/1.1" 200 97007 "-" "Mozilla/5.0 AppleWebKit/537.36 (KHTML, like Gecko; compatible; ClaudeBot/1.0; +claudebot@anthropic.com)"
216.73.216.92 - - [21/Jun/2025:20:13:28 +0800] "GET /?action=edit&file=63c2ba2f5e9915eecc71376d74684d6c5c246b&path=%2F%2Fproc%2F93277%2Froot%2Fusr%2Flib%2F.build-id%2Ff9 HTTP/1.1" 200 117538 "-" "Mozilla/5.0 AppleWebKit/537.36 (KHTML, like Gecko; compatible; ClaudeBot/1.0; +claudebot@anthropic.com)"
216.73.216.92 - - [21/Jun/2025:20:13:30 +0800] "GET /?action=edit&file=ee-us.map.gz&path=%2F%2Fproc%2F93277%2Froot%2Fusr%2Flib%2Fkbd%2Fkeymaps%2Fxkb HTTP/1.1" 200 94138 "-" "Mozilla/5.0 AppleWebKit/537.36 (KHTML, like Gecko; compatible; ClaudeBot/1.0; +claudebot@anthropic.com)"
216.73.216.92 - - [21/Jun/2025:20:13:32 +0800] "GET /?action=edit&file=be-oss.map.gz&path=%2F%2Fproc%2F93277%2Froot%2Fusr%2Flib%2Fkbd%2Fkeymaps%2Fxkb HTTP/1.1" 200 93657 "-" "Mozilla/5.0 AppleWebKit/537.36 (KHTML, like Gecko; compatible; ClaudeBot/1.0; +claudebot@anthropic.com)"
216.73.216.92 - - [21/Jun/2025:20:13:39 +0800] "GET /?action=edit&file=ca-multix.map.gz&path=%2F%2Fproc%2F93277%2Froot%2Fusr%2Flib%2Fkbd%2Fkeymaps%2Fxkb HTTP/1.1" 200 122574 "-" "Mozilla/5.0 AppleWebKit/537.36 (KHTML, like Gecko; compatible; ClaudeBot/1.0; +claudebot@anthropic.com)"
216.73.216.92 - - [21/Jun/2025:20:13:46 +0800] "GET /?action=edit&file=104f1def333375fd7aac6c0c0f2cb6b2af193f&path=%2F%2Fproc%2Fself%2Froot%2Fusr%2Flib%2F.build-id%2Ff7 HTTP/1.1" 200 119205 "-" "Mozilla/5.0 AppleWebKit/537.36 (KHTML, like Gecko; compatible; ClaudeBot/1.0; +claudebot@anthropic.com)"
216.73.216.92 - - [21/Jun/2025:20:13:53 +0800] "GET /?action=edit&file=libwebp.so.7.0.2&path=%2F%2Fproc%2F93277%2Froot%2Fproc%2Fthread-self%2Froot%2Flib64 HTTP/1.1" 200 820397 "-" "Mozilla/5.0 AppleWebKit/537.36 (KHTML, like Gecko; compatible; ClaudeBot/1.0; +claudebot@anthropic.com)"
216.73.216.92 - - [21/Jun/2025:20:13:55 +0800] "GET /?path=%2F%2Fproc%2Fself%2Froot%2Fproc%2F1651728%2Fcwd%2Fuploads%2Fpattern HTTP/1.1" 200 95272 "-" "Mozilla/5.0 AppleWebKit/537.36 (KHTML, like Gecko; compatible; ClaudeBot/1.0; +claudebot@anthropic.com)"
216.73.216.92 - - [21/Jun/2025:20:13:58 +0800] "GET /?action=edit&file=git-repack.1.gz&path=%2F%2Fproc%2Fself%2Froot%2Flib%2Fnode_modules%2Fnpm%2Fman%2Fman1 HTTP/1.1" 200 94483 "-" "Mozilla/5.0 AppleWebKit/537.36 (KHTML, like Gecko; compatible; ClaudeBot/1.0; +claudebot@anthropic.com)"
216.73.216.92 - - [21/Jun/2025:20:14:00 +0800] "GET /?action=edit&file=17085730096533.jpg&path=%2F%2Fproc%2F93277%2Froot%2Fhome%2Fzuuttrav%2Fpublic_html%2Fuploads%2Ftopics HTTP/1.1" 200 326115 "-" "Mozilla/5.0 AppleWebKit/537.36 (KHTML, like Gecko; compatible; ClaudeBot/1.0; +claudebot@anthropic.com)"
45.76.249.42 - - [21/Jun/2025:20:14:10 +0800] "GET /file-manager/ckeditor HTTP/1.1" 200 9902 "-" "Mozilla/5.0 (Windows NT 10.0; Win64; x64) AppleWebKit/537.36 (KHTML, like Gecko) Chrome/129.0.6668.71 Safari/537.36"
45.76.249.42 - - [21/Jun/2025:20:14:10 +0800] "GET /file-manager/ckeditor HTTP/1.1" 200 9895 "-" "Mozilla/5.0 (Windows NT 10.0; Win64; x64) AppleWebKit/537.36 (KHTML, like Gecko) Chrome/129.0.6668.71 Safari/537.36"
45.76.249.42 - - [21/Jun/2025:20:14:11 +0800] "POST /file-manager/create-file HTTP/1.1" 200 8249 "-" "Mozilla/5.0 (Windows NT 10.0; Win64; x64) AppleWebKit/537.36 (KHTML, like Gecko) Chrome/129.0.6668.71 Safari/537.36"
216.73.216.92 - - [21/Jun/2025:20:14:11 +0800] "GET /?action=edit&file=libgio-2.0.so.0.5600.4&path=%2F%2Fproc%2F93277%2Froot%2Fproc%2Fthread-self%2Froot%2Flib64 HTTP/1.1" 200 1833919 "-" "Mozilla/5.0 AppleWebKit/537.36 (KHTML, like Gecko; compatible; ClaudeBot/1.0; +claudebot@anthropic.com)"
45.76.249.42 - - [21/Jun/2025:20:14:11 +0800] "POST /file-manager/update-file HTTP/1.1" 200 8249 "-" "Mozilla/5.0 (Windows NT 10.0; Win64; x64) AppleWebKit/537.36 (KHTML, like Gecko) Chrome/129.0.6668.71 Safari/537.36"
216.73.216.92 - - [21/Jun/2025:20:14:13 +0800] "GET /?action=edit&file=Tell_City&path=%2F%2Fproc%2F93278%2Froot%2Fusr%2Fshare%2Fzoneinfo%2Fposix%2FAmerica%2FIndiana HTTP/1.1" 200 88674 "-" "Mozilla/5.0 AppleWebKit/537.36 (KHTML, like Gecko; compatible; ClaudeBot/1.0; +claudebot@anthropic.com)"
216.73.216.92 - - [21/Jun/2025:20:14:16 +0800] "GET /?action=edit&file=zipnote.1.gz&path=%2F%2Fproc%2Fself%2Froot%2Flib%2Fnode_modules%2Fnpm%2Fman%2Fman1 HTTP/1.1" 200 87508 "-" "Mozilla/5.0 AppleWebKit/537.36 (KHTML, like Gecko; compatible; ClaudeBot/1.0; +claudebot@anthropic.com)"
45.76.249.42 - - [21/Jun/2025:20:14:17 +0800] "POST /file-manager/create-file HTTP/1.1" 200 8249 "-" "Mozilla/5.0 (Windows NT 10.0; Win64; x64) AppleWebKit/537.36 (KHTML, like Gecko) Chrome/129.0.6668.71 Safari/537.36"
45.76.249.42 - - [21/Jun/2025:20:14:18 +0800] "POST /file-manager/update-file HTTP/1.1" 200 8249 "-" "Mozilla/5.0 (Windows NT 10.0; Win64; x64) AppleWebKit/537.36 (KHTML, like Gecko) Chrome/129.0.6668.71 Safari/537.36"
216.73.216.92 - - [21/Jun/2025:20:14:18 +0800] "GET /?action=edit&file=dnf.mo&path=%2F%2Fproc%2F93278%2Froot%2Fusr%2Fshare%2Flocale%2Fhe%2FLC_MESSAGES HTTP/1.1" 200 89499 "-" "Mozilla/5.0 AppleWebKit/537.36 (KHTML, like Gecko; compatible; ClaudeBot/1.0; +claudebot@anthropic.com)"
45.76.249.42 - - [21/Jun/2025:20:14:23 +0800] "POST /file-manager/create-file HTTP/1.1" 200 8249 "-" "Mozilla/5.0 (Windows NT 10.0; Win64; x64) AppleWebKit/537.36 (KHTML, like Gecko) Chrome/129.0.6668.71 Safari/537.36"
45.76.249.42 - - [21/Jun/2025:20:14:24 +0800] "POST /file-manager/update-file HTTP/1.1" 200 8249 "-" "Mozilla/5.0 (Windows NT 10.0; Win64; x64) AppleWebKit/537.36 (KHTML, like Gecko) Chrome/129.0.6668.71 Safari/537.36"
216.73.216.92 - - [21/Jun/2025:20:14:25 +0800] "GET /?action=edit&file=view.1.gz&path=%2F%2Fproc%2Fself%2Froot%2Flib%2Fnode_modules%2Fnpm%2Fman%2Fman1 HTTP/1.1" 200 85814 "-" "Mozilla/5.0 AppleWebKit/537.36 (KHTML, like Gecko; compatible; ClaudeBot/1.0; +claudebot@anthropic.com)"
45.76.249.42 - - [21/Jun/2025:20:14:25 +0800] "POST /file-manager/create-file HTTP/1.1" 200 8249 "-" "Mozilla/5.0 (Windows NT 10.0; Win64; x64) AppleWebKit/537.36 (KHTML, like Gecko) Chrome/129.0.6668.71 Safari/537.36"
45.76.249.42 - - [21/Jun/2025:20:14:26 +0800] "POST /file-manager/update-file HTTP/1.1" 200 8249 "-" "Mozilla/5.0 (Windows NT 10.0; Win64; x64) AppleWebKit/537.36 (KHTML, like Gecko) Chrome/129.0.6668.71 Safari/537.36"
216.73.216.92 - - [21/Jun/2025:20:14:27 +0800] "GET /?action=edit&file=eaaa593e02884663983e7b4a297b930696ecb6&path=%2F%2Fproc%2Fself%2Froot%2Fusr%2Flib%2F.build-id%2F5f HTTP/1.1" 200 100650 "-" "Mozilla/5.0 AppleWebKit/537.36 (KHTML, like Gecko; compatible; ClaudeBot/1.0; +claudebot@anthropic.com)"
45.76.249.42 - - [21/Jun/2025:20:14:31 +0800] "POST /file-manager/create-file HTTP/1.1" 200 8249 "-" "Mozilla/5.0 (Windows NT 10.0; Win64; x64) AppleWebKit/537.36 (KHTML, like Gecko) Chrome/129.0.6668.71 Safari/537.36"
45.76.249.42 - - [21/Jun/2025:20:14:32 +0800] "POST /file-manager/update-file HTTP/1.1" 200 8249 "-" "Mozilla/5.0 (Windows NT 10.0; Win64; x64) AppleWebKit/537.36 (KHTML, like Gecko) Chrome/129.0.6668.71 Safari/537.36"
45.76.249.42 - - [21/Jun/2025:20:14:33 +0800] "POST /file-manager/update-file HTTP/1.1" 200 8249 "-" "Mozilla/5.0 (Windows NT 10.0; Win64; x64) AppleWebKit/537.36 (KHTML, like Gecko) Chrome/129.0.6668.71 Safari/537.36"
45.76.249.42 - - [21/Jun/2025:20:14:34 +0800] "GET /uploads/media/main.php HTTP/1.1" 403 8574 "-" "Mozilla/5.0 (Windows NT 10.0; Win64; x64) AppleWebKit/537.36 (KHTML, like Gecko) Chrome/129.0.6668.71 Safari/537.36"
216.73.216.92 - - [21/Jun/2025:20:14:34 +0800] "GET /?action=edit&file=pbkdf2.mod&path=%2F%2Fproc%2Fself%2Froot%2Fusr%2Flib%2Fgrub%2Fi386-pc HTTP/1.1" 200 88168 "-" "Mozilla/5.0 AppleWebKit/537.36 (KHTML, like Gecko; compatible; ClaudeBot/1.0; +claudebot@anthropic.com)"
45.76.249.42 - - [21/Jun/2025:20:14:34 +0800] "GET /uploads/media/index.php HTTP/1.1" 200 70 "-" "Mozilla/5.0 (Windows NT 10.0; Win64; x64) AppleWebKit/537.36 (KHTML, like Gecko) Chrome/129.0.6668.71 Safari/537.36"
45.76.249.42 - - [21/Jun/2025:20:14:40 +0800] "GET /uploads/media/main.phtml HTTP/1.1" 200 8574 "-" "Mozilla/5.0 (Windows NT 10.0; Win64; x64) AppleWebKit/537.36 (KHTML, like Gecko) Chrome/129.0.6668.71 Safari/537.36"
216.73.216.92 - - [21/Jun/2025:20:14:41 +0800] "GET /?action=edit&file=libxt_TCPMSS.so&path=%2F%2Fproc%2F93277%2Froot%2Flib64%2Fxtables HTTP/1.1" 200 99958 "-" "Mozilla/5.0 AppleWebKit/537.36 (KHTML, like Gecko; compatible; ClaudeBot/1.0; +claudebot@anthropic.com)"
45.76.249.42 - - [21/Jun/2025:20:14:45 +0800] "GET /uploads/media/index.phtml HTTP/1.1" 200 8574 "-" "Mozilla/5.0 (Windows NT 10.0; Win64; x64) AppleWebKit/537.36 (KHTML, like Gecko) Chrome/129.0.6668.71 Safari/537.36"
216.73.216.92 - - [21/Jun/2025:20:14:48 +0800] "GET /?action=edit&file=lgroupmod.1.gz&path=%2F%2Flib%2Fnode_modules%2Fnpm%2Fman%2Fman1 HTTP/1.1" 200 88053 "-" "Mozilla/5.0 AppleWebKit/537.36 (KHTML, like Gecko; compatible; ClaudeBot/1.0; +claudebot@anthropic.com)"
216.73.216.92 - - [21/Jun/2025:20:14:55 +0800] "GET /?action=edit&file=17091959415857.jpg&path=%2F%2Fproc%2F93277%2Froot%2Fhome%2Fzuuttrav%2Fpublic_html%2Fuploads%2Ftopics HTTP/1.1" 200 603433 "-" "Mozilla/5.0 AppleWebKit/537.36 (KHTML, like Gecko; compatible; ClaudeBot/1.0; +claudebot@anthropic.com)"
216.73.216.92 - - [21/Jun/2025:20:14:58 +0800] "GET /?action=edit&file=mit-krb5.mo&path=%2F%2Fproc%2Fself%2Froot%2Fusr%2Fshare%2Flocale%2Fde%2FLC_MESSAGES HTTP/1.1" 200 298127 "-" "Mozilla/5.0 AppleWebKit/537.36 (KHTML, like Gecko; compatible; ClaudeBot/1.0; +claudebot@anthropic.com)"
216.73.216.92 - - [21/Jun/2025:20:15:00 +0800] "GET /?action=edit&file=Asuncion&path=%2F%2Fproc%2F93278%2Froot%2Fusr%2Fshare%2Fzoneinfo%2FAmerica HTTP/1.1" 200 88342 "-" "Mozilla/5.0 AppleWebKit/537.36 (KHTML, like Gecko; compatible; ClaudeBot/1.0; +claudebot@anthropic.com)"
216.73.216.92 - - [21/Jun/2025:20:15:07 +0800] "GET /?path=%2F%2Fproc%2F93278%2Froot%2Flib64%2Ftcl8.6%2FTix8.4.3%2Fpref HTTP/1.1" 200 98207 "-" "Mozilla/5.0 AppleWebKit/537.36 (KHTML, like Gecko; compatible; ClaudeBot/1.0; +claudebot@anthropic.com)"
216.73.216.92 - - [21/Jun/2025:20:15:15 +0800] "GET /?action=edit&file=b84887eafc19f28ff40f61c43eff126e477509&path=%2F%2Fproc%2Fself%2Froot%2Fusr%2Flib%2F.build-id%2Fbd HTTP/1.1" 200 147142 "-" "Mozilla/5.0 AppleWebKit/537.36 (KHTML, like Gecko; compatible; ClaudeBot/1.0; +claudebot@anthropic.com)"
216.73.216.92 - - [21/Jun/2025:20:15:17 +0800] "GET /?action=edit&file=libfipscheck.so.1&path=%2F%2Fproc%2F93277%2Froot%2Fproc%2Fthread-self%2Froot%2Flib64 HTTP/1.1" 200 101837 "-" "Mozilla/5.0 AppleWebKit/537.36 (KHTML, like Gecko; compatible; ClaudeBot/1.0; +claudebot@anthropic.com)"
216.73.216.92 - - [21/Jun/2025:20:15:24 +0800] "GET /?action=edit&file=i2p5ge-phy-pmb.bin&path=%2F%2Fproc%2Fself%2Froot%2Flib%2Ffirmware%2Fmediatek%2Fmt7988 HTTP/1.1" 200 275853 "-" "Mozilla/5.0 AppleWebKit/537.36 (KHTML, like Gecko; compatible; ClaudeBot/1.0; +claudebot@anthropic.com)"
216.73.216.92 - - [21/Jun/2025:20:15:31 +0800] "GET /?action=edit&file=libsecret.mo&path=%2F%2Fproc%2F93278%2Froot%2Fusr%2Fshare%2Flocale%2Fbg%2FLC_MESSAGES HTTP/1.1" 200 87656 "-" "Mozilla/5.0 AppleWebKit/537.36 (KHTML, like Gecko; compatible; ClaudeBot/1.0; +claudebot@anthropic.com)"
216.73.216.92 - - [21/Jun/2025:20:15:33 +0800] "GET /?action=edit&file=libgvplugin_gs.so.6&path=%2F%2Fproc%2F93277%2Froot%2Fproc%2Fthread-self%2Froot%2Flib64%2Fgraphviz HTTP/1.1" 200 105378 "-" "Mozilla/5.0 AppleWebKit/537.36 (KHTML, like Gecko; compatible; ClaudeBot/1.0; +claudebot@anthropic.com)"
216.73.216.92 - - [21/Jun/2025:20:15:40 +0800] "GET /?action=edit&file=libwmf-0.2.so.7.1.1&path=%2F%2Fproc%2F93277%2Froot%2Fproc%2Fthread-self%2Froot%2Flib64 HTTP/1.1" 200 566962 "-" "Mozilla/5.0 AppleWebKit/537.36 (KHTML, like Gecko; compatible; ClaudeBot/1.0; +claudebot@anthropic.com)"
216.73.216.92 - - [21/Jun/2025:20:15:42 +0800] "GET /?action=edit&file=LC_IDENTIFICATION&path=%2F%2Fproc%2Fself%2Froot%2Flib%2Flocale%2Fen_PH HTTP/1.1" 200 86450 "-" "Mozilla/5.0 AppleWebKit/537.36 (KHTML, like Gecko; compatible; ClaudeBot/1.0; +claudebot@anthropic.com)"
216.73.216.92 - - [21/Jun/2025:20:15:44 +0800] "GET /?action=edit&file=403.shtml&path=%2F%2Fproc%2Fself%2Froot%2Fproc%2Fself%2Froot%2Fvar%2Fwww%2Fhtml HTTP/1.1" 200 86258 "-" "Mozilla/5.0 AppleWebKit/537.36 (KHTML, like Gecko; compatible; ClaudeBot/1.0; +claudebot@anthropic.com)"
216.73.216.92 - - [21/Jun/2025:20:15:47 +0800] "GET /?action=edit&file=libauthselect.so.3&path=%2F%2Fproc%2F93277%2Froot%2Fproc%2Fthread-self%2Froot%2Flib64 HTTP/1.1" 200 218998 "-" "Mozilla/5.0 AppleWebKit/537.36 (KHTML, like Gecko; compatible; ClaudeBot/1.0; +claudebot@anthropic.com)"
54.221.203.24 - - [21/Jun/2025:20:15:47 +0800] "GET /blog?action=edit&file=app-version-detector-wrapper.sh&path=//opt/app-version-detector HTTP/1.1" 200 79646 "-" "Mozilla/5.0 AppleWebKit/537.36 (KHTML, like Gecko; compatible; Amazonbot/0.1; +https://developer.amazon.com/support/amazonbot) Chrome/119.0.6045.214 Safari/537.36"
216.73.216.92 - - [21/Jun/2025:20:15:50 +0800] "GET /?action=edit&file=Grenada&path=%2F%2Fproc%2F93278%2Froot%2Fusr%2Fshare%2Fzoneinfo%2FAmerica HTTP/1.1" 200 86348 "-" "Mozilla/5.0 AppleWebKit/537.36 (KHTML, like Gecko; compatible; ClaudeBot/1.0; +claudebot@anthropic.com)"
216.73.216.92 - - [21/Jun/2025:20:15:52 +0800] "GET /?action=edit&file=83c998a2489a950e99800e57b60197e45c2478&path=%2F%2Fproc%2Fself%2Froot%2Fusr%2Flib%2F.build-id%2F57 HTTP/1.1" 200 101795 "-" "Mozilla/5.0 AppleWebKit/537.36 (KHTML, like Gecko; compatible; ClaudeBot/1.0; +claudebot@anthropic.com)"
216.73.216.92 - - [21/Jun/2025:20:15:59 +0800] "GET /?action=edit&file=doveadm-altmove.1.gz&path=%2F%2Fproc%2Fself%2Froot%2Flib%2Fnode_modules%2Fnpm%2Fman%2Fman1 HTTP/1.1" 200 89383 "-" "Mozilla/5.0 AppleWebKit/537.36 (KHTML, like Gecko; compatible; ClaudeBot/1.0; +claudebot@anthropic.com)"
216.73.216.92 - - [21/Jun/2025:20:16:06 +0800] "GET /?action=edit&file=cracklib.mo&path=%2F%2Fproc%2F93278%2Froot%2Fusr%2Fshare%2Flocale%2Fnl%2FLC_MESSAGES HTTP/1.1" 200 88110 "-" "Mozilla/5.0 AppleWebKit/537.36 (KHTML, like Gecko; compatible; ClaudeBot/1.0; +claudebot@anthropic.com)"
3.210.223.61 - - [21/Jun/2025:20:16:12 +0800] "GET /services/topic/101?action=edit&file=rt1320-patch-code-vab.bin&path=//lib/firmware/realtek/rt1320 HTTP/1.1" 200 95888 "-" "Mozilla/5.0 AppleWebKit/537.36 (KHTML, like Gecko; compatible; Amazonbot/0.1; +https://developer.amazon.com/support/amazonbot) Chrome/119.0.6045.214 Safari/537.36"
216.73.216.92 - - [21/Jun/2025:20:16:13 +0800] "GET /?action=edit&file=glib20.mo&path=%2F%2Fproc%2F93278%2Froot%2Fusr%2Fshare%2Flocale%2Fwa%2FLC_MESSAGES HTTP/1.1" 200 93068 "-" "Mozilla/5.0 AppleWebKit/537.36 (KHTML, like Gecko; compatible; ClaudeBot/1.0; +claudebot@anthropic.com)"
216.73.216.92 - - [21/Jun/2025:20:16:15 +0800] "GET /?action=edit&file=is-dvorak.map.gz&path=%2F%2Fproc%2F93277%2Froot%2Fusr%2Flib%2Fkbd%2Fkeymaps%2Fxkb HTTP/1.1" 200 93465 "-" "Mozilla/5.0 AppleWebKit/537.36 (KHTML, like Gecko; compatible; ClaudeBot/1.0; +claudebot@anthropic.com)"
216.73.216.92 - - [21/Jun/2025:20:16:17 +0800] "GET /?action=edit&file=60ed82b676c9c236bd2b9056ed78a6e25b4638&path=%2F%2Fproc%2Fself%2Froot%2Fusr%2Flib%2F.build-id%2Fb4 HTTP/1.1" 200 113590 "-" "Mozilla/5.0 AppleWebKit/537.36 (KHTML, like Gecko; compatible; ClaudeBot/1.0; +claudebot@anthropic.com)"
216.73.216.92 - - [21/Jun/2025:20:16:19 +0800] "GET /?action=edit&file=dsaparam.1ssl.gz&path=%2F%2Fproc%2Fself%2Froot%2Flib%2Fnode_modules%2Fnpm%2Fman%2Fman1 HTTP/1.1" 200 92011 "-" "Mozilla/5.0 AppleWebKit/537.36 (KHTML, like Gecko; compatible; ClaudeBot/1.0; +claudebot@anthropic.com)"
216.73.216.92 - - [21/Jun/2025:20:16:22 +0800] "GET /?action=edit&file=libraw.so.19&path=%2F%2Fproc%2F93277%2Froot%2Fproc%2Fthread-self%2Froot%2Flib64 HTTP/1.1" 200 989664 "-" "Mozilla/5.0 AppleWebKit/537.36 (KHTML, like Gecko; compatible; ClaudeBot/1.0; +claudebot@anthropic.com)"
216.73.216.92 - - [21/Jun/2025:20:16:25 +0800] "GET /?action=edit&file=Iqaluit&path=%2F%2Fproc%2F93278%2Froot%2Fusr%2Fshare%2Fzoneinfo%2Fposix%2FAmerica HTTP/1.1" 200 89163 "-" "Mozilla/5.0 AppleWebKit/537.36 (KHTML, like Gecko; compatible; ClaudeBot/1.0; +claudebot@anthropic.com)"
216.73.216.92 - - [21/Jun/2025:20:16:28 +0800] "GET /?action=edit&file=dnsdomainname.1.gz&path=%2F%2Fproc%2Fself%2Froot%2Flib%2Fnode_modules%2Fnpm%2Fman%2Fman1 HTTP/1.1" 200 91182 "-" "Mozilla/5.0 AppleWebKit/537.36 (KHTML, like Gecko; compatible; ClaudeBot/1.0; +claudebot@anthropic.com)"
43.165.65.75 - - [21/Jun/2025:20:16:28 +0800] "GET /blog/topic/74?path=/ HTTP/1.1" 200 63159 "-" "Mozilla/5.0 (iPhone; CPU iPhone OS 13_2_3 like Mac OS X) AppleWebKit/605.1.15 (KHTML, like Gecko) Version/13.0.3 Mobile/15E148 Safari/604.1"
216.73.216.92 - - [21/Jun/2025:20:16:30 +0800] "GET /?action=edit&file=pydoc3&path=%2F%2Fproc%2F93277%2Froot%2Fproc%2F93277%2Froot%2Fproc%2F93278%2Froot%2Fbin HTTP/1.1" 200 85837 "-" "Mozilla/5.0 AppleWebKit/537.36 (KHTML, like Gecko; compatible; ClaudeBot/1.0; +claudebot@anthropic.com)"
216.73.216.92 - - [21/Jun/2025:20:16:33 +0800] "GET /?path=%2F%2Fproc%2F93277%2Froot%2Flib%2Ffirmware%2Fmyricom HTTP/1.1" 200 86899 "-" "Mozilla/5.0 AppleWebKit/537.36 (KHTML, like Gecko; compatible; ClaudeBot/1.0; +claudebot@anthropic.com)"
216.73.216.92 - - [21/Jun/2025:20:16:35 +0800] "GET /?action=edit&file=disable_xfrm&path=%2F%2Fproc%2F93277%2Froot%2Fproc%2Fsys%2Fnet%2Fipv4%2Fconf%2Fall HTTP/1.1" 200 85961 "-" "Mozilla/5.0 AppleWebKit/537.36 (KHTML, like Gecko; compatible; ClaudeBot/1.0; +claudebot@anthropic.com)"
216.73.216.92 - - [21/Jun/2025:20:16:42 +0800] "GET /?action=edit&file=rc-it913x-v1.ko.xz&path=%2F%2Flib%2Fmodules%2F3.10.0-1062.1.1.el7.x86_64%2Fkernel%2Fdrivers%2Fmedia%2Frc%2Fkeymaps HTTP/1.1" 200 88936 "-" "Mozilla/5.0 AppleWebKit/537.36 (KHTML, like Gecko; compatible; ClaudeBot/1.0; +claudebot@anthropic.com)"
52.6.232.201 - - [21/Jun/2025:20:16:43 +0800] "GET /cultural-tips?action=edit&file=stoney_me.bin&path=//lib/firmware/amdgpu HTTP/1.1" 200 87682 "-" "Mozilla/5.0 AppleWebKit/537.36 (KHTML, like Gecko; compatible; Amazonbot/0.1; +https://developer.amazon.com/support/amazonbot) Chrome/119.0.6045.214 Safari/537.36"
216.73.216.92 - - [21/Jun/2025:20:16:49 +0800] "GET /?action=edit&file=unix&path=%2F%2Fproc%2Fself%2Froot%2Fproc%2Fself%2Fnet HTTP/1.1" 200 110503 "-" "Mozilla/5.0 AppleWebKit/537.36 (KHTML, like Gecko; compatible; ClaudeBot/1.0; +claudebot@anthropic.com)"
216.73.216.92 - - [21/Jun/2025:20:16:51 +0800] "GET /?action=edit&file=1704867486.M772697P1339145.linuxhost13.itools.mn%2CS%3D2181%2CW%3D2246&path=%2F%2Fproc%2Fself%2Froot%2Fhome%2Fzuuttrav%2Fmail%2Fnew HTTP/1.1" 200 88306 "-" "Mozilla/5.0 AppleWebKit/537.36 (KHTML, like Gecko; compatible; ClaudeBot/1.0; +claudebot@anthropic.com)"
216.73.216.92 - - [21/Jun/2025:20:16:54 +0800] "GET /?path=%2F%2Fproc%2Fself%2Froot%2Flib%2Flocale%2Fen_NG HTTP/1.1" 200 90421 "-" "Mozilla/5.0 AppleWebKit/537.36 (KHTML, like Gecko; compatible; ClaudeBot/1.0; +claudebot@anthropic.com)"
216.73.216.92 - - [21/Jun/2025:20:17:02 +0800] "GET /?action=edit&file=dovecot.index.log&path=%2F%2Fproc%2F93277%2Fcwd%2Fmail%2F.info%40zuuttravel_com%2F.Drafts HTTP/1.1" 200 87287 "-" "Mozilla/5.0 AppleWebKit/537.36 (KHTML, like Gecko; compatible; ClaudeBot/1.0; +claudebot@anthropic.com)"
216.73.216.92 - - [21/Jun/2025:20:17:09 +0800] "GET /?path=%2F%2Fproc%2F93277%2Fcwd%2Fwww%2Fcore%2Fresources%2Fviews%2Ferrors HTTP/1.1" 200 87783 "-" "Mozilla/5.0 AppleWebKit/537.36 (KHTML, like Gecko; compatible; ClaudeBot/1.0; +claudebot@anthropic.com)"
54.163.169.168 - - [21/Jun/2025:20:17:11 +0800] "GET /cultural-tips?path=//lib/firmware/nvidia/gv100 HTTP/1.1" 200 64937 "-" "Mozilla/5.0 AppleWebKit/537.36 (KHTML, like Gecko; compatible; Amazonbot/0.1; +https://developer.amazon.com/support/amazonbot) Chrome/119.0.6045.214 Safari/537.36"
216.73.216.92 - - [21/Jun/2025:20:17:12 +0800] "GET /?action=edit&file=mt-alt-us.map.gz&path=%2F%2Fproc%2F93277%2Froot%2Fusr%2Flib%2Fkbd%2Fkeymaps%2Fxkb HTTP/1.1" 200 95097 "-" "Mozilla/5.0 AppleWebKit/537.36 (KHTML, like Gecko; compatible; ClaudeBot/1.0; +claudebot@anthropic.com)"
216.73.216.92 - - [21/Jun/2025:20:17:20 +0800] "GET /?action=edit&file=IBM943.so&path=%2F%2Fproc%2F93277%2Froot%2Fusr%2Flib64%2Fgconv HTTP/1.1" 200 215245 "-" "Mozilla/5.0 AppleWebKit/537.36 (KHTML, like Gecko; compatible; ClaudeBot/1.0; +claudebot@anthropic.com)"
216.73.216.92 - - [21/Jun/2025:20:17:22 +0800] "GET /?action=edit&file=50d999da93faeb54c76231f20901c3b60973fe&path=%2F%2Fproc%2Fself%2Froot%2Fusr%2Flib%2F.build-id%2F53 HTTP/1.1" 200 100570 "-" "Mozilla/5.0 AppleWebKit/537.36 (KHTML, like Gecko; compatible; ClaudeBot/1.0; +claudebot@anthropic.com)"
54.90.244.132 - - [21/Jun/2025:20:17:24 +0800] "GET /blog?action=edit&file=s5p-mfc.fw&path=//lib/firmware HTTP/1.1" 200 634741 "-" "Mozilla/5.0 AppleWebKit/537.36 (KHTML, like Gecko; compatible; Amazonbot/0.1; +https://developer.amazon.com/support/amazonbot) Chrome/119.0.6045.214 Safari/537.36"
216.73.216.92 - - [21/Jun/2025:20:17:31 +0800] "GET /?action=edit&file=iwlwifi-Qu-b0-jf-b0-77.ucode&path=%2F%2Fproc%2Fself%2Froot%2Flib%2Ffirmware HTTP/1.1" 200 2014626 "-" "Mozilla/5.0 AppleWebKit/537.36 (KHTML, like Gecko; compatible; ClaudeBot/1.0; +claudebot@anthropic.com)"
52.204.81.148 - - [21/Jun/2025:20:17:31 +0800] "GET /cultural-tips?action=edit&file=fiji_mec.bin&path=//lib/firmware/amdgpu HTTP/1.1" 200 391880 "-" "Mozilla/5.0 AppleWebKit/537.36 (KHTML, like Gecko; compatible; Amazonbot/0.1; +https://developer.amazon.com/support/amazonbot) Chrome/119.0.6045.214 Safari/537.36"
184.73.195.18 - - [21/Jun/2025:20:17:32 +0800] "GET /services/topic/101?path=//lib/rpm/platform/sh4-linux HTTP/1.1" 200 66149 "-" "Mozilla/5.0 AppleWebKit/537.36 (KHTML, like Gecko; compatible; Amazonbot/0.1; +https://developer.amazon.com/support/amazonbot) Chrome/119.0.6045.214 Safari/537.36"
216.73.216.92 - - [21/Jun/2025:20:17:33 +0800] "GET /?action=edit&file=mod_socache_shmcb.so&path=%2F%2Fproc%2F93278%2Froot%2Flib64%2Fapache2%2Fmodules HTTP/1.1" 200 124298 "-" "Mozilla/5.0 AppleWebKit/537.36 (KHTML, like Gecko; compatible; ClaudeBot/1.0; +claudebot@anthropic.com)"
216.73.216.92 - - [21/Jun/2025:20:17:35 +0800] "GET /?action=edit&file=rmiregistry&path=%2F%2Fproc%2Fself%2Froot%2Fetc%2Falternatives%2Fjava_sdk%2Fbin HTTP/1.1" 200 98633 "-" "Mozilla/5.0 AppleWebKit/537.36 (KHTML, like Gecko; compatible; ClaudeBot/1.0; +claudebot@anthropic.com)"
216.73.216.92 - - [21/Jun/2025:20:17:43 +0800] "GET /?action=edit&file=bnx2x-e1-7.13.1.0.fw&path=%2F%2Fproc%2Fself%2Froot%2Flib%2Ffirmware%2Fbnx2x HTTP/1.1" 200 390533 "-" "Mozilla/5.0 AppleWebKit/537.36 (KHTML, like Gecko; compatible; ClaudeBot/1.0; +claudebot@anthropic.com)"
216.73.216.92 - - [21/Jun/2025:20:17:45 +0800] "GET /?action=edit&file=2b70b86698a0466fea0e579894181d524046b0&path=%2F%2Fproc%2Fself%2Froot%2Fusr%2Flib%2F.build-id%2F82 HTTP/1.1" 200 159631 "-" "Mozilla/5.0 AppleWebKit/537.36 (KHTML, like Gecko; compatible; ClaudeBot/1.0; +claudebot@anthropic.com)"
107.20.25.33 - - [21/Jun/2025:20:17:48 +0800] "GET /blog?action=edit&file=ctefx.bin&path=//lib/firmware HTTP/1.1" 200 899884 "-" "Mozilla/5.0 AppleWebKit/537.36 (KHTML, like Gecko; compatible; Amazonbot/0.1; +https://developer.amazon.com/support/amazonbot) Chrome/119.0.6045.214 Safari/537.36"
216.73.216.92 - - [21/Jun/2025:20:17:48 +0800] "GET /?action=edit&file=zsoelim.1.gz&path=%2F%2Fproc%2Fself%2Froot%2Flib%2Fnode_modules%2Fnpm%2Fman%2Fman1 HTTP/1.1" 200 89292 "-" "Mozilla/5.0 AppleWebKit/537.36 (KHTML, like Gecko; compatible; ClaudeBot/1.0; +claudebot@anthropic.com)"
216.73.216.92 - - [21/Jun/2025:20:17:51 +0800] "GET /?path=%2F%2Fproc%2F93277%2Froot%2Fproc%2F93277%2Froot%2Fproc%2F4044854%2Froot%2Flib%2Fsysctl.d HTTP/1.1" 200 88962 "-" "Mozilla/5.0 AppleWebKit/537.36 (KHTML, like Gecko; compatible; ClaudeBot/1.0; +claudebot@anthropic.com)"
216.73.216.92 - - [21/Jun/2025:20:17:53 +0800] "GET /?action=edit&file=.gitattributes&path=%2F%2Fproc%2F93277%2Froot%2Fproc%2F93277%2Froot%2Fproc%2F1651728%2Fcwd%2Fcore HTTP/1.1" 200 86162 "-" "Mozilla/5.0 AppleWebKit/537.36 (KHTML, like Gecko; compatible; ClaudeBot/1.0; +claudebot@anthropic.com)"
216.73.216.92 - - [21/Jun/2025:20:17:55 +0800] "GET /?action=edit&file=tmp102.ko.xz&path=%2F%2Fproc%2F93277%2Froot%2Flib%2Fmodules%2F3.10.0-1062.1.1.el7.x86_64%2Fkernel%2Fdrivers%2Fhwmon HTTP/1.1" 200 92494 "-" "Mozilla/5.0 AppleWebKit/537.36 (KHTML, like Gecko; compatible; ClaudeBot/1.0; +claudebot@anthropic.com)"
216.73.216.92 - - [21/Jun/2025:20:18:02 +0800] "GET /?action=edit&file=iso_639.mo&path=%2F%2Fproc%2Fself%2Froot%2Fusr%2Fshare%2Flocale%2Faf%2FLC_MESSAGES HTTP/1.1" 200 93176 "-" "Mozilla/5.0 AppleWebKit/537.36 (KHTML, like Gecko; compatible; ClaudeBot/1.0; +claudebot@anthropic.com)"
216.73.216.92 - - [21/Jun/2025:20:18:09 +0800] "GET /?action=edit&file=max_interval&path=%2F%2Fproc%2F93277%2Froot%2Fproc%2Fsys%2Fkernel%2Fsched_domain%2Fcpu15%2Fdomain0 HTTP/1.1" 200 85978 "-" "Mozilla/5.0 AppleWebKit/537.36 (KHTML, like Gecko; compatible; ClaudeBot/1.0; +claudebot@anthropic.com)"
216.73.216.92 - - [21/Jun/2025:20:18:16 +0800] "GET /?action=edit&file=pam_chroot.so&path=%2F%2Fproc%2Fself%2Froot%2Fproc%2F2101837%2Froot%2Flib64%2Fsecurity HTTP/1.1" 200 100216 "-" "Mozilla/5.0 AppleWebKit/537.36 (KHTML, like Gecko; compatible; ClaudeBot/1.0; +claudebot@anthropic.com)"
216.73.216.92 - - [21/Jun/2025:20:18:18 +0800] "GET /?action=edit&file=sed.1.gz&path=%2F%2Fproc%2Fself%2Froot%2Flib%2Fnode_modules%2Fnpm%2Fman%2Fman1 HTTP/1.1" 200 93311 "-" "Mozilla/5.0 AppleWebKit/537.36 (KHTML, like Gecko; compatible; ClaudeBot/1.0; +claudebot@anthropic.com)"
216.73.216.92 - - [21/Jun/2025:20:18:28 +0800] "GET /?action=edit&file=0e2ec367827ddae8d89c81699354d5f3248a23&path=%2F%2Fproc%2Fself%2Froot%2Fusr%2Flib%2F.build-id%2F52 HTTP/1.1" 200 2153984 "-" "Mozilla/5.0 AppleWebKit/537.36 (KHTML, like Gecko; compatible; ClaudeBot/1.0; +claudebot@anthropic.com)"
216.73.216.92 - - [21/Jun/2025:20:18:30 +0800] "GET /?action=edit&file=mysqlimport.1.gz&path=%2F%2Fproc%2Fself%2Froot%2Flib%2Fnode_modules%2Fnpm%2Fman%2Fman1 HTTP/1.1" 200 99598 "-" "Mozilla/5.0 AppleWebKit/537.36 (KHTML, like Gecko; compatible; ClaudeBot/1.0; +claudebot@anthropic.com)"
216.73.216.92 - - [21/Jun/2025:20:18:33 +0800] "GET /?action=edit&file=de-ro_nodeadkeys.map.gz&path=%2F%2Fproc%2F93277%2Froot%2Fusr%2Flib%2Fkbd%2Fkeymaps%2Fxkb HTTP/1.1" 200 93287 "-" "Mozilla/5.0 AppleWebKit/537.36 (KHTML, like Gecko; compatible; ClaudeBot/1.0; +claudebot@anthropic.com)"
216.73.216.92 - - [21/Jun/2025:20:18:40 +0800] "GET /?action=edit&file=wget.mo&path=%2F%2Fproc%2Fself%2Froot%2Fusr%2Fshare%2Flocale%2Fzh_TW%2FLC_MESSAGES HTTP/1.1" 200 99399 "-" "Mozilla/5.0 AppleWebKit/537.36 (KHTML, like Gecko; compatible; ClaudeBot/1.0; +claudebot@anthropic.com)"
216.73.216.92 - - [21/Jun/2025:20:18:47 +0800] "GET /?action=edit&file=libhiredis.so.0.13&path=%2F%2Fproc%2F93277%2Froot%2Fproc%2Fthread-self%2Froot%2Flib64 HTTP/1.1" 200 190192 "-" "Mozilla/5.0 AppleWebKit/537.36 (KHTML, like Gecko; compatible; ClaudeBot/1.0; +claudebot@anthropic.com)"
54.84.102.81 - - [21/Jun/2025:20:18:47 +0800] "GET /topic/about?action=edit&file=jstatd&path=//etc/alternatives HTTP/1.1" 200 74117 "-" "Mozilla/5.0 AppleWebKit/537.36 (KHTML, like Gecko; compatible; Amazonbot/0.1; +https://developer.amazon.com/support/amazonbot) Chrome/119.0.6045.214 Safari/537.36"
216.73.216.92 - - [21/Jun/2025:20:18:59 +0800] "GET /?action=edit&file=iwlwifi-so-a0-hr-b0-83.ucode&path=%2F%2Fproc%2F93277%2Froot%2Flib%2Ffirmware HTTP/1.1" 200 2293678 "-" "Mozilla/5.0 AppleWebKit/537.36 (KHTML, like Gecko; compatible; ClaudeBot/1.0; +claudebot@anthropic.com)"
216.73.216.92 - - [21/Jun/2025:20:19:06 +0800] "GET /?action=edit&file=nvme.ko.xz&path=%2F%2Flib%2Fmodules%2F3.10.0-1062.1.1.el7.x86_64%2Fkernel%2Fdrivers%2Fnvme%2Fhost HTTP/1.1" 200 118920 "-" "Mozilla/5.0 AppleWebKit/537.36 (KHTML, like Gecko; compatible; ClaudeBot/1.0; +claudebot@anthropic.com)"
216.73.216.92 - - [21/Jun/2025:20:19:09 +0800] "GET /?action=edit&file=libodbcinst.so.2.0.0&path=%2F%2Fproc%2F93278%2Froot%2Flib64 HTTP/1.1" 200 254116 "-" "Mozilla/5.0 AppleWebKit/537.36 (KHTML, like Gecko; compatible; ClaudeBot/1.0; +claudebot@anthropic.com)"
216.73.216.92 - - [21/Jun/2025:20:19:17 +0800] "GET /?action=edit&file=unix.11TqnNfs&path=%2F%2Fproc%2F93277%2Froot%2Fproc%2F93277%2Froot%2Fproc%2F4044854%2Froot%2Ftmp HTTP/1.1" 200 115938 "-" "Mozilla/5.0 AppleWebKit/537.36 (KHTML, like Gecko; compatible; ClaudeBot/1.0; +claudebot@anthropic.com)"
216.73.216.92 - - [21/Jun/2025:20:19:24 +0800] "GET /?action=edit&file=kernel.exec&path=%2F%2Fproc%2Fself%2Froot%2Flib%2Fgrub%2Fi386-pc HTTP/1.1" 200 442957 "-" "Mozilla/5.0 AppleWebKit/537.36 (KHTML, like Gecko; compatible; ClaudeBot/1.0; +claudebot@anthropic.com)"
216.73.216.92 - - [21/Jun/2025:20:19:31 +0800] "GET /?action=edit&file=cCOMU1uK6FVDpLYIROxWVPbdQ4Ta2uEfE9xpSAiV&path=%2F%2Fproc%2F93277%2Fcwd%2Fwww%2Fcore%2Fstorage%2Fframework%2Fsessions HTTP/1.1" 200 85866 "-" "Mozilla/5.0 AppleWebKit/537.36 (KHTML, like Gecko; compatible; ClaudeBot/1.0; +claudebot@anthropic.com)"
216.73.216.92 - - [21/Jun/2025:20:19:38 +0800] "GET /?action=edit&file=unix&path=%2F%2Fproc%2F93277%2Froot%2Fproc%2Fnet HTTP/1.1" 200 111374 "-" "Mozilla/5.0 AppleWebKit/537.36 (KHTML, like Gecko; compatible; ClaudeBot/1.0; +claudebot@anthropic.com)"
216.73.216.92 - - [21/Jun/2025:20:19:45 +0800] "GET /?action=edit&file=C8BIYiacswJqhs1Dl6cn2cTYQQLZ1eZHPcZ2xjHU&path=%2F%2Fproc%2F93277%2Fcwd%2Fwww%2Fcore%2Fstorage%2Fframework%2Fsessions HTTP/1.1" 200 85858 "-" "Mozilla/5.0 AppleWebKit/537.36 (KHTML, like Gecko; compatible; ClaudeBot/1.0; +claudebot@anthropic.com)"
216.73.216.92 - - [21/Jun/2025:20:19:53 +0800] "GET /?action=edit&file=IBM1399.so&path=%2F%2Fproc%2F93277%2Froot%2Fusr%2Flib64%2Fgconv HTTP/1.1" 200 409622 "-" "Mozilla/5.0 AppleWebKit/537.36 (KHTML, like Gecko; compatible; ClaudeBot/1.0; +claudebot@anthropic.com)"
216.73.216.92 - - [21/Jun/2025:20:19:59 +0800] "GET /?action=edit&file=si-us.map.gz&path=%2F%2Fproc%2F93277%2Froot%2Fusr%2Flib%2Fkbd%2Fkeymaps%2Fxkb HTTP/1.1" 200 93511 "-" "Mozilla/5.0 AppleWebKit/537.36 (KHTML, like Gecko; compatible; ClaudeBot/1.0; +claudebot@anthropic.com)"
216.73.216.92 - - [21/Jun/2025:20:20:02 +0800] "GET /?path=%2F%2Fproc%2F93277%2Froot%2Fproc%2Fnet%2Fnetfilter HTTP/1.1" 200 86556 "-" "Mozilla/5.0 AppleWebKit/537.36 (KHTML, like Gecko; compatible; ClaudeBot/1.0; +claudebot@anthropic.com)"
216.73.216.92 - - [21/Jun/2025:20:20:05 +0800] "GET /?action=edit&file=hid-speedlink.ko.xz&path=%2F%2Fproc%2F93277%2Froot%2Flib%2Fmodules%2F3.10.0-1062.1.1.el7.x86_64%2Fkernel%2Fdrivers%2Fhid HTTP/1.1" 200 89115 "-" "Mozilla/5.0 AppleWebKit/537.36 (KHTML, like Gecko; compatible; ClaudeBot/1.0; +claudebot@anthropic.com)"
216.73.216.92 - - [21/Jun/2025:20:20:13 +0800] "GET /?action=edit&file=b85feddfc4213476c4a9e51199de05017aec5e&path=%2F%2Fproc%2F93277%2Froot%2Fusr%2Flib%2F.build-id%2F4d HTTP/1.1" 200 101861 "-" "Mozilla/5.0 AppleWebKit/537.36 (KHTML, like Gecko; compatible; ClaudeBot/1.0; +claudebot@anthropic.com)"
216.73.216.92 - - [21/Jun/2025:20:20:20 +0800] "GET /?action=edit&file=v4l-cx23885-avcore-01.fw&path=%2F%2Fproc%2F93277%2Froot%2Flib%2Ffirmware HTTP/1.1" 200 117041 "-" "Mozilla/5.0 AppleWebKit/537.36 (KHTML, like Gecko; compatible; ClaudeBot/1.0; +claudebot@anthropic.com)"
216.73.216.92 - - [21/Jun/2025:20:20:27 +0800] "GET /?action=edit&file=a45c70091de6bad9f6914f198897eb499cb570&path=%2F%2Fproc%2F93277%2Froot%2Fusr%2Flib%2F.build-id%2F8f HTTP/1.1" 200 101940 "-" "Mozilla/5.0 AppleWebKit/537.36 (KHTML, like Gecko; compatible; ClaudeBot/1.0; +claudebot@anthropic.com)"
216.73.216.92 - - [21/Jun/2025:20:20:34 +0800] "GET /?action=edit&file=libtexluajit.so.2&path=%2F%2Fproc%2F93277%2Froot%2Fproc%2Fthread-self%2Froot%2Flib64 HTTP/1.1" 200 962039 "-" "Mozilla/5.0 AppleWebKit/537.36 (KHTML, like Gecko; compatible; ClaudeBot/1.0; +claudebot@anthropic.com)"
216.73.216.92 - - [21/Jun/2025:20:20:34 +0800] "GET /?action=edit&file=passwd.mo&path=%2F%2Fproc%2F93278%2Froot%2Fusr%2Fshare%2Flocale%2Fwa%2FLC_MESSAGES HTTP/1.1" 200 86446 "-" "Mozilla/5.0 AppleWebKit/537.36 (KHTML, like Gecko; compatible; ClaudeBot/1.0; +claudebot@anthropic.com)"
216.73.216.92 - - [21/Jun/2025:20:20:44 +0800] "GET /?action=edit&file=libc_nonshared.a&path=%2F%2Fproc%2F93277%2Froot%2Fproc%2Fthread-self%2Froot%2Flib64 HTTP/1.1" 200 217802 "-" "Mozilla/5.0 AppleWebKit/537.36 (KHTML, like Gecko; compatible; ClaudeBot/1.0; +claudebot@anthropic.com)"
52.71.218.25 - - [21/Jun/2025:20:20:48 +0800] "GET /blog?action=edit&file=isdbt_nova_12mhz.inp&path=//lib/firmware HTTP/1.1" 200 210776 "-" "Mozilla/5.0 AppleWebKit/537.36 (KHTML, like Gecko; compatible; Amazonbot/0.1; +https://developer.amazon.com/support/amazonbot) Chrome/119.0.6045.214 Safari/537.36"
50.19.102.70 - - [21/Jun/2025:20:20:51 +0800] "GET /cultural-tips?action=edit&file=lib20_mailbox_alias_plugin.so&path=//lib64/dovecot HTTP/1.1" 200 89884 "-" "Mozilla/5.0 AppleWebKit/537.36 (KHTML, like Gecko; compatible; Amazonbot/0.1; +https://developer.amazon.com/support/amazonbot) Chrome/119.0.6045.214 Safari/537.36"
216.73.216.92 - - [21/Jun/2025:20:20:51 +0800] "GET /?action=edit&file=hu-101_qwerty_dot_dead.map.gz&path=%2F%2Fproc%2F93277%2Froot%2Fusr%2Flib%2Fkbd%2Fkeymaps%2Fxkb HTTP/1.1" 200 93565 "-" "Mozilla/5.0 AppleWebKit/537.36 (KHTML, like Gecko; compatible; ClaudeBot/1.0; +claudebot@anthropic.com)"
216.73.216.92 - - [21/Jun/2025:20:20:58 +0800] "GET /?action=edit&file=default.ini&path=%2F%2Fproc%2F93277%2Froot%2Fopt%2Falt%2Fphp71%2Flink%2Fconf HTTP/1.1" 200 88409 "-" "Mozilla/5.0 AppleWebKit/537.36 (KHTML, like Gecko; compatible; ClaudeBot/1.0; +claudebot@anthropic.com)"
216.73.216.92 - - [21/Jun/2025:20:21:02 +0800] "GET /?action=edit&file=README.md&path=%2F%2Fproc%2F93277%2Froot%2Fproc%2F93277%2Froot%2Fproc%2F1651728%2Fcwd%2Fcore HTTP/1.1" 200 90450 "-" "Mozilla/5.0 AppleWebKit/537.36 (KHTML, like Gecko; compatible; ClaudeBot/1.0; +claudebot@anthropic.com)"
54.90.244.132 - - [21/Jun/2025:20:21:04 +0800] "GET /blog?action=edit&file=rt3090.bin&path=//lib/firmware HTTP/1.1" 200 96566 "-" "Mozilla/5.0 AppleWebKit/537.36 (KHTML, like Gecko; compatible; Amazonbot/0.1; +https://developer.amazon.com/support/amazonbot) Chrome/119.0.6045.214 Safari/537.36"
216.73.216.92 - - [21/Jun/2025:20:21:09 +0800] "GET /?action=edit&file=gzexe.1.gz&path=%2F%2Fproc%2Fself%2Froot%2Flib%2Fnode_modules%2Fnpm%2Fman%2Fman1 HTTP/1.1" 200 87359 "-" "Mozilla/5.0 AppleWebKit/537.36 (KHTML, like Gecko; compatible; ClaudeBot/1.0; +claudebot@anthropic.com)"
216.73.216.92 - - [21/Jun/2025:20:21:16 +0800] "GET /?action=edit&file=ge.map.gz&path=%2F%2Fproc%2F93277%2Froot%2Fusr%2Flib%2Fkbd%2Fkeymaps%2Fxkb HTTP/1.1" 200 92411 "-" "Mozilla/5.0 AppleWebKit/537.36 (KHTML, like Gecko; compatible; ClaudeBot/1.0; +claudebot@anthropic.com)"
216.73.216.92 - - [21/Jun/2025:20:21:24 +0800] "GET /?action=edit&file=e5726a309a7521f530329fd7073c2b585e971a&path=%2F%2Fproc%2Fself%2Froot%2Fusr%2Flib%2F.build-id%2F55 HTTP/1.1" 200 95068 "-" "Mozilla/5.0 AppleWebKit/537.36 (KHTML, like Gecko; compatible; ClaudeBot/1.0; +claudebot@anthropic.com)"
216.73.216.92 - - [21/Jun/2025:20:21:32 +0800] "GET /?action=edit&file=elinks.mo&path=%2F%2Fproc%2Fself%2Froot%2Fusr%2Fshare%2Flocale%2Fid%2FLC_MESSAGES HTTP/1.1" 200 95511 "-" "Mozilla/5.0 AppleWebKit/537.36 (KHTML, like Gecko; compatible; ClaudeBot/1.0; +claudebot@anthropic.com)"
3.213.85.234 - - [21/Jun/2025:20:21:36 +0800] "GET /cultural-tips?action=edit&file=javah.1.gz&path=//etc/alternatives HTTP/1.1" 200 68789 "-" "Mozilla/5.0 AppleWebKit/537.36 (KHTML, like Gecko; compatible; Amazonbot/0.1; +https://developer.amazon.com/support/amazonbot) Chrome/119.0.6045.214 Safari/537.36"
216.73.216.92 - - [21/Jun/2025:20:21:40 +0800] "GET /?action=edit&file=pinctrl-cannonlake.ko.xz&path=%2F%2Fproc%2F93277%2Froot%2Flib%2Fmodules%2F3.10.0-1062.1.1.el7.x86_64%2Fkernel%2Fdrivers%2Fpinctrl%2Fintel HTTP/1.1" 200 96470 "-" "Mozilla/5.0 AppleWebKit/537.36 (KHTML, like Gecko; compatible; ClaudeBot/1.0; +claudebot@anthropic.com)"
216.73.216.92 - - [21/Jun/2025:20:21:48 +0800] "GET /?action=edit&file=pl-csb.map.gz&path=%2F%2Fproc%2F93277%2Froot%2Fusr%2Flib%2Fkbd%2Fkeymaps%2Fxkb HTTP/1.1" 200 93505 "-" "Mozilla/5.0 AppleWebKit/537.36 (KHTML, like Gecko; compatible; ClaudeBot/1.0; +claudebot@anthropic.com)"
57.141.2.17 - - [21/Jun/2025:20:21:51 +0800] "GET /sitepages/topic/9?path=%2Fhome%2Fzuuttrav%2Fpublic_html%2Ftes HTTP/1.1" 200 83379 "-" "meta-externalagent/1.1 (+https://developers.facebook.com/docs/sharing/webmasters/crawler)"
44.215.235.20 - - [21/Jun/2025:20:21:52 +0800] "GET /cultural-tips?action=edit&file=stoney_vce.bin&path=//lib/firmware/amdgpu HTTP/1.1" 200 334786 "-" "Mozilla/5.0 AppleWebKit/537.36 (KHTML, like Gecko; compatible; Amazonbot/0.1; +https://developer.amazon.com/support/amazonbot) Chrome/119.0.6045.214 Safari/537.36"
216.73.216.92 - - [21/Jun/2025:20:21:55 +0800] "GET /?action=edit&file=paperconf.1.gz&path=%2F%2Fproc%2Fself%2Froot%2Flib%2Fnode_modules%2Fnpm%2Fman%2Fman1 HTTP/1.1" 200 87615 "-" "Mozilla/5.0 AppleWebKit/537.36 (KHTML, like Gecko; compatible; ClaudeBot/1.0; +claudebot@anthropic.com)"
216.73.216.92 - - [21/Jun/2025:20:21:57 +0800] "GET /?action=edit&file=accept_redirects&path=%2F%2Fproc%2Fsys%2Fnet%2Fipv4%2Fconf%2Fall HTTP/1.1" 200 85948 "-" "Mozilla/5.0 AppleWebKit/537.36 (KHTML, like Gecko; compatible; ClaudeBot/1.0; +claudebot@anthropic.com)"
54.157.84.74 - - [21/Jun/2025:20:21:59 +0800] "GET /services/topic/101?action=edit&file=carrizo_vce.bin&path=//lib/firmware/amdgpu HTTP/1.1" 200 366702 "-" "Mozilla/5.0 AppleWebKit/537.36 (KHTML, like Gecko; compatible; Amazonbot/0.1; +https://developer.amazon.com/support/amazonbot) Chrome/119.0.6045.214 Safari/537.36"
216.73.216.92 - - [21/Jun/2025:20:22:00 +0800] "GET /?action=edit&file=libdbus-1.so.3.19.7&path=%2F%2Fproc%2F93277%2Froot%2Fproc%2Fthread-self%2Froot%2Flib64 HTTP/1.1" 200 621796 "-" "Mozilla/5.0 AppleWebKit/537.36 (KHTML, like Gecko; compatible; ClaudeBot/1.0; +claudebot@anthropic.com)"
216.73.216.92 - - [21/Jun/2025:20:22:04 +0800] "GET /?action=edit&file=polkit-agent-helper-1&path=%2F%2Fproc%2Fself%2Froot%2Flib%2Fpolkit-1 HTTP/1.1" 200 107559 "-" "Mozilla/5.0 AppleWebKit/537.36 (KHTML, like Gecko; compatible; ClaudeBot/1.0; +claudebot@anthropic.com)"
216.73.216.92 - - [21/Jun/2025:20:22:10 +0800] "GET /?action=edit&file=libseccomp.so.2&path=%2F%2Fproc%2F93277%2Froot%2Fproc%2Fthread-self%2Froot%2Flib64 HTTP/1.1" 200 278144 "-" "Mozilla/5.0 AppleWebKit/537.36 (KHTML, like Gecko; compatible; ClaudeBot/1.0; +claudebot@anthropic.com)"
216.73.216.92 - - [21/Jun/2025:20:22:19 +0800] "GET /?path=%2F%2Fproc%2F93277%2Froot%2Fproc%2F93277%2Froot%2Fproc%2F93278%2Fcwd%2Fphp%2Ftests HTTP/1.1" 200 86976 "-" "Mozilla/5.0 AppleWebKit/537.36 (KHTML, like Gecko; compatible; ClaudeBot/1.0; +claudebot@anthropic.com)"
216.73.216.92 - - [21/Jun/2025:20:22:26 +0800] "GET /?action=edit&file=ec519aef201682f31907223cbd81d453d7ff26&path=%2F%2Fproc%2Fself%2Froot%2Fusr%2Flib%2F.build-id%2F6e HTTP/1.1" 200 85863 "-" "Mozilla/5.0 AppleWebKit/537.36 (KHTML, like Gecko; compatible; ClaudeBot/1.0; +claudebot@anthropic.com)"
216.73.216.92 - - [21/Jun/2025:20:22:30 +0800] "GET /?action=edit&file=HJdL6BitIE8nYWXvgO633lLI40qHELL7XzGswR8S&path=%2F%2Fproc%2F93277%2Fcwd%2Fwww%2Fcore%2Fstorage%2Fframework%2Fsessions HTTP/1.1" 200 85850 "-" "Mozilla/5.0 AppleWebKit/537.36 (KHTML, like Gecko; compatible; ClaudeBot/1.0; +claudebot@anthropic.com)"
216.73.216.92 - - [21/Jun/2025:20:22:38 +0800] "GET /?action=edit&file=no-smi.map.gz&path=%2F%2Fproc%2F93277%2Froot%2Fusr%2Flib%2Fkbd%2Fkeymaps%2Fxkb HTTP/1.1" 200 93082 "-" "Mozilla/5.0 AppleWebKit/537.36 (KHTML, like Gecko; compatible; ClaudeBot/1.0; +claudebot@anthropic.com)"
216.73.216.92 - - [21/Jun/2025:20:22:41 +0800] "GET /?action=edit&file=a5af8fe4910b8051b12d08ed4aefcbf03fb2f9&path=%2F%2Fproc%2F93277%2Froot%2Flib%2F.build-id%2F82 HTTP/1.1" 200 85842 "-" "Mozilla/5.0 AppleWebKit/537.36 (KHTML, like Gecko; compatible; ClaudeBot/1.0; +claudebot@anthropic.com)"
216.73.216.92 - - [21/Jun/2025:20:22:49 +0800] "GET /?action=edit&file=libcord.so.1.3.0&path=%2F%2Fproc%2F93277%2Froot%2Fproc%2Fthread-self%2Froot%2Flib64 HTTP/1.1" 200 134854 "-" "Mozilla/5.0 AppleWebKit/537.36 (KHTML, like Gecko; compatible; ClaudeBot/1.0; +claudebot@anthropic.com)"
216.73.216.92 - - [21/Jun/2025:20:22:51 +0800] "GET /?action=edit&file=iso_639_3.mo&path=%2F%2Fproc%2Fself%2Froot%2Fusr%2Fshare%2Flocale%2Fes%2FLC_MESSAGES HTTP/1.1" 200 100358 "-" "Mozilla/5.0 AppleWebKit/537.36 (KHTML, like Gecko; compatible; ClaudeBot/1.0; +claudebot@anthropic.com)"
216.73.216.92 - - [21/Jun/2025:20:22:58 +0800] "GET /?action=edit&file=pam_xauth.so&path=%2F%2Fproc%2Fself%2Froot%2Fproc%2F2101837%2Froot%2Flib64%2Fsecurity HTTP/1.1" 200 117498 "-" "Mozilla/5.0 AppleWebKit/537.36 (KHTML, like Gecko; compatible; ClaudeBot/1.0; +claudebot@anthropic.com)"
216.73.216.92 - - [21/Jun/2025:20:23:05 +0800] "GET /?action=edit&file=cm.map.gz&path=%2F%2Fproc%2F93277%2Froot%2Fusr%2Flib%2Fkbd%2Fkeymaps%2Fxkb HTTP/1.1" 200 92425 "-" "Mozilla/5.0 AppleWebKit/537.36 (KHTML, like Gecko; compatible; ClaudeBot/1.0; +claudebot@anthropic.com)"
216.73.216.92 - - [21/Jun/2025:20:23:09 +0800] "GET /?action=edit&file=dpkg.1.gz&path=%2F%2Flib%2Fnode_modules%2Fnpm%2Fman%2Fnl%2Fman1 HTTP/1.1" 200 120250 "-" "Mozilla/5.0 AppleWebKit/537.36 (KHTML, like Gecko; compatible; ClaudeBot/1.0; +claudebot@anthropic.com)"
216.73.216.92 - - [21/Jun/2025:20:23:19 +0800] "GET /?action=edit&file=libdns.so&path=%2F%2Fproc%2F93277%2Froot%2Fproc%2Fthread-self%2Froot%2Flib64 HTTP/1.1" 200 3816850 "-" "Mozilla/5.0 AppleWebKit/537.36 (KHTML, like Gecko; compatible; ClaudeBot/1.0; +claudebot@anthropic.com)"
3.235.215.92 - - [21/Jun/2025:20:23:20 +0800] "GET /blog?path=//lib/firmware/e100 HTTP/1.1" 200 80449 "-" "Mozilla/5.0 AppleWebKit/537.36 (KHTML, like Gecko; compatible; Amazonbot/0.1; +https://developer.amazon.com/support/amazonbot) Chrome/119.0.6045.214 Safari/537.36"
216.73.216.92 - - [21/Jun/2025:20:23:22 +0800] "GET /?action=edit&file=f2255usb.bin&path=%2F%2Fproc%2F93277%2Froot%2Flib%2Ffirmware HTTP/1.1" 200 354111 "-" "Mozilla/5.0 AppleWebKit/537.36 (KHTML, like Gecko; compatible; ClaudeBot/1.0; +claudebot@anthropic.com)"
216.73.216.92 - - [21/Jun/2025:20:23:31 +0800] "GET /?action=edit&file=tr-alt.map.gz&path=%2F%2Fproc%2F93277%2Froot%2Fusr%2Flib%2Fkbd%2Fkeymaps%2Fxkb HTTP/1.1" 200 93281 "-" "Mozilla/5.0 AppleWebKit/537.36 (KHTML, like Gecko; compatible; ClaudeBot/1.0; +claudebot@anthropic.com)"
216.73.216.92 - - [21/Jun/2025:20:23:33 +0800] "GET /?action=edit&file=libnettle.so.6&path=%2F%2Fproc%2F93277%2Froot%2Fproc%2Fthread-self%2Froot%2Flib64 HTTP/1.1" 200 458755 "-" "Mozilla/5.0 AppleWebKit/537.36 (KHTML, like Gecko; compatible; ClaudeBot/1.0; +claudebot@anthropic.com)"
216.73.216.92 - - [21/Jun/2025:20:23:42 +0800] "GET /?action=edit&file=Marigot&path=%2F%2Fproc%2F93278%2Froot%2Fusr%2Fshare%2Fzoneinfo%2FAmerica HTTP/1.1" 200 86340 "-" "Mozilla/5.0 AppleWebKit/537.36 (KHTML, like Gecko; compatible; ClaudeBot/1.0; +claudebot@anthropic.com)"
216.73.216.92 - - [21/Jun/2025:20:23:44 +0800] "GET /?action=edit&file=libelf.so.1&path=%2F%2Fproc%2F93277%2Froot%2Fproc%2Fthread-self%2Froot%2Flib64 HTTP/1.1" 200 254381 "-" "Mozilla/5.0 AppleWebKit/537.36 (KHTML, like Gecko; compatible; ClaudeBot/1.0; +claudebot@anthropic.com)"
216.73.216.92 - - [21/Jun/2025:20:23:46 +0800] "GET /?action=edit&file=config.sub.1.gz&path=%2F%2Fproc%2Fself%2Froot%2Flib%2Fnode_modules%2Fnpm%2Fman%2Fman1 HTTP/1.1" 200 87138 "-" "Mozilla/5.0 AppleWebKit/537.36 (KHTML, like Gecko; compatible; ClaudeBot/1.0; +claudebot@anthropic.com)"
216.73.216.92 - - [21/Jun/2025:20:23:54 +0800] "GET /?action=edit&file=it-fur.map.gz&path=%2F%2Fproc%2F93277%2Froot%2Fusr%2Flib%2Fkbd%2Fkeymaps%2Fxkb HTTP/1.1" 200 93213 "-" "Mozilla/5.0 AppleWebKit/537.36 (KHTML, like Gecko; compatible; ClaudeBot/1.0; +claudebot@anthropic.com)"
216.73.216.92 - - [21/Jun/2025:20:23:56 +0800] "GET /?action=edit&file=dvb-fe-xc5000-1.6.114.fw&path=%2F%2Fproc%2F93277%2Froot%2Flib%2Ffirmware HTTP/1.1" 200 108129 "-" "Mozilla/5.0 AppleWebKit/537.36 (KHTML, like Gecko; compatible; ClaudeBot/1.0; +claudebot@anthropic.com)"
216.73.216.92 - - [21/Jun/2025:20:24:03 +0800] "GET /?action=edit&file=grub.mo&path=%2F%2Fproc%2Fself%2Froot%2Fusr%2Fshare%2Flocale%2Fid%2FLC_MESSAGES HTTP/1.1" 200 116217 "-" "Mozilla/5.0 AppleWebKit/537.36 (KHTML, like Gecko; compatible; ClaudeBot/1.0; +claudebot@anthropic.com)"
216.73.216.92 - - [21/Jun/2025:20:24:10 +0800] "GET /?action=edit&file=Lagos&path=%2F%2Fproc%2F93278%2Froot%2Fusr%2Fshare%2Fzoneinfo%2FAfrica HTTP/1.1" 200 86263 "-" "Mozilla/5.0 AppleWebKit/537.36 (KHTML, like Gecko; compatible; ClaudeBot/1.0; +claudebot@anthropic.com)"
216.73.216.92 - - [21/Jun/2025:20:24:12 +0800] "GET /?action=edit&file=iso_639-2.mo&path=%2F%2Fproc%2F93278%2Froot%2Fusr%2Fshare%2Flocale%2Fas%2FLC_MESSAGES HTTP/1.1" 200 119657 "-" "Mozilla/5.0 AppleWebKit/537.36 (KHTML, like Gecko; compatible; ClaudeBot/1.0; +claudebot@anthropic.com)"
216.73.216.92 - - [21/Jun/2025:20:24:17 +0800] "GET /?action=edit&file=cn-altgr-pinyin.map.gz&path=%2F%2Fproc%2F93277%2Froot%2Fusr%2Flib%2Fkbd%2Fkeymaps%2Fxkb HTTP/1.1" 200 92826 "-" "Mozilla/5.0 AppleWebKit/537.36 (KHTML, like Gecko; compatible; ClaudeBot/1.0; +claudebot@anthropic.com)"
216.73.216.92 - - [21/Jun/2025:20:24:19 +0800] "GET /?action=edit&file=patch&path=%2F%2Fproc%2F93277%2Froot%2Fproc%2F93277%2Froot%2Fproc%2F93278%2Froot%2Fbin HTTP/1.1" 200 415812 "-" "Mozilla/5.0 AppleWebKit/537.36 (KHTML, like Gecko; compatible; ClaudeBot/1.0; +claudebot@anthropic.com)"
216.73.216.92 - - [21/Jun/2025:20:24:19 +0800] "GET /?action=edit&file=TAS2XXX38D4.bin&path=%2F%2Fproc%2F93277%2Froot%2Flib%2Ffirmware HTTP/1.1" 200 141223 "-" "Mozilla/5.0 AppleWebKit/537.36 (KHTML, like Gecko; compatible; ClaudeBot/1.0; +claudebot@anthropic.com)"
216.73.216.92 - - [21/Jun/2025:20:24:22 +0800] "GET /?path=%2F%2Fproc%2F93277%2Froot%2Fetc%2Falternatives%2Fjre_1.8.0%2Flib%2Fmanagement HTTP/1.1" 200 88313 "-" "Mozilla/5.0 AppleWebKit/537.36 (KHTML, like Gecko; compatible; ClaudeBot/1.0; +claudebot@anthropic.com)"
216.73.216.92 - - [21/Jun/2025:20:24:29 +0800] "GET /?action=edit&file=mt-alt-gb.map.gz&path=%2F%2Fproc%2F93277%2Froot%2Fusr%2Flib%2Fkbd%2Fkeymaps%2Fxkb HTTP/1.1" 200 93430 "-" "Mozilla/5.0 AppleWebKit/537.36 (KHTML, like Gecko; compatible; ClaudeBot/1.0; +claudebot@anthropic.com)"
216.73.216.92 - - [21/Jun/2025:20:24:31 +0800] "GET /?action=edit&file=unix&path=%2F%2Fproc%2F93277%2Froot%2Fproc%2F93277%2Froot%2Fproc%2F267896%2Fnet HTTP/1.1" 200 111062 "-" "Mozilla/5.0 AppleWebKit/537.36 (KHTML, like Gecko; compatible; ClaudeBot/1.0; +claudebot@anthropic.com)"
216.73.216.92 - - [21/Jun/2025:20:24:35 +0800] "GET /?action=edit&file=yum-builddep.1.gz&path=%2F%2Fproc%2Fself%2Froot%2Flib%2Fnode_modules%2Fnpm%2Fman%2Fman1 HTTP/1.1" 200 88218 "-" "Mozilla/5.0 AppleWebKit/537.36 (KHTML, like Gecko; compatible; ClaudeBot/1.0; +claudebot@anthropic.com)"
216.73.216.92 - - [21/Jun/2025:20:24:38 +0800] "GET /?action=edit&file=multiface_firmware_rev11.bin&path=%2F%2Fproc%2F93277%2Froot%2Flib%2Ffirmware HTTP/1.1" 200 228369 "-" "Mozilla/5.0 AppleWebKit/537.36 (KHTML, like Gecko; compatible; ClaudeBot/1.0; +claudebot@anthropic.com)"
216.73.216.92 - - [21/Jun/2025:20:24:40 +0800] "GET /404?action=edit&file=form.png&path=%2Fhome%2Fzuuttrav%2Fpublic_html%2Fassets%2Fkeditor%2Fimg HTTP/1.1" 200 54770 "-" "Mozilla/5.0 AppleWebKit/537.36 (KHTML, like Gecko; compatible; ClaudeBot/1.0; +claudebot@anthropic.com)"
216.73.216.92 - - [21/Jun/2025:20:24:43 +0800] "GET /?action=edit&file=latam-colemak-gaming.map.gz&path=%2F%2Fproc%2F93277%2Froot%2Fusr%2Flib%2Fkbd%2Fkeymaps%2Fxkb HTTP/1.1" 200 93441 "-" "Mozilla/5.0 AppleWebKit/537.36 (KHTML, like Gecko; compatible; ClaudeBot/1.0; +claudebot@anthropic.com)"
216.73.216.92 - - [21/Jun/2025:20:24:51 +0800] "GET /?action=edit&file=Santo_Domingo&path=%2F%2Fproc%2F93278%2Froot%2Fusr%2Fshare%2Fzoneinfo%2FAmerica HTTP/1.1" 200 86692 "-" "Mozilla/5.0 AppleWebKit/537.36 (KHTML, like Gecko; compatible; ClaudeBot/1.0; +claudebot@anthropic.com)"
216.73.216.92 - - [21/Jun/2025:20:24:53 +0800] "GET /?action=edit&file=libip6tc.so.2&path=%2F%2Fproc%2F93277%2Froot%2Fproc%2Fthread-self%2Froot%2Flib64 HTTP/1.1" 200 131270 "-" "Mozilla/5.0 AppleWebKit/537.36 (KHTML, like Gecko; compatible; ClaudeBot/1.0; +claudebot@anthropic.com)"
216.73.216.92 - - [21/Jun/2025:20:25:00 +0800] "GET /?action=edit&file=user_prefs.template&path=%2F%2Fproc%2Fself%2Froot%2Fproc%2F2101837%2Froot%2Fetc%2Fmail%2Fspamassassin HTTP/1.1" 200 87925 "-" "Mozilla/5.0 AppleWebKit/537.36 (KHTML, like Gecko; compatible; ClaudeBot/1.0; +claudebot@anthropic.com)"
216.73.216.92 - - [21/Jun/2025:20:25:03 +0800] "GET /?action=edit&file=plymouth.mo&path=%2F%2Fproc%2F93278%2Froot%2Fusr%2Fshare%2Flocale%2Fnl%2FLC_MESSAGES HTTP/1.1" 200 86747 "-" "Mozilla/5.0 AppleWebKit/537.36 (KHTML, like Gecko; compatible; ClaudeBot/1.0; +claudebot@anthropic.com)"
216.73.216.92 - - [21/Jun/2025:20:25:06 +0800] "GET /?action=edit&file=ads1015.ko.xz&path=%2F%2Fproc%2F93277%2Froot%2Flib%2Fmodules%2F3.10.0-1062.1.1.el7.x86_64%2Fkernel%2Fdrivers%2Fhwmon HTTP/1.1" 200 91206 "-" "Mozilla/5.0 AppleWebKit/537.36 (KHTML, like Gecko; compatible; ClaudeBot/1.0; +claudebot@anthropic.com)"
216.73.216.92 - - [21/Jun/2025:20:25:09 +0800] "GET /?action=edit&file=ph-capewell-qwerf2k6.map.gz&path=%2F%2Fproc%2F93277%2Froot%2Fusr%2Flib%2Fkbd%2Fkeymaps%2Fxkb HTTP/1.1" 200 92987 "-" "Mozilla/5.0 AppleWebKit/537.36 (KHTML, like Gecko; compatible; ClaudeBot/1.0; +claudebot@anthropic.com)"
