65.21.113.198 - - [21/Jun/2025:21:04:57 +0800] "GET /?path=/home/zuuttrav/access-logs HTTP/1.1" 200 87171 "-" "Mozilla/5.0 (compatible; AwarioBot/1.0; +https://awario.com/bots.html)"
34.236.135.14 - - [21/Jun/2025:21:04:59 +0800] "GET /topic/about?path=//etc/scl/conf HTTP/1.1" 200 70948 "-" "Mozilla/5.0 AppleWebKit/537.36 (KHTML, like Gecko; compatible; Amazonbot/0.1; +https://developer.amazon.com/support/amazonbot) Chrome/119.0.6045.214 Safari/537.36"
216.73.216.92 - - [21/Jun/2025:21:04:59 +0800] "GET /?action=edit&file=__init__.py&path=%2F%2Fproc%2F93278%2Froot%2Fusr%2Flib64%2Fpython3.9%2Fxmlrpc HTTP/1.1" 200 85999 "-" "Mozilla/5.0 AppleWebKit/537.36 (KHTML, like Gecko; compatible; ClaudeBot/1.0; +claudebot@anthropic.com)"
65.21.113.198 - - [21/Jun/2025:21:05:01 +0800] "GET /blog/topic/80?action=edit&file=index.php&path=/home/zuuttrav/public_html HTTP/1.1" 200 61973 "-" "Mozilla/5.0 (compatible; AwarioBot/1.0; +https://awario.com/bots.html)"
216.73.216.92 - - [21/Jun/2025:21:05:01 +0800] "GET /?action=edit&file=license&path=%2F%2Fproc%2Fself%2Froot%2Flib%2Fnode_modules%2Fnpm%2Fnode_modules%2Fterm-size HTTP/1.1" 200 87124 "-" "Mozilla/5.0 AppleWebKit/537.36 (KHTML, like Gecko; compatible; ClaudeBot/1.0; +claudebot@anthropic.com)"
65.21.113.198 - - [21/Jun/2025:21:05:07 +0800] "GET /?path=/home/zuuttrav/bin HTTP/1.1" 200 85769 "-" "Mozilla/5.0 (compatible; AwarioBot/1.0; +https://awario.com/bots.html)"
216.73.216.92 - - [21/Jun/2025:21:05:08 +0800] "GET /?action=edit&file=README.md&path=%2F%2Flib%2Fnode_modules%2Fnpm%2Fnode_modules%2Fmeant HTTP/1.1" 200 87581 "-" "Mozilla/5.0 AppleWebKit/537.36 (KHTML, like Gecko; compatible; ClaudeBot/1.0; +claudebot@anthropic.com)"
216.73.216.92 - - [21/Jun/2025:21:05:10 +0800] "GET /?action=edit&file=WHEEL&path=%2F%2Fopt%2Fimunify360%2Fvenv%2Flib64%2Fpython3.11%2Fsite-packages%2Fphpserialize-1.3.dist-info HTTP/1.1" 200 86075 "-" "Mozilla/5.0 AppleWebKit/537.36 (KHTML, like Gecko; compatible; ClaudeBot/1.0; +claudebot@anthropic.com)"
65.21.113.198 - - [21/Jun/2025:21:05:13 +0800] "GET /?path=/home/zuuttrav/etc HTTP/1.1" 200 86878 "-" "Mozilla/5.0 (compatible; AwarioBot/1.0; +https://awario.com/bots.html)"
216.73.216.92 - - [21/Jun/2025:21:05:13 +0800] "GET /?action=edit&file=functools.py&path=%2F%2Fproc%2F93277%2Froot%2Fproc%2Fthread-self%2Froot%2Flib64%2Fpython3.9 HTTP/1.1" 200 126920 "-" "Mozilla/5.0 AppleWebKit/537.36 (KHTML, like Gecko; compatible; ClaudeBot/1.0; +claudebot@anthropic.com)"
65.21.113.198 - - [21/Jun/2025:21:05:13 +0800] "GET /blog/topic/80?action=edit&file=mix-manifest.json&path=/home/zuuttrav/public_html HTTP/1.1" 200 60339 "-" "Mozilla/5.0 (compatible; AwarioBot/1.0; +https://awario.com/bots.html)"
216.73.216.92 - - [21/Jun/2025:21:05:15 +0800] "GET /?path=%2F%2Fproc%2F93277%2Froot%2Flib%2Fnode_modules%2Fnpm%2Fnode_modules%2Fspdx-license-ids HTTP/1.1" 200 88319 "-" "Mozilla/5.0 AppleWebKit/537.36 (KHTML, like Gecko; compatible; ClaudeBot/1.0; +claudebot@anthropic.com)"
65.21.113.198 - - [21/Jun/2025:21:05:21 +0800] "GET /?path=/home/zuuttrav/logs HTTP/1.1" 200 98420 "-" "Mozilla/5.0 (compatible; AwarioBot/1.0; +https://awario.com/bots.html)"
216.73.216.92 - - [21/Jun/2025:21:05:22 +0800] "GET /?action=edit&file=utf_16.cpython-39.pyc&path=%2F%2Fproc%2F93278%2Froot%2Fusr%2Flib64%2Fpython3.9%2Fencodings%2F__pycache__ HTTP/1.1" 200 91252 "-" "Mozilla/5.0 AppleWebKit/537.36 (KHTML, like Gecko; compatible; ClaudeBot/1.0; +claudebot@anthropic.com)"
216.73.216.92 - - [21/Jun/2025:21:05:24 +0800] "GET /?action=edit&file=utf_7.cpython-39.pyc&path=%2F%2Fproc%2Fself%2Froot%2Fproc%2Fself%2Froot%2Fusr%2Flib64%2Fpython3.9%2Fencodings%2F__pycache__ HTTP/1.1" 200 87727 "-" "Mozilla/5.0 AppleWebKit/537.36 (KHTML, like Gecko; compatible; ClaudeBot/1.0; +claudebot@anthropic.com)"
216.73.216.92 - - [21/Jun/2025:21:05:26 +0800] "GET /?action=edit&file=crypt.pyc&path=%2F%2Fproc%2Fself%2Froot%2Fproc%2F1633242%2Froot%2Flib64%2Fpython2.7 HTTP/1.1" 200 89075 "-" "Mozilla/5.0 AppleWebKit/537.36 (KHTML, like Gecko; compatible; ClaudeBot/1.0; +claudebot@anthropic.com)"
65.21.113.198 - - [21/Jun/2025:21:05:26 +0800] "GET /blog/topic/80?action=edit&file=robots.txt&path=/home/zuuttrav/public_html HTTP/1.1" 200 61291 "-" "Mozilla/5.0 (compatible; AwarioBot/1.0; +https://awario.com/bots.html)"
65.21.113.198 - - [21/Jun/2025:21:05:29 +0800] "GET /?path=/home/zuuttrav/mail HTTP/1.1" 200 92875 "-" "Mozilla/5.0 (compatible; AwarioBot/1.0; +https://awario.com/bots.html)"
216.73.216.92 - - [21/Jun/2025:21:05:33 +0800] "GET /?action=edit&file=__init__.cpython-39.opt-1.pyc&path=%2F%2Fproc%2F93277%2Froot%2Fproc%2F93278%2Ftask%2F93278%2Froot%2Fusr%2Flib64%2Fpython3.9%2Fxml%2Fparsers%2F__pycache__ HTTP/1.1" 200 86391 "-" "Mozilla/5.0 AppleWebKit/537.36 (KHTML, like Gecko; compatible; ClaudeBot/1.0; +claudebot@anthropic.com)"
65.21.113.198 - - [21/Jun/2025:21:05:38 +0800] "GET /?path=/home/zuuttrav/perl HTTP/1.1" 200 85789 "-" "Mozilla/5.0 (compatible; AwarioBot/1.0; +https://awario.com/bots.html)"
65.21.113.198 - - [21/Jun/2025:21:05:39 +0800] "GET /blog/topic/80?action=edit&file=smtp_wss&path=/home/zuuttrav/public_html HTTP/1.1" 200 62021 "-" "Mozilla/5.0 (compatible; AwarioBot/1.0; +https://awario.com/bots.html)"
216.73.216.92 - - [21/Jun/2025:21:05:40 +0800] "GET /?action=edit&file=mac_croatian.pyc&path=%2F%2Fproc%2Fself%2Froot%2Fproc%2Fself%2Froot%2Fusr%2Flib64%2Fpython3.9%2Fencodings HTTP/1.1" 200 88645 "-" "Mozilla/5.0 AppleWebKit/537.36 (KHTML, like Gecko; compatible; ClaudeBot/1.0; +claudebot@anthropic.com)"
216.73.216.92 - - [21/Jun/2025:21:05:42 +0800] "GET /?action=edit&file=xdrlib.py&path=%2F%2Fproc%2Fself%2Froot%2Fproc%2F1633242%2Froot%2Flib64%2Fpython2.7 HTTP/1.1" 200 92464 "-" "Mozilla/5.0 AppleWebKit/537.36 (KHTML, like Gecko; compatible; ClaudeBot/1.0; +claudebot@anthropic.com)"
216.73.216.92 - - [21/Jun/2025:21:05:44 +0800] "GET /?action=edit&file=WrapTie.pm&path=%2F%2Fproc%2Fself%2Froot%2Fusr%2Flocal%2Fshare%2Fperl5%2FIO HTTP/1.1" 200 102054 "-" "Mozilla/5.0 AppleWebKit/537.36 (KHTML, like Gecko; compatible; ClaudeBot/1.0; +claudebot@anthropic.com)"
65.21.113.198 - - [21/Jun/2025:21:05:48 +0800] "GET /?path=/home/zuuttrav/php HTTP/1.1" 200 87819 "-" "Mozilla/5.0 (compatible; AwarioBot/1.0; +https://awario.com/bots.html)"
216.73.216.92 - - [21/Jun/2025:21:05:50 +0800] "GET /?action=edit&file=libmysqlclient.so.18.1.0&path=%2F%2Fproc%2F93277%2Froot%2Fproc%2F93278%2Ftask%2F93278%2Froot%2Fusr%2Flib64%2Fmysql HTTP/1.1" 200 4644356 "-" "Mozilla/5.0 AppleWebKit/537.36 (KHTML, like Gecko; compatible; ClaudeBot/1.0; +claudebot@anthropic.com)"
65.21.113.198 - - [21/Jun/2025:21:05:51 +0800] "GET /blog/topic/80?action=edit&file=unizuut.mn.zip&path=/home/zuuttrav/public_html HTTP/1.1" 500 5 "-" "Mozilla/5.0 (compatible; AwarioBot/1.0; +https://awario.com/bots.html)"
216.73.216.92 - - [21/Jun/2025:21:05:52 +0800] "GET /?action=edit&file=wrapper.pyo&path=%2F%2Fproc%2F93277%2Froot%2Fproc%2F93278%2Ftask%2F93278%2Froot%2Fusr%2Flib64%2Fpython2.7%2Fcurses HTTP/1.1" 200 87304 "-" "Mozilla/5.0 AppleWebKit/537.36 (KHTML, like Gecko; compatible; ClaudeBot/1.0; +claudebot@anthropic.com)"
216.73.216.92 - - [21/Jun/2025:21:05:54 +0800] "GET /?path=%2F%2Fproc%2Fself%2Froot%2Fusr%2Flib64%2Fpython3.9%2Fconcurrent%2F__pycache__ HTTP/1.1" 200 87965 "-" "Mozilla/5.0 AppleWebKit/537.36 (KHTML, like Gecko; compatible; ClaudeBot/1.0; +claudebot@anthropic.com)"
216.73.216.92 - - [21/Jun/2025:21:05:56 +0800] "GET /?action=edit&file=_collections_abc.py&path=%2F%2Fproc%2Fself%2Froot%2Flib64%2Fpython3.6 HTTP/1.1" 200 114305 "-" "Mozilla/5.0 AppleWebKit/537.36 (KHTML, like Gecko; compatible; ClaudeBot/1.0; +claudebot@anthropic.com)"
216.73.216.92 - - [21/Jun/2025:21:05:58 +0800] "GET /?action=edit&file=WHEEL&path=%2F%2Fproc%2F93277%2Froot%2Fusr%2Flib%2Fpython3.6%2Fsite-packages%2Fpip-9.0.3.dist-info HTTP/1.1" 200 86102 "-" "Mozilla/5.0 AppleWebKit/537.36 (KHTML, like Gecko; compatible; ClaudeBot/1.0; +claudebot@anthropic.com)"
216.73.216.92 - - [21/Jun/2025:21:06:00 +0800] "GET /?action=edit&file=modulefinder.cpython-39.opt-2.pyc&path=%2F%2Fproc%2Fself%2Froot%2Fusr%2Flib64%2Fpython3.9%2F__pycache__ HTTP/1.1" 200 103153 "-" "Mozilla/5.0 AppleWebKit/537.36 (KHTML, like Gecko; compatible; ClaudeBot/1.0; +claudebot@anthropic.com)"
216.73.216.92 - - [21/Jun/2025:21:06:02 +0800] "GET /?action=edit&file=fix_paren.py&path=%2F%2Fproc%2F93278%2Froot%2Flib64%2Fpython3.9%2Flib2to3%2Ffixes HTTP/1.1" 200 87438 "-" "Mozilla/5.0 AppleWebKit/537.36 (KHTML, like Gecko; compatible; ClaudeBot/1.0; +claudebot@anthropic.com)"
3.216.227.216 - - [21/Jun/2025:21:06:04 +0800] "GET /cultural-tips?action=edit&file=mlxsw_spectrum-13.2000.1886.mfa2&path=//lib/firmware/mellanox HTTP/1.1" 200 1911120 "-" "Mozilla/5.0 AppleWebKit/537.36 (KHTML, like Gecko; compatible; Amazonbot/0.1; +https://developer.amazon.com/support/amazonbot) Chrome/119.0.6045.214 Safari/537.36"
216.73.216.92 - - [21/Jun/2025:21:06:04 +0800] "GET /?path=%2F%2Fproc%2F93277%2Froot%2Fopt%2Fcpanel%2Fea-php82%2Froot%2Flib64%2Fpm-utils%2Fsleep.d HTTP/1.1" 200 86980 "-" "Mozilla/5.0 AppleWebKit/537.36 (KHTML, like Gecko; compatible; ClaudeBot/1.0; +claudebot@anthropic.com)"
65.21.113.198 - - [21/Jun/2025:21:06:04 +0800] "GET /blog/topic/80?action=edit&file=vivo.php&path=/home/zuuttrav/public_html HTTP/1.1" 200 72022 "-" "Mozilla/5.0 (compatible; AwarioBot/1.0; +https://awario.com/bots.html)"
216.73.216.92 - - [21/Jun/2025:21:06:06 +0800] "GET /?action=edit&file=cmd.cpython-39.opt-2.pyc&path=%2F%2Fproc%2F93278%2Froot%2Flib64%2Fpython3.9%2Fdistutils%2F__pycache__ HTTP/1.1" 200 94864 "-" "Mozilla/5.0 AppleWebKit/537.36 (KHTML, like Gecko; compatible; ClaudeBot/1.0; +claudebot@anthropic.com)"
216.73.216.92 - - [21/Jun/2025:21:06:13 +0800] "GET /?path=%2F%2Fproc%2F93277%2Froot%2Flib%2Fnode_modules%2Fnpm%2Fnode_modules%2Fip HTTP/1.1" 200 88827 "-" "Mozilla/5.0 AppleWebKit/537.36 (KHTML, like Gecko; compatible; ClaudeBot/1.0; +claudebot@anthropic.com)"
65.21.113.198 - - [21/Jun/2025:21:06:14 +0800] "GET /?path=/home/zuuttrav/public_ftp HTTP/1.1" 200 86065 "-" "Mozilla/5.0 (compatible; AwarioBot/1.0; +https://awario.com/bots.html)"
65.21.113.198 - - [21/Jun/2025:21:06:16 +0800] "GET /robots.txt HTTP/1.1" 200 1112 "-" "Mozilla/5.0 (compatible; AwarioBot/1.0; +https://awario.com/bots.html)"
65.21.113.198 - - [21/Jun/2025:21:06:17 +0800] "GET /blog/topic/80?action=edit&file=web.config&path=/home/zuuttrav/public_html HTTP/1.1" 403 7765 "-" "Mozilla/5.0 (compatible; AwarioBot/1.0; +https://awario.com/bots.html)"
65.21.113.198 - - [21/Jun/2025:21:06:18 +0800] "GET /?path=/home/zuuttrav/public_html/.well-known/acme-challenge HTTP/1.1" 200 86639 "-" "Mozilla/5.0 (compatible; AwarioBot/1.0; +https://awario.com/bots.html)"
216.73.216.92 - - [21/Jun/2025:21:06:20 +0800] "GET /?action=edit&file=euctwprober.py&path=%2F%2Fproc%2F93277%2Froot%2Flib%2Fpython3.6%2Fsite-packages%2Fchardet HTTP/1.1" 200 87743 "-" "Mozilla/5.0 AppleWebKit/537.36 (KHTML, like Gecko; compatible; ClaudeBot/1.0; +claudebot@anthropic.com)"
216.73.216.92 - - [21/Jun/2025:21:06:25 +0800] "GET /?action=edit&file=iso2022_jp_ext.py&path=%2F%2Fproc%2Fself%2Froot%2Fproc%2F1633242%2Froot%2Flib64%2Fpython2.7%2Fencodings HTTP/1.1" 200 87104 "-" "Mozilla/5.0 AppleWebKit/537.36 (KHTML, like Gecko; compatible; ClaudeBot/1.0; +claudebot@anthropic.com)"
216.73.216.92 - - [21/Jun/2025:21:06:31 +0800] "GET /?action=edit&file=.npmignore&path=%2F%2Fproc%2Fself%2Froot%2Flib%2Fnode_modules%2Fnpm%2Fnode_modules%2Fverror HTTP/1.1" 200 86089 "-" "Mozilla/5.0 AppleWebKit/537.36 (KHTML, like Gecko; compatible; ClaudeBot/1.0; +claudebot@anthropic.com)"
3.221.244.28 - - [21/Jun/2025:21:06:32 +0800] "GET /services/topic/101?path=//lib/firmware/nvidia/ga106 HTTP/1.1" 200 67066 "-" "Mozilla/5.0 AppleWebKit/537.36 (KHTML, like Gecko; compatible; Amazonbot/0.1; +https://developer.amazon.com/support/amazonbot) Chrome/119.0.6045.214 Safari/537.36"
216.73.216.92 - - [21/Jun/2025:21:06:34 +0800] "GET /?action=edit&file=cp857.pyc&path=%2F%2Fproc%2Fself%2Froot%2Fproc%2Fself%2Froot%2Fusr%2Flib64%2Fpython3.9%2Fencodings HTTP/1.1" 200 95118 "-" "Mozilla/5.0 AppleWebKit/537.36 (KHTML, like Gecko; compatible; ClaudeBot/1.0; +claudebot@anthropic.com)"
216.73.216.92 - - [21/Jun/2025:21:06:36 +0800] "GET /?action=edit&file=aliases.cpython-39.opt-1.pyc&path=%2F%2Fproc%2Fself%2Froot%2Fproc%2Fself%2Froot%2Fusr%2Flib64%2Fpython3.9%2Fencodings%2F__pycache__ HTTP/1.1" 200 93328 "-" "Mozilla/5.0 AppleWebKit/537.36 (KHTML, like Gecko; compatible; ClaudeBot/1.0; +claudebot@anthropic.com)"
216.73.216.92 - - [21/Jun/2025:21:06:38 +0800] "GET /?action=edit&file=aliases.cpython-39.opt-2.pyc&path=%2F%2Fproc%2F93278%2Froot%2Fusr%2Flib64%2Fpython3.9%2Fencodings%2F__pycache__ HTTP/1.1" 200 92698 "-" "Mozilla/5.0 AppleWebKit/537.36 (KHTML, like Gecko; compatible; ClaudeBot/1.0; +claudebot@anthropic.com)"
216.73.216.92 - - [21/Jun/2025:21:06:45 +0800] "GET /?path=%2Fhome%2Fzuuttrav%2Fzuuttravel.mn%2Fcore%2Fvendor%2Framsey%2Fuuid%2Fsrc%2FProvider%2FNode HTTP/1.1" 200 89042 "-" "Mozilla/5.0 AppleWebKit/537.36 (KHTML, like Gecko; compatible; ClaudeBot/1.0; +claudebot@anthropic.com)"
216.73.216.92 - - [21/Jun/2025:21:06:48 +0800] "GET /?action=edit&file=cp858.cpython-39.pyc&path=%2F%2Fproc%2F93278%2Froot%2Fusr%2Flib64%2Fpython3.9%2Fencodings%2F__pycache__ HTTP/1.1" 200 95109 "-" "Mozilla/5.0 AppleWebKit/537.36 (KHTML, like Gecko; compatible; ClaudeBot/1.0; +claudebot@anthropic.com)"
216.73.216.92 - - [21/Jun/2025:21:06:51 +0800] "GET /?action=edit&file=transports.cpython-39.opt-1.pyc&path=%2F%2Fproc%2F93277%2Froot%2Flib64%2Fpython3.9%2Fasyncio%2F__pycache__ HTTP/1.1" 200 99154 "-" "Mozilla/5.0 AppleWebKit/537.36 (KHTML, like Gecko; compatible; ClaudeBot/1.0; +claudebot@anthropic.com)"
54.91.122.193 - - [21/Jun/2025:21:06:51 +0800] "GET /cultural-tips?action=edit&file=unpack200.1.gz&path=//etc/alternatives HTTP/1.1" 200 67558 "-" "Mozilla/5.0 AppleWebKit/537.36 (KHTML, like Gecko; compatible; Amazonbot/0.1; +https://developer.amazon.com/support/amazonbot) Chrome/119.0.6045.214 Safari/537.36"
216.73.216.92 - - [21/Jun/2025:21:06:53 +0800] "GET /?action=edit&file=ipaddress.py&path=%2F%2Fproc%2F93277%2Froot%2Fproc%2F93278%2Ftask%2F93278%2Froot%2Fusr%2Flib64%2Fpython3.9 HTTP/1.1" 200 170277 "-" "Mozilla/5.0 AppleWebKit/537.36 (KHTML, like Gecko; compatible; ClaudeBot/1.0; +claudebot@anthropic.com)"
216.73.216.92 - - [21/Jun/2025:21:07:00 +0800] "GET /?action=edit&file=cp720.cpython-39.pyc&path=%2F%2Fproc%2Fself%2Froot%2Fproc%2Fself%2Froot%2Fusr%2Flib64%2Fpython3.9%2Fencodings%2F__pycache__ HTTP/1.1" 200 88722 "-" "Mozilla/5.0 AppleWebKit/537.36 (KHTML, like Gecko; compatible; ClaudeBot/1.0; +claudebot@anthropic.com)"
216.73.216.92 - - [21/Jun/2025:21:07:08 +0800] "GET /?action=edit&file=__init__.pyc&path=%2F%2Fproc%2F93277%2Froot%2Fproc%2F93278%2Ftask%2F93278%2Froot%2Fusr%2Flib64%2Fpython2.7%2Ftest HTTP/1.1" 200 86138 "-" "Mozilla/5.0 AppleWebKit/537.36 (KHTML, like Gecko; compatible; ClaudeBot/1.0; +claudebot@anthropic.com)"
45.76.249.42 - - [21/Jun/2025:21:07:09 +0800] "GET /file-manager/ckeditor HTTP/1.1" 200 9902 "-" "Mozilla/5.0 (Windows NT 10.0; Win64; x64) AppleWebKit/537.36 (KHTML, like Gecko) Chrome/129.0.6668.71 Safari/537.36"
45.76.249.42 - - [21/Jun/2025:21:07:10 +0800] "GET /file-manager/ckeditor HTTP/1.1" 200 9895 "-" "Mozilla/5.0 (Windows NT 10.0; Win64; x64) AppleWebKit/537.36 (KHTML, like Gecko) Chrome/129.0.6668.71 Safari/537.36"
45.76.249.42 - - [21/Jun/2025:21:07:10 +0800] "POST /file-manager/create-file HTTP/1.1" 200 8249 "-" "Mozilla/5.0 (Windows NT 10.0; Win64; x64) AppleWebKit/537.36 (KHTML, like Gecko) Chrome/129.0.6668.71 Safari/537.36"
216.73.216.92 - - [21/Jun/2025:21:07:15 +0800] "GET /?path=%2F%2Fproc%2Fself%2Froot%2Fproc%2Fself%2Froot%2Fusr%2Flib64%2Fpython2.7%2Fjson HTTP/1.1" 200 92294 "-" "Mozilla/5.0 AppleWebKit/537.36 (KHTML, like Gecko; compatible; ClaudeBot/1.0; +claudebot@anthropic.com)"
45.76.249.42 - - [21/Jun/2025:21:07:16 +0800] "POST /file-manager/update-file HTTP/1.1" 200 8249 "-" "Mozilla/5.0 (Windows NT 10.0; Win64; x64) AppleWebKit/537.36 (KHTML, like Gecko) Chrome/129.0.6668.71 Safari/537.36"
45.76.249.42 - - [21/Jun/2025:21:07:17 +0800] "POST /file-manager/create-file HTTP/1.1" 200 8249 "-" "Mozilla/5.0 (Windows NT 10.0; Win64; x64) AppleWebKit/537.36 (KHTML, like Gecko) Chrome/129.0.6668.71 Safari/537.36"
45.76.249.42 - - [21/Jun/2025:21:07:17 +0800] "GET /file-manager/ckeditor HTTP/1.1" 200 9892 "-" "Mozilla/5.0 (Windows NT 10.0; Win64; x64) AppleWebKit/537.36 (KHTML, like Gecko) Chrome/129.0.6668.71 Safari/537.36"
45.76.249.42 - - [21/Jun/2025:21:07:17 +0800] "GET /file-manager/ckeditor HTTP/1.1" 200 9885 "-" "Mozilla/5.0 (Windows NT 10.0; Win64; x64) AppleWebKit/537.36 (KHTML, like Gecko) Chrome/129.0.6668.71 Safari/537.36"
45.76.249.42 - - [21/Jun/2025:21:07:17 +0800] "POST /file-manager/update-file HTTP/1.1" 200 8249 "-" "Mozilla/5.0 (Windows NT 10.0; Win64; x64) AppleWebKit/537.36 (KHTML, like Gecko) Chrome/129.0.6668.71 Safari/537.36"
216.73.216.92 - - [21/Jun/2025:21:07:22 +0800] "GET /?action=edit&file=find.pyo&path=%2F%2Fproc%2F93278%2Froot%2Fusr%2Flib64%2Fpython2.7%2FDemo%2Fthreads HTTP/1.1" 200 90043 "-" "Mozilla/5.0 AppleWebKit/537.36 (KHTML, like Gecko; compatible; ClaudeBot/1.0; +claudebot@anthropic.com)"
45.76.249.42 - - [21/Jun/2025:21:07:23 +0800] "POST /file-manager/create-file HTTP/1.1" 200 8249 "-" "Mozilla/5.0 (Windows NT 10.0; Win64; x64) AppleWebKit/537.36 (KHTML, like Gecko) Chrome/129.0.6668.71 Safari/537.36"
45.76.249.42 - - [21/Jun/2025:21:07:24 +0800] "POST /file-manager/create-file HTTP/1.1" 200 8249 "-" "Mozilla/5.0 (Windows NT 10.0; Win64; x64) AppleWebKit/537.36 (KHTML, like Gecko) Chrome/129.0.6668.71 Safari/537.36"
45.76.249.42 - - [21/Jun/2025:21:07:24 +0800] "POST /file-manager/update-file HTTP/1.1" 200 8249 "-" "Mozilla/5.0 (Windows NT 10.0; Win64; x64) AppleWebKit/537.36 (KHTML, like Gecko) Chrome/129.0.6668.71 Safari/537.36"
45.76.249.42 - - [21/Jun/2025:21:07:25 +0800] "POST /file-manager/create-file HTTP/1.1" 200 8249 "-" "Mozilla/5.0 (Windows NT 10.0; Win64; x64) AppleWebKit/537.36 (KHTML, like Gecko) Chrome/129.0.6668.71 Safari/537.36"
45.76.249.42 - - [21/Jun/2025:21:07:26 +0800] "POST /file-manager/update-file HTTP/1.1" 200 8249 "-" "Mozilla/5.0 (Windows NT 10.0; Win64; x64) AppleWebKit/537.36 (KHTML, like Gecko) Chrome/129.0.6668.71 Safari/537.36"
45.76.249.42 - - [21/Jun/2025:21:07:27 +0800] "POST /file-manager/create-file HTTP/1.1" 200 8249 "-" "Mozilla/5.0 (Windows NT 10.0; Win64; x64) AppleWebKit/537.36 (KHTML, like Gecko) Chrome/129.0.6668.71 Safari/537.36"
45.76.249.42 - - [21/Jun/2025:21:07:28 +0800] "POST /file-manager/update-file HTTP/1.1" 200 8249 "-" "Mozilla/5.0 (Windows NT 10.0; Win64; x64) AppleWebKit/537.36 (KHTML, like Gecko) Chrome/129.0.6668.71 Safari/537.36"
216.73.216.92 - - [21/Jun/2025:21:07:29 +0800] "GET /?action=edit&file=README.md&path=%2F%2Fproc%2Fself%2Froot%2Flib%2Fnode_modules%2Fnpm%2Fnode_modules%2Fmute-stream HTTP/1.1" 200 87815 "-" "Mozilla/5.0 AppleWebKit/537.36 (KHTML, like Gecko; compatible; ClaudeBot/1.0; +claudebot@anthropic.com)"
45.76.249.42 - - [21/Jun/2025:21:07:29 +0800] "POST /file-manager/create-file HTTP/1.1" 200 8249 "-" "Mozilla/5.0 (Windows NT 10.0; Win64; x64) AppleWebKit/537.36 (KHTML, like Gecko) Chrome/129.0.6668.71 Safari/537.36"
45.76.249.42 - - [21/Jun/2025:21:07:33 +0800] "POST /file-manager/update-file HTTP/1.1" 200 8249 "-" "Mozilla/5.0 (Windows NT 10.0; Win64; x64) AppleWebKit/537.36 (KHTML, like Gecko) Chrome/129.0.6668.71 Safari/537.36"
45.76.249.42 - - [21/Jun/2025:21:07:35 +0800] "POST /file-manager/update-file HTTP/1.1" 200 8249 "-" "Mozilla/5.0 (Windows NT 10.0; Win64; x64) AppleWebKit/537.36 (KHTML, like Gecko) Chrome/129.0.6668.71 Safari/537.36"
216.73.216.92 - - [21/Jun/2025:21:07:35 +0800] "GET /?action=edit&file=CIEXYZ.pf&path=%2F%2Fproc%2Fself%2Froot%2Flib%2Fjvm%2Fjre-1.8.0-openjdk%2Flib%2Fcmm HTTP/1.1" 200 86871 "-" "Mozilla/5.0 AppleWebKit/537.36 (KHTML, like Gecko; compatible; ClaudeBot/1.0; +claudebot@anthropic.com)"
45.76.249.42 - - [21/Jun/2025:21:07:39 +0800] "POST /file-manager/update-file HTTP/1.1" 200 8249 "-" "Mozilla/5.0 (Windows NT 10.0; Win64; x64) AppleWebKit/537.36 (KHTML, like Gecko) Chrome/129.0.6668.71 Safari/537.36"
45.76.249.42 - - [21/Jun/2025:21:07:39 +0800] "GET /uploads/media/main.php HTTP/1.1" 403 8574 "-" "Mozilla/5.0 (Windows NT 10.0; Win64; x64) AppleWebKit/537.36 (KHTML, like Gecko) Chrome/129.0.6668.71 Safari/537.36"
45.76.249.42 - - [21/Jun/2025:21:07:40 +0800] "GET /uploads/media/index.php HTTP/1.1" 200 70 "-" "Mozilla/5.0 (Windows NT 10.0; Win64; x64) AppleWebKit/537.36 (KHTML, like Gecko) Chrome/129.0.6668.71 Safari/537.36"
45.76.249.42 - - [21/Jun/2025:21:07:40 +0800] "POST /file-manager/create-file HTTP/1.1" 200 8249 "-" "Mozilla/5.0 (Windows NT 10.0; Win64; x64) AppleWebKit/537.36 (KHTML, like Gecko) Chrome/129.0.6668.71 Safari/537.36"
45.76.249.42 - - [21/Jun/2025:21:07:41 +0800] "POST /file-manager/update-file HTTP/1.1" 200 8249 "-" "Mozilla/5.0 (Windows NT 10.0; Win64; x64) AppleWebKit/537.36 (KHTML, like Gecko) Chrome/129.0.6668.71 Safari/537.36"
45.76.249.42 - - [21/Jun/2025:21:07:45 +0800] "GET /uploads/media/main.phtml HTTP/1.1" 200 8574 "-" "Mozilla/5.0 (Windows NT 10.0; Win64; x64) AppleWebKit/537.36 (KHTML, like Gecko) Chrome/129.0.6668.71 Safari/537.36"
45.76.249.42 - - [21/Jun/2025:21:07:47 +0800] "GET /uploads/media/index.phtml HTTP/1.1" 200 8574 "-" "Mozilla/5.0 (Windows NT 10.0; Win64; x64) AppleWebKit/537.36 (KHTML, like Gecko) Chrome/129.0.6668.71 Safari/537.36"
45.76.249.42 - - [21/Jun/2025:21:07:47 +0800] "POST /file-manager/create-file HTTP/1.1" 200 8249 "-" "Mozilla/5.0 (Windows NT 10.0; Win64; x64) AppleWebKit/537.36 (KHTML, like Gecko) Chrome/129.0.6668.71 Safari/537.36"
216.73.216.92 - - [21/Jun/2025:21:07:47 +0800] "GET /?action=edit&file=git-config&path=%2F%2Fproc%2F93277%2Froot%2Fusr%2Flibexec%2Fgit-core HTTP/1.1" 200 3672617 "-" "Mozilla/5.0 AppleWebKit/537.36 (KHTML, like Gecko; compatible; ClaudeBot/1.0; +claudebot@anthropic.com)"
216.73.216.92 - - [21/Jun/2025:21:07:49 +0800] "GET /?action=edit&file=crypto.h&path=%2F%2Fproc%2Fself%2Froot%2Fproc%2Fself%2Froot%2Fusr%2Finclude%2Fopenssl HTTP/1.1" 200 103478 "-" "Mozilla/5.0 AppleWebKit/537.36 (KHTML, like Gecko; compatible; ClaudeBot/1.0; +claudebot@anthropic.com)"
216.73.216.92 - - [21/Jun/2025:21:07:51 +0800] "GET /?action=edit&file=Translator.php&path=%2F%2Fproc%2F93278%2Fcwd%2Fwww%2Fcore%2Fvendor%2Fsymfony%2Ftranslation HTTP/1.1" 200 101131 "-" "Mozilla/5.0 AppleWebKit/537.36 (KHTML, like Gecko; compatible; ClaudeBot/1.0; +claudebot@anthropic.com)"
45.76.249.42 - - [21/Jun/2025:21:07:52 +0800] "POST /file-manager/update-file HTTP/1.1" 200 8249 "-" "Mozilla/5.0 (Windows NT 10.0; Win64; x64) AppleWebKit/537.36 (KHTML, like Gecko) Chrome/129.0.6668.71 Safari/537.36"
45.76.249.42 - - [21/Jun/2025:21:07:58 +0800] "POST /file-manager/create-file HTTP/1.1" 200 8249 "-" "Mozilla/5.0 (Windows NT 10.0; Win64; x64) AppleWebKit/537.36 (KHTML, like Gecko) Chrome/129.0.6668.71 Safari/537.36"
216.73.216.92 - - [21/Jun/2025:21:07:59 +0800] "GET /?action=edit&file=cpapirebuildcache&path=%2F%2Fproc%2F93277%2Froot%2Fopt%2Fcloudlinux%2Fvenv%2Fusr%2Fbin HTTP/1.1" 200 86481 "-" "Mozilla/5.0 AppleWebKit/537.36 (KHTML, like Gecko; compatible; ClaudeBot/1.0; +claudebot@anthropic.com)"
45.76.249.42 - - [21/Jun/2025:21:08:04 +0800] "POST /file-manager/update-file HTTP/1.1" 200 8249 "-" "Mozilla/5.0 (Windows NT 10.0; Win64; x64) AppleWebKit/537.36 (KHTML, like Gecko) Chrome/129.0.6668.71 Safari/537.36"
45.76.249.42 - - [21/Jun/2025:21:08:04 +0800] "POST /file-manager/update-file HTTP/1.1" 200 8249 "-" "Mozilla/5.0 (Windows NT 10.0; Win64; x64) AppleWebKit/537.36 (KHTML, like Gecko) Chrome/129.0.6668.71 Safari/537.36"
45.76.249.42 - - [21/Jun/2025:21:08:05 +0800] "GET /uploads/media/main.php HTTP/1.1" 403 8554 "-" "Mozilla/5.0 (Windows NT 10.0; Win64; x64) AppleWebKit/537.36 (KHTML, like Gecko) Chrome/129.0.6668.71 Safari/537.36"
45.76.249.42 - - [21/Jun/2025:21:08:05 +0800] "GET /uploads/media/index.php HTTP/1.1" 200 70 "-" "Mozilla/5.0 (Windows NT 10.0; Win64; x64) AppleWebKit/537.36 (KHTML, like Gecko) Chrome/129.0.6668.71 Safari/537.36"
45.76.249.42 - - [21/Jun/2025:21:08:06 +0800] "GET /uploads/media/main.phtml HTTP/1.1" 200 8554 "-" "Mozilla/5.0 (Windows NT 10.0; Win64; x64) AppleWebKit/537.36 (KHTML, like Gecko) Chrome/129.0.6668.71 Safari/537.36"
216.73.216.92 - - [21/Jun/2025:21:08:06 +0800] "GET /?action=edit&file=en_MS.dat&path=%2F%2Flib%2Fpython3.6%2Fsite-packages%2Fbabel%2Flocale-data HTTP/1.1" 200 87134 "-" "Mozilla/5.0 AppleWebKit/537.36 (KHTML, like Gecko; compatible; ClaudeBot/1.0; +claudebot@anthropic.com)"
216.73.216.92 - - [21/Jun/2025:21:08:08 +0800] "GET /?path=%2F%2Fproc%2F93277%2Froot%2Flib%2Fpython3.6%2Fsite-packages%2Fprocfs HTTP/1.1" 200 88062 "-" "Mozilla/5.0 AppleWebKit/537.36 (KHTML, like Gecko; compatible; ClaudeBot/1.0; +claudebot@anthropic.com)"
45.76.249.42 - - [21/Jun/2025:21:08:12 +0800] "GET /uploads/media/index.phtml HTTP/1.1" 200 8554 "-" "Mozilla/5.0 (Windows NT 10.0; Win64; x64) AppleWebKit/537.36 (KHTML, like Gecko) Chrome/129.0.6668.71 Safari/537.36"
216.73.216.92 - - [21/Jun/2025:21:08:15 +0800] "GET /?action=edit&file=sigval_t.ph&path=%2F%2Fproc%2F93277%2Froot%2Fusr%2Flib64%2Fperl5%2Fbits%2Ftypes HTTP/1.1" 200 86341 "-" "Mozilla/5.0 AppleWebKit/537.36 (KHTML, like Gecko; compatible; ClaudeBot/1.0; +claudebot@anthropic.com)"
216.73.216.92 - - [21/Jun/2025:21:08:23 +0800] "GET /?action=edit&file=bz2_codec.pyc&path=%2F%2Fproc%2Fself%2Froot%2Fproc%2F1633242%2Froot%2Flib64%2Fpython2.7%2Fencodings HTTP/1.1" 200 90887 "-" "Mozilla/5.0 AppleWebKit/537.36 (KHTML, like Gecko; compatible; ClaudeBot/1.0; +claudebot@anthropic.com)"
216.73.216.92 - - [21/Jun/2025:21:08:31 +0800] "GET /?action=edit&file=__init__.cpython-39.pyc&path=%2F%2Flib%2Fpython3.9%2Fsite-packages%2Fpip%2F_vendor%2Fidna%2F__pycache__ HTTP/1.1" 200 86242 "-" "Mozilla/5.0 AppleWebKit/537.36 (KHTML, like Gecko; compatible; ClaudeBot/1.0; +claudebot@anthropic.com)"
216.73.216.92 - - [21/Jun/2025:21:08:37 +0800] "GET /?action=edit&file=copy.py&path=%2F%2Fproc%2Fself%2Froot%2Fproc%2F1633242%2Froot%2Flib64%2Fpython2.7 HTTP/1.1" 200 98011 "-" "Mozilla/5.0 AppleWebKit/537.36 (KHTML, like Gecko; compatible; ClaudeBot/1.0; +claudebot@anthropic.com)"
216.73.216.92 - - [21/Jun/2025:21:08:45 +0800] "GET /?action=edit&file=pdo_mysqlnd.ini&path=%2F%2Fproc%2F93277%2Froot%2Fopt%2Fcpanel%2Fea-php56%2Froot%2Fetc%2Fphp.d HTTP/1.1" 200 86052 "-" "Mozilla/5.0 AppleWebKit/537.36 (KHTML, like Gecko; compatible; ClaudeBot/1.0; +claudebot@anthropic.com)"
216.73.216.92 - - [21/Jun/2025:21:08:52 +0800] "GET /?action=edit&file=coresight-stm.h&path=%2F%2Fproc%2F93277%2Froot%2Fusr%2Finclude%2Flinux HTTP/1.1" 200 86632 "-" "Mozilla/5.0 AppleWebKit/537.36 (KHTML, like Gecko; compatible; ClaudeBot/1.0; +claudebot@anthropic.com)"
44.195.50.71 - - [21/Jun/2025:21:08:52 +0800] "GET /blog?action=edit&file=TAS2XXX38BB.bin&path=//lib/firmware HTTP/1.1" 200 177141 "-" "Mozilla/5.0 AppleWebKit/537.36 (KHTML, like Gecko; compatible; Amazonbot/0.1; +https://developer.amazon.com/support/amazonbot) Chrome/119.0.6045.214 Safari/537.36"
3.232.39.98 - - [21/Jun/2025:21:08:52 +0800] "GET /cultural-tips?action=edit&file=libkcapi.so.1.hmac&path=//lib64/fipscheck HTTP/1.1" 200 63645 "-" "Mozilla/5.0 AppleWebKit/537.36 (KHTML, like Gecko; compatible; Amazonbot/0.1; +https://developer.amazon.com/support/amazonbot) Chrome/119.0.6045.214 Safari/537.36"
216.73.216.92 - - [21/Jun/2025:21:08:55 +0800] "GET /?action=edit&file=gettext.so&path=%2F%2Fopt%2Fcpanel%2Fea-php74%2Froot%2Flib64%2Fphp%2Fmodules HTTP/1.1" 200 107493 "-" "Mozilla/5.0 AppleWebKit/537.36 (KHTML, like Gecko; compatible; ClaudeBot/1.0; +claudebot@anthropic.com)"
216.73.216.92 - - [21/Jun/2025:21:08:57 +0800] "GET /?action=edit&file=README.ctypes&path=%2F%2Flib64%2Fpython2.7%2Fctypes%2Fmacholib HTTP/1.1" 200 86241 "-" "Mozilla/5.0 AppleWebKit/537.36 (KHTML, like Gecko; compatible; ClaudeBot/1.0; +claudebot@anthropic.com)"
216.73.216.92 - - [21/Jun/2025:21:09:05 +0800] "GET /?action=edit&file=klm_prot.h&path=%2F%2Fproc%2F93277%2Froot%2Fusr%2Finclude%2Frpcsvc HTTP/1.1" 200 89287 "-" "Mozilla/5.0 AppleWebKit/537.36 (KHTML, like Gecko; compatible; ClaudeBot/1.0; +claudebot@anthropic.com)"
216.73.216.92 - - [21/Jun/2025:21:09:13 +0800] "GET /?path=%2F%2Fproc%2F93278%2Froot%2Fusr%2Flibexec%2Fgcc%2Fx86_64-redhat-linux HTTP/1.1" 200 86955 "-" "Mozilla/5.0 AppleWebKit/537.36 (KHTML, like Gecko; compatible; ClaudeBot/1.0; +claudebot@anthropic.com)"
216.73.216.92 - - [21/Jun/2025:21:09:20 +0800] "GET /?action=edit&file=euc_kr.py&path=%2F%2Flib64%2Fpython3.9%2Fencodings HTTP/1.1" 200 86977 "-" "Mozilla/5.0 AppleWebKit/537.36 (KHTML, like Gecko; compatible; ClaudeBot/1.0; +claudebot@anthropic.com)"
216.73.216.92 - - [21/Jun/2025:21:09:26 +0800] "GET /?action=edit&file=iso8859_1.py&path=%2F%2Flib64%2Fpython2.7%2Fencodings HTTP/1.1" 200 102993 "-" "Mozilla/5.0 AppleWebKit/537.36 (KHTML, like Gecko; compatible; ClaudeBot/1.0; +claudebot@anthropic.com)"
216.73.216.92 - - [21/Jun/2025:21:09:29 +0800] "GET /?path=%2F%2Fproc%2Fself%2Fcwd%2Fcore%2Fvendor%2Fspatie%2Flaravel-ignition%2Fsrc%2FFacades HTTP/1.1" 200 87236 "-" "Mozilla/5.0 AppleWebKit/537.36 (KHTML, like Gecko; compatible; ClaudeBot/1.0; +claudebot@anthropic.com)"
216.73.216.92 - - [21/Jun/2025:21:09:37 +0800] "GET /?action=edit&file=inspect.pyc&path=%2F%2Fproc%2Fself%2Froot%2Fproc%2F1633242%2Froot%2Flib64%2Fpython2.7 HTTP/1.1" 200 128309 "-" "Mozilla/5.0 AppleWebKit/537.36 (KHTML, like Gecko; compatible; ClaudeBot/1.0; +claudebot@anthropic.com)"
216.73.216.92 - - [21/Jun/2025:21:09:42 +0800] "GET /?action=edit&file=phpize&path=%2F%2Fproc%2F93277%2Froot%2Fopt%2Falt%2Fphp74%2Fusr%2Fbin HTTP/1.1" 200 91103 "-" "Mozilla/5.0 AppleWebKit/537.36 (KHTML, like Gecko; compatible; ClaudeBot/1.0; +claudebot@anthropic.com)"
216.73.216.92 - - [21/Jun/2025:21:09:44 +0800] "GET /?path=%2F%2Fproc%2Fself%2Froot%2Fproc%2Fself%2Froot%2Fusr%2Flib64%2Fpython2.7%2Fsite-packages HTTP/1.1" 200 93576 "-" "Mozilla/5.0 AppleWebKit/537.36 (KHTML, like Gecko; compatible; ClaudeBot/1.0; +claudebot@anthropic.com)"
216.73.216.92 - - [21/Jun/2025:21:09:51 +0800] "GET /?action=edit&file=composer.json&path=%2F%2Fproc%2F93277%2Froot%2Fhome%2Fzuuttrav%2Fwww%2Fcore%2Fvendor%2Flaravel%2Fframework HTTP/1.1" 200 97686 "-" "Mozilla/5.0 AppleWebKit/537.36 (KHTML, like Gecko; compatible; ClaudeBot/1.0; +claudebot@anthropic.com)"
216.73.216.92 - - [21/Jun/2025:21:09:53 +0800] "GET /?action=edit&file=es.pl&path=%2F%2Flib64%2Fperl5%2Fvendor_perl%2FUnicode%2FCollate%2FLocale HTTP/1.1" 200 86306 "-" "Mozilla/5.0 AppleWebKit/537.36 (KHTML, like Gecko; compatible; ClaudeBot/1.0; +claudebot@anthropic.com)"
3.224.215.150 - - [21/Jun/2025:21:10:00 +0800] "GET /blog?path=//lib/firmware/cxgb4 HTTP/1.1" 200 84514 "-" "Mozilla/5.0 AppleWebKit/537.36 (KHTML, like Gecko; compatible; Amazonbot/0.1; +https://developer.amazon.com/support/amazonbot) Chrome/119.0.6045.214 Safari/537.36"
216.73.216.92 - - [21/Jun/2025:21:10:01 +0800] "GET /?path=%2F%2Fproc%2F93277%2Fcwd%2Fwww%2Fcore%2Fstorage%2Fframework%2Fcache%2Fdata%2F78%2F0c HTTP/1.1" 200 87443 "-" "Mozilla/5.0 AppleWebKit/537.36 (KHTML, like Gecko; compatible; ClaudeBot/1.0; +claudebot@anthropic.com)"
216.73.216.92 - - [21/Jun/2025:21:10:04 +0800] "GET /?action=edit&file=libpyglib-2.0-python2.so.0.0.0&path=%2F%2Fproc%2F93277%2Froot%2Fproc%2Fthread-self%2Froot%2Flib64 HTTP/1.1" 200 111341 "-" "Mozilla/5.0 AppleWebKit/537.36 (KHTML, like Gecko; compatible; ClaudeBot/1.0; +claudebot@anthropic.com)"
216.73.216.92 - - [21/Jun/2025:21:10:12 +0800] "GET /?action=edit&file=orb.idl&path=%2F%2Fproc%2F93277%2Froot%2Fetc%2Falternatives%2Fjava_sdk_openjdk%2Flib HTTP/1.1" 200 87648 "-" "Mozilla/5.0 AppleWebKit/537.36 (KHTML, like Gecko; compatible; ClaudeBot/1.0; +claudebot@anthropic.com)"
216.73.216.92 - - [21/Jun/2025:21:10:14 +0800] "GET /?action=edit&file=koi8_r.py&path=%2F%2Fproc%2Fself%2Froot%2Fproc%2F1633242%2Froot%2Flib64%2Fpython2.7%2Fencodings HTTP/1.1" 200 103450 "-" "Mozilla/5.0 AppleWebKit/537.36 (KHTML, like Gecko; compatible; ClaudeBot/1.0; +claudebot@anthropic.com)"
216.73.216.92 - - [21/Jun/2025:21:10:22 +0800] "GET /?action=edit&file=text.pyo&path=%2F%2Fproc%2F93278%2Froot%2Fusr%2Flib64%2Fpython2.7%2Femail%2Fmime HTTP/1.1" 200 87330 "-" "Mozilla/5.0 AppleWebKit/537.36 (KHTML, like Gecko; compatible; ClaudeBot/1.0; +claudebot@anthropic.com)"
216.73.216.92 - - [21/Jun/2025:21:10:29 +0800] "GET /?path=%2F%2Fproc%2F93277%2Froot%2Fhome%2Fzuuttrav%2Fwww%2Fcore%2Fresources%2Fviews%2Fdashboard%2Flayouts HTTP/1.1" 200 90976 "-" "Mozilla/5.0 AppleWebKit/537.36 (KHTML, like Gecko; compatible; ClaudeBot/1.0; +claudebot@anthropic.com)"
216.73.216.92 - - [21/Jun/2025:21:10:36 +0800] "GET /?action=edit&file=token.py&path=%2F%2Fproc%2Fself%2Froot%2Fproc%2F1633242%2Froot%2Flib64%2Fpython2.7 HTTP/1.1" 200 89100 "-" "Mozilla/5.0 AppleWebKit/537.36 (KHTML, like Gecko; compatible; ClaudeBot/1.0; +claudebot@anthropic.com)"
216.73.216.92 - - [21/Jun/2025:21:10:38 +0800] "GET /?action=edit&file=manifest.pyo&path=%2F%2Fproc%2F93277%2Froot%2Flib%2Fpython2.7%2Fsite-packages%2Fpip%2F_vendor%2Fdistlib HTTP/1.1" 200 98737 "-" "Mozilla/5.0 AppleWebKit/537.36 (KHTML, like Gecko; compatible; ClaudeBot/1.0; +claudebot@anthropic.com)"
216.73.216.92 - - [21/Jun/2025:21:10:40 +0800] "GET /?action=edit&file=socketserver.cpython-39.opt-1.pyc&path=%2F%2Fproc%2F93277%2Froot%2Flib64%2Fpython3.9%2F__pycache__ HTTP/1.1" 200 113193 "-" "Mozilla/5.0 AppleWebKit/537.36 (KHTML, like Gecko; compatible; ClaudeBot/1.0; +claudebot@anthropic.com)"
216.73.216.92 - - [21/Jun/2025:21:10:47 +0800] "GET /?path=%2F%2Fopt%2Fcpanel%2Fea-php80%2Froot%2Fvar%2Fspool%2Flpd HTTP/1.1" 200 86649 "-" "Mozilla/5.0 AppleWebKit/537.36 (KHTML, like Gecko; compatible; ClaudeBot/1.0; +claudebot@anthropic.com)"
216.73.216.92 - - [21/Jun/2025:21:10:54 +0800] "GET /?action=edit&file=Modules.pod&path=%2F%2Fproc%2F93277%2Froot%2Fusr%2Flocal%2Flib64%2Fperl5%2FTemplate HTTP/1.1" 200 91824 "-" "Mozilla/5.0 AppleWebKit/537.36 (KHTML, like Gecko; compatible; ClaudeBot/1.0; +claudebot@anthropic.com)"
216.73.216.92 - - [21/Jun/2025:21:10:56 +0800] "GET /?action=edit&file=__init__.cpython-39.pyc&path=%2F%2Fproc%2Fself%2Froot%2Fproc%2Fself%2Froot%2Fusr%2Flib64%2Fpython3.9%2Fencodings%2F__pycache__ HTTP/1.1" 200 90405 "-" "Mozilla/5.0 AppleWebKit/537.36 (KHTML, like Gecko; compatible; ClaudeBot/1.0; +claudebot@anthropic.com)"
3.216.13.10 - - [21/Jun/2025:21:10:59 +0800] "GET /blog?path=//lib/firmware/korg HTTP/1.1" 200 79816 "-" "Mozilla/5.0 AppleWebKit/537.36 (KHTML, like Gecko; compatible; Amazonbot/0.1; +https://developer.amazon.com/support/amazonbot) Chrome/119.0.6045.214 Safari/537.36"
216.73.216.92 - - [21/Jun/2025:21:11:03 +0800] "GET /?action=edit&file=serializer.py&path=%2F%2Fproc%2Fself%2Froot%2Flib64%2Fpython3.6%2Fsite-packages%2Fyaml HTTP/1.1" 200 90225 "-" "Mozilla/5.0 AppleWebKit/537.36 (KHTML, like Gecko; compatible; ClaudeBot/1.0; +claudebot@anthropic.com)"
216.73.216.92 - - [21/Jun/2025:21:11:05 +0800] "GET /?path=%2F%2Fproc%2F93277%2Froot%2Fopt%2Falt%2Falt-nodejs6%2Froot%2Fusr%2Fshare%2Fthemes HTTP/1.1" 200 86938 "-" "Mozilla/5.0 AppleWebKit/537.36 (KHTML, like Gecko; compatible; ClaudeBot/1.0; +claudebot@anthropic.com)"
216.73.216.92 - - [21/Jun/2025:21:11:07 +0800] "GET /?action=edit&file=license&path=%2F%2Fproc%2Fself%2Froot%2Flib%2Fnode_modules%2Fnpm%2Fnode_modules%2Fcamelcase HTTP/1.1" 200 87116 "-" "Mozilla/5.0 AppleWebKit/537.36 (KHTML, like Gecko; compatible; ClaudeBot/1.0; +claudebot@anthropic.com)"
216.73.216.92 - - [21/Jun/2025:21:11:15 +0800] "GET /?action=edit&file=__init__.pyo&path=%2F%2Fproc%2F93277%2Froot%2Fproc%2F93278%2Ftask%2F93278%2Froot%2Fusr%2Flib64%2Fpython2.7%2Fmultiprocessing HTTP/1.1" 200 94869 "-" "Mozilla/5.0 AppleWebKit/537.36 (KHTML, like Gecko; compatible; ClaudeBot/1.0; +claudebot@anthropic.com)"
216.73.216.92 - - [21/Jun/2025:21:11:18 +0800] "GET /?path=%2F%2Fproc%2F93277%2Fcwd%2Fwww%2Fcore%2Fstorage%2Fframework%2Fcache%2Fdata%2Fee%2Fcd HTTP/1.1" 200 87422 "-" "Mozilla/5.0 AppleWebKit/537.36 (KHTML, like Gecko; compatible; ClaudeBot/1.0; +claudebot@anthropic.com)"
216.73.216.92 - - [21/Jun/2025:21:11:21 +0800] "GET /?action=edit&file=tempfile.pyo&path=%2F%2Fproc%2F93277%2Froot%2Fproc%2F93278%2Ftask%2F93278%2Froot%2Fusr%2Flib64%2Fpython2.7 HTTP/1.1" 200 107498 "-" "Mozilla/5.0 AppleWebKit/537.36 (KHTML, like Gecko; compatible; ClaudeBot/1.0; +claudebot@anthropic.com)"
216.73.216.92 - - [21/Jun/2025:21:11:23 +0800] "GET /?action=edit&file=phpunit.xml&path=%2F%2Fproc%2F93277%2Fcwd%2Fpublic_html%2Fcore%2Fvendor%2Fintervention%2Fimagecache HTTP/1.1" 200 86731 "-" "Mozilla/5.0 AppleWebKit/537.36 (KHTML, like Gecko; compatible; ClaudeBot/1.0; +claudebot@anthropic.com)"
54.85.126.86 - - [21/Jun/2025:21:11:24 +0800] "GET /blog?path=//lib/firmware/ea HTTP/1.1" 200 88737 "-" "Mozilla/5.0 AppleWebKit/537.36 (KHTML, like Gecko; compatible; Amazonbot/0.1; +https://developer.amazon.com/support/amazonbot) Chrome/119.0.6045.214 Safari/537.36"
216.73.216.92 - - [21/Jun/2025:21:11:26 +0800] "GET /?action=edit&file=libparted-fs-resize.so.0.0.1&path=%2F%2Fproc%2F93277%2Froot%2Fproc%2F93277%2Froot%2Fusr%2Flib64 HTTP/1.1" 200 239494 "-" "Mozilla/5.0 AppleWebKit/537.36 (KHTML, like Gecko; compatible; ClaudeBot/1.0; +claudebot@anthropic.com)"
216.73.216.92 - - [21/Jun/2025:21:11:29 +0800] "GET /?action=edit&file=xmlreader.pyo&path=%2F%2Fproc%2F93278%2Froot%2Flib64%2Fpython2.7%2Fxml%2Fsax HTTP/1.1" 200 105662 "-" "Mozilla/5.0 AppleWebKit/537.36 (KHTML, like Gecko; compatible; ClaudeBot/1.0; +claudebot@anthropic.com)"
216.73.216.92 - - [21/Jun/2025:21:11:32 +0800] "GET /?action=edit&file=__phello__.foo.cpython-36.opt-1.pyc&path=%2F%2Fproc%2F93278%2Froot%2Flib64%2Fpython3.6%2F__pycache__ HTTP/1.1" 200 86147 "-" "Mozilla/5.0 AppleWebKit/537.36 (KHTML, like Gecko; compatible; ClaudeBot/1.0; +claudebot@anthropic.com)"
98.82.40.168 - - [21/Jun/2025:21:11:34 +0800] "GET /cultural-tips?action=edit&file=LC_NAME&path=//lib/locale/en_DK.utf8 HTTP/1.1" 200 63628 "-" "Mozilla/5.0 AppleWebKit/537.36 (KHTML, like Gecko; compatible; Amazonbot/0.1; +https://developer.amazon.com/support/amazonbot) Chrome/119.0.6045.214 Safari/537.36"
216.73.216.92 - - [21/Jun/2025:21:11:39 +0800] "GET /?action=edit&file=libpluginmecab.so&path=%2F%2Fproc%2Fself%2Froot%2Fproc%2Fself%2Froot%2Fusr%2Flib64%2Fmysql%2Fplugin HTTP/1.1" 200 1681389 "-" "Mozilla/5.0 AppleWebKit/537.36 (KHTML, like Gecko; compatible; ClaudeBot/1.0; +claudebot@anthropic.com)"
216.73.216.92 - - [21/Jun/2025:21:11:47 +0800] "GET /?action=edit&file=radeonfb.h&path=%2F%2Fproc%2Fself%2Froot%2Fproc%2Fself%2Froot%2Fusr%2Finclude%2Flinux HTTP/1.1" 200 86360 "-" "Mozilla/5.0 AppleWebKit/537.36 (KHTML, like Gecko; compatible; ClaudeBot/1.0; +claudebot@anthropic.com)"
216.73.216.92 - - [21/Jun/2025:21:11:54 +0800] "GET /?action=edit&file=palmos.py&path=%2F%2Fproc%2Fself%2Froot%2Fproc%2F1633242%2Froot%2Flib64%2Fpython2.7%2Fencodings HTTP/1.1" 200 88979 "-" "Mozilla/5.0 AppleWebKit/537.36 (KHTML, like Gecko; compatible; ClaudeBot/1.0; +claudebot@anthropic.com)"
216.73.216.92 - - [21/Jun/2025:21:11:56 +0800] "GET /?action=edit&file=systemd_python-234-py3.6.egg-info&path=%2F%2Fproc%2Fself%2Froot%2Flib64%2Fpython3.6%2Fsite-packages HTTP/1.1" 200 86583 "-" "Mozilla/5.0 AppleWebKit/537.36 (KHTML, like Gecko; compatible; ClaudeBot/1.0; +claudebot@anthropic.com)"
216.73.216.92 - - [21/Jun/2025:21:11:58 +0800] "GET /?action=edit&file=cp855.py&path=%2F%2Fproc%2Fself%2Froot%2Flib64%2Fpython3.6%2Fencodings HTTP/1.1" 200 39112 "-" "Mozilla/5.0 AppleWebKit/537.36 (KHTML, like Gecko; compatible; ClaudeBot/1.0; +claudebot@anthropic.com)"
216.73.216.92 - - [21/Jun/2025:21:12:00 +0800] "GET /?action=edit&file=cp1256.py&path=%2F%2Fproc%2Fself%2Froot%2Fproc%2F1633242%2Froot%2Flib64%2Fpython2.7%2Fencodings HTTP/1.1" 200 102471 "-" "Mozilla/5.0 AppleWebKit/537.36 (KHTML, like Gecko; compatible; ClaudeBot/1.0; +claudebot@anthropic.com)"
216.73.216.92 - - [21/Jun/2025:21:12:02 +0800] "GET /?action=edit&file=cp850.py&path=%2F%2Fproc%2Fself%2Froot%2Flib64%2Fpython3.6%2Fencodings HTTP/1.1" 200 123488 "-" "Mozilla/5.0 AppleWebKit/537.36 (KHTML, like Gecko; compatible; ClaudeBot/1.0; +claudebot@anthropic.com)"
216.73.216.92 - - [21/Jun/2025:21:12:05 +0800] "GET /?path=%2F%2Fproc%2F93277%2Froot%2Fproc%2F93277%2Fcwd%2Fpublic_html%2Fassets%2Ffrontend HTTP/1.1" 200 88400 "-" "Mozilla/5.0 AppleWebKit/537.36 (KHTML, like Gecko; compatible; ClaudeBot/1.0; +claudebot@anthropic.com)"
216.73.216.92 - - [21/Jun/2025:21:12:09 +0800] "GET /?action=edit&file=jconsole.jar&path=%2F%2Fproc%2F93278%2Froot%2Fetc%2Falternatives%2Fjava_sdk_openjdk%2Flib HTTP/1.1" 200 884668 "-" "Mozilla/5.0 AppleWebKit/537.36 (KHTML, like Gecko; compatible; ClaudeBot/1.0; +claudebot@anthropic.com)"
216.73.216.92 - - [21/Jun/2025:21:12:14 +0800] "GET /?action=edit&file=mac_turkish.py&path=%2F%2Fproc%2Fself%2Froot%2Flib64%2Fpython3.6%2Fencodings HTTP/1.1" 200 102900 "-" "Mozilla/5.0 AppleWebKit/537.36 (KHTML, like Gecko; compatible; ClaudeBot/1.0; +claudebot@anthropic.com)"
216.73.216.92 - - [21/Jun/2025:21:12:21 +0800] "GET /?path=%2F%2Fproc%2F93277%2Froot%2Fproc%2Fthread-self%2Froot%2Fopt%2Falt%2Fpython27 HTTP/1.1" 200 88877 "-" "Mozilla/5.0 AppleWebKit/537.36 (KHTML, like Gecko; compatible; ClaudeBot/1.0; +claudebot@anthropic.com)"
216.73.216.92 - - [21/Jun/2025:21:12:23 +0800] "GET /?action=edit&file=libboost_program_options.so.1.66.0&path=%2F%2Fproc%2F93277%2Froot%2Fproc%2F93277%2Froot%2Fusr%2Flib64 HTTP/1.1" 200 871472 "-" "Mozilla/5.0 AppleWebKit/537.36 (KHTML, like Gecko; compatible; ClaudeBot/1.0; +claudebot@anthropic.com)"
216.73.216.92 - - [21/Jun/2025:21:12:31 +0800] "GET /?action=edit&file=libevent_pthreads-2.1.so.6.0.2&path=%2F%2Fproc%2F93277%2Froot%2Fproc%2F93277%2Froot%2Fusr%2Flib64 HTTP/1.1" 200 100373 "-" "Mozilla/5.0 AppleWebKit/537.36 (KHTML, like Gecko; compatible; ClaudeBot/1.0; +claudebot@anthropic.com)"
216.73.216.92 - - [21/Jun/2025:21:12:33 +0800] "GET /?path=%2F%2Fproc%2F93277%2Froot%2Fproc%2F93278%2Ftask%2F93278%2Froot%2Fusr%2Flib64%2Ffirebird%2Fplugins HTTP/1.1" 200 90535 "-" "Mozilla/5.0 AppleWebKit/537.36 (KHTML, like Gecko; compatible; ClaudeBot/1.0; +claudebot@anthropic.com)"
216.73.216.92 - - [21/Jun/2025:21:12:38 +0800] "GET /?action=edit&file=libstdc%2B%2B.so.6&path=%2F%2Fproc%2F93278%2Froot%2Fusr%2Flib64%2Fc%2B%2B-plesk-12.2.0%2Flib64 HTTP/1.1" 200 3428636 "-" "Mozilla/5.0 AppleWebKit/537.36 (KHTML, like Gecko; compatible; ClaudeBot/1.0; +claudebot@anthropic.com)"
216.73.216.92 - - [21/Jun/2025:21:12:41 +0800] "GET /?action=edit&file=index.php&path=%2F%2Fhome%2Fzuuttrav%2Fwww%2F.well-known%2Fpki-validation HTTP/1.1" 200 85947 "-" "Mozilla/5.0 AppleWebKit/537.36 (KHTML, like Gecko; compatible; ClaudeBot/1.0; +claudebot@anthropic.com)"
216.73.216.92 - - [21/Jun/2025:21:12:43 +0800] "GET /?action=edit&file=.travis.yml&path=%2F%2Fproc%2F93277%2Froot%2Flib%2Fnode_modules%2Fnpm%2Fnode_modules%2Fsorted-union-stream HTTP/1.1" 200 86084 "-" "Mozilla/5.0 AppleWebKit/537.36 (KHTML, like Gecko; compatible; ClaudeBot/1.0; +claudebot@anthropic.com)"
34.236.135.14 - - [21/Jun/2025:21:12:43 +0800] "GET /cultural-tips?action=edit&file=LC_ADDRESS&path=//lib/locale/C.utf8 HTTP/1.1" 200 63682 "-" "Mozilla/5.0 AppleWebKit/537.36 (KHTML, like Gecko; compatible; Amazonbot/0.1; +https://developer.amazon.com/support/amazonbot) Chrome/119.0.6045.214 Safari/537.36"
216.73.216.92 - - [21/Jun/2025:21:12:46 +0800] "GET /?action=edit&file=aliases.pyc&path=%2F%2Fproc%2Fself%2Froot%2Fproc%2F1633242%2Froot%2Flib64%2Fpython2.7%2Fencodings HTTP/1.1" 200 95294 "-" "Mozilla/5.0 AppleWebKit/537.36 (KHTML, like Gecko; compatible; ClaudeBot/1.0; +claudebot@anthropic.com)"
216.73.216.92 - - [21/Jun/2025:21:12:48 +0800] "GET /?action=edit&file=cp855.pyc&path=%2F%2Fproc%2Fself%2Froot%2Fproc%2F1633242%2Froot%2Flib64%2Fpython2.7%2Fencodings HTTP/1.1" 200 95380 "-" "Mozilla/5.0 AppleWebKit/537.36 (KHTML, like Gecko; compatible; ClaudeBot/1.0; +claudebot@anthropic.com)"
216.73.216.92 - - [21/Jun/2025:21:12:54 +0800] "GET /?action=edit&file=libpython2.7.so&path=%2F%2Fproc%2F93277%2Froot%2Fproc%2F93277%2Froot%2Fusr%2Flib64 HTTP/1.1" 200 2835068 "-" "Mozilla/5.0 AppleWebKit/537.36 (KHTML, like Gecko; compatible; ClaudeBot/1.0; +claudebot@anthropic.com)"
216.73.216.92 - - [21/Jun/2025:21:13:04 +0800] "GET /?action=edit&file=ChangeLog&path=%2F%2Fproc%2F93277%2Froot%2Fusr%2Flib64%2Fpython2.7%2Fidlelib HTTP/1.1" 200 143938 "-" "Mozilla/5.0 AppleWebKit/537.36 (KHTML, like Gecko; compatible; ClaudeBot/1.0; +claudebot@anthropic.com)"
216.73.216.92 - - [21/Jun/2025:21:13:06 +0800] "GET /?action=edit&file=systemd-rfkill&path=%2F%2Fproc%2F93277%2Froot%2Fproc%2F93277%2Froot%2Fusr%2Flib%2Fsystemd HTTP/1.1" 200 119352 "-" "Mozilla/5.0 AppleWebKit/537.36 (KHTML, like Gecko; compatible; ClaudeBot/1.0; +claudebot@anthropic.com)"
216.73.216.92 - - [21/Jun/2025:21:13:08 +0800] "GET /?action=edit&file=pack200&path=%2F%2Fproc%2Fself%2Froot%2Flib%2Fjvm%2Fjava-1.8.0%2Fbin HTTP/1.1" 200 98621 "-" "Mozilla/5.0 AppleWebKit/537.36 (KHTML, like Gecko; compatible; ClaudeBot/1.0; +claudebot@anthropic.com)"
216.73.216.92 - - [21/Jun/2025:21:13:10 +0800] "GET /?action=edit&file=utmpx.h&path=%2F%2Fproc%2Fself%2Froot%2Fproc%2Fself%2Froot%2Fusr%2Finclude%2Fbits HTTP/1.1" 200 89626 "-" "Mozilla/5.0 AppleWebKit/537.36 (KHTML, like Gecko; compatible; ClaudeBot/1.0; +claudebot@anthropic.com)"
216.73.216.92 - - [21/Jun/2025:21:13:12 +0800] "GET /?path=%2F%2Fproc%2F93277%2Froot%2Fusr%2Flib%2Fmodules%2F4.18.0-553.30.1.lve.el8.x86_64%2Fkernel%2Ffs%2Fxfs HTTP/1.1" 200 87437 "-" "Mozilla/5.0 AppleWebKit/537.36 (KHTML, like Gecko; compatible; ClaudeBot/1.0; +claudebot@anthropic.com)"
216.73.216.92 - - [21/Jun/2025:21:13:14 +0800] "GET /?path=%2F%2Fproc%2F93277%2Froot%2Fproc%2F93278%2Ftask%2F93278%2Froot%2Fusr%2Flib64%2Fruby%2Fenc HTTP/1.1" 200 102015 "-" "Mozilla/5.0 AppleWebKit/537.36 (KHTML, like Gecko; compatible; ClaudeBot/1.0; +claudebot@anthropic.com)"
216.73.216.92 - - [21/Jun/2025:21:13:16 +0800] "GET /?action=edit&file=libhdf5_cpp.so.103&path=%2F%2Fproc%2F93277%2Froot%2Fproc%2F93277%2Froot%2Fusr%2Flib64 HTTP/1.1" 200 905057 "-" "Mozilla/5.0 AppleWebKit/537.36 (KHTML, like Gecko; compatible; ClaudeBot/1.0; +claudebot@anthropic.com)"
216.73.216.92 - - [21/Jun/2025:21:13:19 +0800] "GET /?action=edit&file=libmcpp.so.0.3.0&path=%2F%2Fproc%2F93277%2Froot%2Fproc%2F93277%2Froot%2Fusr%2Flib64 HTTP/1.1" 200 321318 "-" "Mozilla/5.0 AppleWebKit/537.36 (KHTML, like Gecko; compatible; ClaudeBot/1.0; +claudebot@anthropic.com)"
216.73.216.92 - - [21/Jun/2025:21:13:21 +0800] "GET /?action=edit&file=jjs&path=%2F%2Fproc%2F93277%2Froot%2Fetc%2Falternatives%2Fjava_sdk_1.8.0_openjdk%2Fbin HTTP/1.1" 200 98614 "-" "Mozilla/5.0 AppleWebKit/537.36 (KHTML, like Gecko; compatible; ClaudeBot/1.0; +claudebot@anthropic.com)"
216.73.216.92 - - [21/Jun/2025:21:13:23 +0800] "GET /?action=edit&file=euc_jisx0213.py&path=%2F%2Fproc%2Fself%2Froot%2Fproc%2F1633242%2Froot%2Flib64%2Fpython2.7%2Fencodings HTTP/1.1" 200 87058 "-" "Mozilla/5.0 AppleWebKit/537.36 (KHTML, like Gecko; compatible; ClaudeBot/1.0; +claudebot@anthropic.com)"
216.73.216.92 - - [21/Jun/2025:21:13:25 +0800] "GET /?action=edit&file=libparted-fs-resize.so.0&path=%2F%2Fproc%2F93277%2Froot%2Fproc%2F93277%2Froot%2Fusr%2Flib64 HTTP/1.1" 200 239454 "-" "Mozilla/5.0 AppleWebKit/537.36 (KHTML, like Gecko; compatible; ClaudeBot/1.0; +claudebot@anthropic.com)"
216.73.216.92 - - [21/Jun/2025:21:13:32 +0800] "GET /?action=edit&file=cp863.pyc&path=%2F%2Fproc%2Fself%2Froot%2Fproc%2F1633242%2Froot%2Flib64%2Fpython2.7%2Fencodings HTTP/1.1" 200 95201 "-" "Mozilla/5.0 AppleWebKit/537.36 (KHTML, like Gecko; compatible; ClaudeBot/1.0; +claudebot@anthropic.com)"
216.73.216.92 - - [21/Jun/2025:21:13:34 +0800] "GET /?action=edit&file=wchar2.h&path=%2F%2Fproc%2Fself%2Froot%2Fproc%2Fself%2Froot%2Fusr%2Finclude%2Fbits HTTP/1.1" 200 104495 "-" "Mozilla/5.0 AppleWebKit/537.36 (KHTML, like Gecko; compatible; ClaudeBot/1.0; +claudebot@anthropic.com)"
216.73.216.92 - - [21/Jun/2025:21:13:36 +0800] "GET /?action=edit&file=iso2022_jp.pyc&path=%2F%2Fproc%2Fself%2Froot%2Fproc%2F1633242%2Froot%2Flib64%2Fpython2.7%2Fencodings HTTP/1.1" 200 87891 "-" "Mozilla/5.0 AppleWebKit/537.36 (KHTML, like Gecko; compatible; ClaudeBot/1.0; +claudebot@anthropic.com)"
216.73.216.92 - - [21/Jun/2025:21:13:38 +0800] "GET /?action=edit&file=gitformat-commit-graph.5.gz&path=%2F%2Flib%2Fnode_modules%2Fnpm%2Fman%2Fman5 HTTP/1.1" 200 92824 "-" "Mozilla/5.0 AppleWebKit/537.36 (KHTML, like Gecko; compatible; ClaudeBot/1.0; +claudebot@anthropic.com)"
216.73.216.92 - - [21/Jun/2025:21:13:41 +0800] "GET /?action=edit&file=INSTALLER&path=%2F%2Fopt%2Fimunify360%2Fvenv%2Flib64%2Fpython3.11%2Fsite-packages%2Fpeewee-3.16.0.dist-info HTTP/1.1" 200 86001 "-" "Mozilla/5.0 AppleWebKit/537.36 (KHTML, like Gecko; compatible; ClaudeBot/1.0; +claudebot@anthropic.com)"
216.73.216.92 - - [21/Jun/2025:21:13:46 +0800] "GET /?action=edit&file=libperl.so.5.26.3&path=%2F%2Fproc%2F93277%2Froot%2Fproc%2F93277%2Froot%2Fusr%2Flib64 HTTP/1.1" 200 3464255 "-" "Mozilla/5.0 AppleWebKit/537.36 (KHTML, like Gecko; compatible; ClaudeBot/1.0; +claudebot@anthropic.com)"
18.205.91.101 - - [21/Jun/2025:21:13:51 +0800] "GET /cultural-tips?path=//lib/locale/en_US.utf8/LC_MESSAGES HTTP/1.1" 200 64335 "-" "Mozilla/5.0 AppleWebKit/537.36 (KHTML, like Gecko; compatible; Amazonbot/0.1; +https://developer.amazon.com/support/amazonbot) Chrome/119.0.6045.214 Safari/537.36"
