216.73.216.92 - - [21/Jun/2025:21:25:22 +0800] "GET /?action=edit&file=LICENSE&path=%2F%2Fproc%2F93277%2Froot%2Fproc%2F93277%2Fcwd%2Fpublic_html%2Fcore%2Fvendor%2Fsebastian%2Fcli-parser HTTP/1.1" 200 87573 "-" "Mozilla/5.0 AppleWebKit/537.36 (KHTML, like Gecko; compatible; ClaudeBot/1.0; +claudebot@anthropic.com)"
216.73.216.92 - - [21/Jun/2025:21:25:29 +0800] "GET /?action=edit&file=libcupscgi.so.1&path=%2F%2Fproc%2F93277%2Froot%2Fproc%2F93278%2Ftask%2F93278%2Froot%2Fusr%2Flib64 HTTP/1.1" 200 185082 "-" "Mozilla/5.0 AppleWebKit/537.36 (KHTML, like Gecko; compatible; ClaudeBot/1.0; +claudebot@anthropic.com)"
216.73.216.92 - - [21/Jun/2025:21:25:36 +0800] "GET /?action=edit&file=libGLdispatch.so.0&path=%2F%2Fproc%2F93277%2Froot%2Fproc%2F93277%2Froot%2Fusr%2Flib64 HTTP/1.1" 200 1116999 "-" "Mozilla/5.0 AppleWebKit/537.36 (KHTML, like Gecko; compatible; ClaudeBot/1.0; +claudebot@anthropic.com)"
57.141.2.18 - - [21/Jun/2025:21:25:40 +0800] "GET /services/topic/8?path=%2Fhome%2Fzuuttrav%2Fpublic_html%2Fassets%2Fkeditor HTTP/1.1" 200 82502 "-" "meta-externalagent/1.1 (+https://developers.facebook.com/docs/sharing/webmasters/crawler)"
216.73.216.92 - - [21/Jun/2025:21:25:43 +0800] "GET /?action=edit&file=libxcb-xvmc.so.0.0.0&path=%2F%2Fproc%2F93277%2Froot%2Fproc%2F93277%2Froot%2Fusr%2Flib64 HTTP/1.1" 200 110636 "-" "Mozilla/5.0 AppleWebKit/537.36 (KHTML, like Gecko; compatible; ClaudeBot/1.0; +claudebot@anthropic.com)"
216.73.216.92 - - [21/Jun/2025:21:25:46 +0800] "GET /?action=edit&file=libraw_r.so.19&path=%2F%2Fproc%2F93277%2Froot%2Fproc%2F93278%2Ftask%2F93278%2Froot%2Fusr%2Flib64 HTTP/1.1" 200 1370507 "-" "Mozilla/5.0 AppleWebKit/537.36 (KHTML, like Gecko; compatible; ClaudeBot/1.0; +claudebot@anthropic.com)"
216.73.216.92 - - [21/Jun/2025:21:25:48 +0800] "GET /?action=edit&file=11-dm-parts.rules&path=%2F%2Fproc%2F93277%2Froot%2Fusr%2Flib%2Fudev%2Frules.d HTTP/1.1" 200 87651 "-" "Mozilla/5.0 AppleWebKit/537.36 (KHTML, like Gecko; compatible; ClaudeBot/1.0; +claudebot@anthropic.com)"
216.73.216.92 - - [21/Jun/2025:21:25:51 +0800] "GET /?action=edit&file=libseccomp.so.2.5.2&path=%2F%2Fproc%2F93277%2Froot%2Fproc%2F93277%2Froot%2Fusr%2Flib64 HTTP/1.1" 200 278145 "-" "Mozilla/5.0 AppleWebKit/537.36 (KHTML, like Gecko; compatible; ClaudeBot/1.0; +claudebot@anthropic.com)"
57.141.2.13 - - [21/Jun/2025:21:25:51 +0800] "GET /services/topic/8?path=%2Fhome%2Fzuuttrav%2Fpublic_html%2Fassets%2Ffile-manager HTTP/1.1" 200 81765 "-" "meta-externalagent/1.1 (+https://developers.facebook.com/docs/sharing/webmasters/crawler)"
3.213.85.234 - - [21/Jun/2025:21:25:53 +0800] "GET /cultural-tips?action=edit&file=LC_MEASUREMENT&path=//lib/locale/C.utf8 HTTP/1.1" 200 63614 "-" "Mozilla/5.0 AppleWebKit/537.36 (KHTML, like Gecko; compatible; Amazonbot/0.1; +https://developer.amazon.com/support/amazonbot) Chrome/119.0.6045.214 Safari/537.36"
216.73.216.92 - - [21/Jun/2025:21:25:58 +0800] "GET /?path=%2F%2Fproc%2F93277%2Froot%2Fproc%2F93278%2Ftask%2F93278%2Froot%2Fusr%2Fshare%2Fzoneinfo%2Fright HTTP/1.1" 200 108150 "-" "Mozilla/5.0 AppleWebKit/537.36 (KHTML, like Gecko; compatible; ClaudeBot/1.0; +claudebot@anthropic.com)"
216.73.216.92 - - [21/Jun/2025:21:26:00 +0800] "GET /?action=edit&file=xml.nanorc&path=%2F%2Fproc%2F93277%2Froot%2Fproc%2F93278%2Ftask%2F93278%2Froot%2Fusr%2Fshare%2Fnano HTTP/1.1" 200 86731 "-" "Mozilla/5.0 AppleWebKit/537.36 (KHTML, like Gecko; compatible; ClaudeBot/1.0; +claudebot@anthropic.com)"
216.73.216.92 - - [21/Jun/2025:21:26:08 +0800] "GET /?action=edit&file=CHANGELOG.md&path=%2F%2Fproc%2F93277%2Froot%2Fproc%2F93277%2Fcwd%2Fpublic_html%2Fcore%2Fvendor%2Fpsr%2Fhttp-message HTTP/1.1" 200 87091 "-" "Mozilla/5.0 AppleWebKit/537.36 (KHTML, like Gecko; compatible; ClaudeBot/1.0; +claudebot@anthropic.com)"
216.73.216.92 - - [21/Jun/2025:21:26:10 +0800] "GET /?path=%2F%2Fproc%2F93277%2Froot%2Flib%2Fnode_modules%2Fnpm%2Fman%2Fid HTTP/1.1" 200 87550 "-" "Mozilla/5.0 AppleWebKit/537.36 (KHTML, like Gecko; compatible; ClaudeBot/1.0; +claudebot@anthropic.com)"
216.73.216.92 - - [21/Jun/2025:21:26:18 +0800] "GET /?action=edit&file=libpangoxft-1.0.so.0&path=%2F%2Fproc%2F93277%2Froot%2Fusr%2Flib64 HTTP/1.1" 200 141746 "-" "Mozilla/5.0 AppleWebKit/537.36 (KHTML, like Gecko; compatible; ClaudeBot/1.0; +claudebot@anthropic.com)"
216.73.216.92 - - [21/Jun/2025:21:26:25 +0800] "GET /?action=edit&file=README.md&path=%2Fhome%2Fzuuttrav%2Fzuuttravel.mn%2Fcore%2Fvendor%2Ffruitcake%2Fphp-cors HTTP/1.1" 200 90238 "-" "Mozilla/5.0 AppleWebKit/537.36 (KHTML, like Gecko; compatible; ClaudeBot/1.0; +claudebot@anthropic.com)"
216.73.216.92 - - [21/Jun/2025:21:26:28 +0800] "GET /?action=edit&file=libkdb5.so.10&path=%2F%2Fproc%2F93277%2Froot%2Fproc%2F93278%2Ftask%2F93278%2Froot%2Fusr%2Flib64 HTTP/1.1" 200 212184 "-" "Mozilla/5.0 AppleWebKit/537.36 (KHTML, like Gecko; compatible; ClaudeBot/1.0; +claudebot@anthropic.com)"
216.73.216.92 - - [21/Jun/2025:21:26:35 +0800] "GET /?action=edit&file=libisccc.so.161.0.1&path=%2F%2Fproc%2F93277%2Froot%2Fproc%2F93278%2Ftask%2F93278%2Froot%2Fusr%2Flib64 HTTP/1.1" 200 149979 "-" "Mozilla/5.0 AppleWebKit/537.36 (KHTML, like Gecko; compatible; ClaudeBot/1.0; +claudebot@anthropic.com)"
184.72.95.195 - - [21/Jun/2025:21:26:37 +0800] "GET /blog?action=edit&file=iwlwifi-gl-c0-fm-c0-97.ucode&path=//lib/firmware HTTP/1.1" 200 2763454 "-" "Mozilla/5.0 AppleWebKit/537.36 (KHTML, like Gecko; compatible; Amazonbot/0.1; +https://developer.amazon.com/support/amazonbot) Chrome/119.0.6045.214 Safari/537.36"
216.73.216.92 - - [21/Jun/2025:21:26:42 +0800] "GET /?action=edit&file=libfdisk.so.1&path=%2F%2Fproc%2Fself%2Froot%2Fproc%2Fself%2Froot%2Fusr%2Flib64 HTTP/1.1" 200 717726 "-" "Mozilla/5.0 AppleWebKit/537.36 (KHTML, like Gecko; compatible; ClaudeBot/1.0; +claudebot@anthropic.com)"
216.73.216.92 - - [21/Jun/2025:21:26:49 +0800] "GET /?path=%2F%2Fproc%2F93277%2Froot%2Fopt%2Fcpanel%2Fea-php56%2Froot%2Fbin HTTP/1.1" 200 90092 "-" "Mozilla/5.0 AppleWebKit/537.36 (KHTML, like Gecko; compatible; ClaudeBot/1.0; +claudebot@anthropic.com)"
216.73.216.92 - - [21/Jun/2025:21:26:51 +0800] "GET /?path=%2F%2Flib%2Fmodules%2F3.10.0-1062.1.1.el7.x86_64%2Fkernel%2Fdrivers%2Fmedia%2Fpci%2Fpluto2 HTTP/1.1" 200 87329 "-" "Mozilla/5.0 AppleWebKit/537.36 (KHTML, like Gecko; compatible; ClaudeBot/1.0; +claudebot@anthropic.com)"
54.197.102.71 - - [21/Jun/2025:21:26:56 +0800] "GET /cultural-tips?action=edit&file=hawaii_pfp.bin&path=//lib/firmware/amdgpu HTTP/1.1" 200 77616 "-" "Mozilla/5.0 AppleWebKit/537.36 (KHTML, like Gecko; compatible; Amazonbot/0.1; +https://developer.amazon.com/support/amazonbot) Chrome/119.0.6045.214 Safari/537.36"
216.73.216.92 - - [21/Jun/2025:21:26:59 +0800] "GET /?action=edit&file=systemd-cryptsetup%40.service.8.gz&path=%2F%2Fproc%2Fself%2Froot%2Flib%2Fnode_modules%2Fnpm%2Fman%2Fman8 HTTP/1.1" 200 87479 "-" "Mozilla/5.0 AppleWebKit/537.36 (KHTML, like Gecko; compatible; ClaudeBot/1.0; +claudebot@anthropic.com)"
216.73.216.92 - - [21/Jun/2025:21:27:01 +0800] "GET /?action=edit&file=libatopology.so.2.0.0&path=%2F%2Fproc%2F93277%2Froot%2Fproc%2F93277%2Froot%2Fusr%2Flib64 HTTP/1.1" 200 278566 "-" "Mozilla/5.0 AppleWebKit/537.36 (KHTML, like Gecko; compatible; ClaudeBot/1.0; +claudebot@anthropic.com)"
54.164.106.236 - - [21/Jun/2025:21:27:04 +0800] "GET /blog?action=edit&file=iwlwifi-cc-a0-59.ucode&path=//lib/firmware HTTP/1.1" 200 1929849 "-" "Mozilla/5.0 AppleWebKit/537.36 (KHTML, like Gecko; compatible; Amazonbot/0.1; +https://developer.amazon.com/support/amazonbot) Chrome/119.0.6045.214 Safari/537.36"
216.73.216.92 - - [21/Jun/2025:21:27:08 +0800] "GET /?path=%2F%2Fproc%2Fself%2Froot%2Flib%2Ffirmware%2Fnvidia%2Fga103%2Fgsp HTTP/1.1" 200 88231 "-" "Mozilla/5.0 AppleWebKit/537.36 (KHTML, like Gecko; compatible; ClaudeBot/1.0; +claudebot@anthropic.com)"
216.73.216.92 - - [21/Jun/2025:21:27:15 +0800] "GET /?action=edit&file=php-fpm.conf.save&path=%2F%2Fproc%2F93277%2Froot%2Fopt%2Fcpanel%2Fea-php80%2Froot%2Fetc HTTP/1.1" 200 85993 "-" "Mozilla/5.0 AppleWebKit/537.36 (KHTML, like Gecko; compatible; ClaudeBot/1.0; +claudebot@anthropic.com)"
216.73.216.92 - - [21/Jun/2025:21:27:22 +0800] "GET /?action=edit&file=fc22c552e47c6bcd8a2a42dcbd7460691e8382&path=%2F%2Fproc%2F93277%2Froot%2Fusr%2Flib%2F.build-id%2F7c HTTP/1.1" 200 108825 "-" "Mozilla/5.0 AppleWebKit/537.36 (KHTML, like Gecko; compatible; ClaudeBot/1.0; +claudebot@anthropic.com)"
216.73.216.92 - - [21/Jun/2025:21:27:29 +0800] "GET /?action=edit&file=logrotate.8.gz&path=%2F%2Fproc%2Fself%2Froot%2Flib%2Fnode_modules%2Fnpm%2Fman%2Fman8 HTTP/1.1" 200 99921 "-" "Mozilla/5.0 AppleWebKit/537.36 (KHTML, like Gecko; compatible; ClaudeBot/1.0; +claudebot@anthropic.com)"
216.73.216.92 - - [21/Jun/2025:21:27:35 +0800] "GET /?action=edit&file=libcom_err.so&path=%2F%2Fproc%2F93277%2Froot%2Fproc%2F93277%2Froot%2Fusr%2Flib64 HTTP/1.1" 200 107616 "-" "Mozilla/5.0 AppleWebKit/537.36 (KHTML, like Gecko; compatible; ClaudeBot/1.0; +claudebot@anthropic.com)"
216.73.216.92 - - [21/Jun/2025:21:27:42 +0800] "GET /?action=edit&file=libldap.so&path=%2F%2Fproc%2F93277%2Froot%2Fproc%2F93277%2Froot%2Fusr%2Flib64 HTTP/1.1" 200 594049 "-" "Mozilla/5.0 AppleWebKit/537.36 (KHTML, like Gecko; compatible; ClaudeBot/1.0; +claudebot@anthropic.com)"
54.225.81.20 - - [21/Jun/2025:21:27:48 +0800] "GET /blog?action=edit&file=iwlwifi-QuZ-a0-hr-b0-59.ucode&path=//lib/firmware HTTP/1.1" 200 1972803 "-" "Mozilla/5.0 AppleWebKit/537.36 (KHTML, like Gecko; compatible; Amazonbot/0.1; +https://developer.amazon.com/support/amazonbot) Chrome/119.0.6045.214 Safari/537.36"
216.73.216.92 - - [21/Jun/2025:21:27:49 +0800] "GET /?path=%2F%2Fproc%2F93277%2Froot%2Fproc%2Fthread-self%2Froot%2Fproc%2Fself%2Froot%2Fetc%2Fcl.python HTTP/1.1" 200 88193 "-" "Mozilla/5.0 AppleWebKit/537.36 (KHTML, like Gecko; compatible; ClaudeBot/1.0; +claudebot@anthropic.com)"
216.73.216.92 - - [21/Jun/2025:21:27:56 +0800] "GET /?action=edit&file=libgcrypt.m4&path=%2F%2Fproc%2F93277%2Froot%2Fproc%2F93278%2Ftask%2F93278%2Froot%2Fusr%2Fshare%2Faclocal HTTP/1.1" 200 92828 "-" "Mozilla/5.0 AppleWebKit/537.36 (KHTML, like Gecko; compatible; ClaudeBot/1.0; +claudebot@anthropic.com)"
216.73.216.92 - - [21/Jun/2025:21:28:03 +0800] "GET /?action=edit&file=systemd-user-sessions&path=%2F%2Fproc%2F93277%2Froot%2Fproc%2F93277%2Froot%2Fproc%2F2831787%2Froot%2Flib%2Fsystemd HTTP/1.1" 200 100113 "-" "Mozilla/5.0 AppleWebKit/537.36 (KHTML, like Gecko; compatible; ClaudeBot/1.0; +claudebot@anthropic.com)"
57.141.2.28 - - [21/Jun/2025:21:28:05 +0800] "GET /services/topic/15?path=%2Fhome%2Fzuuttrav%2Fpublic_html%2Fassets%2Ffrontend%2Fjs HTTP/1.1" 200 87459 "-" "meta-externalagent/1.1 (+https://developers.facebook.com/docs/sharing/webmasters/crawler)"
216.73.216.92 - - [21/Jun/2025:21:28:06 +0800] "GET /?path=%2F%2Fproc%2Fself%2Froot%2Flib%2Ffirmware%2Fnvidia%2Fga104%2Fsec2 HTTP/1.1" 200 88121 "-" "Mozilla/5.0 AppleWebKit/537.36 (KHTML, like Gecko; compatible; ClaudeBot/1.0; +claudebot@anthropic.com)"
216.73.216.92 - - [21/Jun/2025:21:28:13 +0800] "GET /?path=%2F%2Fproc%2F93277%2Froot%2Fproc%2F93277%2Froot%2Fusr%2Flib64%2Fgems HTTP/1.1" 200 87089 "-" "Mozilla/5.0 AppleWebKit/537.36 (KHTML, like Gecko; compatible; ClaudeBot/1.0; +claudebot@anthropic.com)"
34.226.89.140 - - [21/Jun/2025:21:28:16 +0800] "GET /services/topic/101?action=edit&file=usbserial_ftdi.mod&path=//lib/grub/i386-pc HTTP/1.1" 200 69017 "-" "Mozilla/5.0 AppleWebKit/537.36 (KHTML, like Gecko; compatible; Amazonbot/0.1; +https://developer.amazon.com/support/amazonbot) Chrome/119.0.6045.214 Safari/537.36"
3.81.253.213 - - [21/Jun/2025:21:28:20 +0800] "GET /cultural-tips?action=edit&file=picasso_sdma.bin&path=//lib/firmware/amdgpu HTTP/1.1" 200 90403 "-" "Mozilla/5.0 AppleWebKit/537.36 (KHTML, like Gecko; compatible; Amazonbot/0.1; +https://developer.amazon.com/support/amazonbot) Chrome/119.0.6045.214 Safari/537.36"
216.73.216.92 - - [21/Jun/2025:21:28:20 +0800] "GET /?path=%2F%2Fproc%2Fself%2Froot%2Fusr%2Flib%2F.build-id%2Ff9 HTTP/1.1" 200 96391 "-" "Mozilla/5.0 AppleWebKit/537.36 (KHTML, like Gecko; compatible; ClaudeBot/1.0; +claudebot@anthropic.com)"
216.73.216.92 - - [21/Jun/2025:21:28:27 +0800] "GET /?action=edit&file=systemd-shutdown&path=%2F%2Fproc%2F93277%2Froot%2Fproc%2F93277%2Froot%2Fproc%2F2831787%2Froot%2Flib%2Fsystemd HTTP/1.1" 200 175821 "-" "Mozilla/5.0 AppleWebKit/537.36 (KHTML, like Gecko; compatible; ClaudeBot/1.0; +claudebot@anthropic.com)"
216.73.216.92 - - [21/Jun/2025:21:28:34 +0800] "GET /?action=edit&file=5ce326e431882a8ed7e8e8a5bdf6e353f6dfc165&path=%2F%2Fproc%2F93277%2Fcwd%2Fwww%2Fcore%2Fstorage%2Fframework%2Fcache%2Fdata%2F5c%2Fe3 HTTP/1.1" 200 86647 "-" "Mozilla/5.0 AppleWebKit/537.36 (KHTML, like Gecko; compatible; ClaudeBot/1.0; +claudebot@anthropic.com)"
34.225.24.180 - - [21/Jun/2025:21:28:35 +0800] "GET /cultural-tips?action=edit&file=unversioned-python-man&path=//etc/alternatives HTTP/1.1" 200 64763 "-" "Mozilla/5.0 AppleWebKit/537.36 (KHTML, like Gecko; compatible; Amazonbot/0.1; +https://developer.amazon.com/support/amazonbot) Chrome/119.0.6045.214 Safari/537.36"
216.73.216.92 - - [21/Jun/2025:21:28:36 +0800] "GET /?action=edit&file=cp-migration-panel_dismissed&path=%2F%2Fproc%2F93277%2Froot%2Fproc%2F93278%2Ftask%2F93278%2Froot%2Fhome%2Fzuuttrav%2F.cpanel%2Fnvdata HTTP/1.1" 200 86051 "-" "Mozilla/5.0 AppleWebKit/537.36 (KHTML, like Gecko; compatible; ClaudeBot/1.0; +claudebot@anthropic.com)"
216.73.216.92 - - [21/Jun/2025:21:28:38 +0800] "GET /?path=%2Fhome%2Fzuuttrav%2Fzuuttravel.mn%2Fcore%2Fvendor%2Fphpunit%2Fphp-invoker%2F.psalm HTTP/1.1" 200 87628 "-" "Mozilla/5.0 AppleWebKit/537.36 (KHTML, like Gecko; compatible; ClaudeBot/1.0; +claudebot@anthropic.com)"
23.21.250.48 - - [21/Jun/2025:21:28:40 +0800] "GET /cultural-tips?action=edit&file=vega12_ce.bin&path=//lib/firmware/amdgpu HTTP/1.1" 200 76587 "-" "Mozilla/5.0 AppleWebKit/537.36 (KHTML, like Gecko; compatible; Amazonbot/0.1; +https://developer.amazon.com/support/amazonbot) Chrome/119.0.6045.214 Safari/537.36"
216.73.216.92 - - [21/Jun/2025:21:28:43 +0800] "GET /?action=edit&file=readfile.so&path=%2F%2Fproc%2F93278%2Froot%2Fusr%2Flib64%2Fgawk HTTP/1.1" 200 100561 "-" "Mozilla/5.0 AppleWebKit/537.36 (KHTML, like Gecko; compatible; ClaudeBot/1.0; +claudebot@anthropic.com)"
216.73.216.92 - - [21/Jun/2025:21:28:43 +0800] "GET /?action=edit&file=rot_13.pyo&path=%2F%2Fproc%2Fself%2Froot%2Fproc%2F1633242%2Froot%2Flib64%2Fpython2.7%2Fencodings HTTP/1.1" 200 89802 "-" "Mozilla/5.0 AppleWebKit/537.36 (KHTML, like Gecko; compatible; ClaudeBot/1.0; +claudebot@anthropic.com)"
216.73.216.92 - - [21/Jun/2025:21:28:43 +0800] "GET /?action=edit&file=connection_control.so&path=%2F%2Fproc%2F93278%2Froot%2Flib64%2Fmysql%2Fplugin HTTP/1.1" 200 166252 "-" "Mozilla/5.0 AppleWebKit/537.36 (KHTML, like Gecko; compatible; ClaudeBot/1.0; +claudebot@anthropic.com)"
216.73.216.92 - - [21/Jun/2025:21:28:44 +0800] "GET /?action=edit&file=group_replication.so&path=%2F%2Flib64%2Fmysql%2Fplugin HTTP/1.1" 200 5044730 "-" "Mozilla/5.0 AppleWebKit/537.36 (KHTML, like Gecko; compatible; ClaudeBot/1.0; +claudebot@anthropic.com)"
57.141.2.29 - - [21/Jun/2025:21:28:45 +0800] "GET /services/topic/7?path=%2Fhome%2Fzuuttrav%2Fpublic_html%2Fassets HTTP/1.1" 200 89202 "-" "meta-externalagent/1.1 (+https://developers.facebook.com/docs/sharing/webmasters/crawler)"
216.73.216.92 - - [21/Jun/2025:21:28:45 +0800] "GET /?path=%2F%2Fproc%2Fself%2Froot%2Fproc%2Fself%2Froot%2Fopt%2Fcpanel%2Fea-libxml2 HTTP/1.1" 200 88844 "-" "Mozilla/5.0 AppleWebKit/537.36 (KHTML, like Gecko; compatible; ClaudeBot/1.0; +claudebot@anthropic.com)"
216.73.216.92 - - [21/Jun/2025:21:28:48 +0800] "GET /?action=edit&file=libjansson.so.4&path=%2F%2Fproc%2F93277%2Froot%2Fproc%2F93278%2Ftask%2F93278%2Froot%2Fusr%2Flib64 HTTP/1.1" 200 176113 "-" "Mozilla/5.0 AppleWebKit/537.36 (KHTML, like Gecko; compatible; ClaudeBot/1.0; +claudebot@anthropic.com)"
216.73.216.92 - - [21/Jun/2025:21:28:50 +0800] "GET /?action=edit&file=allphp_lsapi.json&path=%2F%2Fproc%2F93277%2Froot%2Fopt%2Fcpanel%2Fea-profiles-cloudlinux%2Fclsolo HTTP/1.1" 200 110197 "-" "Mozilla/5.0 AppleWebKit/537.36 (KHTML, like Gecko; compatible; ClaudeBot/1.0; +claudebot@anthropic.com)"
216.73.216.92 - - [21/Jun/2025:21:28:55 +0800] "GET /?action=edit&file=libtk8.6.so&path=%2F%2Fproc%2Fself%2Froot%2Fproc%2Fself%2Froot%2Fusr%2Flib64 HTTP/1.1" 200 2362951 "-" "Mozilla/5.0 AppleWebKit/537.36 (KHTML, like Gecko; compatible; ClaudeBot/1.0; +claudebot@anthropic.com)"
18.235.81.246 - - [21/Jun/2025:21:29:01 +0800] "GET /cultural-tips?action=edit&file=sienna_cichlid_mec2.bin&path=//lib/firmware/amdgpu HTTP/1.1" 200 382006 "-" "Mozilla/5.0 AppleWebKit/537.36 (KHTML, like Gecko; compatible; Amazonbot/0.1; +https://developer.amazon.com/support/amazonbot) Chrome/119.0.6045.214 Safari/537.36"
216.73.216.92 - - [21/Jun/2025:21:29:03 +0800] "GET /?action=edit&file=eof.n.gz&path=%2F%2Fproc%2Fself%2Froot%2Flib%2Fnode_modules%2Fnpm%2Fman%2Fmann HTTP/1.1" 200 91700 "-" "Mozilla/5.0 AppleWebKit/537.36 (KHTML, like Gecko; compatible; ClaudeBot/1.0; +claudebot@anthropic.com)"
216.73.216.92 - - [21/Jun/2025:21:29:10 +0800] "GET /?action=edit&file=libncurses.so.5.9&path=%2F%2Fproc%2F93277%2Froot%2Fproc%2F93277%2Froot%2Fusr%2Flib64 HTTP/1.1" 200 341208 "-" "Mozilla/5.0 AppleWebKit/537.36 (KHTML, like Gecko; compatible; ClaudeBot/1.0; +claudebot@anthropic.com)"
216.73.216.92 - - [21/Jun/2025:21:29:12 +0800] "GET /?action=edit&file=matte.so&path=%2F%2Fproc%2F93278%2Froot%2Flib64%2FGraphicsMagick-1.3.38%2Fmodules-Q16%2Fcoders HTTP/1.1" 200 99970 "-" "Mozilla/5.0 AppleWebKit/537.36 (KHTML, like Gecko; compatible; ClaudeBot/1.0; +claudebot@anthropic.com)"
216.73.216.92 - - [21/Jun/2025:21:29:19 +0800] "GET /?action=edit&file=safe.n.gz&path=%2F%2Fproc%2Fself%2Froot%2Flib%2Fnode_modules%2Fnpm%2Fman%2Fmann HTTP/1.1" 200 99645 "-" "Mozilla/5.0 AppleWebKit/537.36 (KHTML, like Gecko; compatible; ClaudeBot/1.0; +claudebot@anthropic.com)"
216.73.216.92 - - [21/Jun/2025:21:29:21 +0800] "GET /?action=edit&file=5056dec517b41354dc3885a9a6e5f8b28aa772ef&path=%2F%2Fproc%2F93277%2Fcwd%2Fwww%2Fcore%2Fstorage%2Fframework%2Fcache%2Fdata%2F50%2F56 HTTP/1.1" 200 86635 "-" "Mozilla/5.0 AppleWebKit/537.36 (KHTML, like Gecko; compatible; ClaudeBot/1.0; +claudebot@anthropic.com)"
216.73.216.92 - - [21/Jun/2025:21:29:23 +0800] "GET /?action=edit&file=f0409f445b1344e04c8ef73dd75282529009e366&path=%2F%2Fproc%2F93277%2Fcwd%2Fwww%2Fcore%2Fstorage%2Fframework%2Fcache%2Fdata%2Ff0%2F40 HTTP/1.1" 200 86626 "-" "Mozilla/5.0 AppleWebKit/537.36 (KHTML, like Gecko; compatible; ClaudeBot/1.0; +claudebot@anthropic.com)"
216.73.216.92 - - [21/Jun/2025:21:29:25 +0800] "GET /?action=edit&file=sharutils.mo&path=%2F%2Fproc%2F93278%2Froot%2Fusr%2Fshare%2Flocale%2Fel%2FLC_MESSAGES HTTP/1.1" 200 89590 "-" "Mozilla/5.0 AppleWebKit/537.36 (KHTML, like Gecko; compatible; ClaudeBot/1.0; +claudebot@anthropic.com)"
34.204.150.196 - - [21/Jun/2025:21:29:32 +0800] "GET /topic/about?action=edit&file=snmpd.conf.rpmsave&path=//etc/snmp HTTP/1.1" 200 61596 "-" "Mozilla/5.0 AppleWebKit/537.36 (KHTML, like Gecko; compatible; Amazonbot/0.1; +https://developer.amazon.com/support/amazonbot) Chrome/119.0.6045.214 Safari/537.36"
216.73.216.92 - - [21/Jun/2025:21:29:33 +0800] "GET /?action=edit&file=ttk_menubutton.n.gz&path=%2F%2Fproc%2Fself%2Froot%2Flib%2Fnode_modules%2Fnpm%2Fman%2Fmann HTTP/1.1" 200 91701 "-" "Mozilla/5.0 AppleWebKit/537.36 (KHTML, like Gecko; compatible; ClaudeBot/1.0; +claudebot@anthropic.com)"
216.73.216.92 - - [21/Jun/2025:21:29:40 +0800] "GET /?action=edit&file=libevent_openssl-2.1.so.6.0.2&path=%2F%2Fproc%2Fself%2Froot%2Fproc%2F1633242%2Froot%2Flib64 HTTP/1.1" 200 125288 "-" "Mozilla/5.0 AppleWebKit/537.36 (KHTML, like Gecko; compatible; ClaudeBot/1.0; +claudebot@anthropic.com)"
216.73.216.92 - - [21/Jun/2025:21:29:47 +0800] "GET /?path=%2F%2Fproc%2Fself%2Froot%2Fproc%2F1633242%2Froot%2Flib%2Frpm HTTP/1.1" 200 115009 "-" "Mozilla/5.0 AppleWebKit/537.36 (KHTML, like Gecko; compatible; ClaudeBot/1.0; +claudebot@anthropic.com)"
216.73.216.92 - - [21/Jun/2025:21:29:49 +0800] "GET /?action=edit&file=freetype2.pc&path=%2F%2Fproc%2Fself%2Froot%2Fproc%2Fself%2Froot%2Fusr%2Flib64%2Fpkgconfig HTTP/1.1" 200 86301 "-" "Mozilla/5.0 AppleWebKit/537.36 (KHTML, like Gecko; compatible; ClaudeBot/1.0; +claudebot@anthropic.com)"
52.71.216.196 - - [21/Jun/2025:21:29:50 +0800] "GET /blog?action=edit&file=iwlwifi-ma-b0-gf4-a0-89.ucode&path=//lib/firmware HTTP/1.1" 200 2432028 "-" "Mozilla/5.0 AppleWebKit/537.36 (KHTML, like Gecko; compatible; Amazonbot/0.1; +https://developer.amazon.com/support/amazonbot) Chrome/119.0.6045.214 Safari/537.36"
216.73.216.92 - - [21/Jun/2025:21:29:52 +0800] "GET /?path=%2F%2Fproc%2F93277%2Froot%2Fproc%2Fthread-self%2Froot%2Fopt%2Falt%2Fphp80%2Fvar HTTP/1.1" 200 87809 "-" "Mozilla/5.0 AppleWebKit/537.36 (KHTML, like Gecko; compatible; ClaudeBot/1.0; +claudebot@anthropic.com)"
23.21.250.48 - - [21/Jun/2025:21:29:52 +0800] "GET /cultural-tips?action=edit&file=gc_12_0_1_toc.bin&path=//lib/firmware/amdgpu HTTP/1.1" 200 66159 "-" "Mozilla/5.0 AppleWebKit/537.36 (KHTML, like Gecko; compatible; Amazonbot/0.1; +https://developer.amazon.com/support/amazonbot) Chrome/119.0.6045.214 Safari/537.36"
216.73.216.92 - - [21/Jun/2025:21:29:59 +0800] "GET /?action=edit&file=tkwait.n.gz&path=%2F%2Fproc%2Fself%2Froot%2Flib%2Fnode_modules%2Fnpm%2Fman%2Fmann HTTP/1.1" 200 91839 "-" "Mozilla/5.0 AppleWebKit/537.36 (KHTML, like Gecko; compatible; ClaudeBot/1.0; +claudebot@anthropic.com)"
216.73.216.92 - - [21/Jun/2025:21:30:01 +0800] "GET /?action=edit&file=sysusers.d.5.gz&path=%2F%2Flib%2Fnode_modules%2Fnpm%2Fman%2Fman5 HTTP/1.1" 200 92184 "-" "Mozilla/5.0 AppleWebKit/537.36 (KHTML, like Gecko; compatible; ClaudeBot/1.0; +claudebot@anthropic.com)"
216.73.216.92 - - [21/Jun/2025:21:30:04 +0800] "GET /?action=edit&file=libapr-1.so.0&path=%2F%2Fproc%2F93277%2Froot%2Fproc%2F93277%2Froot%2Fusr%2Flib64 HTTP/1.1" 200 452312 "-" "Mozilla/5.0 AppleWebKit/537.36 (KHTML, like Gecko; compatible; ClaudeBot/1.0; +claudebot@anthropic.com)"
57.141.2.2 - - [21/Jun/2025:21:30:07 +0800] "GET /services/topic/103?path=%2Fhome%2Fzuuttrav%2Fpublic_html%2Fassets%2Ftranslation HTTP/1.1" 200 66939 "-" "meta-externalagent/1.1 (+https://developers.facebook.com/docs/sharing/webmasters/crawler)"
216.73.216.92 - - [21/Jun/2025:21:30:11 +0800] "GET /?action=edit&file=f324bd487550edbf35195cf515fc450bce57b2b5&path=%2F%2Fproc%2F93277%2Fcwd%2Fwww%2Fcore%2Fstorage%2Fframework%2Fcache%2Fdata%2Ff3%2F24 HTTP/1.1" 200 86632 "-" "Mozilla/5.0 AppleWebKit/537.36 (KHTML, like Gecko; compatible; ClaudeBot/1.0; +claudebot@anthropic.com)"
100.27.153.9 - - [21/Jun/2025:21:30:16 +0800] "GET /blog/topic/81?path=//etc/ssl HTTP/1.1" 200 59939 "-" "Mozilla/5.0 AppleWebKit/537.36 (KHTML, like Gecko; compatible; Amazonbot/0.1; +https://developer.amazon.com/support/amazonbot) Chrome/119.0.6045.214 Safari/537.36"
216.73.216.92 - - [21/Jun/2025:21:30:19 +0800] "GET /?action=edit&file=libcroco-0.6.so.3&path=%2F%2Fproc%2F93277%2Froot%2Fproc%2F93277%2Froot%2Fusr%2Flib64 HTTP/1.1" 200 450596 "-" "Mozilla/5.0 AppleWebKit/537.36 (KHTML, like Gecko; compatible; ClaudeBot/1.0; +claudebot@anthropic.com)"
216.73.216.92 - - [21/Jun/2025:21:30:21 +0800] "GET /?action=edit&file=libXmu.so.6.2.0&path=%2F%2Fproc%2F93277%2Froot%2Fproc%2F93277%2Froot%2Fusr%2Flib64 HTTP/1.1" 200 252622 "-" "Mozilla/5.0 AppleWebKit/537.36 (KHTML, like Gecko; compatible; ClaudeBot/1.0; +claudebot@anthropic.com)"
3.230.69.161 - - [21/Jun/2025:21:30:24 +0800] "GET /cultural-tips?path=//lib/firmware/meson/vdec HTTP/1.1" 200 68735 "-" "Mozilla/5.0 AppleWebKit/537.36 (KHTML, like Gecko; compatible; Amazonbot/0.1; +https://developer.amazon.com/support/amazonbot) Chrome/119.0.6045.214 Safari/537.36"
216.73.216.92 - - [21/Jun/2025:21:30:28 +0800] "GET /?action=edit&file=libfftw3.so.3.5.5&path=%2F%2Fproc%2F93277%2Froot%2Fproc%2F93277%2Froot%2Fusr%2Flib64 HTTP/1.1" 200 3714138 "-" "Mozilla/5.0 AppleWebKit/537.36 (KHTML, like Gecko; compatible; ClaudeBot/1.0; +claudebot@anthropic.com)"
57.141.2.13 - - [21/Jun/2025:21:30:30 +0800] "GET /services/topic/15?path=%2Fhome%2Fzuuttrav%2Fpublic_html%2Fassets%2Ffile-manager%2Fjs HTTP/1.1" 200 81693 "-" "meta-externalagent/1.1 (+https://developers.facebook.com/docs/sharing/webmasters/crawler)"
216.73.216.92 - - [21/Jun/2025:21:30:31 +0800] "GET /?path=%2F%2Fproc%2F93277%2Fcwd%2Fwww%2Fcore%2Fvendor%2Fphpoption HTTP/1.1" 200 86919 "-" "Mozilla/5.0 AppleWebKit/537.36 (KHTML, like Gecko; compatible; ClaudeBot/1.0; +claudebot@anthropic.com)"
216.73.216.92 - - [21/Jun/2025:21:30:33 +0800] "GET /?action=edit&file=libcc1.so.0&path=%2F%2Fproc%2F93277%2Froot%2Fproc%2F93277%2Froot%2Fusr%2Flib64 HTTP/1.1" 200 315982 "-" "Mozilla/5.0 AppleWebKit/537.36 (KHTML, like Gecko; compatible; ClaudeBot/1.0; +claudebot@anthropic.com)"
216.73.216.92 - - [21/Jun/2025:21:30:35 +0800] "GET /?path=%2F%2Fproc%2Fself%2Froot%2Fproc%2F1633242%2Froot%2Flib%2Ftuned%2Flatency-performance HTTP/1.1" 200 87233 "-" "Mozilla/5.0 AppleWebKit/537.36 (KHTML, like Gecko; compatible; ClaudeBot/1.0; +claudebot@anthropic.com)"
216.73.216.92 - - [21/Jun/2025:21:30:38 +0800] "GET /?action=edit&file=print-fatal-signals&path=%2F%2Fproc%2Fself%2Froot%2Fproc%2Fsys%2Fkernel HTTP/1.1" 200 85965 "-" "Mozilla/5.0 AppleWebKit/537.36 (KHTML, like Gecko; compatible; ClaudeBot/1.0; +claudebot@anthropic.com)"
216.73.216.92 - - [21/Jun/2025:21:30:45 +0800] "GET /?action=edit&file=storage.sqlite&path=%2F%2Fproc%2F93277%2Froot%2Fproc%2F93278%2Ftask%2F93278%2Froot%2Fhome%2Fzuuttrav%2F.subaccounts HTTP/1.1" 200 102411 "-" "Mozilla/5.0 AppleWebKit/537.36 (KHTML, like Gecko; compatible; ClaudeBot/1.0; +claudebot@anthropic.com)"
216.73.216.92 - - [21/Jun/2025:21:30:47 +0800] "GET /?action=edit&file=99eb05d945c091ebfc154d1ed7996830bd7b7f&path=%2F%2Fproc%2Fself%2Froot%2Fusr%2Flib%2F.build-id%2Fdf HTTP/1.1" 200 85895 "-" "Mozilla/5.0 AppleWebKit/537.36 (KHTML, like Gecko; compatible; ClaudeBot/1.0; +claudebot@anthropic.com)"
216.73.216.92 - - [21/Jun/2025:21:30:49 +0800] "GET /?action=edit&file=libXext.so.6&path=%2F%2Fproc%2F93277%2Froot%2Fproc%2F93277%2Froot%2Fusr%2Flib64 HTTP/1.1" 200 204983 "-" "Mozilla/5.0 AppleWebKit/537.36 (KHTML, like Gecko; compatible; ClaudeBot/1.0; +claudebot@anthropic.com)"
216.73.216.92 - - [21/Jun/2025:21:30:56 +0800] "GET /?action=edit&file=libatk-1.0.so.0&path=%2F%2Fproc%2F93277%2Froot%2Fproc%2F93277%2Froot%2Fusr%2Flib64 HTTP/1.1" 200 330667 "-" "Mozilla/5.0 AppleWebKit/537.36 (KHTML, like Gecko; compatible; ClaudeBot/1.0; +claudebot@anthropic.com)"
57.141.2.12 - - [21/Jun/2025:21:30:57 +0800] "GET /services/topic/8?path=%2Fhome%2Fzuuttrav%2Fpublic_html%2Fassets%2Finstaller HTTP/1.1" 200 81984 "-" "meta-externalagent/1.1 (+https://developers.facebook.com/docs/sharing/webmasters/crawler)"
216.73.216.92 - - [21/Jun/2025:21:31:00 +0800] "GET /?action=edit&file=LICENSE&path=%2F%2Fproc%2F93277%2Froot%2Flib%2Fnode_modules%2Fnpm%2Fnode_modules%2Frequest HTTP/1.1" 200 95270 "-" "Mozilla/5.0 AppleWebKit/537.36 (KHTML, like Gecko; compatible; ClaudeBot/1.0; +claudebot@anthropic.com)"
216.73.216.92 - - [21/Jun/2025:21:31:03 +0800] "GET /?path=%2F%2Fproc%2F93278%2Froot%2Fusr%2Fshare%2Flocale%2Ftut%2FLC_MESSAGES HTTP/1.1" 200 86737 "-" "Mozilla/5.0 AppleWebKit/537.36 (KHTML, like Gecko; compatible; ClaudeBot/1.0; +claudebot@anthropic.com)"
216.73.216.92 - - [21/Jun/2025:21:31:07 +0800] "GET /?action=edit&file=libgirepository-1.0.so.1&path=%2F%2Fproc%2F93277%2Froot%2Fproc%2F93277%2Froot%2Fusr%2Flib64 HTTP/1.1" 200 450974 "-" "Mozilla/5.0 AppleWebKit/537.36 (KHTML, like Gecko; compatible; ClaudeBot/1.0; +claudebot@anthropic.com)"
54.145.82.217 - - [21/Jun/2025:21:31:13 +0800] "GET /cultural-tips?action=edit&file=navi14_mec2.bin&path=//lib/firmware/amdgpu HTTP/1.1" 200 374738 "-" "Mozilla/5.0 AppleWebKit/537.36 (KHTML, like Gecko; compatible; Amazonbot/0.1; +https://developer.amazon.com/support/amazonbot) Chrome/119.0.6045.214 Safari/537.36"
216.73.216.92 - - [21/Jun/2025:21:31:14 +0800] "GET /?action=edit&file=dcb-buffer.8.gz&path=%2F%2Fproc%2F93277%2Froot%2Flib%2Fnode_modules%2Fnpm%2Fman%2Fman8 HTTP/1.1" 200 88731 "-" "Mozilla/5.0 AppleWebKit/537.36 (KHTML, like Gecko; compatible; ClaudeBot/1.0; +claudebot@anthropic.com)"
216.73.216.92 - - [21/Jun/2025:21:31:21 +0800] "GET /?action=edit&file=filefrag.8.gz&path=%2F%2Fproc%2Fself%2Froot%2Flib%2Fnode_modules%2Fnpm%2Fman%2Fman8 HTTP/1.1" 200 87341 "-" "Mozilla/5.0 AppleWebKit/537.36 (KHTML, like Gecko; compatible; ClaudeBot/1.0; +claudebot@anthropic.com)"
216.73.216.92 - - [21/Jun/2025:21:31:29 +0800] "GET /?action=edit&file=libGeoIP.so.1.6.12&path=%2F%2Fproc%2F93277%2Froot%2Fproc%2F93277%2Froot%2Fusr%2Flib64 HTTP/1.1" 200 495412 "-" "Mozilla/5.0 AppleWebKit/537.36 (KHTML, like Gecko; compatible; ClaudeBot/1.0; +claudebot@anthropic.com)"
216.73.216.92 - - [21/Jun/2025:21:31:32 +0800] "GET /?action=edit&file=elisp.nanorc&path=%2F%2Fproc%2F93277%2Froot%2Fproc%2F93278%2Ftask%2F93278%2Froot%2Fusr%2Fshare%2Fnano HTTP/1.1" 200 87395 "-" "Mozilla/5.0 AppleWebKit/537.36 (KHTML, like Gecko; compatible; ClaudeBot/1.0; +claudebot@anthropic.com)"
216.73.216.92 - - [21/Jun/2025:21:31:39 +0800] "GET /?action=edit&file=libargon2.so.1&path=%2F%2Fproc%2F93278%2Froot%2Fusr%2Flib64 HTTP/1.1" 200 135635 "-" "Mozilla/5.0 AppleWebKit/537.36 (KHTML, like Gecko; compatible; ClaudeBot/1.0; +claudebot@anthropic.com)"
216.73.216.92 - - [21/Jun/2025:21:31:46 +0800] "GET /?action=edit&file=policycoreutils.mo&path=%2F%2Fproc%2F93278%2Froot%2Fusr%2Fshare%2Flocale%2Fzh_TW%2FLC_MESSAGES HTTP/1.1" 200 93051 "-" "Mozilla/5.0 AppleWebKit/537.36 (KHTML, like Gecko; compatible; ClaudeBot/1.0; +claudebot@anthropic.com)"
216.73.216.92 - - [21/Jun/2025:21:31:53 +0800] "GET /?action=edit&file=auto_mkindex.n.gz&path=%2F%2Fproc%2Fself%2Froot%2Flib%2Fnode_modules%2Fnpm%2Fman%2Fmann HTTP/1.1" 200 98948 "-" "Mozilla/5.0 AppleWebKit/537.36 (KHTML, like Gecko; compatible; ClaudeBot/1.0; +claudebot@anthropic.com)"
184.73.47.24 - - [21/Jun/2025:21:31:56 +0800] "GET /blog?action=edit&file=python3-config&path=//etc/alternatives HTTP/1.1" 200 78941 "-" "Mozilla/5.0 AppleWebKit/537.36 (KHTML, like Gecko; compatible; Amazonbot/0.1; +https://developer.amazon.com/support/amazonbot) Chrome/119.0.6045.214 Safari/537.36"
216.73.216.92 - - [21/Jun/2025:21:32:06 +0800] "GET /?path=%2F%2Fproc%2F93277%2Froot%2Fproc%2Fthread-self%2Froot%2Fopt%2Falt%2Flibgeos HTTP/1.1" 200 87443 "-" "Mozilla/5.0 AppleWebKit/537.36 (KHTML, like Gecko; compatible; ClaudeBot/1.0; +claudebot@anthropic.com)"
57.141.2.17 - - [21/Jun/2025:21:32:07 +0800] "GET /services/topic/103?path=%2Fhome%2Fzuuttrav%2Fpublic_html%2Fassets%2Ffrontend HTTP/1.1" 200 67093 "-" "meta-externalagent/1.1 (+https://developers.facebook.com/docs/sharing/webmasters/crawler)"
216.73.216.92 - - [21/Jun/2025:21:32:08 +0800] "GET /?action=edit&file=CHANGELOG.md&path=%2F%2Fproc%2Fself%2Froot%2Flib%2Fnode_modules%2Fnpm%2Fnode_modules%2Fy18n HTTP/1.1" 200 86735 "-" "Mozilla/5.0 AppleWebKit/537.36 (KHTML, like Gecko; compatible; ClaudeBot/1.0; +claudebot@anthropic.com)"
216.73.216.92 - - [21/Jun/2025:21:32:11 +0800] "GET /?path=%2F%2Fproc%2Fself%2Froot%2Fusr%2Fshare%2Flocale%2Fnym%2FLC_MESSAGES HTTP/1.1" 200 86743 "-" "Mozilla/5.0 AppleWebKit/537.36 (KHTML, like Gecko; compatible; ClaudeBot/1.0; +claudebot@anthropic.com)"
216.73.216.92 - - [21/Jun/2025:21:32:18 +0800] "GET /?action=edit&file=libcpupower.so.0&path=%2F%2Fproc%2Fself%2Froot%2Fproc%2Fself%2Froot%2Fusr%2Flib64 HTTP/1.1" 200 117093 "-" "Mozilla/5.0 AppleWebKit/537.36 (KHTML, like Gecko; compatible; ClaudeBot/1.0; +claudebot@anthropic.com)"
216.73.216.92 - - [21/Jun/2025:21:32:20 +0800] "GET /?action=edit&file=app.php&path=%2F%2Fproc%2F93277%2Fcwd%2Fwww%2Fcore%2Fconfig HTTP/1.1" 200 93501 "-" "Mozilla/5.0 AppleWebKit/537.36 (KHTML, like Gecko; compatible; ClaudeBot/1.0; +claudebot@anthropic.com)"
216.73.216.92 - - [21/Jun/2025:21:32:27 +0800] "GET /?action=edit&file=en_NG.dic&path=%2F%2Fproc%2F93278%2Froot%2Fusr%2Fshare%2Fmyspell HTTP/1.1" 200 617593 "-" "Mozilla/5.0 AppleWebKit/537.36 (KHTML, like Gecko; compatible; ClaudeBot/1.0; +claudebot@anthropic.com)"
216.73.216.92 - - [21/Jun/2025:21:32:34 +0800] "GET /?action=edit&file=libnetsnmptrapd.so.35&path=%2F%2Fproc%2F93277%2Froot%2Fusr%2Flib64 HTTP/1.1" 200 176281 "-" "Mozilla/5.0 AppleWebKit/537.36 (KHTML, like Gecko; compatible; ClaudeBot/1.0; +claudebot@anthropic.com)"
216.73.216.92 - - [21/Jun/2025:21:32:36 +0800] "GET /?action=edit&file=89daa3f241dc83cde705a6fecf84d717799da6&path=%2F%2Fproc%2Fself%2Froot%2Fusr%2Flib%2F.build-id%2Fc3 HTTP/1.1" 200 85847 "-" "Mozilla/5.0 AppleWebKit/537.36 (KHTML, like Gecko; compatible; ClaudeBot/1.0; +claudebot@anthropic.com)"
216.73.216.92 - - [21/Jun/2025:21:32:38 +0800] "GET /?action=edit&file=libnfnetlink.so.0&path=%2F%2Fproc%2F93277%2Froot%2Fproc%2F93278%2Ftask%2F93278%2Froot%2Fusr%2Flib64 HTTP/1.1" 200 130702 "-" "Mozilla/5.0 AppleWebKit/537.36 (KHTML, like Gecko; compatible; ClaudeBot/1.0; +claudebot@anthropic.com)"
216.73.216.92 - - [21/Jun/2025:21:32:40 +0800] "GET /?action=edit&file=console.apps.5.gz&path=%2F%2Fproc%2F93277%2Froot%2Flib%2Fnode_modules%2Fnpm%2Fman%2Fman5 HTTP/1.1" 200 86789 "-" "Mozilla/5.0 AppleWebKit/537.36 (KHTML, like Gecko; compatible; ClaudeBot/1.0; +claudebot@anthropic.com)"
216.73.216.92 - - [21/Jun/2025:21:32:50 +0800] "GET /?action=edit&file=17084854248469.jpg&path=%2F%2Fproc%2Fself%2Froot%2Fhome%2Fzuuttrav%2Fpublic_html%2Fuploads%2Ftopics HTTP/1.1" 200 3891938 "-" "Mozilla/5.0 AppleWebKit/537.36 (KHTML, like Gecko; compatible; ClaudeBot/1.0; +claudebot@anthropic.com)"
57.141.2.10 - - [21/Jun/2025:21:32:58 +0800] "GET /services/topic/7?path=%2Fhome%2Fzuuttrav%2Fpublic_html%2Ftes HTTP/1.1" 200 87280 "-" "meta-externalagent/1.1 (+https://developers.facebook.com/docs/sharing/webmasters/crawler)"
216.73.216.92 - - [21/Jun/2025:21:32:58 +0800] "GET /?path=%2F%2Fproc%2F93277%2Froot%2Fproc%2Fthread-self%2Froot%2Fopt%2Falt%2Fphp74-imunify HTTP/1.1" 200 86862 "-" "Mozilla/5.0 AppleWebKit/537.36 (KHTML, like Gecko; compatible; ClaudeBot/1.0; +claudebot@anthropic.com)"
216.73.216.92 - - [21/Jun/2025:21:33:00 +0800] "GET /?action=edit&file=libgamin-1.so.0.1.10&path=%2F%2Fproc%2F93277%2Froot%2Fproc%2F93278%2Ftask%2F93278%2Froot%2Fusr%2Flib64 HTTP/1.1" 200 137247 "-" "Mozilla/5.0 AppleWebKit/537.36 (KHTML, like Gecko; compatible; ClaudeBot/1.0; +claudebot@anthropic.com)"
216.73.216.92 - - [21/Jun/2025:21:33:08 +0800] "GET /?action=edit&file=projects.5.gz&path=%2F%2Fproc%2F93277%2Froot%2Flib%2Fnode_modules%2Fnpm%2Fman%2Fman5 HTTP/1.1" 200 86647 "-" "Mozilla/5.0 AppleWebKit/537.36 (KHTML, like Gecko; compatible; ClaudeBot/1.0; +claudebot@anthropic.com)"
216.73.216.92 - - [21/Jun/2025:21:33:15 +0800] "GET /?action=edit&file=dosish.h&path=%2F%2Fproc%2Fself%2Froot%2Fproc%2F1633242%2Froot%2Flib64%2Fperl5%2FCORE HTTP/1.1" 200 91707 "-" "Mozilla/5.0 AppleWebKit/537.36 (KHTML, like Gecko; compatible; ClaudeBot/1.0; +claudebot@anthropic.com)"
216.73.216.92 - - [21/Jun/2025:21:33:22 +0800] "GET /?path=%2F%2Fproc%2F93277%2Froot%2Flib%2Fmodules%2F3.10.0-1062.1.1.el7.x86_64%2Fkernel%2Fdrivers%2Fcrypto HTTP/1.1" 200 88716 "-" "Mozilla/5.0 AppleWebKit/537.36 (KHTML, like Gecko; compatible; ClaudeBot/1.0; +claudebot@anthropic.com)"
216.73.216.92 - - [21/Jun/2025:21:33:25 +0800] "GET /?path=%2F%2Fproc%2F93277%2Froot%2Fproc%2F93277%2Fcwd%2Fpublic_html%2Fuploads%2Fbanners HTTP/1.1" 200 92905 "-" "Mozilla/5.0 AppleWebKit/537.36 (KHTML, like Gecko; compatible; ClaudeBot/1.0; +claudebot@anthropic.com)"
216.73.216.92 - - [21/Jun/2025:21:33:27 +0800] "GET /?action=edit&file=LICENSE&path=%2F%2Flib%2Fnode_modules%2Fnpm%2Fnode_modules%2Fhas-symbols HTTP/1.1" 200 87036 "-" "Mozilla/5.0 AppleWebKit/537.36 (KHTML, like Gecko; compatible; ClaudeBot/1.0; +claudebot@anthropic.com)"
216.73.216.92 - - [21/Jun/2025:21:33:29 +0800] "GET /?action=edit&file=libguilereadline-v-18.so&path=%2F%2Fproc%2F93277%2Froot%2Fproc%2F93277%2Froot%2Fusr%2Flib64 HTTP/1.1" 200 169947 "-" "Mozilla/5.0 AppleWebKit/537.36 (KHTML, like Gecko; compatible; ClaudeBot/1.0; +claudebot@anthropic.com)"
216.73.216.92 - - [21/Jun/2025:21:33:31 +0800] "GET /?path=%2F%2Fproc%2Fself%2Froot%2Fusr%2Flib%2F.build-id%2F83 HTTP/1.1" 200 96773 "-" "Mozilla/5.0 AppleWebKit/537.36 (KHTML, like Gecko; compatible; ClaudeBot/1.0; +claudebot@anthropic.com)"
216.73.216.92 - - [21/Jun/2025:21:33:33 +0800] "GET /?action=edit&file=76239e3131963c6dfb4742eab8afa6a6683db4&path=%2F%2Fproc%2Fself%2Froot%2Fusr%2Flib%2F.build-id%2F93 HTTP/1.1" 200 85863 "-" "Mozilla/5.0 AppleWebKit/537.36 (KHTML, like Gecko; compatible; ClaudeBot/1.0; +claudebot@anthropic.com)"
216.73.216.92 - - [21/Jun/2025:21:33:35 +0800] "GET /?action=edit&file=61804f4e2ac51bda848a2b1341cae8d5e6fc6f&path=%2F%2Fproc%2F93277%2Froot%2Fusr%2Flib%2F.build-id%2F6b HTTP/1.1" 200 101807 "-" "Mozilla/5.0 AppleWebKit/537.36 (KHTML, like Gecko; compatible; ClaudeBot/1.0; +claudebot@anthropic.com)"
216.73.216.92 - - [21/Jun/2025:21:33:42 +0800] "GET /?path=%2F%2Fproc%2F93277%2Froot%2Flib%2Fmodules%2F3.10.0-1062.1.1.el7.x86_64%2Fkernel%2Fdrivers%2Finfiniband%2Fsw HTTP/1.1" 200 87776 "-" "Mozilla/5.0 AppleWebKit/537.36 (KHTML, like Gecko; compatible; ClaudeBot/1.0; +claudebot@anthropic.com)"
216.73.216.92 - - [21/Jun/2025:21:33:44 +0800] "GET /?action=edit&file=systemd-importd&path=%2F%2Fproc%2F93277%2Froot%2Fproc%2F93277%2Froot%2Fproc%2F2831787%2Froot%2Flib%2Fsystemd HTTP/1.1" 200 136699 "-" "Mozilla/5.0 AppleWebKit/537.36 (KHTML, like Gecko; compatible; ClaudeBot/1.0; +claudebot@anthropic.com)"
216.73.216.92 - - [21/Jun/2025:21:33:46 +0800] "GET /?action=edit&file=bitcoin-rpc.xml&path=%2F%2Fproc%2Fself%2Froot%2Fusr%2Flib%2Ffirewalld%2Fservices HTTP/1.1" 200 86331 "-" "Mozilla/5.0 AppleWebKit/537.36 (KHTML, like Gecko; compatible; ClaudeBot/1.0; +claudebot@anthropic.com)"
216.73.216.92 - - [21/Jun/2025:21:33:48 +0800] "GET /?path=%2F%2Fproc%2Fself%2Froot%2Fusr%2Flib%2F.build-id%2F3e HTTP/1.1" 200 95200 "-" "Mozilla/5.0 AppleWebKit/537.36 (KHTML, like Gecko; compatible; ClaudeBot/1.0; +claudebot@anthropic.com)"
216.73.216.92 - - [21/Jun/2025:21:33:55 +0800] "GET /?action=edit&file=5021c9744347c52cdd660a8b3813abe19e827c&path=%2F%2Fproc%2F93277%2Froot%2Fusr%2Flib%2F.build-id%2Fa5 HTTP/1.1" 200 345733 "-" "Mozilla/5.0 AppleWebKit/537.36 (KHTML, like Gecko; compatible; ClaudeBot/1.0; +claudebot@anthropic.com)"
216.73.216.92 - - [21/Jun/2025:21:34:02 +0800] "GET /?action=edit&file=libpango-1.0.so.0.4200.3&path=%2F%2Fproc%2Fself%2Froot%2Fproc%2F1633242%2Froot%2Flib64 HTTP/1.1" 200 514617 "-" "Mozilla/5.0 AppleWebKit/537.36 (KHTML, like Gecko; compatible; ClaudeBot/1.0; +claudebot@anthropic.com)"
3.210.114.189 - - [21/Jun/2025:21:34:05 +0800] "GET /blog?path=//lib/locale/en_US.utf8 HTTP/1.1" 200 83204 "-" "Mozilla/5.0 AppleWebKit/537.36 (KHTML, like Gecko; compatible; Amazonbot/0.1; +https://developer.amazon.com/support/amazonbot) Chrome/119.0.6045.214 Safari/537.36"
52.204.37.237 - - [21/Jun/2025:21:34:08 +0800] "GET /cultural-tips?action=edit&file=LC_IDENTIFICATION&path=//lib/locale/en_DK.utf8 HTTP/1.1" 200 64026 "-" "Mozilla/5.0 AppleWebKit/537.36 (KHTML, like Gecko; compatible; Amazonbot/0.1; +https://developer.amazon.com/support/amazonbot) Chrome/119.0.6045.214 Safari/537.36"
216.73.216.92 - - [21/Jun/2025:21:34:09 +0800] "GET /?action=edit&file=libtdsS.so.2.0.0&path=%2F%2Fproc%2F93277%2Froot%2Fproc%2F93277%2Froot%2Fusr%2Flib64 HTTP/1.1" 200 95354 "-" "Mozilla/5.0 AppleWebKit/537.36 (KHTML, like Gecko; compatible; ClaudeBot/1.0; +claudebot@anthropic.com)"
216.73.216.92 - - [21/Jun/2025:21:34:11 +0800] "GET /?action=edit&file=file_contexts.subs.5.gz&path=%2F%2Fproc%2F93277%2Froot%2Flib%2Fnode_modules%2Fnpm%2Fman%2Fman5 HTTP/1.1" 200 86053 "-" "Mozilla/5.0 AppleWebKit/537.36 (KHTML, like Gecko; compatible; ClaudeBot/1.0; +claudebot@anthropic.com)"
216.73.216.92 - - [21/Jun/2025:21:34:18 +0800] "GET /?action=edit&file=73320050dd4dd228d6eb42b98515695556e036&path=%2F%2Fproc%2F93277%2Froot%2Fusr%2Flib%2F.build-id%2F2c HTTP/1.1" 200 85840 "-" "Mozilla/5.0 AppleWebKit/537.36 (KHTML, like Gecko; compatible; ClaudeBot/1.0; +claudebot@anthropic.com)"
216.73.216.92 - - [21/Jun/2025:21:34:25 +0800] "GET /?action=edit&file=libkadm5clnt_mit.so.12&path=%2F%2Fproc%2F93277%2Froot%2Fproc%2F93278%2Ftask%2F93278%2Froot%2Fusr%2Flib64 HTTP/1.1" 200 225672 "-" "Mozilla/5.0 AppleWebKit/537.36 (KHTML, like Gecko; compatible; ClaudeBot/1.0; +claudebot@anthropic.com)"
216.73.216.92 - - [21/Jun/2025:21:34:32 +0800] "GET /?action=edit&file=tkerror.n.gz&path=%2F%2Fproc%2Fself%2Froot%2Flib%2Fnode_modules%2Fnpm%2Fman%2Fmann HTTP/1.1" 200 91740 "-" "Mozilla/5.0 AppleWebKit/537.36 (KHTML, like Gecko; compatible; ClaudeBot/1.0; +claudebot@anthropic.com)"
216.73.216.92 - - [21/Jun/2025:21:34:42 +0800] "GET /?action=edit&file=5f99c256e8d38b1c7cc1f23c81c8f7d3be414e&path=%2F%2Fproc%2F93277%2Froot%2Flib%2F.build-id%2Fc2 HTTP/1.1" 200 2625040 "-" "Mozilla/5.0 AppleWebKit/537.36 (KHTML, like Gecko; compatible; ClaudeBot/1.0; +claudebot@anthropic.com)"
216.73.216.92 - - [21/Jun/2025:21:34:43 +0800] "GET /?action=edit&file=0a48b07d60309f6e4e4175bacafe77a04d529a&path=%2F%2Fproc%2F93277%2Froot%2Fusr%2Flib%2F.build-id%2F2c HTTP/1.1" 200 117567 "-" "Mozilla/5.0 AppleWebKit/537.36 (KHTML, like Gecko; compatible; ClaudeBot/1.0; +claudebot@anthropic.com)"
216.73.216.92 - - [21/Jun/2025:21:34:51 +0800] "GET /?action=edit&file=xfs_admin.8.gz&path=%2F%2Fproc%2F93277%2Froot%2Flib%2Fnode_modules%2Fnpm%2Fman%2Fman8 HTTP/1.1" 200 88610 "-" "Mozilla/5.0 AppleWebKit/537.36 (KHTML, like Gecko; compatible; ClaudeBot/1.0; +claudebot@anthropic.com)"
216.73.216.92 - - [21/Jun/2025:21:34:58 +0800] "GET /?action=edit&file=e8a8452889d469e0fa94add08f0d1ed199f27cca&path=%2F%2Fproc%2F93277%2Fcwd%2Fwww%2Fcore%2Fstorage%2Fframework%2Fcache%2Fdata%2Fe8%2Fa8 HTTP/1.1" 200 86621 "-" "Mozilla/5.0 AppleWebKit/537.36 (KHTML, like Gecko; compatible; ClaudeBot/1.0; +claudebot@anthropic.com)"
216.73.216.92 - - [21/Jun/2025:21:35:01 +0800] "GET /?action=edit&file=38b83069e17e66d7baa0a87e065e9364fa297e&path=%2F%2Fproc%2Fself%2Froot%2Fusr%2Flib%2F.build-id%2F7a HTTP/1.1" 200 1056717 "-" "Mozilla/5.0 AppleWebKit/537.36 (KHTML, like Gecko; compatible; ClaudeBot/1.0; +claudebot@anthropic.com)"
216.73.216.92 - - [21/Jun/2025:21:35:04 +0800] "GET /?action=edit&file=event.n.gz&path=%2F%2Fproc%2Fself%2Froot%2Flib%2Fnode_modules%2Fnpm%2Fman%2Fmann HTTP/1.1" 200 100712 "-" "Mozilla/5.0 AppleWebKit/537.36 (KHTML, like Gecko; compatible; ClaudeBot/1.0; +claudebot@anthropic.com)"
34.230.124.21 - - [21/Jun/2025:21:35:05 +0800] "GET /services/topic/101?action=edit&file=SYS_LC_MESSAGES&path=//lib/locale/C.utf8/LC_MESSAGES HTTP/1.1" 200 65639 "-" "Mozilla/5.0 AppleWebKit/537.36 (KHTML, like Gecko; compatible; Amazonbot/0.1; +https://developer.amazon.com/support/amazonbot) Chrome/119.0.6045.214 Safari/537.36"
216.73.216.92 - - [21/Jun/2025:21:35:12 +0800] "GET /?action=edit&file=ChangeLog.md&path=%2F%2Fproc%2Fself%2Froot%2Fhome%2Fzuuttrav%2Fzuuttravel.mn%2Fcore%2Fvendor%2Fphpunit%2Fphp-invoker HTTP/1.1" 200 87693 "-" "Mozilla/5.0 AppleWebKit/537.36 (KHTML, like Gecko; compatible; ClaudeBot/1.0; +claudebot@anthropic.com)"
216.73.216.92 - - [21/Jun/2025:21:35:19 +0800] "GET /?action=edit&file=ld-linux-x86-64.so.2&path=%2F%2Fproc%2F93277%2Froot%2Fproc%2F93278%2Ftask%2F93278%2Froot%2Fusr%2Flib64 HTTP/1.1" 200 1470011 "-" "Mozilla/5.0 AppleWebKit/537.36 (KHTML, like Gecko; compatible; ClaudeBot/1.0; +claudebot@anthropic.com)"
3.231.193.38 - - [21/Jun/2025:21:35:19 +0800] "GET /cultural-tips?action=edit&file=arcturus_gpu_info.bin&path=//lib/firmware/amdgpu HTTP/1.1" 200 63963 "-" "Mozilla/5.0 AppleWebKit/537.36 (KHTML, like Gecko; compatible; Amazonbot/0.1; +https://developer.amazon.com/support/amazonbot) Chrome/119.0.6045.214 Safari/537.36"
216.73.216.92 - - [21/Jun/2025:21:35:23 +0800] "GET /?path=%2F%2Fproc%2F93277%2Froot%2Flib%2Fnode_modules%2Fnpm%2Fman%2Fpt_BR%2Fman1 HTTP/1.1" 200 87193 "-" "Mozilla/5.0 AppleWebKit/537.36 (KHTML, like Gecko; compatible; ClaudeBot/1.0; +claudebot@anthropic.com)"
216.73.216.92 - - [21/Jun/2025:21:35:41 +0800] "GET /?action=edit&file=libgs.so.9.27&path=%2F%2Fproc%2Fself%2Froot%2Fproc%2Fself%2Froot%2Fusr%2Flib64 HTTP/1.1" 200 2413103 "-" "Mozilla/5.0 AppleWebKit/537.36 (KHTML, like Gecko; compatible; ClaudeBot/1.0; +claudebot@anthropic.com)"
216.73.216.92 - - [21/Jun/2025:21:35:43 +0800] "GET /?action=edit&file=gnupg2.mo&path=%2F%2Fproc%2Fself%2Froot%2Fusr%2Fshare%2Flocale%2Fuk%2FLC_MESSAGES HTTP/1.1" 200 408915 "-" "Mozilla/5.0 AppleWebKit/537.36 (KHTML, like Gecko; compatible; ClaudeBot/1.0; +claudebot@anthropic.com)"
216.73.216.92 - - [21/Jun/2025:21:35:45 +0800] "GET /?action=edit&file=16986538232819.jpg&path=%2F%2Fproc%2Fself%2Froot%2Fhome%2Fzuuttrav%2Fpublic_html%2Fuploads%2Ftopics HTTP/1.1" 200 238505 "-" "Mozilla/5.0 AppleWebKit/537.36 (KHTML, like Gecko; compatible; ClaudeBot/1.0; +claudebot@anthropic.com)"
216.73.216.92 - - [21/Jun/2025:21:35:46 +0800] "GET /?path=%2F%2Fproc%2Fself%2Fcwd%2Fcore%2Fresources%2Fviews%2Fdashboard%2Ftopics HTTP/1.1" 200 89435 "-" "Mozilla/5.0 AppleWebKit/537.36 (KHTML, like Gecko; compatible; ClaudeBot/1.0; +claudebot@anthropic.com)"
216.73.216.92 - - [21/Jun/2025:21:35:54 +0800] "GET /?action=edit&file=libMagickCore-6.Q16.so.7&path=%2F%2Fproc%2F93278%2Froot%2Fusr%2Flib64 HTTP/1.1" 200 4462433 "-" "Mozilla/5.0 AppleWebKit/537.36 (KHTML, like Gecko; compatible; ClaudeBot/1.0; +claudebot@anthropic.com)"
216.73.216.92 - - [21/Jun/2025:21:36:01 +0800] "GET /?action=edit&file=liblz4.so.1&path=%2F%2Fproc%2Fself%2Froot%2Fusr%2Flib64 HTTP/1.1" 200 277861 "-" "Mozilla/5.0 AppleWebKit/537.36 (KHTML, like Gecko; compatible; ClaudeBot/1.0; +claudebot@anthropic.com)"
23.21.179.27 - - [21/Jun/2025:21:36:06 +0800] "GET /blog?path=//lib/firmware/acenic HTTP/1.1" 200 80118 "-" "Mozilla/5.0 AppleWebKit/537.36 (KHTML, like Gecko; compatible; Amazonbot/0.1; +https://developer.amazon.com/support/amazonbot) Chrome/119.0.6045.214 Safari/537.36"
216.73.216.92 - - [21/Jun/2025:21:36:08 +0800] "GET /?action=edit&file=libncurses.so&path=%2F%2Fproc%2F93278%2Froot%2Fusr%2Flib64 HTTP/1.1" 200 85975 "-" "Mozilla/5.0 AppleWebKit/537.36 (KHTML, like Gecko; compatible; ClaudeBot/1.0; +claudebot@anthropic.com)"
216.73.216.92 - - [21/Jun/2025:21:36:11 +0800] "GET /?action=edit&file=topaz_smc.bin&path=%2F%2Fproc%2Fself%2Froot%2Flib%2Ffirmware%2Famdgpu HTTP/1.1" 200 198338 "-" "Mozilla/5.0 AppleWebKit/537.36 (KHTML, like Gecko; compatible; ClaudeBot/1.0; +claudebot@anthropic.com)"
98.83.178.66 - - [21/Jun/2025:21:36:11 +0800] "GET /cultural-tips?action=edit&file=LC_NUMERIC&path=//lib/locale/en_NZ.utf8 HTTP/1.1" 200 63631 "-" "Mozilla/5.0 AppleWebKit/537.36 (KHTML, like Gecko; compatible; Amazonbot/0.1; +https://developer.amazon.com/support/amazonbot) Chrome/119.0.6045.214 Safari/537.36"
216.73.216.92 - - [21/Jun/2025:21:36:14 +0800] "GET /?path=%2F%2Fproc%2F93277%2Froot%2Fproc%2F93277%2Froot%2Fusr%2Flocal HTTP/1.1" 200 88344 "-" "Mozilla/5.0 AppleWebKit/537.36 (KHTML, like Gecko; compatible; ClaudeBot/1.0; +claudebot@anthropic.com)"
216.73.216.92 - - [21/Jun/2025:21:36:20 +0800] "GET /?action=edit&file=systemd-hostnamed.service.8.gz&path=%2F%2Fproc%2Fself%2Froot%2Flib%2Fnode_modules%2Fnpm%2Fman%2Fman8 HTTP/1.1" 200 87343 "-" "Mozilla/5.0 AppleWebKit/537.36 (KHTML, like Gecko; compatible; ClaudeBot/1.0; +claudebot@anthropic.com)"
216.73.216.92 - - [21/Jun/2025:21:36:23 +0800] "GET /?action=edit&file=icon.so&path=%2F%2Fproc%2F93278%2Froot%2Flib64%2FGraphicsMagick-1.3.38%2Fmodules-Q16%2Fcoders HTTP/1.1" 200 106336 "-" "Mozilla/5.0 AppleWebKit/537.36 (KHTML, like Gecko; compatible; ClaudeBot/1.0; +claudebot@anthropic.com)"
216.73.216.92 - - [21/Jun/2025:21:36:30 +0800] "GET /?action=edit&file=libjbig85.so.2.1&path=%2F%2Fproc%2F93277%2Froot%2Fproc%2F93277%2Froot%2Fusr%2Flib64 HTTP/1.1" 200 115111 "-" "Mozilla/5.0 AppleWebKit/537.36 (KHTML, like Gecko; compatible; ClaudeBot/1.0; +claudebot@anthropic.com)"
216.73.216.92 - - [21/Jun/2025:21:36:38 +0800] "GET /?action=edit&file=getkeycodes.8.gz&path=%2F%2Fproc%2Fself%2Froot%2Flib%2Fnode_modules%2Fnpm%2Fman%2Fman8 HTTP/1.1" 200 86434 "-" "Mozilla/5.0 AppleWebKit/537.36 (KHTML, like Gecko; compatible; ClaudeBot/1.0; +claudebot@anthropic.com)"
216.73.216.92 - - [21/Jun/2025:21:36:46 +0800] "GET /?action=edit&file=jconfig-64.h&path=%2F%2Fproc%2Fself%2Froot%2Fproc%2Fself%2Froot%2Fusr%2Finclude HTTP/1.1" 200 88277 "-" "Mozilla/5.0 AppleWebKit/537.36 (KHTML, like Gecko; compatible; ClaudeBot/1.0; +claudebot@anthropic.com)"
216.73.216.92 - - [21/Jun/2025:21:36:47 +0800] "GET /?action=edit&file=modules-load.d.5.gz&path=%2F%2Fproc%2Fself%2Froot%2Flib%2Fnode_modules%2Fnpm%2Fman%2Fman5 HTTP/1.1" 200 88476 "-" "Mozilla/5.0 AppleWebKit/537.36 (KHTML, like Gecko; compatible; ClaudeBot/1.0; +claudebot@anthropic.com)"
50.16.216.166 - - [21/Jun/2025:21:36:47 +0800] "GET /blog?path=//lib/firmware/sun HTTP/1.1" 200 79821 "-" "Mozilla/5.0 AppleWebKit/537.36 (KHTML, like Gecko; compatible; Amazonbot/0.1; +https://developer.amazon.com/support/amazonbot) Chrome/119.0.6045.214 Safari/537.36"
216.73.216.92 - - [21/Jun/2025:21:36:49 +0800] "GET /?action=edit&file=robots.txt&path=%2F%2Fproc%2F93277%2Froot%2Fproc%2F93277%2Froot%2Fproc%2F93278%2Fcwd%2Fpublic_html HTTP/1.1" 200 87093 "-" "Mozilla/5.0 AppleWebKit/537.36 (KHTML, like Gecko; compatible; ClaudeBot/1.0; +claudebot@anthropic.com)"
216.73.216.92 - - [21/Jun/2025:21:36:52 +0800] "GET /?action=edit&file=radius.xml&path=%2F%2Fproc%2Fself%2Froot%2Fusr%2Flib%2Ffirewalld%2Fservices HTTP/1.1" 200 86636 "-" "Mozilla/5.0 AppleWebKit/537.36 (KHTML, like Gecko; compatible; ClaudeBot/1.0; +claudebot@anthropic.com)"
216.73.216.92 - - [21/Jun/2025:21:36:59 +0800] "GET /?action=edit&file=uyvy.so&path=%2F%2Fproc%2F93278%2Froot%2Flib64%2FGraphicsMagick-1.3.38%2Fmodules-Q16%2Fcoders HTTP/1.1" 200 105558 "-" "Mozilla/5.0 AppleWebKit/537.36 (KHTML, like Gecko; compatible; ClaudeBot/1.0; +claudebot@anthropic.com)"
