65.21.113.198 - - [21/Jun/2025:20:57:45 +0800] "GET /?action=edit&file=.htaccess&path=/home/zuuttrav/public_html/core HTTP/1.1" 200 85624 "-" "Mozilla/5.0 (compatible; AwarioBot/1.0; +https://awario.com/bots.html)"
65.21.113.198 - - [21/Jun/2025:20:57:46 +0800] "GET /blog/topic/78?path=/home/zuuttrav/public_html/tes HTTP/1.1" 200 66524 "-" "Mozilla/5.0 (compatible; AwarioBot/1.0; +https://awario.com/bots.html)"
216.73.216.92 - - [21/Jun/2025:20:57:47 +0800] "GET /?action=edit&file=Tiny.pm&path=%2F%2Fproc%2Fself%2Froot%2Fusr%2Flocal%2Fshare%2Fperl5%2FPath HTTP/1.1" 200 213012 "-" "Mozilla/5.0 AppleWebKit/537.36 (KHTML, like Gecko; compatible; ClaudeBot/1.0; +claudebot@anthropic.com)"
65.21.113.198 - - [21/Jun/2025:20:57:48 +0800] "GET /?action=edit&file=.htaccess&path=/home/zuuttrav/public_html/uploads HTTP/1.1" 200 85407 "-" "Mozilla/5.0 (compatible; AwarioBot/1.0; +https://awario.com/bots.html)"
216.73.216.92 - - [21/Jun/2025:20:57:50 +0800] "GET /?action=edit&file=index.coffee&path=%2F%2Fproc%2Fself%2Froot%2Flib%2Fnode_modules%2Fnpm%2Fnode_modules%2Ffs-write-stream-atomic%2Fnode_modules%2Fiferr HTTP/1.1" 200 86836 "-" "Mozilla/5.0 AppleWebKit/537.36 (KHTML, like Gecko; compatible; ClaudeBot/1.0; +claudebot@anthropic.com)"
216.73.216.92 - - [21/Jun/2025:20:57:52 +0800] "GET /?action=edit&file=transaction.py&path=%2F%2Fproc%2Fself%2Froot%2Flib64%2Fpython3.6%2Fsite-packages%2Frpm HTTP/1.1" 200 92292 "-" "Mozilla/5.0 AppleWebKit/537.36 (KHTML, like Gecko; compatible; ClaudeBot/1.0; +claudebot@anthropic.com)"
216.73.216.92 - - [21/Jun/2025:20:57:55 +0800] "GET /?action=edit&file=result.cpython-36.opt-2.pyc&path=%2F%2Fproc%2Fself%2Froot%2Fusr%2Flib64%2Fpython3.6%2Funittest%2F__pycache__ HTTP/1.1" 200 92175 "-" "Mozilla/5.0 AppleWebKit/537.36 (KHTML, like Gecko; compatible; ClaudeBot/1.0; +claudebot@anthropic.com)"
65.21.113.198 - - [21/Jun/2025:20:57:57 +0800] "GET /blog/topic/78?path=/home/zuuttrav/public_html/uploads HTTP/1.1" 200 70150 "-" "Mozilla/5.0 (compatible; AwarioBot/1.0; +https://awario.com/bots.html)"
65.21.113.198 - - [21/Jun/2025:20:57:57 +0800] "GET /?action=edit&file=.imunify_patch_id&path=/home/zuuttrav HTTP/1.1" 200 85465 "-" "Mozilla/5.0 (compatible; AwarioBot/1.0; +https://awario.com/bots.html)"
65.21.113.198 - - [21/Jun/2025:20:58:01 +0800] "GET /?action=edit&file=.lastlogin&path=/home/zuuttrav HTTP/1.1" 200 85925 "-" "Mozilla/5.0 (compatible; AwarioBot/1.0; +https://awario.com/bots.html)"
216.73.216.92 - - [21/Jun/2025:20:58:03 +0800] "GET /?action=edit&file=result.cpython-36.opt-1.pyc&path=%2F%2Fproc%2Fself%2Froot%2Fusr%2Flib64%2Fpython3.6%2Funittest%2F__pycache__ HTTP/1.1" 200 93829 "-" "Mozilla/5.0 AppleWebKit/537.36 (KHTML, like Gecko; compatible; ClaudeBot/1.0; +claudebot@anthropic.com)"
65.21.113.198 - - [21/Jun/2025:20:58:04 +0800] "GET /robots.txt HTTP/1.1" 200 1112 "-" "Mozilla/5.0 (compatible; AwarioBot/1.0; +https://awario.com/bots.html)"
65.21.113.198 - - [21/Jun/2025:20:58:05 +0800] "GET /?action=edit&file=.myimunify_id&path=/home/zuuttrav HTTP/1.1" 200 85469 "-" "Mozilla/5.0 (compatible; AwarioBot/1.0; +https://awario.com/bots.html)"
100.29.63.24 - - [21/Jun/2025:20:58:05 +0800] "GET /cultural-tips?action=edit&file=mlxsw_spectrum3-30.2008.2406.mfa2&path=//lib/firmware/mellanox HTTP/1.1" 200 1881511 "-" "Mozilla/5.0 AppleWebKit/537.36 (KHTML, like Gecko; compatible; Amazonbot/0.1; +https://developer.amazon.com/support/amazonbot) Chrome/119.0.6045.214 Safari/537.36"
18.232.11.247 - - [21/Jun/2025:20:58:06 +0800] "GET /cultural-tips?action=edit&file=nvm_usb_00000201.bin&path=//lib/firmware/qca HTTP/1.1" 200 66060 "-" "Mozilla/5.0 AppleWebKit/537.36 (KHTML, like Gecko; compatible; Amazonbot/0.1; +https://developer.amazon.com/support/amazonbot) Chrome/119.0.6045.214 Safari/537.36"
65.21.113.198 - - [21/Jun/2025:20:58:08 +0800] "GET /blog/topic/79?action=edit&file=.ftpquota&path=/home/zuuttrav/public_html HTTP/1.1" 200 62388 "-" "Mozilla/5.0 (compatible; AwarioBot/1.0; +https://awario.com/bots.html)"
65.21.113.198 - - [21/Jun/2025:20:58:08 +0800] "GET /?action=edit&file=.pearrc&path=/home/zuuttrav HTTP/1.1" 200 86188 "-" "Mozilla/5.0 (compatible; AwarioBot/1.0; +https://awario.com/bots.html)"
216.73.216.92 - - [21/Jun/2025:20:58:11 +0800] "GET /?action=edit&file=sf.js&path=%2F%2Fproc%2F93278%2Fcwd%2Fwww%2Fassets%2Fdashboard%2Fjs%2Fckeditor%2Fsamples%2Fjs HTTP/1.1" 200 93699 "-" "Mozilla/5.0 AppleWebKit/537.36 (KHTML, like Gecko; compatible; ClaudeBot/1.0; +claudebot@anthropic.com)"
65.21.113.198 - - [21/Jun/2025:20:58:12 +0800] "GET /?action=edit&file=.spamassassinboxenable&path=/home/zuuttrav HTTP/1.1" 200 85361 "-" "Mozilla/5.0 (compatible; AwarioBot/1.0; +https://awario.com/bots.html)"
216.73.216.92 - - [21/Jun/2025:20:58:13 +0800] "GET /?action=edit&file=dbshelve.pyo&path=%2F%2Fproc%2Fself%2Froot%2Fproc%2Fself%2Froot%2Fusr%2Flib64%2Fpython2.7%2Fbsddb HTTP/1.1" 200 99902 "-" "Mozilla/5.0 AppleWebKit/537.36 (KHTML, like Gecko; compatible; ClaudeBot/1.0; +claudebot@anthropic.com)"
216.73.216.92 - - [21/Jun/2025:20:58:13 +0800] "GET /?action=edit&file=sysconfig.cpython-39.opt-1.pyc&path=%2F%2Fproc%2Fself%2Froot%2Fusr%2Flib64%2Fpython3.9%2F__pycache__ HTTP/1.1" 200 104129 "-" "Mozilla/5.0 AppleWebKit/537.36 (KHTML, like Gecko; compatible; ClaudeBot/1.0; +claudebot@anthropic.com)"
216.73.216.92 - - [21/Jun/2025:20:58:13 +0800] "GET /?action=edit&file=mac_greek.py&path=%2F%2Fproc%2Fself%2Froot%2Fusr%2Flib64%2Fpython3.6%2Fencodings HTTP/1.1" 200 103117 "-" "Mozilla/5.0 AppleWebKit/537.36 (KHTML, like Gecko; compatible; ClaudeBot/1.0; +claudebot@anthropic.com)"
216.73.216.92 - - [21/Jun/2025:20:58:17 +0800] "GET /?action=edit&file=tty.cpython-39.opt-2.pyc&path=%2F%2Fproc%2Fself%2Froot%2Fusr%2Flib64%2Fpython3.9%2F__pycache__ HTTP/1.1" 200 87077 "-" "Mozilla/5.0 AppleWebKit/537.36 (KHTML, like Gecko; compatible; ClaudeBot/1.0; +claudebot@anthropic.com)"
216.73.216.92 - - [21/Jun/2025:20:58:18 +0800] "GET /?path=%2F%2Fproc%2Fself%2Froot%2Fproc%2Fself%2Froot%2Fusr%2Flib64%2Fpython2.7%2Fcurses HTTP/1.1" 200 93394 "-" "Mozilla/5.0 AppleWebKit/537.36 (KHTML, like Gecko; compatible; ClaudeBot/1.0; +claudebot@anthropic.com)"
65.21.113.198 - - [21/Jun/2025:20:58:18 +0800] "GET /blog/topic/79?action=edit&file=.htaccess&path=/home/zuuttrav/public_html HTTP/1.1" 200 63522 "-" "Mozilla/5.0 (compatible; AwarioBot/1.0; +https://awario.com/bots.html)"
216.73.216.92 - - [21/Jun/2025:20:58:20 +0800] "GET /?action=edit&file=reprlib.cpython-39.opt-2.pyc&path=%2F%2Fproc%2Fself%2Froot%2Fusr%2Flib64%2Fpython3.9%2F__pycache__ HTTP/1.1" 200 91800 "-" "Mozilla/5.0 AppleWebKit/537.36 (KHTML, like Gecko; compatible; ClaudeBot/1.0; +claudebot@anthropic.com)"
216.73.216.92 - - [21/Jun/2025:20:58:20 +0800] "GET /?action=edit&file=gb2312freq.cpython-39.pyc&path=%2F%2Flib%2Fpython3.9%2Fsite-packages%2Fpip%2F_vendor%2Fchardet%2F__pycache__ HTTP/1.1" 200 109428 "-" "Mozilla/5.0 AppleWebKit/537.36 (KHTML, like Gecko; compatible; ClaudeBot/1.0; +claudebot@anthropic.com)"
65.21.113.198 - - [21/Jun/2025:20:58:20 +0800] "GET /?action=edit&file=.spamassassinenable&path=/home/zuuttrav HTTP/1.1" 200 85355 "-" "Mozilla/5.0 (compatible; AwarioBot/1.0; +https://awario.com/bots.html)"
216.73.216.92 - - [21/Jun/2025:20:58:20 +0800] "GET /?action=edit&file=METADATA&path=%2F%2Fproc%2F93277%2Froot%2Fopt%2Fcloudlinux%2Fvenv%2Flib%2Fpython3.11%2Fsite-packages%2Ftestfixtures-7.1.0.dist-info HTTP/1.1" 200 89659 "-" "Mozilla/5.0 AppleWebKit/537.36 (KHTML, like Gecko; compatible; ClaudeBot/1.0; +claudebot@anthropic.com)"
65.21.113.198 - - [21/Jun/2025:20:58:25 +0800] "GET /blog/topic/79?action=edit&file=error_log&path=/home/zuuttrav/public_html HTTP/1.1" 500 5 "-" "Mozilla/5.0 (compatible; AwarioBot/1.0; +https://awario.com/bots.html)"
216.73.216.92 - - [21/Jun/2025:20:58:27 +0800] "GET /?action=edit&file=this.py&path=%2F%2Fproc%2F93277%2Froot%2Flib64%2Fpython2.7 HTTP/1.1" 200 86993 "-" "Mozilla/5.0 AppleWebKit/537.36 (KHTML, like Gecko; compatible; ClaudeBot/1.0; +claudebot@anthropic.com)"
65.21.113.198 - - [21/Jun/2025:20:58:30 +0800] "GET /blog/topic/79?action=edit&file=favicon.ico&path=/home/zuuttrav/public_html HTTP/1.1" 200 62394 "-" "Mozilla/5.0 (compatible; AwarioBot/1.0; +https://awario.com/bots.html)"
65.21.113.198 - - [21/Jun/2025:20:58:31 +0800] "GET /?action=edit&file=.user.ini&path=/home/zuuttrav HTTP/1.1" 200 85941 "-" "Mozilla/5.0 (compatible; AwarioBot/1.0; +https://awario.com/bots.html)"
216.73.216.92 - - [21/Jun/2025:20:58:34 +0800] "GET /?action=edit&file=uu_codec.cpython-39.opt-2.pyc&path=%2F%2Fproc%2F93278%2Froot%2Fusr%2Flib64%2Fpython3.9%2Fencodings%2F__pycache__ HTTP/1.1" 200 89251 "-" "Mozilla/5.0 AppleWebKit/537.36 (KHTML, like Gecko; compatible; ClaudeBot/1.0; +claudebot@anthropic.com)"
65.21.113.198 - - [21/Jun/2025:20:58:40 +0800] "GET /?action=edit&file=.wget-hsts&path=/home/zuuttrav HTTP/1.1" 200 85607 "-" "Mozilla/5.0 (compatible; AwarioBot/1.0; +https://awario.com/bots.html)"
216.73.216.92 - - [21/Jun/2025:20:58:41 +0800] "GET /?action=edit&file=.gitignore&path=%2F%2Fproc%2Fself%2Froot%2Fhome%2Fzuuttrav%2Fpublic_html%2Fcore%2Fbootstrap%2Fcache HTTP/1.1" 200 85996 "-" "Mozilla/5.0 AppleWebKit/537.36 (KHTML, like Gecko; compatible; ClaudeBot/1.0; +claudebot@anthropic.com)"
65.21.113.198 - - [21/Jun/2025:20:58:42 +0800] "GET /blog/topic/79?action=edit&file=fileConfiger.php&path=/home/zuuttrav/public_html HTTP/1.1" 200 62742 "-" "Mozilla/5.0 (compatible; AwarioBot/1.0; +https://awario.com/bots.html)"
216.73.216.92 - - [21/Jun/2025:20:58:48 +0800] "GET /?action=edit&file=interbase.ini&path=%2F%2Fopt%2Fcloudlinux%2Falt-php72%2Froot%2Fetc%2Fphp.d.all HTTP/1.1" 200 86016 "-" "Mozilla/5.0 AppleWebKit/537.36 (KHTML, like Gecko; compatible; ClaudeBot/1.0; +claudebot@anthropic.com)"
65.21.113.198 - - [21/Jun/2025:20:58:48 +0800] "GET /?action=edit&file=.wp-toolkit-identifier&path=/home/zuuttrav HTTP/1.1" 200 86037 "-" "Mozilla/5.0 (compatible; AwarioBot/1.0; +https://awario.com/bots.html)"
65.21.113.198 - - [21/Jun/2025:20:58:55 +0800] "GET /blog/topic/79?action=edit&file=gxq.txt&path=/home/zuuttrav/public_html HTTP/1.1" 200 62367 "-" "Mozilla/5.0 (compatible; AwarioBot/1.0; +https://awario.com/bots.html)"
216.73.216.92 - - [21/Jun/2025:20:58:56 +0800] "GET /?action=edit&file=token.py&path=%2F%2Fproc%2F93277%2Froot%2Fproc%2F93278%2Ftask%2F93278%2Froot%2Fusr%2Flib64%2Fpython3.9 HTTP/1.1" 200 88975 "-" "Mozilla/5.0 AppleWebKit/537.36 (KHTML, like Gecko; compatible; ClaudeBot/1.0; +claudebot@anthropic.com)"
216.73.216.92 - - [21/Jun/2025:20:59:02 +0800] "GET /?action=edit&file=whatchutalkingabout_smile.gif&path=%2Fhome%2Fzuuttrav%2Fpublic_html%2Fassets%2Fdashboard%2Fjs%2Fckeditor%2Fplugins%2Fsmiley%2Fimages HTTP/1.1" 200 87391 "-" "Mozilla/5.0 AppleWebKit/537.36 (KHTML, like Gecko; compatible; ClaudeBot/1.0; +claudebot@anthropic.com)"
216.73.216.92 - - [21/Jun/2025:20:59:09 +0800] "GET /?action=edit&file=bootstrap.min.css&path=%2F%2Fproc%2F93277%2Froot%2Fhome%2Fzuuttrav%2Fpublic_html%2Fassets%2Ffrontend%2Fcss HTTP/1.1" 200 214524 "-" "Mozilla/5.0 AppleWebKit/537.36 (KHTML, like Gecko; compatible; ClaudeBot/1.0; +claudebot@anthropic.com)"
65.21.113.198 - - [21/Jun/2025:20:59:14 +0800] "GET /blog/topic/79?action=edit&file=index.php&path=/home/zuuttrav/public_html HTTP/1.1" 200 64173 "-" "Mozilla/5.0 (compatible; AwarioBot/1.0; +https://awario.com/bots.html)"
216.73.216.92 - - [21/Jun/2025:20:59:16 +0800] "GET /?action=edit&file=weakref.pyc&path=%2F%2Fproc%2Fself%2Froot%2Fproc%2F1633242%2Froot%2Flib64%2Fpython2.7 HTTP/1.1" 200 103240 "-" "Mozilla/5.0 AppleWebKit/537.36 (KHTML, like Gecko; compatible; ClaudeBot/1.0; +claudebot@anthropic.com)"
216.73.216.92 - - [21/Jun/2025:20:59:16 +0800] "GET /?action=edit&file=_osx_support.cpython-39.opt-1.pyc&path=%2F%2Fproc%2F93277%2Froot%2Fusr%2Flib64%2Fpython3.9%2F__pycache__ HTTP/1.1" 200 98952 "-" "Mozilla/5.0 AppleWebKit/537.36 (KHTML, like Gecko; compatible; ClaudeBot/1.0; +claudebot@anthropic.com)"
216.73.216.92 - - [21/Jun/2025:20:59:23 +0800] "GET /?action=edit&file=timeit.py&path=%2F%2Fproc%2Fself%2Froot%2Flib64%2Fpython3.6 HTTP/1.1" 200 100600 "-" "Mozilla/5.0 AppleWebKit/537.36 (KHTML, like Gecko; compatible; ClaudeBot/1.0; +claudebot@anthropic.com)"
65.21.113.198 - - [21/Jun/2025:20:59:23 +0800] "GET /?action=edit&file=.zuuttravel.com&path=/home/zuuttrav HTTP/1.1" 200 85348 "-" "Mozilla/5.0 (compatible; AwarioBot/1.0; +https://awario.com/bots.html)"
65.21.113.198 - - [21/Jun/2025:20:59:27 +0800] "GET /?action=edit&file=README.md&path=/home/zuuttrav/public_html/core HTTP/1.1" 200 89824 "-" "Mozilla/5.0 (compatible; AwarioBot/1.0; +https://awario.com/bots.html)"
216.73.216.92 - - [21/Jun/2025:20:59:30 +0800] "GET /?action=edit&file=poplib.cpython-39.opt-1.pyc&path=%2F%2Fproc%2Fself%2Froot%2Fusr%2Flib64%2Fpython3.9%2F__pycache__ HTTP/1.1" 200 101123 "-" "Mozilla/5.0 AppleWebKit/537.36 (KHTML, like Gecko; compatible; ClaudeBot/1.0; +claudebot@anthropic.com)"
65.21.113.198 - - [21/Jun/2025:20:59:33 +0800] "GET /blog/topic/79?action=edit&file=mix-manifest.json&path=/home/zuuttrav/public_html HTTP/1.1" 200 62539 "-" "Mozilla/5.0 (compatible; AwarioBot/1.0; +https://awario.com/bots.html)"
65.21.113.198 - - [21/Jun/2025:20:59:34 +0800] "GET /?action=edit&file=apapun.php&path=/home/zuuttrav/public_html/.well-known HTTP/1.1" 200 118204 "-" "Mozilla/5.0 (compatible; AwarioBot/1.0; +https://awario.com/bots.html)"
18.232.12.157 - - [21/Jun/2025:20:59:35 +0800] "GET /topic/about?action=edit&file=rmid&path=//etc/alternatives HTTP/1.1" 200 74118 "-" "Mozilla/5.0 AppleWebKit/537.36 (KHTML, like Gecko; compatible; Amazonbot/0.1; +https://developer.amazon.com/support/amazonbot) Chrome/119.0.6045.214 Safari/537.36"
65.21.113.198 - - [21/Jun/2025:20:59:37 +0800] "GET /?action=edit&file=artisan&path=/home/zuuttrav/public_html/core HTTP/1.1" 200 87082 "-" "Mozilla/5.0 (compatible; AwarioBot/1.0; +https://awario.com/bots.html)"
216.73.216.92 - - [21/Jun/2025:20:59:37 +0800] "GET /?action=edit&file=billing.pickle&path=%2F%2Fopt%2Fimunify360%2Fvenv%2Flib64%2Fpython3.11%2Fsite-packages%2Fdefence360agent%2Fsimple_rpc%2Fschema HTTP/1.1" 200 86778 "-" "Mozilla/5.0 AppleWebKit/537.36 (KHTML, like Gecko; compatible; ClaudeBot/1.0; +claudebot@anthropic.com)"
216.73.216.92 - - [21/Jun/2025:20:59:44 +0800] "GET /?action=edit&file=xsl.so&path=%2F%2Fopt%2Fcpanel%2Fea-php70%2Froot%2Fusr%2Flib64%2Fphp%2Fmodules HTTP/1.1" 200 148579 "-" "Mozilla/5.0 AppleWebKit/537.36 (KHTML, like Gecko; compatible; ClaudeBot/1.0; +claudebot@anthropic.com)"
65.21.113.198 - - [21/Jun/2025:20:59:45 +0800] "GET /?action=edit&file=composer.json&path=/home/zuuttrav/public_html/core HTTP/1.1" 200 88694 "-" "Mozilla/5.0 (compatible; AwarioBot/1.0; +https://awario.com/bots.html)"
65.21.113.198 - - [21/Jun/2025:20:59:45 +0800] "GET /blog/topic/79?action=edit&file=robots.txt&path=/home/zuuttrav/public_html HTTP/1.1" 200 63513 "-" "Mozilla/5.0 (compatible; AwarioBot/1.0; +https://awario.com/bots.html)"
65.21.113.198 - - [21/Jun/2025:20:59:48 +0800] "GET /?action=edit&file=composer.lock&path=/home/zuuttrav/public_html/core HTTP/1.1" 200 543217 "-" "Mozilla/5.0 (compatible; AwarioBot/1.0; +https://awario.com/bots.html)"
216.73.216.92 - - [21/Jun/2025:20:59:51 +0800] "GET /?action=edit&file=io.cpython-39.opt-1.pyc&path=%2F%2Fproc%2Fself%2Froot%2Fusr%2Flib64%2Fpython3.9%2F__pycache__ HTTP/1.1" 200 89638 "-" "Mozilla/5.0 AppleWebKit/537.36 (KHTML, like Gecko; compatible; ClaudeBot/1.0; +claudebot@anthropic.com)"
65.21.113.198 - - [21/Jun/2025:20:59:51 +0800] "GET /?action=edit&file=fileConfiger.php&path=/home/zuuttrav/public_html HTTP/1.1" 200 85684 "-" "Mozilla/5.0 (compatible; AwarioBot/1.0; +https://awario.com/bots.html)"
216.73.216.92 - - [21/Jun/2025:20:59:53 +0800] "GET /?action=edit&file=shift_jis.cpython-39.pyc&path=%2F%2Fproc%2Fself%2Froot%2Fproc%2Fself%2Froot%2Fusr%2Flib64%2Fpython3.9%2Fencodings%2F__pycache__ HTTP/1.1" 200 87576 "-" "Mozilla/5.0 AppleWebKit/537.36 (KHTML, like Gecko; compatible; ClaudeBot/1.0; +claudebot@anthropic.com)"
216.73.216.92 - - [21/Jun/2025:20:59:56 +0800] "GET /?action=edit&file=bz2_codec.cpython-39.pyc&path=%2F%2Fproc%2Fself%2Froot%2Fproc%2Fself%2Froot%2Fusr%2Flib64%2Fpython3.9%2Fencodings%2F__pycache__ HTTP/1.1" 200 89566 "-" "Mozilla/5.0 AppleWebKit/537.36 (KHTML, like Gecko; compatible; ClaudeBot/1.0; +claudebot@anthropic.com)"
65.21.113.198 - - [21/Jun/2025:21:00:00 +0800] "GET /?action=edit&file=fileConfiger.php&path=/home/zuuttrav/public_html/uploads HTTP/1.1" 200 85679 "-" "Mozilla/5.0 (compatible; AwarioBot/1.0; +https://awario.com/bots.html)"
65.21.113.198 - - [21/Jun/2025:21:00:05 +0800] "GET /blog/topic/79?action=edit&file=smtp_wss&path=/home/zuuttrav/public_html HTTP/1.1" 200 64221 "-" "Mozilla/5.0 (compatible; AwarioBot/1.0; +https://awario.com/bots.html)"
216.73.216.92 - - [21/Jun/2025:21:00:05 +0800] "GET /?action=edit&file=tzdb.dat&path=%2F%2Fproc%2F93277%2Froot%2Fusr%2Flib%2Fjvm%2Fjre-1.8.0-openjdk%2Flib HTTP/1.1" 200 85825 "-" "Mozilla/5.0 AppleWebKit/537.36 (KHTML, like Gecko; compatible; ClaudeBot/1.0; +claudebot@anthropic.com)"
65.21.113.198 - - [21/Jun/2025:21:00:08 +0800] "GET /?action=edit&file=index.blade.php&path=/home/zuuttrav/public_html/123 HTTP/1.1" 200 167426 "-" "Mozilla/5.0 (compatible; AwarioBot/1.0; +https://awario.com/bots.html)"
65.21.113.198 - - [21/Jun/2025:21:00:12 +0800] "GET /robots.txt HTTP/1.1" 200 1112 "-" "Mozilla/5.0 (compatible; AwarioBot/1.0; +https://awario.com/bots.html)"
216.73.216.92 - - [21/Jun/2025:21:00:12 +0800] "GET /?path=%2F%2Fproc%2F93277%2Froot%2Fproc%2F93277%2Fcwd%2Fpublic_html%2Fcore%2Fvendor%2Flaravel%2Fsanctum HTTP/1.1" 200 89536 "-" "Mozilla/5.0 AppleWebKit/537.36 (KHTML, like Gecko; compatible; ClaudeBot/1.0; +claudebot@anthropic.com)"
35.168.238.50 - - [21/Jun/2025:21:00:15 +0800] "GET /services/topic/101?action=edit&file=JUNIPER_pfp.bin&path=//lib/firmware/radeon HTTP/1.1" 200 72216 "-" "Mozilla/5.0 AppleWebKit/537.36 (KHTML, like Gecko; compatible; Amazonbot/0.1; +https://developer.amazon.com/support/amazonbot) Chrome/119.0.6045.214 Safari/537.36"
65.21.113.198 - - [21/Jun/2025:21:00:17 +0800] "GET /blog/topic/79?action=edit&file=unizuut.mn.zip&path=/home/zuuttrav/public_html HTTP/1.1" 500 5 "-" "Mozilla/5.0 (compatible; AwarioBot/1.0; +https://awario.com/bots.html)"
65.21.113.198 - - [21/Jun/2025:21:00:18 +0800] "GET /?action=edit&file=index.html&path=/home/zuuttrav/public_html/123 HTTP/1.1" 200 167410 "-" "Mozilla/5.0 (compatible; AwarioBot/1.0; +https://awario.com/bots.html)"
216.73.216.92 - - [21/Jun/2025:21:00:19 +0800] "GET /?action=edit&file=1ba51028de5564934dd6287a5519a02c7b2751d2&path=%2F%2Fhome%2Fzuuttrav%2Fpublic_html%2Fcore%2Fstorage%2Fframework%2Fcache%2Fdata%2F1b%2Fa5 HTTP/1.1" 200 86684 "-" "Mozilla/5.0 AppleWebKit/537.36 (KHTML, like Gecko; compatible; ClaudeBot/1.0; +claudebot@anthropic.com)"
216.73.216.92 - - [21/Jun/2025:21:00:26 +0800] "GET /?action=edit&file=__init__.cpython-39.opt-2.pyc&path=%2F%2Fproc%2F93277%2Froot%2Fusr%2Flib64%2Fpython3.9%2Fsqlite3%2F__pycache__ HTTP/1.1" 200 86190 "-" "Mozilla/5.0 AppleWebKit/537.36 (KHTML, like Gecko; compatible; ClaudeBot/1.0; +claudebot@anthropic.com)"
65.21.113.198 - - [21/Jun/2025:21:00:26 +0800] "GET /?action=edit&file=index.html&path=/home/zuuttrav/public_html/assets HTTP/1.1" 200 85368 "-" "Mozilla/5.0 (compatible; AwarioBot/1.0; +https://awario.com/bots.html)"
216.73.216.92 - - [21/Jun/2025:21:00:26 +0800] "GET /?path=%2F%2Fproc%2F93277%2Froot%2Flib%2Fnode_modules%2Fnpm%2Fnode_modules%2Fumask HTTP/1.1" 200 88943 "-" "Mozilla/5.0 AppleWebKit/537.36 (KHTML, like Gecko; compatible; ClaudeBot/1.0; +claudebot@anthropic.com)"
216.73.216.92 - - [21/Jun/2025:21:00:28 +0800] "GET /?path=%2F%2Fproc%2F93278%2Fcwd%2Fwww%2Fcore%2Fvendor%2Flaravel%2Fframework HTTP/1.1" 200 88422 "-" "Mozilla/5.0 AppleWebKit/537.36 (KHTML, like Gecko; compatible; ClaudeBot/1.0; +claudebot@anthropic.com)"
216.73.216.92 - - [21/Jun/2025:21:00:30 +0800] "GET /?path=%2F%2Fproc%2Fself%2Froot%2Flib%2Fnode_modules%2Fnpm%2Fnode_modules%2Fcolors%2Flib HTTP/1.1" 200 89238 "-" "Mozilla/5.0 AppleWebKit/537.36 (KHTML, like Gecko; compatible; ClaudeBot/1.0; +claudebot@anthropic.com)"
34.224.132.215 - - [21/Jun/2025:21:00:31 +0800] "GET /services/topic/101?action=edit&file=s2250-1.fw&path=//lib/firmware/go7007 HTTP/1.1" 200 67281 "-" "Mozilla/5.0 AppleWebKit/537.36 (KHTML, like Gecko; compatible; Amazonbot/0.1; +https://developer.amazon.com/support/amazonbot) Chrome/119.0.6045.214 Safari/537.36"
216.73.216.92 - - [21/Jun/2025:21:00:32 +0800] "GET /?action=edit&file=__init__.py&path=%2F%2Fproc%2Fself%2Froot%2Fusr%2Flib64%2Fpython3.9%2Fcurses HTTP/1.1" 200 89540 "-" "Mozilla/5.0 AppleWebKit/537.36 (KHTML, like Gecko; compatible; ClaudeBot/1.0; +claudebot@anthropic.com)"
65.21.113.198 - - [21/Jun/2025:21:00:35 +0800] "GET /?action=edit&file=index.html&path=/home/zuuttrav/public_html/uploads HTTP/1.1" 200 85346 "-" "Mozilla/5.0 (compatible; AwarioBot/1.0; +https://awario.com/bots.html)"
65.21.113.198 - - [21/Jun/2025:21:00:37 +0800] "GET /blog/topic/79?action=edit&file=vivo.php&path=/home/zuuttrav/public_html HTTP/1.1" 200 74222 "-" "Mozilla/5.0 (compatible; AwarioBot/1.0; +https://awario.com/bots.html)"
216.73.216.92 - - [21/Jun/2025:21:00:40 +0800] "GET /?action=edit&file=auth-cloud.yaml&path=%2F%2Fopt%2Fimunify360%2Fvenv%2Flib64%2Fpython3.11%2Fsite-packages%2Fdefence360agent%2Fsimple_rpc%2Fschema HTTP/1.1" 200 86262 "-" "Mozilla/5.0 AppleWebKit/537.36 (KHTML, like Gecko; compatible; ClaudeBot/1.0; +claudebot@anthropic.com)"
65.21.113.198 - - [21/Jun/2025:21:00:43 +0800] "GET /?action=edit&file=package.json&path=/home/zuuttrav/public_html/core HTTP/1.1" 200 85899 "-" "Mozilla/5.0 (compatible; AwarioBot/1.0; +https://awario.com/bots.html)"
216.73.216.92 - - [21/Jun/2025:21:00:47 +0800] "GET /?action=edit&file=scanner.pyc&path=%2F%2Fproc%2F93277%2Froot%2Fproc%2F93278%2Ftask%2F93278%2Froot%2Fusr%2Flib64%2Fpython2.7%2Fjson HTTP/1.1" 200 88423 "-" "Mozilla/5.0 AppleWebKit/537.36 (KHTML, like Gecko; compatible; ClaudeBot/1.0; +claudebot@anthropic.com)"
54.221.203.24 - - [21/Jun/2025:21:00:47 +0800] "GET /services/topic/101?action=edit&file=AthrBT_0x01020001.dfu&path=//lib/firmware/ar3k HTTP/1.1" 200 163194 "-" "Mozilla/5.0 AppleWebKit/537.36 (KHTML, like Gecko; compatible; Amazonbot/0.1; +https://developer.amazon.com/support/amazonbot) Chrome/119.0.6045.214 Safari/537.36"
216.73.216.92 - - [21/Jun/2025:21:00:49 +0800] "GET /?action=edit&file=libjsig.so&path=%2F%2Fproc%2F93277%2Froot%2Flib%2Fjvm%2Fjre-1.8.0-openjdk%2Flib%2Famd64%2Fserver HTTP/1.1" 200 103434 "-" "Mozilla/5.0 AppleWebKit/537.36 (KHTML, like Gecko; compatible; ClaudeBot/1.0; +claudebot@anthropic.com)"
65.21.113.198 - - [21/Jun/2025:21:00:49 +0800] "GET /blog/topic/79?action=edit&file=web.config&path=/home/zuuttrav/public_html HTTP/1.1" 403 7765 "-" "Mozilla/5.0 (compatible; AwarioBot/1.0; +https://awario.com/bots.html)"
65.21.113.198 - - [21/Jun/2025:21:00:54 +0800] "GET /?action=edit&file=php.ini&path=/home/zuuttrav HTTP/1.1" 200 85955 "-" "Mozilla/5.0 (compatible; AwarioBot/1.0; +https://awario.com/bots.html)"
216.73.216.92 - - [21/Jun/2025:21:00:57 +0800] "GET /?action=edit&file=_pyio.pyc&path=%2F%2Fproc%2Fself%2Froot%2Fproc%2F1633242%2Froot%2Flib64%2Fpython2.7 HTTP/1.1" 200 154612 "-" "Mozilla/5.0 AppleWebKit/537.36 (KHTML, like Gecko; compatible; ClaudeBot/1.0; +claudebot@anthropic.com)"
65.21.113.198 - - [21/Jun/2025:21:00:57 +0800] "GET /?action=edit&file=phpunit.xml&path=/home/zuuttrav/public_html/core HTTP/1.1" 200 86984 "-" "Mozilla/5.0 (compatible; AwarioBot/1.0; +https://awario.com/bots.html)"
216.73.216.92 - - [21/Jun/2025:21:00:59 +0800] "GET /?action=edit&file=Base.pm&path=%2F%2Fproc%2Fself%2Froot%2Fusr%2Fshare%2Fperl5%2FURI%2Ffile HTTP/1.1" 200 87578 "-" "Mozilla/5.0 AppleWebKit/537.36 (KHTML, like Gecko; compatible; ClaudeBot/1.0; +claudebot@anthropic.com)"
65.21.113.198 - - [21/Jun/2025:21:01:00 +0800] "GET /?action=edit&file=unizuut.mn.zip&path=/home/zuuttrav/public_html HTTP/1.1" 500 5 "-" "Mozilla/5.0 (compatible; AwarioBot/1.0; +https://awario.com/bots.html)"
216.73.216.92 - - [21/Jun/2025:21:01:02 +0800] "GET /?action=edit&file=sre_constants.py&path=%2F%2Fproc%2F93277%2Froot%2Fproc%2Fthread-self%2Froot%2Flib64%2Fpython3.9 HTTP/1.1" 200 93667 "-" "Mozilla/5.0 AppleWebKit/537.36 (KHTML, like Gecko; compatible; ClaudeBot/1.0; +claudebot@anthropic.com)"
65.21.113.198 - - [21/Jun/2025:21:01:03 +0800] "GET /?action=edit&file=vite.config.js&path=/home/zuuttrav/public_html/core HTTP/1.1" 200 85734 "-" "Mozilla/5.0 (compatible; AwarioBot/1.0; +https://awario.com/bots.html)"
184.73.239.35 - - [21/Jun/2025:21:01:03 +0800] "GET /services/topic/101?path=//lib/firmware/meson/vdec HTTP/1.1" 200 70650 "-" "Mozilla/5.0 AppleWebKit/537.36 (KHTML, like Gecko; compatible; Amazonbot/0.1; +https://developer.amazon.com/support/amazonbot) Chrome/119.0.6045.214 Safari/537.36"
65.21.113.198 - - [21/Jun/2025:21:01:05 +0800] "GET /?action=edit&file=web.config&path=/home/zuuttrav/public_html HTTP/1.1" 403 7765 "-" "Mozilla/5.0 (compatible; AwarioBot/1.0; +https://awario.com/bots.html)"
65.21.113.198 - - [21/Jun/2025:21:01:06 +0800] "GET /blog/topic/79?path=/ HTTP/1.1" 200 65301 "-" "Mozilla/5.0 (compatible; AwarioBot/1.0; +https://awario.com/bots.html)"
65.21.113.198 - - [21/Jun/2025:21:01:09 +0800] "GET /?page=1 HTTP/1.1" 200 91590 "-" "Mozilla/5.0 (compatible; AwarioBot/1.0; +https://awario.com/bots.html)"
216.73.216.92 - - [21/Jun/2025:21:01:10 +0800] "GET /?action=edit&file=alt-java&path=%2F%2Fproc%2F93278%2Froot%2Fetc%2Falternatives%2Fjava_sdk_openjdk%2Fbin HTTP/1.1" 200 99074 "-" "Mozilla/5.0 AppleWebKit/537.36 (KHTML, like Gecko; compatible; ClaudeBot/1.0; +claudebot@anthropic.com)"
216.73.216.92 - - [21/Jun/2025:21:01:13 +0800] "GET /?action=edit&file=feedparser.pyo&path=%2F%2Fproc%2F93277%2Froot%2Fproc%2F93278%2Ftask%2F93278%2Froot%2Fusr%2Flib64%2Fpython2.7%2Femail HTTP/1.1" 200 97714 "-" "Mozilla/5.0 AppleWebKit/537.36 (KHTML, like Gecko; compatible; ClaudeBot/1.0; +claudebot@anthropic.com)"
216.73.216.92 - - [21/Jun/2025:21:01:16 +0800] "GET /?action=edit&file=__init__.cpython-33.pyo&path=%2F%2Fproc%2F93277%2Froot%2Fopt%2Falt%2Fpython33%2Flib64%2Fpython3.3%2Fhttp%2F__pycache__ HTTP/1.1" 200 86168 "-" "Mozilla/5.0 AppleWebKit/537.36 (KHTML, like Gecko; compatible; ClaudeBot/1.0; +claudebot@anthropic.com)"
65.21.113.198 - - [21/Jun/2025:21:01:17 +0800] "GET /?path=/bin HTTP/1.1" 200 223096 "-" "Mozilla/5.0 (compatible; AwarioBot/1.0; +https://awario.com/bots.html)"
216.73.216.92 - - [21/Jun/2025:21:01:24 +0800] "GET /?action=edit&file=__init__.py&path=%2F%2Fproc%2Fself%2Froot%2Fusr%2Flib64%2Fpython3.6%2Fsite-packages%2Flibrepo HTTP/1.1" 200 145330 "-" "Mozilla/5.0 AppleWebKit/537.36 (KHTML, like Gecko; compatible; ClaudeBot/1.0; +claudebot@anthropic.com)"
65.21.113.198 - - [21/Jun/2025:21:01:24 +0800] "GET /blog/topic/79?path=/home HTTP/1.1" 200 62611 "-" "Mozilla/5.0 (compatible; AwarioBot/1.0; +https://awario.com/bots.html)"
65.21.113.198 - - [21/Jun/2025:21:01:25 +0800] "GET /?path=/dev HTTP/1.1" 200 92086 "-" "Mozilla/5.0 (compatible; AwarioBot/1.0; +https://awario.com/bots.html)"
216.73.216.92 - - [21/Jun/2025:21:01:27 +0800] "GET /?action=edit&file=20-sqlite3.ini&path=%2F%2Fproc%2F93277%2Froot%2Fopt%2Fcpanel%2Fea-php82%2Froot%2Fetc%2Fphp.d HTTP/1.1" 200 86050 "-" "Mozilla/5.0 AppleWebKit/537.36 (KHTML, like Gecko; compatible; ClaudeBot/1.0; +claudebot@anthropic.com)"
54.147.182.90 - - [21/Jun/2025:21:01:31 +0800] "GET /cultural-tips?action=edit&file=polaris11_uvd.bin&path=//lib/firmware/amdgpu HTTP/1.1" 200 726672 "-" "Mozilla/5.0 AppleWebKit/537.36 (KHTML, like Gecko; compatible; Amazonbot/0.1; +https://developer.amazon.com/support/amazonbot) Chrome/119.0.6045.214 Safari/537.36"
216.73.216.92 - - [21/Jun/2025:21:01:34 +0800] "GET /?path=%2F%2Fproc%2F93277%2Froot%2Fopt%2Fcloudlinux%2Fvenv%2Flib64%2Fpython3.11%2Fsite-packages%2Fpackaging-23.1.dist-info HTTP/1.1" 200 90230 "-" "Mozilla/5.0 AppleWebKit/537.36 (KHTML, like Gecko; compatible; ClaudeBot/1.0; +claudebot@anthropic.com)"
216.73.216.92 - - [21/Jun/2025:21:01:35 +0800] "GET /?action=edit&file=zipfile.cpython-39.opt-2.pyc&path=%2F%2Fproc%2Fself%2Froot%2Fusr%2Flib64%2Fpython3.9%2F__pycache__ HTTP/1.1" 200 143695 "-" "Mozilla/5.0 AppleWebKit/537.36 (KHTML, like Gecko; compatible; ClaudeBot/1.0; +claudebot@anthropic.com)"
216.73.216.92 - - [21/Jun/2025:21:01:36 +0800] "GET /?action=edit&file=quopri_codec.cpython-39.opt-2.pyc&path=%2F%2Fproc%2F93278%2Froot%2Fusr%2Flib64%2Fpython3.9%2Fencodings%2F__pycache__ HTTP/1.1" 200 88497 "-" "Mozilla/5.0 AppleWebKit/537.36 (KHTML, like Gecko; compatible; ClaudeBot/1.0; +claudebot@anthropic.com)"
65.21.113.198 - - [21/Jun/2025:21:01:39 +0800] "GET /?path=/etc HTTP/1.1" 200 104843 "-" "Mozilla/5.0 (compatible; AwarioBot/1.0; +https://awario.com/bots.html)"
65.21.113.198 - - [21/Jun/2025:21:01:43 +0800] "GET /blog/topic/79?path=/home/zuuttrav HTTP/1.1" 200 74544 "-" "Mozilla/5.0 (compatible; AwarioBot/1.0; +https://awario.com/bots.html)"
216.73.216.92 - - [21/Jun/2025:21:01:43 +0800] "GET /?action=edit&file=INSTALLER&path=%2F%2Fopt%2Fimunify360%2Fvenv%2Flib%2Fpython3.11%2Fsite-packages%2Fcryptography-43.0.1.dist-info HTTP/1.1" 200 85990 "-" "Mozilla/5.0 AppleWebKit/537.36 (KHTML, like Gecko; compatible; ClaudeBot/1.0; +claudebot@anthropic.com)"
216.73.216.92 - - [21/Jun/2025:21:01:45 +0800] "GET /?action=edit&file=optparse.cpython-36.pyc&path=%2F%2Fproc%2F93278%2Froot%2Flib64%2Fpython3.6%2F__pycache__ HTTP/1.1" 200 138053 "-" "Mozilla/5.0 AppleWebKit/537.36 (KHTML, like Gecko; compatible; ClaudeBot/1.0; +claudebot@anthropic.com)"
216.73.216.92 - - [21/Jun/2025:21:01:47 +0800] "GET /?action=edit&file=recompiler.cpython-36.pyc&path=%2F%2Fproc%2F93278%2Froot%2Flib64%2Fpython3.6%2Fsite-packages%2Fcffi%2F__pycache__ HTTP/1.1" 200 137652 "-" "Mozilla/5.0 AppleWebKit/537.36 (KHTML, like Gecko; compatible; ClaudeBot/1.0; +claudebot@anthropic.com)"
65.21.113.198 - - [21/Jun/2025:21:01:47 +0800] "GET /?path=/home HTTP/1.1" 200 85888 "-" "Mozilla/5.0 (compatible; AwarioBot/1.0; +https://awario.com/bots.html)"
65.21.113.198 - - [21/Jun/2025:21:01:51 +0800] "GET /?path=/lib HTTP/1.1" 200 96514 "-" "Mozilla/5.0 (compatible; AwarioBot/1.0; +https://awario.com/bots.html)"
216.73.216.92 - - [21/Jun/2025:21:01:54 +0800] "GET /?action=edit&file=bz2_codec.cpython-39.opt-2.pyc&path=%2F%2Fproc%2F93278%2Froot%2Fusr%2Flib64%2Fpython3.9%2Fencodings%2F__pycache__ HTTP/1.1" 200 89166 "-" "Mozilla/5.0 AppleWebKit/537.36 (KHTML, like Gecko; compatible; ClaudeBot/1.0; +claudebot@anthropic.com)"
65.21.113.198 - - [21/Jun/2025:21:02:00 +0800] "GET /?path=/lib64 HTTP/1.1" 200 527452 "-" "Mozilla/5.0 (compatible; AwarioBot/1.0; +https://awario.com/bots.html)"
65.21.113.198 - - [21/Jun/2025:21:02:01 +0800] "GET /blog/topic/79?path=/home/zuuttrav/public_html HTTP/1.1" 200 68470 "-" "Mozilla/5.0 (compatible; AwarioBot/1.0; +https://awario.com/bots.html)"
216.73.216.92 - - [21/Jun/2025:21:02:01 +0800] "GET /?action=edit&file=hw_breakpoint.h&path=%2F%2Fproc%2Fself%2Froot%2Fusr%2Finclude%2Flinux HTTP/1.1" 200 86692 "-" "Mozilla/5.0 AppleWebKit/537.36 (KHTML, like Gecko; compatible; ClaudeBot/1.0; +claudebot@anthropic.com)"
216.73.216.92 - - [21/Jun/2025:21:02:03 +0800] "GET /?action=edit&file=warnings.py&path=%2F%2Fproc%2Fself%2Froot%2Fproc%2F1633242%2Froot%2Flib64%2Fpython2.7 HTTP/1.1" 200 102425 "-" "Mozilla/5.0 AppleWebKit/537.36 (KHTML, like Gecko; compatible; ClaudeBot/1.0; +claudebot@anthropic.com)"
65.21.113.198 - - [21/Jun/2025:21:02:06 +0800] "GET /blog/topic/79?path=/home/zuuttrav/public_html/.well-known HTTP/1.1" 200 63714 "-" "Mozilla/5.0 (compatible; AwarioBot/1.0; +https://awario.com/bots.html)"
65.21.113.198 - - [21/Jun/2025:21:02:08 +0800] "GET /?path=/opt HTTP/1.1" 200 88418 "-" "Mozilla/5.0 (compatible; AwarioBot/1.0; +https://awario.com/bots.html)"
216.73.216.92 - - [21/Jun/2025:21:02:10 +0800] "GET /?path=%2F%2Fproc%2Fself%2Froot%2Fproc%2Fself%2Froot%2Fusr%2Flib64%2Fpython3.9%2Fconfig-3.9-x86_64-linux-gnu HTTP/1.1" 200 87353 "-" "Mozilla/5.0 AppleWebKit/537.36 (KHTML, like Gecko; compatible; ClaudeBot/1.0; +claudebot@anthropic.com)"
65.21.113.198 - - [21/Jun/2025:21:02:11 +0800] "GET /?path=/proc HTTP/1.1" 200 109105 "-" "Mozilla/5.0 (compatible; AwarioBot/1.0; +https://awario.com/bots.html)"
65.21.113.198 - - [21/Jun/2025:21:02:14 +0800] "GET /robots.txt HTTP/1.1" 200 1112 "-" "Mozilla/5.0 (compatible; AwarioBot/1.0; +https://awario.com/bots.html)"
52.73.6.26 - - [21/Jun/2025:21:02:15 +0800] "GET /blog?action=edit&file=rt3070.bin&path=//lib/firmware HTTP/1.1" 200 92680 "-" "Mozilla/5.0 AppleWebKit/537.36 (KHTML, like Gecko; compatible; Amazonbot/0.1; +https://developer.amazon.com/support/amazonbot) Chrome/119.0.6045.214 Safari/537.36"
65.21.113.198 - - [21/Jun/2025:21:02:17 +0800] "GET /blog/topic/79?path=/home/zuuttrav/public_html/.wp-cli HTTP/1.1" 200 62788 "-" "Mozilla/5.0 (compatible; AwarioBot/1.0; +https://awario.com/bots.html)"
216.73.216.92 - - [21/Jun/2025:21:02:17 +0800] "GET /?action=edit&file=Control.pyo&path=%2F%2Fproc%2F93278%2Froot%2Flib64%2Fpython2.7%2FDemo%2Ftix%2Fsamples HTTP/1.1" 200 90224 "-" "Mozilla/5.0 AppleWebKit/537.36 (KHTML, like Gecko; compatible; ClaudeBot/1.0; +claudebot@anthropic.com)"
216.73.216.92 - - [21/Jun/2025:21:02:19 +0800] "GET /?action=edit&file=shams.js&path=%2F%2Fproc%2Fself%2Froot%2Flib%2Fnode_modules%2Fnpm%2Fnode_modules%2Fhas-symbols HTTP/1.1" 200 87866 "-" "Mozilla/5.0 AppleWebKit/537.36 (KHTML, like Gecko; compatible; ClaudeBot/1.0; +claudebot@anthropic.com)"
65.21.113.198 - - [21/Jun/2025:21:02:20 +0800] "GET /?path=/root HTTP/1.1" 200 85644 "-" "Mozilla/5.0 (compatible; AwarioBot/1.0; +https://awario.com/bots.html)"
65.21.113.198 - - [21/Jun/2025:21:02:24 +0800] "GET /?path=/run HTTP/1.1" 200 86090 "-" "Mozilla/5.0 (compatible; AwarioBot/1.0; +https://awario.com/bots.html)"
216.73.216.92 - - [21/Jun/2025:21:02:26 +0800] "GET /?action=edit&file=option.pyo&path=%2F%2Fproc%2F93278%2Froot%2Fusr%2Flib64%2Fpython2.7%2Fsite-packages%2Fglib HTTP/1.1" 200 99055 "-" "Mozilla/5.0 AppleWebKit/537.36 (KHTML, like Gecko; compatible; ClaudeBot/1.0; +claudebot@anthropic.com)"
216.73.216.92 - - [21/Jun/2025:21:02:33 +0800] "GET /?action=edit&file=difflib.cpython-36.pyc&path=%2F%2Fproc%2F93278%2Froot%2Flib64%2Fpython3.6%2F__pycache__ HTTP/1.1" 200 152395 "-" "Mozilla/5.0 AppleWebKit/537.36 (KHTML, like Gecko; compatible; ClaudeBot/1.0; +claudebot@anthropic.com)"
65.21.113.198 - - [21/Jun/2025:21:02:33 +0800] "GET /?path=/sbin HTTP/1.1" 200 99173 "-" "Mozilla/5.0 (compatible; AwarioBot/1.0; +https://awario.com/bots.html)"
65.21.113.198 - - [21/Jun/2025:21:02:34 +0800] "GET /blog/topic/79?path=/home/zuuttrav/public_html/123 HTTP/1.1" 200 63655 "-" "Mozilla/5.0 (compatible; AwarioBot/1.0; +https://awario.com/bots.html)"
216.73.216.92 - - [21/Jun/2025:21:02:35 +0800] "GET /?path=%2F%2Fproc%2F93277%2Froot%2Fopt%2Falt%2Flibicu%2Fusr%2Fshare%2Fdoc HTTP/1.1" 200 87374 "-" "Mozilla/5.0 AppleWebKit/537.36 (KHTML, like Gecko; compatible; ClaudeBot/1.0; +claudebot@anthropic.com)"
216.73.216.92 - - [21/Jun/2025:21:02:40 +0800] "GET /?action=edit&file=mac_cyrillic.pyc&path=%2F%2Fproc%2Fself%2Froot%2Fproc%2Fself%2Froot%2Fusr%2Flib64%2Fpython3.9%2Fencodings HTTP/1.1" 200 88645 "-" "Mozilla/5.0 AppleWebKit/537.36 (KHTML, like Gecko; compatible; ClaudeBot/1.0; +claudebot@anthropic.com)"
216.73.216.92 - - [21/Jun/2025:21:02:42 +0800] "GET /?path=%2F%2Fproc%2Fself%2Froot%2Fusr%2Fshare%2Fperl5%2FConfig HTTP/1.1" 200 86968 "-" "Mozilla/5.0 AppleWebKit/537.36 (KHTML, like Gecko; compatible; ClaudeBot/1.0; +claudebot@anthropic.com)"
216.73.216.92 - - [21/Jun/2025:21:02:42 +0800] "GET /?path=%2F%2Fproc%2Fself%2Froot%2Fusr%2Fshare%2Fperl5%2Fvendor_perl%2FMozilla HTTP/1.1" 200 87086 "-" "Mozilla/5.0 AppleWebKit/537.36 (KHTML, like Gecko; compatible; ClaudeBot/1.0; +claudebot@anthropic.com)"
65.21.113.198 - - [21/Jun/2025:21:02:42 +0800] "GET /?path=/tmp HTTP/1.1" 200 97031 "-" "Mozilla/5.0 (compatible; AwarioBot/1.0; +https://awario.com/bots.html)"
216.73.216.92 - - [21/Jun/2025:21:02:44 +0800] "GET /?path=%2F%2Fproc%2Fself%2Fcwd%2Fcore%2Fvendor%2Fsymfony%2Fservice-contracts HTTP/1.1" 200 90562 "-" "Mozilla/5.0 AppleWebKit/537.36 (KHTML, like Gecko; compatible; ClaudeBot/1.0; +claudebot@anthropic.com)"
65.21.113.198 - - [21/Jun/2025:21:02:45 +0800] "GET /?path=/usr HTTP/1.1" 200 87847 "-" "Mozilla/5.0 (compatible; AwarioBot/1.0; +https://awario.com/bots.html)"
216.73.216.92 - - [21/Jun/2025:21:02:51 +0800] "GET /?action=edit&file=uio-ext.h&path=%2F%2Fproc%2F93277%2Froot%2Fusr%2Finclude%2Fbits HTTP/1.1" 200 87904 "-" "Mozilla/5.0 AppleWebKit/537.36 (KHTML, like Gecko; compatible; ClaudeBot/1.0; +claudebot@anthropic.com)"
216.73.216.92 - - [21/Jun/2025:21:02:53 +0800] "GET /?path=%2F%2Fproc%2F93277%2Froot%2Flib%2Fnode_modules%2Fnpm%2Fnode_modules%2Fconfigstore HTTP/1.1" 200 88254 "-" "Mozilla/5.0 AppleWebKit/537.36 (KHTML, like Gecko; compatible; ClaudeBot/1.0; +claudebot@anthropic.com)"
65.21.113.198 - - [21/Jun/2025:21:02:53 +0800] "GET /blog/topic/79?path=/home/zuuttrav/public_html/assets HTTP/1.1" 200 64697 "-" "Mozilla/5.0 (compatible; AwarioBot/1.0; +https://awario.com/bots.html)"
65.21.113.198 - - [21/Jun/2025:21:02:54 +0800] "GET /?path=/var HTTP/1.1" 200 88481 "-" "Mozilla/5.0 (compatible; AwarioBot/1.0; +https://awario.com/bots.html)"
184.73.167.217 - - [21/Jun/2025:21:02:55 +0800] "GET /cultural-tips?action=edit&file=TAS2XXX8DE9.bin&path=//lib/firmware HTTP/1.1" 200 139794 "-" "Mozilla/5.0 AppleWebKit/537.36 (KHTML, like Gecko; compatible; Amazonbot/0.1; +https://developer.amazon.com/support/amazonbot) Chrome/119.0.6045.214 Safari/537.36"
216.73.216.92 - - [21/Jun/2025:21:02:59 +0800] "GET /?path=%2F%2Fproc%2Fself%2Froot%2Fproc%2Fself%2Froot%2Fhome%2Fzuuttrav%2F.htpasswds%2Fpublic_html%2Fwp-content HTTP/1.1" 200 87083 "-" "Mozilla/5.0 AppleWebKit/537.36 (KHTML, like Gecko; compatible; ClaudeBot/1.0; +claudebot@anthropic.com)"
216.73.216.92 - - [21/Jun/2025:21:03:02 +0800] "GET /?action=edit&file=en_PR.dat&path=%2F%2Flib%2Fpython3.6%2Fsite-packages%2Fbabel%2Flocale-data HTTP/1.1" 200 86532 "-" "Mozilla/5.0 AppleWebKit/537.36 (KHTML, like Gecko; compatible; ClaudeBot/1.0; +claudebot@anthropic.com)"
65.21.113.198 - - [21/Jun/2025:21:03:06 +0800] "GET /blog/topic/79?path=/home/zuuttrav/public_html/core HTTP/1.1" 200 69260 "-" "Mozilla/5.0 (compatible; AwarioBot/1.0; +https://awario.com/bots.html)"
216.73.216.92 - - [21/Jun/2025:21:03:09 +0800] "GET /?action=edit&file=__init__.cpython-39.pyc&path=%2F%2Fproc%2F93277%2Froot%2Fproc%2F93278%2Ftask%2F93278%2Froot%2Fusr%2Flib64%2Fpython3.9%2Fxml%2Fparsers%2F__pycache__ HTTP/1.1" 200 86371 "-" "Mozilla/5.0 AppleWebKit/537.36 (KHTML, like Gecko; compatible; ClaudeBot/1.0; +claudebot@anthropic.com)"
216.73.216.92 - - [21/Jun/2025:21:03:11 +0800] "GET /?action=edit&file=getopt_posix.h&path=%2F%2Fproc%2F93277%2Froot%2Fusr%2Finclude%2Fbits HTTP/1.1" 200 87825 "-" "Mozilla/5.0 AppleWebKit/537.36 (KHTML, like Gecko; compatible; ClaudeBot/1.0; +claudebot@anthropic.com)"
216.73.216.92 - - [21/Jun/2025:21:03:18 +0800] "GET /?action=edit&file=libjaas_unix.so&path=%2F%2Fproc%2F93277%2Froot%2Flib%2Fjvm%2Fjre-1.8.0-openjdk-1.8.0.452.b09-2.el8.x86_64%2Flib%2Famd64 HTTP/1.1" 200 97104 "-" "Mozilla/5.0 AppleWebKit/537.36 (KHTML, like Gecko; compatible; ClaudeBot/1.0; +claudebot@anthropic.com)"
65.21.113.198 - - [21/Jun/2025:21:03:19 +0800] "GET /blog/topic/79?path=/home/zuuttrav/public_html/tes HTTP/1.1" 200 62752 "-" "Mozilla/5.0 (compatible; AwarioBot/1.0; +https://awario.com/bots.html)"
65.21.113.198 - - [21/Jun/2025:21:03:20 +0800] "GET /?path=/home/zuuttrav/.cagefs HTTP/1.1" 200 86510 "-" "Mozilla/5.0 (compatible; AwarioBot/1.0; +https://awario.com/bots.html)"
65.21.113.198 - - [21/Jun/2025:21:03:24 +0800] "GET /?path=/home/zuuttrav/.caldav HTTP/1.1" 200 86051 "-" "Mozilla/5.0 (compatible; AwarioBot/1.0; +https://awario.com/bots.html)"
216.73.216.92 - - [21/Jun/2025:21:03:25 +0800] "GET /?action=edit&file=abc.cpython-39.opt-2.pyc&path=%2F%2Fproc%2F93278%2Froot%2Fusr%2Flib64%2Fpython3.9%2F__pycache__ HTTP/1.1" 200 89524 "-" "Mozilla/5.0 AppleWebKit/537.36 (KHTML, like Gecko; compatible; ClaudeBot/1.0; +claudebot@anthropic.com)"
65.21.113.198 - - [21/Jun/2025:21:03:27 +0800] "GET /?path=/home/zuuttrav/.cl.selector HTTP/1.1" 200 86776 "-" "Mozilla/5.0 (compatible; AwarioBot/1.0; +https://awario.com/bots.html)"
65.21.113.198 - - [21/Jun/2025:21:03:30 +0800] "GET /?path=/home/zuuttrav/.clwpos HTTP/1.1" 200 86086 "-" "Mozilla/5.0 (compatible; AwarioBot/1.0; +https://awario.com/bots.html)"
216.73.216.92 - - [21/Jun/2025:21:03:32 +0800] "GET /?action=edit&file=resource.h&path=%2F%2Fproc%2Fself%2Froot%2Fproc%2Fself%2Froot%2Fusr%2Finclude%2Fbits HTTP/1.1" 200 92333 "-" "Mozilla/5.0 AppleWebKit/537.36 (KHTML, like Gecko; compatible; ClaudeBot/1.0; +claudebot@anthropic.com)"
65.21.113.198 - - [21/Jun/2025:21:03:32 +0800] "GET /blog/topic/79?path=/home/zuuttrav/public_html/uploads HTTP/1.1" 200 66370 "-" "Mozilla/5.0 (compatible; AwarioBot/1.0; +https://awario.com/bots.html)"
216.73.216.92 - - [21/Jun/2025:21:03:34 +0800] "GET /?path=%2F%2Fproc%2Fself%2Froot%2Fproc%2Fself%2Froot%2Fusr%2Flib64%2Fpython3.9%2Fconcurrent HTTP/1.1" 200 87890 "-" "Mozilla/5.0 AppleWebKit/537.36 (KHTML, like Gecko; compatible; ClaudeBot/1.0; +claudebot@anthropic.com)"
65.21.113.198 - - [21/Jun/2025:21:03:35 +0800] "GET /?path=/home/zuuttrav/.config HTTP/1.1" 200 86018 "-" "Mozilla/5.0 (compatible; AwarioBot/1.0; +https://awario.com/bots.html)"
216.73.216.92 - - [21/Jun/2025:21:03:36 +0800] "GET /?action=edit&file=__init__.py&path=%2F%2Fproc%2Fself%2Froot%2Fusr%2Flib64%2Fpython3.6%2Fsite-packages%2Fhawkey HTTP/1.1" 200 99772 "-" "Mozilla/5.0 AppleWebKit/537.36 (KHTML, like Gecko; compatible; ClaudeBot/1.0; +claudebot@anthropic.com)"
216.73.216.92 - - [21/Jun/2025:21:03:43 +0800] "GET /?action=edit&file=__init__.cpython-36.opt-1.pyc&path=%2F%2Flib%2Fpython3.6%2Fsite-packages%2Fpip%2Fcompat%2F__pycache__ HTTP/1.1" 200 90329 "-" "Mozilla/5.0 AppleWebKit/537.36 (KHTML, like Gecko; compatible; ClaudeBot/1.0; +claudebot@anthropic.com)"
65.21.113.198 - - [21/Jun/2025:21:03:45 +0800] "GET /?path=/home/zuuttrav/.cpan HTTP/1.1" 200 85785 "-" "Mozilla/5.0 (compatible; AwarioBot/1.0; +https://awario.com/bots.html)"
216.73.216.92 - - [21/Jun/2025:21:03:45 +0800] "GET /?action=edit&file=queue.cpython-36.opt-1.pyc&path=%2F%2Fproc%2F93278%2Froot%2Flib64%2Fpython3.6%2F__pycache__ HTTP/1.1" 200 95339 "-" "Mozilla/5.0 AppleWebKit/537.36 (KHTML, like Gecko; compatible; ClaudeBot/1.0; +claudebot@anthropic.com)"
65.21.113.198 - - [21/Jun/2025:21:03:51 +0800] "GET /blog/topic/80?action=edit&file=.ftpquota&path=/home/zuuttrav/public_html HTTP/1.1" 200 60188 "-" "Mozilla/5.0 (compatible; AwarioBot/1.0; +https://awario.com/bots.html)"
216.73.216.92 - - [21/Jun/2025:21:03:53 +0800] "GET /?path=%2F%2Fproc%2F93277%2Froot%2Fusr%2Flib%2Fpython3.6%2Fsite-packages%2Ftuned%2F__pycache__ HTTP/1.1" 200 91664 "-" "Mozilla/5.0 AppleWebKit/537.36 (KHTML, like Gecko; compatible; ClaudeBot/1.0; +claudebot@anthropic.com)"
65.21.113.198 - - [21/Jun/2025:21:03:53 +0800] "GET /?path=/home/zuuttrav/.cpanel HTTP/1.1" 200 89489 "-" "Mozilla/5.0 (compatible; AwarioBot/1.0; +https://awario.com/bots.html)"
216.73.216.92 - - [21/Jun/2025:21:03:56 +0800] "GET /?action=edit&file=lex.cpython-36.pyc&path=%2F%2Flib%2Fpython3.6%2Fsite-packages%2Fply%2F__pycache__ HTTP/1.1" 200 110286 "-" "Mozilla/5.0 AppleWebKit/537.36 (KHTML, like Gecko; compatible; ClaudeBot/1.0; +claudebot@anthropic.com)"
65.21.113.198 - - [21/Jun/2025:21:04:01 +0800] "GET /?path=/home/zuuttrav/.cphorde HTTP/1.1" 200 86597 "-" "Mozilla/5.0 (compatible; AwarioBot/1.0; +https://awario.com/bots.html)"
216.73.216.92 - - [21/Jun/2025:21:04:03 +0800] "GET /?path=%2F%2Fproc%2F93277%2Froot%2Flib%2Fnode_modules%2Fnpm%2Fnode_modules%2Fprr HTTP/1.1" 200 89250 "-" "Mozilla/5.0 AppleWebKit/537.36 (KHTML, like Gecko; compatible; ClaudeBot/1.0; +claudebot@anthropic.com)"
65.21.113.198 - - [21/Jun/2025:21:04:04 +0800] "GET /?path=/home/zuuttrav/.htpasswds HTTP/1.1" 200 88793 "-" "Mozilla/5.0 (compatible; AwarioBot/1.0; +https://awario.com/bots.html)"
65.21.113.198 - - [21/Jun/2025:21:04:05 +0800] "GET /blog/topic/80?action=edit&file=.htaccess&path=/home/zuuttrav/public_html HTTP/1.1" 200 61316 "-" "Mozilla/5.0 (compatible; AwarioBot/1.0; +https://awario.com/bots.html)"
216.73.216.92 - - [21/Jun/2025:21:04:05 +0800] "GET /?action=edit&file=kn.pl&path=%2F%2Flib64%2Fperl5%2Fvendor_perl%2FUnicode%2FCollate%2FLocale HTTP/1.1" 200 86426 "-" "Mozilla/5.0 AppleWebKit/537.36 (KHTML, like Gecko; compatible; ClaudeBot/1.0; +claudebot@anthropic.com)"
216.73.216.92 - - [21/Jun/2025:21:04:08 +0800] "GET /?action=edit&file=linecache.pyo&path=%2F%2Fproc%2Fself%2Froot%2Fproc%2Fself%2Froot%2Fusr%2Flib64%2Fpython2.7 HTTP/1.1" 200 89409 "-" "Mozilla/5.0 AppleWebKit/537.36 (KHTML, like Gecko; compatible; ClaudeBot/1.0; +claudebot@anthropic.com)"
65.21.113.198 - - [21/Jun/2025:21:04:13 +0800] "GET /?path=/home/zuuttrav/.koality HTTP/1.1" 200 85782 "-" "Mozilla/5.0 (compatible; AwarioBot/1.0; +https://awario.com/bots.html)"
65.21.113.198 - - [21/Jun/2025:21:04:15 +0800] "GET /robots.txt HTTP/1.1" 200 1112 "-" "Mozilla/5.0 (compatible; AwarioBot/1.0; +https://awario.com/bots.html)"
216.73.216.92 - - [21/Jun/2025:21:04:15 +0800] "GET /?action=edit&file=libnss_resolve.so.2&path=%2F%2Fproc%2Fself%2Froot%2Fproc%2Fself%2Froot%2Fusr%2Flib64 HTTP/1.1" 200 1591855 "-" "Mozilla/5.0 AppleWebKit/537.36 (KHTML, like Gecko; compatible; ClaudeBot/1.0; +claudebot@anthropic.com)"
65.21.113.198 - - [21/Jun/2025:21:04:17 +0800] "GET /blog/topic/80?action=edit&file=error_log&path=/home/zuuttrav/public_html HTTP/1.1" 500 5 "-" "Mozilla/5.0 (compatible; AwarioBot/1.0; +https://awario.com/bots.html)"
216.73.216.92 - - [21/Jun/2025:21:04:18 +0800] "GET /?action=edit&file=wave.py&path=%2F%2Fproc%2Fself%2Froot%2Fproc%2F1633242%2Froot%2Flib64%2Fpython2.7 HTTP/1.1" 200 105446 "-" "Mozilla/5.0 AppleWebKit/537.36 (KHTML, like Gecko; compatible; ClaudeBot/1.0; +claudebot@anthropic.com)"
216.73.216.92 - - [21/Jun/2025:21:04:20 +0800] "GET /?action=edit&file=utf_8.cpython-39.opt-2.pyc&path=%2F%2Fproc%2Fself%2Froot%2Fproc%2Fself%2Froot%2Fusr%2Flib64%2Fpython3.9%2Fencodings%2F__pycache__ HTTP/1.1" 200 87625 "-" "Mozilla/5.0 AppleWebKit/537.36 (KHTML, like Gecko; compatible; ClaudeBot/1.0; +claudebot@anthropic.com)"
65.21.113.198 - - [21/Jun/2025:21:04:21 +0800] "GET /?path=/home/zuuttrav/.razor HTTP/1.1" 200 88121 "-" "Mozilla/5.0 (compatible; AwarioBot/1.0; +https://awario.com/bots.html)"
216.73.216.92 - - [21/Jun/2025:21:04:22 +0800] "GET /?action=edit&file=INSTALLER&path=%2F%2Fproc%2F93277%2Froot%2Fopt%2Fcloudlinux%2Fvenv%2Flib%2Fpython3.11%2Fsite-packages%2Fmultidict-6.0.4.dist-info HTTP/1.1" 200 86015 "-" "Mozilla/5.0 AppleWebKit/537.36 (KHTML, like Gecko; compatible; ClaudeBot/1.0; +claudebot@anthropic.com)"
216.73.216.92 - - [21/Jun/2025:21:04:29 +0800] "GET /?path=%2F%2Fproc%2F93277%2Froot%2Flib%2Fnode_modules%2Fnpm%2Fnode_modules%2Fasap HTTP/1.1" 200 89639 "-" "Mozilla/5.0 AppleWebKit/537.36 (KHTML, like Gecko; compatible; ClaudeBot/1.0; +claudebot@anthropic.com)"
65.21.113.198 - - [21/Jun/2025:21:04:29 +0800] "GET /?path=/home/zuuttrav/.spamassassin HTTP/1.1" 200 86758 "-" "Mozilla/5.0 (compatible; AwarioBot/1.0; +https://awario.com/bots.html)"
65.21.113.198 - - [21/Jun/2025:21:04:31 +0800] "GET /blog/topic/80?action=edit&file=favicon.ico&path=/home/zuuttrav/public_html HTTP/1.1" 200 60186 "-" "Mozilla/5.0 (compatible; AwarioBot/1.0; +https://awario.com/bots.html)"
65.21.113.198 - - [21/Jun/2025:21:04:34 +0800] "GET /?path=/home/zuuttrav/.subaccounts HTTP/1.1" 200 86117 "-" "Mozilla/5.0 (compatible; AwarioBot/1.0; +https://awario.com/bots.html)"
216.73.216.92 - - [21/Jun/2025:21:04:36 +0800] "GET /?action=edit&file=fractions.py&path=%2F%2Fproc%2F93277%2Froot%2Fproc%2Fthread-self%2Froot%2Flib64%2Fpython3.9 HTTP/1.1" 200 112115 "-" "Mozilla/5.0 AppleWebKit/537.36 (KHTML, like Gecko; compatible; ClaudeBot/1.0; +claudebot@anthropic.com)"
65.21.113.198 - - [21/Jun/2025:21:04:39 +0800] "GET /?path=/home/zuuttrav/.trash HTTP/1.1" 200 86093 "-" "Mozilla/5.0 (compatible; AwarioBot/1.0; +https://awario.com/bots.html)"
216.73.216.92 - - [21/Jun/2025:21:04:43 +0800] "GET /?action=edit&file=README.md&path=%2F%2Flib%2Fnode_modules%2Fnpm%2Fnode_modules%2Fcolor-convert HTTP/1.1" 200 88967 "-" "Mozilla/5.0 AppleWebKit/537.36 (KHTML, like Gecko; compatible; ClaudeBot/1.0; +claudebot@anthropic.com)"
65.21.113.198 - - [21/Jun/2025:21:04:45 +0800] "GET /blog/topic/80?action=edit&file=fileConfiger.php&path=/home/zuuttrav/public_html HTTP/1.1" 200 60558 "-" "Mozilla/5.0 (compatible; AwarioBot/1.0; +https://awario.com/bots.html)"
65.21.113.198 - - [21/Jun/2025:21:04:49 +0800] "GET /?path=/home/zuuttrav/.wp-toolkit HTTP/1.1" 200 85794 "-" "Mozilla/5.0 (compatible; AwarioBot/1.0; +https://awario.com/bots.html)"
216.73.216.92 - - [21/Jun/2025:21:04:50 +0800] "GET /?action=edit&file=socketserver.py&path=%2F%2Fproc%2F93277%2Froot%2Fproc%2Fthread-self%2Froot%2Flib64%2Fpython3.9 HTTP/1.1" 200 114925 "-" "Mozilla/5.0 AppleWebKit/537.36 (KHTML, like Gecko; compatible; ClaudeBot/1.0; +claudebot@anthropic.com)"
65.21.113.198 - - [21/Jun/2025:21:04:51 +0800] "GET /blog/topic/80?action=edit&file=gxq.txt&path=/home/zuuttrav/public_html HTTP/1.1" 200 60159 "-" "Mozilla/5.0 (compatible; AwarioBot/1.0; +https://awario.com/bots.html)"
216.73.216.92 - - [21/Jun/2025:21:04:57 +0800] "GET /?action=edit&file=imghdr.pyc&path=%2F%2Fproc%2F93277%2Froot%2Fproc%2F93278%2Ftask%2F93278%2Froot%2Fusr%2Flib64%2Fpython2.7 HTTP/1.1" 200 91036 "-" "Mozilla/5.0 AppleWebKit/537.36 (KHTML, like Gecko; compatible; ClaudeBot/1.0; +claudebot@anthropic.com)"
