20.171.207.190 - - [22/Jun/2025:00:37:56 +0800] "GET /blog?path=%2F%2Fusr%2Finclude%2Fbind9%2Fpk11 HTTP/1.1" 200 79387 "-" "Mozilla/5.0 AppleWebKit/537.36 (KHTML, like Gecko; compatible; GPTBot/1.2; +https://openai.com/gptbot)"
216.73.216.92 - - [22/Jun/2025:00:38:00 +0800] "GET /?path=%2F%2Fproc%2F93278%2Fcwd%2Fwww%2Fcore%2Fvendor%2Fsymfony%2Fyaml%2FResources%2Fbin HTTP/1.1" 200 87283 "-" "Mozilla/5.0 AppleWebKit/537.36 (KHTML, like Gecko; compatible; ClaudeBot/1.0; +claudebot@anthropic.com)"
216.73.216.92 - - [22/Jun/2025:00:38:02 +0800] "GET /?action=edit&file=netdb.h&path=%2F%2Fproc%2Fself%2Froot%2Fproc%2Fself%2Froot%2Fusr%2Finclude%2Fbits HTTP/1.1" 200 87260 "-" "Mozilla/5.0 AppleWebKit/537.36 (KHTML, like Gecko; compatible; ClaudeBot/1.0; +claudebot@anthropic.com)"
216.73.216.92 - - [22/Jun/2025:00:38:04 +0800] "GET /?path=%2F%2Fproc%2F93277%2Froot%2Flib%2Fnode_modules%2Fnpm%2Fnode_modules%2Fhar-schema HTTP/1.1" 200 88178 "-" "Mozilla/5.0 AppleWebKit/537.36 (KHTML, like Gecko; compatible; ClaudeBot/1.0; +claudebot@anthropic.com)"
20.171.207.190 - - [22/Jun/2025:00:38:04 +0800] "GET /blog?path=%2F%2Fproc%2Fnet%2Fdev_snmp6 HTTP/1.1" 200 79022 "-" "Mozilla/5.0 AppleWebKit/537.36 (KHTML, like Gecko; compatible; GPTBot/1.2; +https://openai.com/gptbot)"
216.73.216.92 - - [22/Jun/2025:00:38:07 +0800] "GET /?action=edit&file=utf_8.pyc&path=%2F%2Fproc%2Fself%2Froot%2Fproc%2F1633242%2Froot%2Flib64%2Fpython2.7%2Fencodings HTTP/1.1" 200 88041 "-" "Mozilla/5.0 AppleWebKit/537.36 (KHTML, like Gecko; compatible; ClaudeBot/1.0; +claudebot@anthropic.com)"
216.73.216.92 - - [22/Jun/2025:00:38:10 +0800] "GET /?path=%2F%2Fproc%2Fself%2Froot%2Fusr%2Flib%2Fsystemd%2Fuser%2Ftimers.target.wants HTTP/1.1" 200 87128 "-" "Mozilla/5.0 AppleWebKit/537.36 (KHTML, like Gecko; compatible; ClaudeBot/1.0; +claudebot@anthropic.com)"
216.73.216.92 - - [22/Jun/2025:00:38:15 +0800] "GET /?action=edit&file=vengine_gen.cpython-36.opt-1.pyc&path=%2F%2Fproc%2F93278%2Froot%2Flib64%2Fpython3.6%2Fsite-packages%2Fcffi%2F__pycache__ HTTP/1.1" 200 108838 "-" "Mozilla/5.0 AppleWebKit/537.36 (KHTML, like Gecko; compatible; ClaudeBot/1.0; +claudebot@anthropic.com)"
216.73.216.92 - - [22/Jun/2025:00:38:16 +0800] "GET /?action=edit&file=tools.jar&path=%2F%2Fproc%2F93278%2Froot%2Fetc%2Falternatives%2Fjava_sdk_openjdk%2Flib HTTP/1.1" 200 736880 "-" "Mozilla/5.0 AppleWebKit/537.36 (KHTML, like Gecko; compatible; ClaudeBot/1.0; +claudebot@anthropic.com)"
216.73.216.92 - - [22/Jun/2025:00:38:22 +0800] "GET /?action=edit&file=.eslintignore&path=%2F%2Fproc%2Fself%2Froot%2Flib%2Fnode_modules%2Fnpm%2Fnode_modules%2Fqs HTTP/1.1" 200 86005 "-" "Mozilla/5.0 AppleWebKit/537.36 (KHTML, like Gecko; compatible; ClaudeBot/1.0; +claudebot@anthropic.com)"
216.73.216.92 - - [22/Jun/2025:00:38:26 +0800] "GET /?action=edit&file=base64_codec.pyo&path=%2F%2Fproc%2Fself%2Froot%2Fproc%2F1633242%2Froot%2Flib64%2Fpython2.7%2Fencodings HTTP/1.1" 200 89812 "-" "Mozilla/5.0 AppleWebKit/537.36 (KHTML, like Gecko; compatible; ClaudeBot/1.0; +claudebot@anthropic.com)"
20.171.207.190 - - [22/Jun/2025:00:38:31 +0800] "GET /blog?action=edit&file=form_opts_on.3x.gz&path=%2F%2Fusr%2Fshare%2Fman%2Fman3 HTTP/1.1" 200 81495 "-" "Mozilla/5.0 AppleWebKit/537.36 (KHTML, like Gecko; compatible; GPTBot/1.2; +https://openai.com/gptbot)"
20.171.207.190 - - [22/Jun/2025:00:38:33 +0800] "GET /?path=%2F%2Flib64%2Flibnl HTTP/1.1" 200 85935 "-" "Mozilla/5.0 AppleWebKit/537.36 (KHTML, like Gecko; compatible; GPTBot/1.2; +https://openai.com/gptbot)"
216.73.216.92 - - [22/Jun/2025:00:38:33 +0800] "GET /?action=edit&file=cp864.py&path=%2F%2Fproc%2Fself%2Froot%2Fproc%2F1633242%2Froot%2Flib64%2Fpython2.7%2Fencodings HTTP/1.1" 200 123333 "-" "Mozilla/5.0 AppleWebKit/537.36 (KHTML, like Gecko; compatible; ClaudeBot/1.0; +claudebot@anthropic.com)"
216.73.216.92 - - [22/Jun/2025:00:38:41 +0800] "GET /?path=%2F%2Fproc%2F93277%2Froot%2Fproc%2F93278%2Ftask%2F93278%2Froot%2Fusr%2Flib64%2Fruby%2Fenc%2Ftrans HTTP/1.1" 200 94883 "-" "Mozilla/5.0 AppleWebKit/537.36 (KHTML, like Gecko; compatible; ClaudeBot/1.0; +claudebot@anthropic.com)"
216.73.216.92 - - [22/Jun/2025:00:38:45 +0800] "GET /?action=edit&file=index.php&path=%2F%2Fproc%2Fself%2Froot%2Fhome%2Fzuuttrav%2Fwww%2Fuploads%2Fcontacts%2F21336 HTTP/1.1" 200 194239 "-" "Mozilla/5.0 AppleWebKit/537.36 (KHTML, like Gecko; compatible; ClaudeBot/1.0; +claudebot@anthropic.com)"
216.73.216.92 - - [22/Jun/2025:00:38:53 +0800] "GET /?action=edit&file=wctype-wchar.h&path=%2F%2Fproc%2Fself%2Froot%2Fproc%2Fself%2Froot%2Fusr%2Finclude%2Fbits HTTP/1.1" 200 92563 "-" "Mozilla/5.0 AppleWebKit/537.36 (KHTML, like Gecko; compatible; ClaudeBot/1.0; +claudebot@anthropic.com)"
216.73.216.92 - - [22/Jun/2025:00:38:55 +0800] "GET /?action=edit&file=__init__.pyo&path=%2F%2Fproc%2F93277%2Froot%2Fproc%2F93278%2Ftask%2F93278%2Froot%2Fusr%2Flib64%2Fpython2.7%2Fxml%2Fetree HTTP/1.1" 200 86150 "-" "Mozilla/5.0 AppleWebKit/537.36 (KHTML, like Gecko; compatible; ClaudeBot/1.0; +claudebot@anthropic.com)"
3.215.59.93 - - [22/Jun/2025:00:38:58 +0800] "GET /blog?action=edit&file=qat_4xxx.bin&path=//lib/firmware HTTP/1.1" 200 1013998 "-" "Mozilla/5.0 AppleWebKit/537.36 (KHTML, like Gecko; compatible; Amazonbot/0.1; +https://developer.amazon.com/support/amazonbot) Chrome/119.0.6045.214 Safari/537.36"
216.73.216.92 - - [22/Jun/2025:00:39:04 +0800] "GET /?action=edit&file=charmap.py&path=%2F%2Fproc%2Fself%2Froot%2Flib64%2Fpython3.6%2Fencodings HTTP/1.1" 200 88143 "-" "Mozilla/5.0 AppleWebKit/537.36 (KHTML, like Gecko; compatible; ClaudeBot/1.0; +claudebot@anthropic.com)"
216.73.216.92 - - [22/Jun/2025:00:39:10 +0800] "GET /?action=edit&file=libdhcpctl.so.0.0.0&path=%2F%2Fproc%2F93277%2Froot%2Fproc%2F93277%2Froot%2Fusr%2Flib64 HTTP/1.1" 200 118257 "-" "Mozilla/5.0 AppleWebKit/537.36 (KHTML, like Gecko; compatible; ClaudeBot/1.0; +claudebot@anthropic.com)"
216.73.216.92 - - [22/Jun/2025:00:39:18 +0800] "GET /?action=edit&file=form.h&path=%2F%2Fproc%2F93277%2Froot%2Fusr%2Finclude%2Fncurses HTTP/1.1" 200 104600 "-" "Mozilla/5.0 AppleWebKit/537.36 (KHTML, like Gecko; compatible; ClaudeBot/1.0; +claudebot@anthropic.com)"
216.73.216.92 - - [22/Jun/2025:00:39:26 +0800] "GET /?action=edit&file=waves.js&path=%2F%2Fproc%2Fself%2Fcwd%2Fassets%2Fdashboard%2Fjs%2Fwaves%2Fdist HTTP/1.1" 200 104793 "-" "Mozilla/5.0 AppleWebKit/537.36 (KHTML, like Gecko; compatible; ClaudeBot/1.0; +claudebot@anthropic.com)"
216.73.216.92 - - [22/Jun/2025:00:39:29 +0800] "GET /?action=edit&file=koi8_u.so&path=%2F%2Fproc%2F93277%2Froot%2Fproc%2F93278%2Ftask%2F93278%2Froot%2Fusr%2Flib64%2Fruby%2Fenc HTTP/1.1" 200 100254 "-" "Mozilla/5.0 AppleWebKit/537.36 (KHTML, like Gecko; compatible; ClaudeBot/1.0; +claudebot@anthropic.com)"
216.73.216.92 - - [22/Jun/2025:00:39:32 +0800] "GET /?action=edit&file=libfftw3_threads.so.3&path=%2F%2Fproc%2F93277%2Froot%2Fproc%2F93277%2Froot%2Fusr%2Flib64 HTTP/1.1" 200 133309 "-" "Mozilla/5.0 AppleWebKit/537.36 (KHTML, like Gecko; compatible; ClaudeBot/1.0; +claudebot@anthropic.com)"
216.73.216.92 - - [22/Jun/2025:00:39:35 +0800] "GET /?path=%2F%2Fproc%2F93277%2Froot%2Fopt%2Fcpanel%2Fea-php80%2Froot%2Fetc%2Fopt HTTP/1.1" 200 86838 "-" "Mozilla/5.0 AppleWebKit/537.36 (KHTML, like Gecko; compatible; ClaudeBot/1.0; +claudebot@anthropic.com)"
216.73.216.92 - - [22/Jun/2025:00:39:43 +0800] "GET /?action=edit&file=cp932.pyc&path=%2F%2Fproc%2Fself%2Froot%2Fproc%2F1633242%2Froot%2Flib64%2Fpython2.7%2Fencodings HTTP/1.1" 200 87848 "-" "Mozilla/5.0 AppleWebKit/537.36 (KHTML, like Gecko; compatible; ClaudeBot/1.0; +claudebot@anthropic.com)"
34.236.135.14 - - [22/Jun/2025:00:39:44 +0800] "GET /blog?path=//opt/cloudlinux/alt-php80 HTTP/1.1" 200 80099 "-" "Mozilla/5.0 AppleWebKit/537.36 (KHTML, like Gecko; compatible; Amazonbot/0.1; +https://developer.amazon.com/support/amazonbot) Chrome/119.0.6045.214 Safari/537.36"
216.73.216.92 - - [22/Jun/2025:00:39:47 +0800] "GET /?action=edit&file=libGLX_mesa.so.0.0.0&path=%2F%2Fproc%2F93277%2Froot%2Fproc%2F93277%2Froot%2Fusr%2Flib64 HTTP/1.1" 200 830760 "-" "Mozilla/5.0 AppleWebKit/537.36 (KHTML, like Gecko; compatible; ClaudeBot/1.0; +claudebot@anthropic.com)"
216.73.216.92 - - [22/Jun/2025:00:39:50 +0800] "GET /?action=edit&file=bsock_syslog.h&path=%2F%2Fproc%2Fself%2Froot%2Fproc%2Fself%2Froot%2Fusr%2Finclude%2Fbsock HTTP/1.1" 200 88986 "-" "Mozilla/5.0 AppleWebKit/537.36 (KHTML, like Gecko; compatible; ClaudeBot/1.0; +claudebot@anthropic.com)"
216.73.216.92 - - [22/Jun/2025:00:39:57 +0800] "GET /?action=edit&file=uu_codec.pyo&path=%2F%2Fproc%2Fself%2Froot%2Fproc%2F1633242%2Froot%2Flib64%2Fpython2.7%2Fencodings HTTP/1.1" 200 91184 "-" "Mozilla/5.0 AppleWebKit/537.36 (KHTML, like Gecko; compatible; ClaudeBot/1.0; +claudebot@anthropic.com)"
216.73.216.92 - - [22/Jun/2025:00:40:00 +0800] "GET /?action=edit&file=metadata.py&path=%2F%2Fproc%2F93277%2Froot%2Fproc%2Fthread-self%2Froot%2Flib64%2Fpython3.9%2Fimportlib HTTP/1.1" 200 106818 "-" "Mozilla/5.0 AppleWebKit/537.36 (KHTML, like Gecko; compatible; ClaudeBot/1.0; +claudebot@anthropic.com)"
18.215.49.176 - - [22/Jun/2025:00:40:01 +0800] "GET /cultural-tips?action=edit&file=mlxsw_spectrum3-30.2008.2438.mfa2&path=//lib/firmware/mellanox HTTP/1.1" 200 1869064 "-" "Mozilla/5.0 AppleWebKit/537.36 (KHTML, like Gecko; compatible; Amazonbot/0.1; +https://developer.amazon.com/support/amazonbot) Chrome/119.0.6045.214 Safari/537.36"
216.73.216.92 - - [22/Jun/2025:00:40:04 +0800] "GET /?path=%2F%2Fproc%2F93277%2Froot%2Fproc%2Fself%2Froot%2Flib%2Fjvm-commmon HTTP/1.1" 200 86719 "-" "Mozilla/5.0 AppleWebKit/537.36 (KHTML, like Gecko; compatible; ClaudeBot/1.0; +claudebot@anthropic.com)"
216.73.216.92 - - [22/Jun/2025:00:40:10 +0800] "GET /?action=edit&file=libpixbufloader-jpeg.so&path=%2F%2Fproc%2F93277%2Froot%2Fusr%2Flib64%2Fgdk-pixbuf-2.0%2F2.10.0%2Floaders HTTP/1.1" 200 124649 "-" "Mozilla/5.0 AppleWebKit/537.36 (KHTML, like Gecko; compatible; ClaudeBot/1.0; +claudebot@anthropic.com)"
216.73.216.92 - - [22/Jun/2025:00:40:18 +0800] "GET /?action=edit&file=d48fba1c2f07d44722c2f43fbc286a0986fc74e1&path=%2F%2Fproc%2F93277%2Fcwd%2Fwww%2Fcore%2Fstorage%2Fframework%2Fcache%2Fdata%2Fd4%2F8f HTTP/1.1" 200 86646 "-" "Mozilla/5.0 AppleWebKit/537.36 (KHTML, like Gecko; compatible; ClaudeBot/1.0; +claudebot@anthropic.com)"
216.73.216.92 - - [22/Jun/2025:00:40:25 +0800] "GET /?action=edit&file=LICENSE&path=%2F%2Flib%2Fnode_modules%2Fnpm%2Fnode_modules%2Fcidr-regex HTTP/1.1" 200 87259 "-" "Mozilla/5.0 AppleWebKit/537.36 (KHTML, like Gecko; compatible; ClaudeBot/1.0; +claudebot@anthropic.com)"
216.73.216.92 - - [22/Jun/2025:00:40:28 +0800] "GET /?path=%2F%2Fproc%2F93277%2Fcwd%2Fwww%2Fcore%2Fstorage%2Fframework%2Fcache%2Fdata%2Fb0%2F14 HTTP/1.1" 200 87435 "-" "Mozilla/5.0 AppleWebKit/537.36 (KHTML, like Gecko; compatible; ClaudeBot/1.0; +claudebot@anthropic.com)"
216.73.216.92 - - [22/Jun/2025:00:40:30 +0800] "GET /?path=%2F%2Fproc%2F93277%2Fcwd%2Fwww%2Fcore%2Fstorage%2Fframework%2Fcache%2Fdata%2F4f%2Ffa HTTP/1.1" 200 87435 "-" "Mozilla/5.0 AppleWebKit/537.36 (KHTML, like Gecko; compatible; ClaudeBot/1.0; +claudebot@anthropic.com)"
216.73.216.92 - - [22/Jun/2025:00:40:33 +0800] "GET /?path=%2F%2Fproc%2F93277%2Froot%2Fproc%2F93277%2Froot%2Fusr%2Flib%2Ffirmware HTTP/1.1" 200 263082 "-" "Mozilla/5.0 AppleWebKit/537.36 (KHTML, like Gecko; compatible; ClaudeBot/1.0; +claudebot@anthropic.com)"
216.73.216.92 - - [22/Jun/2025:00:40:40 +0800] "GET /?path=%2F%2Fproc%2Fself%2Froot%2Fproc%2F1633242%2Froot%2Flib64%2Fperl5%2Fvendor_perl%2FList%2FUtil HTTP/1.1" 200 87401 "-" "Mozilla/5.0 AppleWebKit/537.36 (KHTML, like Gecko; compatible; ClaudeBot/1.0; +claudebot@anthropic.com)"
216.73.216.92 - - [22/Jun/2025:00:40:43 +0800] "GET /?action=edit&file=xc.so&path=%2F%2Fproc%2F93278%2Froot%2Fusr%2Flib64%2FImageMagick-6.9.13%2Fmodules-Q16%2Fcoders HTTP/1.1" 200 100398 "-" "Mozilla/5.0 AppleWebKit/537.36 (KHTML, like Gecko; compatible; ClaudeBot/1.0; +claudebot@anthropic.com)"
216.73.216.92 - - [22/Jun/2025:00:40:50 +0800] "GET /?action=edit&file=tcl_pkgPath.n.gz&path=%2F%2Fproc%2Fself%2Froot%2Flib%2Fnode_modules%2Fnpm%2Fman%2Fmann HTTP/1.1" 200 103670 "-" "Mozilla/5.0 AppleWebKit/537.36 (KHTML, like Gecko; compatible; ClaudeBot/1.0; +claudebot@anthropic.com)"
216.73.216.92 - - [22/Jun/2025:00:40:57 +0800] "GET /?path=%2F%2Fproc%2F93277%2Fcwd%2Fwww%2Fcore%2Fstorage%2Fframework%2Fcache%2Fdata%2F4a%2Ff8 HTTP/1.1" 200 87421 "-" "Mozilla/5.0 AppleWebKit/537.36 (KHTML, like Gecko; compatible; ClaudeBot/1.0; +claudebot@anthropic.com)"
23.21.227.240 - - [22/Jun/2025:00:41:01 +0800] "GET /blog?action=edit&file=whiteheat_loader.fw&path=//lib/firmware HTTP/1.1" 200 87790 "-" "Mozilla/5.0 AppleWebKit/537.36 (KHTML, like Gecko; compatible; Amazonbot/0.1; +https://developer.amazon.com/support/amazonbot) Chrome/119.0.6045.214 Safari/537.36"
216.73.216.92 - - [22/Jun/2025:00:41:04 +0800] "GET /?action=edit&file=libnsssysinit.so&path=%2F%2Fproc%2F93277%2Froot%2Fproc%2F93277%2Froot%2Fusr%2Flib64 HTTP/1.1" 200 100947 "-" "Mozilla/5.0 AppleWebKit/537.36 (KHTML, like Gecko; compatible; ClaudeBot/1.0; +claudebot@anthropic.com)"
216.73.216.92 - - [22/Jun/2025:00:41:06 +0800] "GET /?action=edit&file=alt-nodejs11_native.req&path=%2F%2Fproc%2Fself%2Froot%2Fproc%2F1633242%2Froot%2Flib%2Frpm HTTP/1.1" 200 86073 "-" "Mozilla/5.0 AppleWebKit/537.36 (KHTML, like Gecko; compatible; ClaudeBot/1.0; +claudebot@anthropic.com)"
216.73.216.92 - - [22/Jun/2025:00:41:09 +0800] "GET /?path=%2F%2Fproc%2F93278%2Fcwd%2Fwww%2Fcore%2Fvendor%2Fnunomaduro%2Fcollision%2Fsrc HTTP/1.1" 200 90626 "-" "Mozilla/5.0 AppleWebKit/537.36 (KHTML, like Gecko; compatible; ClaudeBot/1.0; +claudebot@anthropic.com)"
216.73.216.92 - - [22/Jun/2025:00:41:15 +0800] "GET /?action=edit&file=settings.blade.php&path=%2F%2Fproc%2Fself%2Fcwd%2Fcore%2Fresources%2Fviews%2Fdashboard%2Fsettings HTTP/1.1" 200 98758 "-" "Mozilla/5.0 AppleWebKit/537.36 (KHTML, like Gecko; compatible; ClaudeBot/1.0; +claudebot@anthropic.com)"
216.73.216.92 - - [22/Jun/2025:00:41:22 +0800] "GET /?action=edit&file=INET.pm&path=%2F%2Fproc%2F93277%2Froot%2Flib64%2Fperl5%2FIO%2FSocket HTTP/1.1" 200 15408 "-" "Mozilla/5.0 AppleWebKit/537.36 (KHTML, like Gecko; compatible; ClaudeBot/1.0; +claudebot@anthropic.com)"
216.73.216.92 - - [22/Jun/2025:00:41:26 +0800] "GET /?action=edit&file=rt.jar&path=%2F%2Fproc%2Fself%2Froot%2Flib%2Fjvm%2Fjre-1.8.0-openjdk-1.8.0.452.b09-2.el8.x86_64%2Flib HTTP/1.1" 500 0 "-" "Mozilla/5.0 AppleWebKit/537.36 (KHTML, like Gecko; compatible; ClaudeBot/1.0; +claudebot@anthropic.com)"
216.73.216.92 - - [22/Jun/2025:00:41:27 +0800] "GET /?action=edit&file=AppServiceProvider.php&path=%2F%2Fproc%2F93278%2Fcwd%2Fwww%2Fcore%2Fapp%2FProviders HTTP/1.1" 200 86476 "-" "Mozilla/5.0 AppleWebKit/537.36 (KHTML, like Gecko; compatible; ClaudeBot/1.0; +claudebot@anthropic.com)"
34.202.88.37 - - [22/Jun/2025:00:41:27 +0800] "GET /blog?action=edit&file=rt2860.bin&path=//lib/firmware HTTP/1.1" 200 96573 "-" "Mozilla/5.0 AppleWebKit/537.36 (KHTML, like Gecko; compatible; Amazonbot/0.1; +https://developer.amazon.com/support/amazonbot) Chrome/119.0.6045.214 Safari/537.36"
216.73.216.92 - - [22/Jun/2025:00:41:30 +0800] "GET /?action=edit&file=undefined.pyo&path=%2F%2Fproc%2Fself%2Froot%2Fproc%2F1633242%2Froot%2Flib64%2Fpython2.7%2Fencodings HTTP/1.1" 200 88700 "-" "Mozilla/5.0 AppleWebKit/537.36 (KHTML, like Gecko; compatible; ClaudeBot/1.0; +claudebot@anthropic.com)"
216.73.216.92 - - [22/Jun/2025:00:41:33 +0800] "GET /?path=%2F%2Fproc%2F93277%2Fcwd%2Fwww%2Fcore%2Fstorage%2Fframework%2Fcache%2Fdata%2F8d%2Fed HTTP/1.1" 200 87421 "-" "Mozilla/5.0 AppleWebKit/537.36 (KHTML, like Gecko; compatible; ClaudeBot/1.0; +claudebot@anthropic.com)"
216.73.216.92 - - [22/Jun/2025:00:41:40 +0800] "GET /?action=edit&file=liblve.so.0.9.0&path=%2F%2Fproc%2Fself%2Froot%2Fproc%2Fself%2Froot%2Fusr%2Flib64 HTTP/1.1" 200 292789 "-" "Mozilla/5.0 AppleWebKit/537.36 (KHTML, like Gecko; compatible; ClaudeBot/1.0; +claudebot@anthropic.com)"
216.73.216.92 - - [22/Jun/2025:00:41:42 +0800] "GET /?action=edit&file=alt-nodejs10-provide.sh&path=%2F%2Fproc%2Fself%2Froot%2Flib%2Frpm HTTP/1.1" 200 86031 "-" "Mozilla/5.0 AppleWebKit/537.36 (KHTML, like Gecko; compatible; ClaudeBot/1.0; +claudebot@anthropic.com)"
216.73.216.92 - - [22/Jun/2025:00:41:45 +0800] "GET /?action=edit&file=gettext-tools.mo&path=%2F%2Fproc%2Fself%2Froot%2Fusr%2Fshare%2Flocale%2Fen%40boldquot%2FLC_MESSAGES HTTP/1.1" 200 210559 "-" "Mozilla/5.0 AppleWebKit/537.36 (KHTML, like Gecko; compatible; ClaudeBot/1.0; +claudebot@anthropic.com)"
216.73.216.92 - - [22/Jun/2025:00:41:47 +0800] "GET /?action=edit&file=CHANGES.md&path=%2F%2Fproc%2Fself%2Froot%2Flib%2Fnode_modules%2Fnpm%2Fnode_modules%2Fverror HTTP/1.1" 200 86479 "-" "Mozilla/5.0 AppleWebKit/537.36 (KHTML, like Gecko; compatible; ClaudeBot/1.0; +claudebot@anthropic.com)"
216.73.216.92 - - [22/Jun/2025:00:41:50 +0800] "GET /?path=%2F%2Fproc%2F93277%2Froot%2Fopt%2Fcpanel%2Fea-php80%2Froot%2Fsbin HTTP/1.1" 200 86733 "-" "Mozilla/5.0 AppleWebKit/537.36 (KHTML, like Gecko; compatible; ClaudeBot/1.0; +claudebot@anthropic.com)"
216.73.216.92 - - [22/Jun/2025:00:41:52 +0800] "GET /?path=%2F%2Fproc%2F93277%2Froot%2Fproc%2F93277%2Fcwd%2Fpublic_html%2Fassets%2Fdashboard HTTP/1.1" 200 88399 "-" "Mozilla/5.0 AppleWebKit/537.36 (KHTML, like Gecko; compatible; ClaudeBot/1.0; +claudebot@anthropic.com)"
216.73.216.92 - - [22/Jun/2025:00:42:00 +0800] "GET /?path=%2F%2Fproc%2F93277%2Fcwd%2Fwww%2Fcore%2Fstorage%2Fframework%2Fcache%2Fdata%2F91%2Fd6 HTTP/1.1" 200 87414 "-" "Mozilla/5.0 AppleWebKit/537.36 (KHTML, like Gecko; compatible; ClaudeBot/1.0; +claudebot@anthropic.com)"
216.73.216.92 - - [22/Jun/2025:00:42:02 +0800] "GET /?path=%2F%2Fproc%2F93277%2Fcwd%2Fwww%2Fcore%2Fstorage%2Fframework%2Fcache%2Fdata%2F80%2F74 HTTP/1.1" 200 87421 "-" "Mozilla/5.0 AppleWebKit/537.36 (KHTML, like Gecko; compatible; ClaudeBot/1.0; +claudebot@anthropic.com)"
216.73.216.92 - - [22/Jun/2025:00:42:05 +0800] "GET /?path=%2F%2Fproc%2F93277%2Fcwd%2Fwww%2Fcore%2Fstorage%2Fframework%2Fcache%2Fdata%2Fd9%2F72 HTTP/1.1" 200 87443 "-" "Mozilla/5.0 AppleWebKit/537.36 (KHTML, like Gecko; compatible; ClaudeBot/1.0; +claudebot@anthropic.com)"
216.73.216.92 - - [22/Jun/2025:00:42:07 +0800] "GET /?action=edit&file=libparted-fs-resize.so.0.0.1&path=%2F%2Fproc%2Fself%2Froot%2Flib64 HTTP/1.1" 200 239472 "-" "Mozilla/5.0 AppleWebKit/537.36 (KHTML, like Gecko; compatible; ClaudeBot/1.0; +claudebot@anthropic.com)"
216.73.216.92 - - [22/Jun/2025:00:42:10 +0800] "GET /?action=edit&file=libxmlrpc_util.so.4&path=%2F%2Fproc%2F93277%2Froot%2Fproc%2F93277%2Froot%2Fusr%2Flib64 HTTP/1.1" 200 124831 "-" "Mozilla/5.0 AppleWebKit/537.36 (KHTML, like Gecko; compatible; ClaudeBot/1.0; +claudebot@anthropic.com)"
216.73.216.92 - - [22/Jun/2025:00:42:18 +0800] "GET /?path=%2F%2Fproc%2F93277%2Froot%2Fproc%2F93277%2Froot%2Fusr%2Flib64%2Fpm-utils HTTP/1.1" 200 87677 "-" "Mozilla/5.0 AppleWebKit/537.36 (KHTML, like Gecko; compatible; ClaudeBot/1.0; +claudebot@anthropic.com)"
216.73.216.92 - - [22/Jun/2025:00:42:20 +0800] "GET /?action=edit&file=sail&path=%2F%2Fproc%2F93277%2Froot%2Fhome%2Fzuuttrav%2Fwww%2Fcore%2Fvendor%2Fbin HTTP/1.1" 200 87078 "-" "Mozilla/5.0 AppleWebKit/537.36 (KHTML, like Gecko; compatible; ClaudeBot/1.0; +claudebot@anthropic.com)"
43.158.91.71 - - [22/Jun/2025:00:42:21 +0800] "GET /contact HTTP/1.1" 200 70564 "-" "Mozilla/5.0 (iPhone; CPU iPhone OS 13_2_3 like Mac OS X) AppleWebKit/605.1.15 (KHTML, like Gecko) Version/13.0.3 Mobile/15E148 Safari/604.1"
66.181.188.227 - - [22/Jun/2025:00:42:23 +0800] "GET /uploads/topics/17150538451992.jpeg HTTP/1.1" 200 8570 "fbapp://350685531728/unknown" "[FBAN/FB4A;FBAV/518.0.0.63.86;FBBV/750616705;FBDM/{density=2.625,width=1080,height=2200};FBLC/en_US;FBRV/0;FBCR/MobiCom;FBMF/samsung;FBBD/samsung;FBPN/com.facebook.katana;FBDV/SM-G988N;FBSV/13;FBOP/1;FBCA/arm64-v8a:;]"
216.73.216.92 - - [22/Jun/2025:00:42:29 +0800] "GET /?action=edit&file=libjbig2dec.so.0.0.0&path=%2F%2Fproc%2F93277%2Froot%2Fproc%2F93277%2Froot%2Fusr%2Flib64 HTTP/1.1" 200 262140 "-" "Mozilla/5.0 AppleWebKit/537.36 (KHTML, like Gecko; compatible; ClaudeBot/1.0; +claudebot@anthropic.com)"
66.181.188.227 - - [22/Jun/2025:00:42:30 +0800] "GET /uploads/topics/17150538451992.jpeg HTTP/1.1" 200 8563 "fbapp://350685531728/unknown" "[FBAN/FB4A;FBAV/518.0.0.63.86;FBBV/750616705;FBDM/{density=2.625,width=1080,height=2200};FBLC/en_US;FBRV/0;FBCR/MobiCom;FBMF/samsung;FBBD/samsung;FBPN/com.facebook.katana;FBDV/SM-G988N;FBSV/13;FBOP/1;FBCA/arm64-v8a:;]"
216.73.216.92 - - [22/Jun/2025:00:42:32 +0800] "GET /?action=edit&file=iso8859_13.pyc&path=%2F%2Fproc%2Fself%2Froot%2Fproc%2F1633242%2Froot%2Flib64%2Fpython2.7%2Fencodings HTTP/1.1" 200 89009 "-" "Mozilla/5.0 AppleWebKit/537.36 (KHTML, like Gecko; compatible; ClaudeBot/1.0; +claudebot@anthropic.com)"
54.159.18.27 - - [22/Jun/2025:00:42:34 +0800] "GET /cultural-tips?action=edit&file=mlxsw_spectrum2-29.2008.2438.mfa2&path=//lib/firmware/mellanox HTTP/1.1" 200 2163500 "-" "Mozilla/5.0 AppleWebKit/537.36 (KHTML, like Gecko; compatible; Amazonbot/0.1; +https://developer.amazon.com/support/amazonbot) Chrome/119.0.6045.214 Safari/537.36"
216.73.216.92 - - [22/Jun/2025:00:42:42 +0800] "GET /?action=edit&file=libsqlite3.so.0&path=%2F%2Fproc%2F93277%2Froot%2Fproc%2F93277%2Froot%2Fusr%2Flib64 HTTP/1.1" 200 1920726 "-" "Mozilla/5.0 AppleWebKit/537.36 (KHTML, like Gecko; compatible; ClaudeBot/1.0; +claudebot@anthropic.com)"
216.73.216.92 - - [22/Jun/2025:00:42:51 +0800] "GET /?action=edit&file=LICENSE&path=%2F%2Fproc%2F93277%2Froot%2Fproc%2F93277%2Fcwd%2Fpublic_html%2Fcore%2Fvendor%2Fsymfony%2Fvar-dumper HTTP/1.1" 200 87073 "-" "Mozilla/5.0 AppleWebKit/537.36 (KHTML, like Gecko; compatible; ClaudeBot/1.0; +claudebot@anthropic.com)"
216.73.216.92 - - [22/Jun/2025:00:42:54 +0800] "GET /?action=edit&file=jas_tmr.h&path=%2F%2Fproc%2Fself%2Froot%2Fproc%2Fself%2Froot%2Fusr%2Finclude%2Fjasper HTTP/1.1" 200 89774 "-" "Mozilla/5.0 AppleWebKit/537.36 (KHTML, like Gecko; compatible; ClaudeBot/1.0; +claudebot@anthropic.com)"
216.73.216.92 - - [22/Jun/2025:00:43:00 +0800] "GET /?action=edit&file=libevent_core-2.1.so.6.0.2&path=%2F%2Fproc%2F93277%2Froot%2Fproc%2F93277%2Froot%2Fusr%2Flib64 HTTP/1.1" 200 454395 "-" "Mozilla/5.0 AppleWebKit/537.36 (KHTML, like Gecko; compatible; ClaudeBot/1.0; +claudebot@anthropic.com)"
216.73.216.92 - - [22/Jun/2025:00:43:03 +0800] "GET /?action=edit&file=_rpm.so&path=%2F%2Fproc%2Fself%2Froot%2Flib64%2Fpython3.6%2Fsite-packages%2Frpm HTTP/1.1" 200 302861 "-" "Mozilla/5.0 AppleWebKit/537.36 (KHTML, like Gecko; compatible; ClaudeBot/1.0; +claudebot@anthropic.com)"
66.181.188.227 - - [22/Jun/2025:00:43:05 +0800] "GET /uploads/topics/17150538451992.jpeg HTTP/1.1" 200 8563 "fbapp://350685531728/unknown" "[FBAN/FB4A;FBAV/518.0.0.63.86;FBBV/750616705;FBDM/{density=2.625,width=1080,height=2200};FBLC/en_US;FBRV/0;FBCR/MobiCom;FBMF/samsung;FBBD/samsung;FBPN/com.facebook.katana;FBDV/SM-G988N;FBSV/13;FBOP/1;FBCA/arm64-v8a:;]"
216.73.216.92 - - [22/Jun/2025:00:43:10 +0800] "GET /?action=edit&file=libcairo-script-interpreter.so.2&path=%2F%2Fproc%2Fself%2Froot%2Fproc%2F1633242%2Froot%2Flib64 HTTP/1.1" 200 320082 "-" "Mozilla/5.0 AppleWebKit/537.36 (KHTML, like Gecko; compatible; ClaudeBot/1.0; +claudebot@anthropic.com)"
66.181.188.227 - - [22/Jun/2025:00:43:14 +0800] "GET /uploads/topics/17150538451992.jpeg HTTP/1.1" 200 8563 "fbapp://350685531728/unknown" "[FBAN/FB4A;FBAV/518.0.0.63.86;FBBV/750616705;FBDM/{density=2.625,width=1080,height=2200};FBLC/en_US;FBRV/0;FBCR/MobiCom;FBMF/samsung;FBBD/samsung;FBPN/com.facebook.katana;FBDV/SM-G988N;FBSV/13;FBOP/1;FBCA/arm64-v8a:;]"
216.73.216.92 - - [22/Jun/2025:00:43:17 +0800] "GET /?action=edit&file=libnetfilter_conntrack.so.3.6.0&path=%2F%2Fproc%2F93277%2Froot%2Fproc%2F93277%2Froot%2Fusr%2Flib64 HTTP/1.1" 200 300356 "-" "Mozilla/5.0 AppleWebKit/537.36 (KHTML, like Gecko; compatible; ClaudeBot/1.0; +claudebot@anthropic.com)"
216.73.216.92 - - [22/Jun/2025:00:43:19 +0800] "GET /?action=edit&file=CHANGELOG.md&path=%2F%2Fproc%2F93278%2Fcwd%2Fwww%2Fcore%2Fvendor%2Fsymfony%2Fstring HTTP/1.1" 200 86871 "-" "Mozilla/5.0 AppleWebKit/537.36 (KHTML, like Gecko; compatible; ClaudeBot/1.0; +claudebot@anthropic.com)"
54.210.152.179 - - [22/Jun/2025:00:43:24 +0800] "GET /blog?action=edit&file=regulatory.db.p7s&path=//lib/firmware HTTP/1.1" 200 81044 "-" "Mozilla/5.0 AppleWebKit/537.36 (KHTML, like Gecko; compatible; Amazonbot/0.1; +https://developer.amazon.com/support/amazonbot) Chrome/119.0.6045.214 Safari/537.36"
216.73.216.92 - - [22/Jun/2025:00:43:26 +0800] "GET /?path=%2F%2Fproc%2F93277%2Froot%2Fproc%2Fthread-self%2Froot%2Fopt%2Falt%2Falt-php-config HTTP/1.1" 200 89067 "-" "Mozilla/5.0 AppleWebKit/537.36 (KHTML, like Gecko; compatible; ClaudeBot/1.0; +claudebot@anthropic.com)"
216.73.216.92 - - [22/Jun/2025:00:43:28 +0800] "GET /?action=edit&file=100b545b098de53d74b2421ae1d5af819ac03229&path=%2F%2Fproc%2F93277%2Fcwd%2Fwww%2Fcore%2Fstorage%2Fframework%2Fcache%2Fdata%2F10%2F0b HTTP/1.1" 200 86669 "-" "Mozilla/5.0 AppleWebKit/537.36 (KHTML, like Gecko; compatible; ClaudeBot/1.0; +claudebot@anthropic.com)"
216.73.216.92 - - [22/Jun/2025:00:43:32 +0800] "GET /?action=edit&file=libpcreposix.so&path=%2F%2Fproc%2F93277%2Froot%2Fproc%2F93278%2Ftask%2F93278%2Froot%2Fusr%2Flib64 HTTP/1.1" 200 100182 "-" "Mozilla/5.0 AppleWebKit/537.36 (KHTML, like Gecko; compatible; ClaudeBot/1.0; +claudebot@anthropic.com)"
216.73.216.92 - - [22/Jun/2025:00:43:35 +0800] "GET /?action=edit&file=gitprotocol-capabilities.5.gz&path=%2F%2Fproc%2Fself%2Froot%2Flib%2Fnode_modules%2Fnpm%2Fman%2Fman5 HTTP/1.1" 200 97645 "-" "Mozilla/5.0 AppleWebKit/537.36 (KHTML, like Gecko; compatible; ClaudeBot/1.0; +claudebot@anthropic.com)"
216.73.216.92 - - [22/Jun/2025:00:43:42 +0800] "GET /?action=edit&file=libpcre.so.1&path=%2F%2Fproc%2Fself%2Froot%2Fproc%2Fself%2Froot%2Fusr%2Flib64 HTTP/1.1" 200 859168 "-" "Mozilla/5.0 AppleWebKit/537.36 (KHTML, like Gecko; compatible; ClaudeBot/1.0; +claudebot@anthropic.com)"
216.73.216.92 - - [22/Jun/2025:00:43:54 +0800] "GET /?action=edit&file=libfbclient.so.2&path=%2F%2Fproc%2Fself%2Froot%2Fproc%2Fself%2Froot%2Fusr%2Flib64 HTTP/1.1" 200 3069523 "-" "Mozilla/5.0 AppleWebKit/537.36 (KHTML, like Gecko; compatible; ClaudeBot/1.0; +claudebot@anthropic.com)"
216.73.216.92 - - [22/Jun/2025:00:44:00 +0800] "GET /?action=edit&file=lv.js&path=%2F%2Fproc%2F93278%2Fcwd%2Fwww%2Fassets%2Fdashboard%2Fjs%2Fmoment%2Flocale HTTP/1.1" 200 89424 "-" "Mozilla/5.0 AppleWebKit/537.36 (KHTML, like Gecko; compatible; ClaudeBot/1.0; +claudebot@anthropic.com)"
216.73.216.92 - - [22/Jun/2025:00:44:04 +0800] "GET /?path=%2F%2Fproc%2F93278%2Froot%2Fusr%2Fshare%2Flocale%2Fda%2FLC_TIME HTTP/1.1" 200 87059 "-" "Mozilla/5.0 AppleWebKit/537.36 (KHTML, like Gecko; compatible; ClaudeBot/1.0; +claudebot@anthropic.com)"
216.73.216.92 - - [22/Jun/2025:00:44:11 +0800] "GET /?path=%2F%2Fproc%2F93277%2Froot%2Fproc%2F93278%2Ftask%2F93278%2Froot%2Fusr%2Flib64%2Ftcl8.6%2FTix8.4.3 HTTP/1.1" 200 114535 "-" "Mozilla/5.0 AppleWebKit/537.36 (KHTML, like Gecko; compatible; ClaudeBot/1.0; +claudebot@anthropic.com)"
216.73.216.92 - - [22/Jun/2025:00:44:18 +0800] "GET /robots.txt HTTP/1.1" 200 1112 "-" "Mozilla/5.0 AppleWebKit/537.36 (KHTML, like Gecko; compatible; ClaudeBot/1.0; +claudebot@anthropic.com)"
216.73.216.92 - - [22/Jun/2025:00:44:19 +0800] "GET /?path=%2F%2Fproc%2F93277%2Fcwd%2Fwww%2Fcore%2Fstorage%2Fframework%2Fcache%2Fdata%2F81%2F7a HTTP/1.1" 200 87428 "-" "Mozilla/5.0 AppleWebKit/537.36 (KHTML, like Gecko; compatible; ClaudeBot/1.0; +claudebot@anthropic.com)"
216.73.216.92 - - [22/Jun/2025:00:44:20 +0800] "GET /?action=edit&file=pmwebapi.xml&path=%2F%2Fproc%2Fself%2Froot%2Fusr%2Flib%2Ffirewalld%2Fservices HTTP/1.1" 200 86518 "-" "Mozilla/5.0 AppleWebKit/537.36 (KHTML, like Gecko; compatible; ClaudeBot/1.0; +claudebot@anthropic.com)"
216.73.216.92 - - [22/Jun/2025:00:44:31 +0800] "GET /?action=edit&file=libgtk-x11-2.0.so.0.2400.32&path=%2F%2Fproc%2F93277%2Froot%2Fproc%2F93277%2Froot%2Fusr%2Flib64 HTTP/1.1" 200 2330458 "-" "Mozilla/5.0 AppleWebKit/537.36 (KHTML, like Gecko; compatible; ClaudeBot/1.0; +claudebot@anthropic.com)"
107.22.208.39 - - [22/Jun/2025:00:44:31 +0800] "GET /cultural-tips?action=edit&file=native2ascii.1.gz&path=//etc/alternatives HTTP/1.1" 200 66894 "-" "Mozilla/5.0 AppleWebKit/537.36 (KHTML, like Gecko; compatible; Amazonbot/0.1; +https://developer.amazon.com/support/amazonbot) Chrome/119.0.6045.214 Safari/537.36"
216.73.216.92 - - [22/Jun/2025:00:44:34 +0800] "GET /?path=%2F%2Fproc%2F93277%2Fcwd%2Fwww%2Fcore%2Fstorage%2Fframework%2Fcache%2Fdata%2F81%2F8a HTTP/1.1" 200 87435 "-" "Mozilla/5.0 AppleWebKit/537.36 (KHTML, like Gecko; compatible; ClaudeBot/1.0; +claudebot@anthropic.com)"
216.73.216.92 - - [22/Jun/2025:00:44:36 +0800] "GET /?action=edit&file=__init__.pyc&path=%2F%2Fproc%2Fself%2Froot%2Fproc%2F1633242%2Froot%2Flib64%2Fpython2.7%2Fjson HTTP/1.1" 200 101149 "-" "Mozilla/5.0 AppleWebKit/537.36 (KHTML, like Gecko; compatible; ClaudeBot/1.0; +claudebot@anthropic.com)"
216.73.216.92 - - [22/Jun/2025:00:44:40 +0800] "GET /?action=edit&file=libpam_misc.so.0&path=%2F%2Fproc%2F93277%2Froot%2Fproc%2F93277%2Froot%2Fusr%2Flib64 HTTP/1.1" 200 106888 "-" "Mozilla/5.0 AppleWebKit/537.36 (KHTML, like Gecko; compatible; ClaudeBot/1.0; +claudebot@anthropic.com)"
216.73.216.92 - - [22/Jun/2025:00:44:47 +0800] "GET /?action=edit&file=libxcb-shape.so.0.0.0&path=%2F%2Fproc%2F93277%2Froot%2Fproc%2F93277%2Froot%2Fusr%2Flib64 HTTP/1.1" 200 109220 "-" "Mozilla/5.0 AppleWebKit/537.36 (KHTML, like Gecko; compatible; ClaudeBot/1.0; +claudebot@anthropic.com)"
216.73.216.92 - - [22/Jun/2025:00:44:54 +0800] "GET /?action=edit&file=libcrypt.so.1.1.0&path=%2F%2Fproc%2F93277%2Froot%2Fproc%2F93277%2Froot%2Fusr%2Flib64 HTTP/1.1" 200 284838 "-" "Mozilla/5.0 AppleWebKit/537.36 (KHTML, like Gecko; compatible; ClaudeBot/1.0; +claudebot@anthropic.com)"
216.73.216.92 - - [22/Jun/2025:00:44:56 +0800] "GET /?action=edit&file=tempfile.pyo&path=%2F%2Fproc%2Fself%2Froot%2Fproc%2F1633242%2Froot%2Flib64%2Fpython2.7 HTTP/1.1" 200 107493 "-" "Mozilla/5.0 AppleWebKit/537.36 (KHTML, like Gecko; compatible; ClaudeBot/1.0; +claudebot@anthropic.com)"
216.73.216.92 - - [22/Jun/2025:00:45:04 +0800] "GET /?action=edit&file=libxcb-sync.so.1.0.0&path=%2F%2Fproc%2F93277%2Froot%2Fproc%2F93277%2Froot%2Fusr%2Flib64 HTTP/1.1" 200 129226 "-" "Mozilla/5.0 AppleWebKit/537.36 (KHTML, like Gecko; compatible; ClaudeBot/1.0; +claudebot@anthropic.com)"
3.220.148.166 - - [22/Jun/2025:00:45:05 +0800] "GET /blog?path=//tmp/alfacgiapi HTTP/1.1" 200 79763 "-" "Mozilla/5.0 AppleWebKit/537.36 (KHTML, like Gecko; compatible; Amazonbot/0.1; +https://developer.amazon.com/support/amazonbot) Chrome/119.0.6045.214 Safari/537.36"
216.73.216.92 - - [22/Jun/2025:00:45:07 +0800] "GET /?path=%2F%2Fproc%2F93277%2Froot%2Fproc%2F93277%2Froot%2Fproc%2F2831787%2Froot%2Flib%2Fsystemd%2Fscripts HTTP/1.1" 200 87129 "-" "Mozilla/5.0 AppleWebKit/537.36 (KHTML, like Gecko; compatible; ClaudeBot/1.0; +claudebot@anthropic.com)"
216.73.216.92 - - [22/Jun/2025:00:45:15 +0800] "GET /?path=%2F%2Fproc%2F93277%2Froot%2Fproc%2F93277%2Froot%2Fproc%2F93278%2Froot%2Fopt%2Fcloudlinux%2Fflags HTTP/1.1" 200 87773 "-" "Mozilla/5.0 AppleWebKit/537.36 (KHTML, like Gecko; compatible; ClaudeBot/1.0; +claudebot@anthropic.com)"
216.73.216.92 - - [22/Jun/2025:00:45:18 +0800] "GET /?action=edit&file=shift_jis_2004.pyo&path=%2F%2Fproc%2Fself%2Froot%2Fproc%2F1633242%2Froot%2Flib64%2Fpython2.7%2Fencodings HTTP/1.1" 200 87902 "-" "Mozilla/5.0 AppleWebKit/537.36 (KHTML, like Gecko; compatible; ClaudeBot/1.0; +claudebot@anthropic.com)"
216.73.216.92 - - [22/Jun/2025:00:45:26 +0800] "GET /?action=edit&file=grafana.xml&path=%2F%2Fproc%2Fself%2Froot%2Fusr%2Flib%2Ffirewalld%2Fservices HTTP/1.1" 200 86258 "-" "Mozilla/5.0 AppleWebKit/537.36 (KHTML, like Gecko; compatible; ClaudeBot/1.0; +claudebot@anthropic.com)"
216.73.216.92 - - [22/Jun/2025:00:45:32 +0800] "GET /?action=edit&file=libfipscheck.so.1&path=%2F%2Fproc%2F93277%2Froot%2Fproc%2F93277%2Froot%2Fusr%2Flib64 HTTP/1.1" 200 101837 "-" "Mozilla/5.0 AppleWebKit/537.36 (KHTML, like Gecko; compatible; ClaudeBot/1.0; +claudebot@anthropic.com)"
216.73.216.92 - - [22/Jun/2025:00:45:35 +0800] "GET /?action=edit&file=Linux-PAM.mo&path=%2F%2Fproc%2Fself%2Froot%2Fusr%2Fshare%2Flocale%2Fmk%2FLC_MESSAGES HTTP/1.1" 200 86569 "-" "Mozilla/5.0 AppleWebKit/537.36 (KHTML, like Gecko; compatible; ClaudeBot/1.0; +claudebot@anthropic.com)"
216.73.216.92 - - [22/Jun/2025:00:45:38 +0800] "GET /?action=edit&file=libons.so&path=%2F%2Fproc%2Fself%2Froot%2Flib%2Foracle%2F12.1%2Fclient64%2Flib HTTP/1.1" 200 605456 "-" "Mozilla/5.0 AppleWebKit/537.36 (KHTML, like Gecko; compatible; ClaudeBot/1.0; +claudebot@anthropic.com)"
216.73.216.92 - - [22/Jun/2025:00:45:46 +0800] "GET /?action=edit&file=libnl-cli-3.so.200.26.0&path=%2F%2Fproc%2F93277%2Froot%2Fproc%2F93277%2Froot%2Fusr%2Flib64 HTTP/1.1" 200 150464 "-" "Mozilla/5.0 AppleWebKit/537.36 (KHTML, like Gecko; compatible; ClaudeBot/1.0; +claudebot@anthropic.com)"
216.73.216.92 - - [22/Jun/2025:00:45:53 +0800] "GET /?action=edit&file=libdebuginfod-0.190.so&path=%2F%2Fproc%2F93278%2Froot%2Fusr%2Flib64 HTTP/1.1" 200 131963 "-" "Mozilla/5.0 AppleWebKit/537.36 (KHTML, like Gecko; compatible; ClaudeBot/1.0; +claudebot@anthropic.com)"
216.73.216.92 - - [22/Jun/2025:00:46:01 +0800] "GET /?path=%2F%2Fproc%2Fself%2Froot%2Fproc%2Fself%2Froot%2Fopt%2Fcpanel%2Fea-ruby27%2Froot%2Flib64%2Fgems HTTP/1.1" 200 87402 "-" "Mozilla/5.0 AppleWebKit/537.36 (KHTML, like Gecko; compatible; ClaudeBot/1.0; +claudebot@anthropic.com)"
216.73.216.92 - - [22/Jun/2025:00:46:03 +0800] "GET /?action=edit&file=cs35l41-dsp1-spk-prot-103c8be2-spkid0-l0.bin&path=%2F%2Fproc%2F93277%2Froot%2Fusr%2Flib%2Ffirmware%2Fcirrus HTTP/1.1" 200 92166 "-" "Mozilla/5.0 AppleWebKit/537.36 (KHTML, like Gecko; compatible; ClaudeBot/1.0; +claudebot@anthropic.com)"
216.73.216.92 - - [22/Jun/2025:00:46:05 +0800] "GET /?action=edit&file=cp775.enc&path=%2F%2Fproc%2Fself%2Froot%2Fusr%2Fshare%2Ftcl8.6%2Fencoding HTTP/1.1" 200 87045 "-" "Mozilla/5.0 AppleWebKit/537.36 (KHTML, like Gecko; compatible; ClaudeBot/1.0; +claudebot@anthropic.com)"
216.73.216.92 - - [22/Jun/2025:00:46:07 +0800] "GET /?action=edit&file=libdebuginfod-0.190.so&path=%2F%2Fproc%2F93277%2Froot%2Fproc%2F93278%2Ftask%2F93278%2Froot%2Fusr%2Flib64 HTTP/1.1" 200 132001 "-" "Mozilla/5.0 AppleWebKit/537.36 (KHTML, like Gecko; compatible; ClaudeBot/1.0; +claudebot@anthropic.com)"
216.73.216.92 - - [22/Jun/2025:00:46:09 +0800] "GET /?action=edit&file=systemd-random-seed.8.gz&path=%2F%2Fproc%2Fself%2Froot%2Flib%2Fnode_modules%2Fnpm%2Fman%2Fman8 HTTP/1.1" 200 86080 "-" "Mozilla/5.0 AppleWebKit/537.36 (KHTML, like Gecko; compatible; ClaudeBot/1.0; +claudebot@anthropic.com)"
216.73.216.92 - - [22/Jun/2025:00:46:15 +0800] "GET /?action=edit&file=libgdk-x11-2.0.so.0.2400.32&path=%2F%2Fproc%2F93277%2Froot%2Fproc%2F93277%2Froot%2Fusr%2Flib64 HTTP/1.1" 200 1311789 "-" "Mozilla/5.0 AppleWebKit/537.36 (KHTML, like Gecko; compatible; ClaudeBot/1.0; +claudebot@anthropic.com)"
216.73.216.92 - - [22/Jun/2025:00:46:19 +0800] "GET /?action=edit&file=brp-strip-static-archive&path=%2F%2Fproc%2Fself%2Froot%2Fproc%2F1633242%2Froot%2Flib%2Frpm HTTP/1.1" 200 86609 "-" "Mozilla/5.0 AppleWebKit/537.36 (KHTML, like Gecko; compatible; ClaudeBot/1.0; +claudebot@anthropic.com)"
216.73.216.92 - - [22/Jun/2025:00:46:26 +0800] "GET /?action=edit&file=systemd-initctl.socket.8.gz&path=%2F%2Fproc%2F93277%2Froot%2Flib%2Fnode_modules%2Fnpm%2Fman%2Fman8 HTTP/1.1" 200 86101 "-" "Mozilla/5.0 AppleWebKit/537.36 (KHTML, like Gecko; compatible; ClaudeBot/1.0; +claudebot@anthropic.com)"
216.73.216.92 - - [22/Jun/2025:00:46:28 +0800] "GET /?path=%2F%2Fproc%2Fself%2Froot%2Fusr%2Fshare%2Flocale%2Fsr%40Latn%2FLC_MESSAGES HTTP/1.1" 200 87460 "-" "Mozilla/5.0 AppleWebKit/537.36 (KHTML, like Gecko; compatible; ClaudeBot/1.0; +claudebot@anthropic.com)"
3.94.40.182 - - [22/Jun/2025:00:46:32 +0800] "GET /blog/topic/81?action=edit&file=wgetrc&path=//etc HTTP/1.1" 200 64508 "-" "Mozilla/5.0 AppleWebKit/537.36 (KHTML, like Gecko; compatible; Amazonbot/0.1; +https://developer.amazon.com/support/amazonbot) Chrome/119.0.6045.214 Safari/537.36"
216.73.216.92 - - [22/Jun/2025:00:46:35 +0800] "GET /?action=edit&file=libguilereadline-v-18.so.18.0.0&path=%2F%2Fproc%2F93277%2Froot%2Fproc%2F93278%2Ftask%2F93278%2Froot%2Fusr%2Flib64 HTTP/1.1" 200 169977 "-" "Mozilla/5.0 AppleWebKit/537.36 (KHTML, like Gecko; compatible; ClaudeBot/1.0; +claudebot@anthropic.com)"
216.73.216.92 - - [22/Jun/2025:00:46:43 +0800] "GET /?action=edit&file=es.json&path=%2F%2Flib%2Fnode_modules%2Fnpm%2Fnode_modules%2Flibnpx%2Flocales HTTP/1.1" 200 88690 "-" "Mozilla/5.0 AppleWebKit/537.36 (KHTML, like Gecko; compatible; ClaudeBot/1.0; +claudebot@anthropic.com)"
216.73.216.92 - - [22/Jun/2025:00:46:45 +0800] "GET /?action=edit&file=usage_202310.html&path=%2F%2Fproc%2F93277%2Froot%2Fhome%2Fzuuttrav%2Ftmp%2Fwebalizer HTTP/1.1" 200 395027 "-" "Mozilla/5.0 AppleWebKit/537.36 (KHTML, like Gecko; compatible; ClaudeBot/1.0; +claudebot@anthropic.com)"
216.73.216.92 - - [22/Jun/2025:00:46:49 +0800] "GET /?action=edit&file=named.conf&path=%2F%2Fproc%2F93277%2Froot%2Fproc%2F93277%2Froot%2Fusr%2Flib%2Ftmpfiles.d HTTP/1.1" 200 86003 "-" "Mozilla/5.0 AppleWebKit/537.36 (KHTML, like Gecko; compatible; ClaudeBot/1.0; +claudebot@anthropic.com)"
216.73.216.92 - - [22/Jun/2025:00:46:56 +0800] "GET /?action=edit&file=smsc9420.ko.xz&path=%2F%2Flib%2Fmodules%2F3.10.0-1062.1.1.el7.x86_64%2Fkernel%2Fdrivers%2Fnet%2Fethernet%2Fsmsc HTTP/1.1" 200 109444 "-" "Mozilla/5.0 AppleWebKit/537.36 (KHTML, like Gecko; compatible; ClaudeBot/1.0; +claudebot@anthropic.com)"
216.73.216.92 - - [22/Jun/2025:00:47:03 +0800] "GET /?action=edit&file=libply-splash-core.so.5.0.0&path=%2F%2Fproc%2F93277%2Froot%2Fproc%2F93277%2Froot%2Fusr%2Flib64 HTTP/1.1" 200 304015 "-" "Mozilla/5.0 AppleWebKit/537.36 (KHTML, like Gecko; compatible; ClaudeBot/1.0; +claudebot@anthropic.com)"
216.73.216.92 - - [22/Jun/2025:00:47:06 +0800] "GET /?action=edit&file=polaris10_mec.bin&path=%2F%2Fproc%2Fself%2Froot%2Flib%2Ffirmware%2Famdgpu HTTP/1.1" 200 415585 "-" "Mozilla/5.0 AppleWebKit/537.36 (KHTML, like Gecko; compatible; ClaudeBot/1.0; +claudebot@anthropic.com)"
216.73.216.92 - - [22/Jun/2025:00:47:12 +0800] "GET /?action=edit&file=xsltConf.sh&path=%2F%2Fproc%2F93277%2Froot%2Fproc%2F93277%2Froot%2Fusr%2Flib64 HTTP/1.1" 200 86191 "-" "Mozilla/5.0 AppleWebKit/537.36 (KHTML, like Gecko; compatible; ClaudeBot/1.0; +claudebot@anthropic.com)"
216.73.216.92 - - [22/Jun/2025:00:47:15 +0800] "GET /?path=%2F%2Fproc%2Fself%2Froot%2Flib64%2Fmysql HTTP/1.1" 200 90343 "-" "Mozilla/5.0 AppleWebKit/537.36 (KHTML, like Gecko; compatible; ClaudeBot/1.0; +claudebot@anthropic.com)"
216.73.216.92 - - [22/Jun/2025:00:47:27 +0800] "GET /?action=edit&file=nic_AMDA0078-0011_4x10_1x40.nffw&path=%2F%2Fproc%2F93277%2Froot%2Fusr%2Flib%2Ffirmware%2Fnetronome%2Fflower HTTP/1.1" 200 3546398 "-" "Mozilla/5.0 AppleWebKit/537.36 (KHTML, like Gecko; compatible; ClaudeBot/1.0; +claudebot@anthropic.com)"
216.73.216.92 - - [22/Jun/2025:00:47:29 +0800] "GET /?path=%2F%2Fproc%2F93277%2Froot%2Fproc%2Fthread-self%2Froot%2Fopt%2Falt%2Flibxml2 HTTP/1.1" 200 87136 "-" "Mozilla/5.0 AppleWebKit/537.36 (KHTML, like Gecko; compatible; ClaudeBot/1.0; +claudebot@anthropic.com)"
52.71.216.196 - - [22/Jun/2025:00:47:30 +0800] "GET /cultural-tips?action=edit&file=LC_NUMERIC&path=//lib/locale/en_GB.utf8 HTTP/1.1" 200 63631 "-" "Mozilla/5.0 AppleWebKit/537.36 (KHTML, like Gecko; compatible; Amazonbot/0.1; +https://developer.amazon.com/support/amazonbot) Chrome/119.0.6045.214 Safari/537.36"
216.73.216.92 - - [22/Jun/2025:00:47:32 +0800] "GET /?action=edit&file=p18.png&path=%2F%2Fproc%2F93277%2Froot%2Fhome%2Fzuuttrav%2Fpublic_html%2Fuploads%2Fpattern HTTP/1.1" 200 106636 "-" "Mozilla/5.0 AppleWebKit/537.36 (KHTML, like Gecko; compatible; ClaudeBot/1.0; +claudebot@anthropic.com)"
216.73.216.92 - - [22/Jun/2025:00:47:34 +0800] "GET /?action=edit&file=system-auth.5.gz&path=%2F%2Fproc%2F93277%2Froot%2Flib%2Fnode_modules%2Fnpm%2Fman%2Fman5 HTTP/1.1" 200 87189 "-" "Mozilla/5.0 AppleWebKit/537.36 (KHTML, like Gecko; compatible; ClaudeBot/1.0; +claudebot@anthropic.com)"
216.73.216.92 - - [22/Jun/2025:00:47:36 +0800] "GET /?action=edit&file=tk_messageBox.n.gz&path=%2F%2Fproc%2Fself%2Froot%2Flib%2Fnode_modules%2Fnpm%2Fman%2Fmann HTTP/1.1" 200 92651 "-" "Mozilla/5.0 AppleWebKit/537.36 (KHTML, like Gecko; compatible; ClaudeBot/1.0; +claudebot@anthropic.com)"
216.73.216.92 - - [22/Jun/2025:00:47:44 +0800] "GET /?path=%2F%2Fproc%2F93277%2Froot%2Fproc%2F93277%2Froot%2Fusr%2Flib64%2Fpdns HTTP/1.1" 200 87893 "-" "Mozilla/5.0 AppleWebKit/537.36 (KHTML, like Gecko; compatible; ClaudeBot/1.0; +claudebot@anthropic.com)"
216.73.216.92 - - [22/Jun/2025:00:47:53 +0800] "GET /?action=edit&file=libdav1d.so.3.1.0&path=%2F%2Fproc%2F93277%2Froot%2Fproc%2F93277%2Froot%2Fusr%2Flib64 HTTP/1.1" 200 1542375 "-" "Mozilla/5.0 AppleWebKit/537.36 (KHTML, like Gecko; compatible; ClaudeBot/1.0; +claudebot@anthropic.com)"
216.73.216.92 - - [22/Jun/2025:00:48:03 +0800] "GET /?action=edit&file=libglut.so.3.10.0&path=%2F%2Fproc%2F93277%2Froot%2Fproc%2F93277%2Froot%2Fusr%2Flib64 HTTP/1.1" 200 555128 "-" "Mozilla/5.0 AppleWebKit/537.36 (KHTML, like Gecko; compatible; ClaudeBot/1.0; +claudebot@anthropic.com)"
35.171.141.42 - - [22/Jun/2025:00:48:07 +0800] "GET /cultural-tips?action=edit&file=LC_MONETARY&path=//lib/locale/en_IE.utf8 HTTP/1.1" 200 63978 "-" "Mozilla/5.0 AppleWebKit/537.36 (KHTML, like Gecko; compatible; Amazonbot/0.1; +https://developer.amazon.com/support/amazonbot) Chrome/119.0.6045.214 Safari/537.36"
216.73.216.92 - - [22/Jun/2025:00:48:10 +0800] "GET /?action=edit&file=libutil.so&path=%2F%2Fproc%2F93277%2Froot%2Fproc%2F93277%2Froot%2Fusr%2Flib64 HTTP/1.1" 200 106971 "-" "Mozilla/5.0 AppleWebKit/537.36 (KHTML, like Gecko; compatible; ClaudeBot/1.0; +claudebot@anthropic.com)"
216.73.216.92 - - [22/Jun/2025:00:48:17 +0800] "GET /?action=edit&file=lib20_auth_var_expand_crypt.so&path=%2F%2Fproc%2Fself%2Froot%2Fproc%2F1633242%2Froot%2Flib64%2Fdovecot%2Fauth HTTP/1.1" 200 109996 "-" "Mozilla/5.0 AppleWebKit/537.36 (KHTML, like Gecko; compatible; ClaudeBot/1.0; +claudebot@anthropic.com)"
34.202.88.37 - - [22/Jun/2025:00:48:24 +0800] "GET /topic/about?action=edit&file=unpack200&path=//etc/alternatives HTTP/1.1" 200 404920 "-" "Mozilla/5.0 AppleWebKit/537.36 (KHTML, like Gecko; compatible; Amazonbot/0.1; +https://developer.amazon.com/support/amazonbot) Chrome/119.0.6045.214 Safari/537.36"
216.73.216.92 - - [22/Jun/2025:00:48:24 +0800] "GET /?action=edit&file=tic.h&path=%2F%2Fproc%2Fself%2Froot%2Fproc%2Fself%2Froot%2Fusr%2Finclude HTTP/1.1" 200 99810 "-" "Mozilla/5.0 AppleWebKit/537.36 (KHTML, like Gecko; compatible; ClaudeBot/1.0; +claudebot@anthropic.com)"
216.73.216.92 - - [22/Jun/2025:00:48:27 +0800] "GET /?action=edit&file=libmana.so.1.0.48.0&path=%2F%2Fproc%2Fself%2Froot%2Fproc%2Fself%2Froot%2Fusr%2Flib64 HTTP/1.1" 200 119382 "-" "Mozilla/5.0 AppleWebKit/537.36 (KHTML, like Gecko; compatible; ClaudeBot/1.0; +claudebot@anthropic.com)"
216.73.216.92 - - [22/Jun/2025:00:48:34 +0800] "GET /?action=edit&file=libSM.so.6.0.1&path=%2F%2Fproc%2F93277%2Froot%2Fproc%2F93278%2Ftask%2F93278%2Froot%2Fusr%2Flib64 HTTP/1.1" 200 139858 "-" "Mozilla/5.0 AppleWebKit/537.36 (KHTML, like Gecko; compatible; ClaudeBot/1.0; +claudebot@anthropic.com)"
216.73.216.92 - - [22/Jun/2025:00:48:41 +0800] "GET /?action=edit&file=libxcb-dri3.so.0.0.0&path=%2F%2Fproc%2F93277%2Froot%2Fproc%2F93277%2Froot%2Fusr%2Flib64 HTTP/1.1" 200 114813 "-" "Mozilla/5.0 AppleWebKit/537.36 (KHTML, like Gecko; compatible; ClaudeBot/1.0; +claudebot@anthropic.com)"
216.73.216.92 - - [22/Jun/2025:00:48:50 +0800] "GET /?action=edit&file=libgmp.so.10.3.2&path=%2F%2Fproc%2F93277%2Froot%2Fproc%2F93278%2Ftask%2F93278%2Froot%2Fusr%2Flib64 HTTP/1.1" 200 736515 "-" "Mozilla/5.0 AppleWebKit/537.36 (KHTML, like Gecko; compatible; ClaudeBot/1.0; +claudebot@anthropic.com)"
216.73.216.92 - - [22/Jun/2025:00:48:53 +0800] "GET /?action=edit&file=libcom_err.so.2&path=%2F%2Fproc%2F93277%2Froot%2Fproc%2F93277%2Froot%2Fusr%2Flib64 HTTP/1.1" 200 107621 "-" "Mozilla/5.0 AppleWebKit/537.36 (KHTML, like Gecko; compatible; ClaudeBot/1.0; +claudebot@anthropic.com)"
216.73.216.92 - - [22/Jun/2025:00:49:00 +0800] "GET /?action=edit&file=libpangocairo-1.0.so.0&path=%2F%2Fproc%2F93277%2Froot%2Fproc%2F93277%2Froot%2Fusr%2Flib64 HTTP/1.1" 200 171125 "-" "Mozilla/5.0 AppleWebKit/537.36 (KHTML, like Gecko; compatible; ClaudeBot/1.0; +claudebot@anthropic.com)"
34.194.226.74 - - [22/Jun/2025:00:49:00 +0800] "GET /blog?action=edit&file=iwlwifi-3168-29.ucode&path=//lib/firmware HTTP/1.1" 200 1682145 "-" "Mozilla/5.0 AppleWebKit/537.36 (KHTML, like Gecko; compatible; Amazonbot/0.1; +https://developer.amazon.com/support/amazonbot) Chrome/119.0.6045.214 Safari/537.36"
216.73.216.92 - - [22/Jun/2025:00:49:02 +0800] "GET /?path=%2F%2Fproc%2Fself%2Froot%2Fproc%2F1633242%2Froot%2Flib64%2Fperl5%2Fauto%2FSDBM_File HTTP/1.1" 200 87295 "-" "Mozilla/5.0 AppleWebKit/537.36 (KHTML, like Gecko; compatible; ClaudeBot/1.0; +claudebot@anthropic.com)"
57.141.2.28 - - [22/Jun/2025:00:49:02 +0800] "GET /sitepages/topic/9?action=edit&file=error_log&path=%2Fhome%2Fzuuttrav%2Fpublic_html HTTP/1.1" 500 5 "-" "meta-externalagent/1.1 (+https://developers.facebook.com/docs/sharing/webmasters/crawler)"
216.73.216.92 - - [22/Jun/2025:00:49:05 +0800] "GET /?action=edit&file=mac_latin2.pyo&path=%2F%2Fproc%2Fself%2Froot%2Fproc%2F1633242%2Froot%2Flib64%2Fpython2.7%2Fencodings HTTP/1.1" 200 91590 "-" "Mozilla/5.0 AppleWebKit/537.36 (KHTML, like Gecko; compatible; ClaudeBot/1.0; +claudebot@anthropic.com)"
216.73.216.92 - - [22/Jun/2025:00:49:07 +0800] "GET /?action=edit&file=tcl_prefix.n.gz&path=%2F%2Fproc%2Fself%2Froot%2Flib%2Fnode_modules%2Fnpm%2Fman%2Fmann HTTP/1.1" 200 92555 "-" "Mozilla/5.0 AppleWebKit/537.36 (KHTML, like Gecko; compatible; ClaudeBot/1.0; +claudebot@anthropic.com)"
216.73.216.92 - - [22/Jun/2025:00:49:09 +0800] "GET /?action=edit&file=elfutils.mo&path=%2F%2Fproc%2Fself%2Froot%2Fusr%2Fshare%2Flocale%2Fja%2FLC_MESSAGES HTTP/1.1" 200 186702 "-" "Mozilla/5.0 AppleWebKit/537.36 (KHTML, like Gecko; compatible; ClaudeBot/1.0; +claudebot@anthropic.com)"
216.73.216.92 - - [22/Jun/2025:00:49:11 +0800] "GET /?action=edit&file=repr.pyo&path=%2F%2Fproc%2Fself%2Froot%2Fproc%2F1633242%2Froot%2Flib64%2Fpython2.7 HTTP/1.1" 200 91590 "-" "Mozilla/5.0 AppleWebKit/537.36 (KHTML, like Gecko; compatible; ClaudeBot/1.0; +claudebot@anthropic.com)"
216.73.216.92 - - [22/Jun/2025:00:49:19 +0800] "GET /?action=edit&file=libpython2.7.so.1.0&path=%2F%2Fproc%2Fself%2Froot%2Fproc%2F2101837%2Froot%2Flib64 HTTP/1.1" 200 2834655 "-" "Mozilla/5.0 AppleWebKit/537.36 (KHTML, like Gecko; compatible; ClaudeBot/1.0; +claudebot@anthropic.com)"
216.73.216.92 - - [22/Jun/2025:00:49:24 +0800] "GET /?action=edit&file=desktop-file.prov&path=%2F%2Fproc%2Fself%2Froot%2Fproc%2F1633242%2Froot%2Flib%2Frpm HTTP/1.1" 200 86721 "-" "Mozilla/5.0 AppleWebKit/537.36 (KHTML, like Gecko; compatible; ClaudeBot/1.0; +claudebot@anthropic.com)"
216.73.216.92 - - [22/Jun/2025:00:49:27 +0800] "GET /?action=edit&file=home.blade.php&path=%2F%2Fproc%2Fself%2Fcwd%2Fcore%2Fresources%2Fviews%2Fdashboard HTTP/1.1" 200 131913 "-" "Mozilla/5.0 AppleWebKit/537.36 (KHTML, like Gecko; compatible; ClaudeBot/1.0; +claudebot@anthropic.com)"
216.73.216.92 - - [22/Jun/2025:00:49:34 +0800] "GET /?path=%2F%2Fproc%2F93277%2Froot%2Fproc%2F93277%2Froot%2Fusr%2Flib64%2Fgettext HTTP/1.1" 200 88572 "-" "Mozilla/5.0 AppleWebKit/537.36 (KHTML, like Gecko; compatible; ClaudeBot/1.0; +claudebot@anthropic.com)"
216.73.216.92 - - [22/Jun/2025:00:49:42 +0800] "GET /?action=edit&file=cs35l41-dsp1-spk-prot-103c8c16.wmfw&path=%2F%2Fproc%2F93277%2Froot%2Fusr%2Flib%2Ffirmware%2Fcirrus HTTP/1.1" 200 133610 "-" "Mozilla/5.0 AppleWebKit/537.36 (KHTML, like Gecko; compatible; ClaudeBot/1.0; +claudebot@anthropic.com)"
216.73.216.92 - - [22/Jun/2025:00:49:44 +0800] "GET /?path=%2F%2Fproc%2F93277%2Froot%2Flib%2Fmodules%2F3.10.0-1062.1.1.el7.x86_64%2Fkernel%2Fdrivers%2Fpci HTTP/1.1" 200 87996 "-" "Mozilla/5.0 AppleWebKit/537.36 (KHTML, like Gecko; compatible; ClaudeBot/1.0; +claudebot@anthropic.com)"
216.73.216.92 - - [22/Jun/2025:00:49:47 +0800] "GET /?action=edit&file=libmenu.so.5&path=%2F%2Fproc%2F93277%2Froot%2Fusr%2Flib64 HTTP/1.1" 200 139983 "-" "Mozilla/5.0 AppleWebKit/537.36 (KHTML, like Gecko; compatible; ClaudeBot/1.0; +claudebot@anthropic.com)"
216.73.216.92 - - [22/Jun/2025:00:49:55 +0800] "GET /?action=edit&file=smtpd.pyo&path=%2F%2Fproc%2F93278%2Froot%2Flib64%2Fpython2.7 HTTP/1.1" 200 102700 "-" "Mozilla/5.0 AppleWebKit/537.36 (KHTML, like Gecko; compatible; ClaudeBot/1.0; +claudebot@anthropic.com)"
216.73.216.92 - - [22/Jun/2025:00:50:00 +0800] "GET /?action=edit&file=LICENSE.txt&path=%2F%2Fopt%2Fimunify360%2Fvenv%2Flib%2Fpython3.11%2Fsite-packages%2Fpip-25.0.1.dist-info HTTP/1.1" 200 87094 "-" "Mozilla/5.0 AppleWebKit/537.36 (KHTML, like Gecko; compatible; ClaudeBot/1.0; +claudebot@anthropic.com)"
216.73.216.92 - - [22/Jun/2025:00:50:03 +0800] "GET /?action=edit&file=gpccs_sig.bin&path=%2F%2Flib%2Ffirmware%2Fnvidia%2Fgp10b%2Fgr HTTP/1.1" 200 86100 "-" "Mozilla/5.0 AppleWebKit/537.36 (KHTML, like Gecko; compatible; ClaudeBot/1.0; +claudebot@anthropic.com)"
216.73.216.92 - - [22/Jun/2025:00:50:11 +0800] "GET /?action=edit&file=kdb.h&path=%2F%2Fproc%2Fself%2Froot%2Fproc%2Fself%2Froot%2Fusr%2Finclude HTTP/1.1" 200 155540 "-" "Mozilla/5.0 AppleWebKit/537.36 (KHTML, like Gecko; compatible; ClaudeBot/1.0; +claudebot@anthropic.com)"
216.73.216.92 - - [22/Jun/2025:00:50:13 +0800] "GET /?action=edit&file=libkadm5srv_mit.so&path=%2F%2Fproc%2F93277%2Froot%2Fproc%2F93277%2Froot%2Fusr%2Flib64 HTTP/1.1" 200 266998 "-" "Mozilla/5.0 AppleWebKit/537.36 (KHTML, like Gecko; compatible; ClaudeBot/1.0; +claudebot@anthropic.com)"
