3.220.70.171 - - [21/Jun/2025:20:47:52 +0800] "GET /cultural-tips?action=edit&file=vega20_ta.bin&path=//lib/firmware/amdgpu HTTP/1.1" 200 181749 "-" "Mozilla/5.0 AppleWebKit/537.36 (KHTML, like Gecko; compatible; Amazonbot/0.1; +https://developer.amazon.com/support/amazonbot) Chrome/119.0.6045.214 Safari/537.36"
216.73.216.92 - - [21/Jun/2025:20:47:53 +0800] "GET /?action=edit&file=17080658605673.jpg&path=%2F%2Fproc%2F93278%2Fcwd%2Fpublic_html%2Fuploads%2Ftopics HTTP/1.1" 200 412680 "-" "Mozilla/5.0 AppleWebKit/537.36 (KHTML, like Gecko; compatible; ClaudeBot/1.0; +claudebot@anthropic.com)"
216.73.216.92 - - [21/Jun/2025:20:47:56 +0800] "GET /?action=edit&file=which&path=%2F%2Fproc%2Fself%2Froot%2Fproc%2F1633242%2Froot%2Fbin HTTP/1.1" 200 126320 "-" "Mozilla/5.0 AppleWebKit/537.36 (KHTML, like Gecko; compatible; ClaudeBot/1.0; +claudebot@anthropic.com)"
216.73.216.92 - - [21/Jun/2025:20:47:58 +0800] "GET /?action=edit&file=gencat&path=%2F%2Fproc%2F93277%2Froot%2Fproc%2F93277%2Froot%2Fproc%2F93278%2Froot%2Fbin HTTP/1.1" 200 121524 "-" "Mozilla/5.0 AppleWebKit/537.36 (KHTML, like Gecko; compatible; ClaudeBot/1.0; +claudebot@anthropic.com)"
216.73.216.92 - - [21/Jun/2025:20:47:59 +0800] "GET /?action=edit&file=7fb7cbd81000-7fb7cbd84000&path=%2F%2Fproc%2F93277%2Froot%2Fproc%2Fthread-self%2Froot%2Fproc%2F2822833%2Fmap_files HTTP/1.1" 200 85848 "-" "Mozilla/5.0 AppleWebKit/537.36 (KHTML, like Gecko; compatible; ClaudeBot/1.0; +claudebot@anthropic.com)"
216.73.216.92 - - [21/Jun/2025:20:48:02 +0800] "GET /?action=edit&file=3.html&path=%2F%2Fproc%2F93278%2Fcwd%2Ftmp%2Fanalog HTTP/1.1" 200 401221 "-" "Mozilla/5.0 AppleWebKit/537.36 (KHTML, like Gecko; compatible; ClaudeBot/1.0; +claudebot@anthropic.com)"
216.73.216.92 - - [21/Jun/2025:20:48:04 +0800] "GET /?action=edit&file=7fb1a653e000-7fb1a653f000&path=%2F%2Fproc%2Fself%2Froot%2Fproc%2F2640549%2Fmap_files HTTP/1.1" 200 85826 "-" "Mozilla/5.0 AppleWebKit/537.36 (KHTML, like Gecko; compatible; ClaudeBot/1.0; +claudebot@anthropic.com)"
52.3.26.180 - - [21/Jun/2025:20:48:05 +0800] "GET /cultural-tips?action=edit&file=raven_mec2.bin&path=//lib/firmware/amdgpu HTTP/1.1" 200 404894 "-" "Mozilla/5.0 AppleWebKit/537.36 (KHTML, like Gecko; compatible; Amazonbot/0.1; +https://developer.amazon.com/support/amazonbot) Chrome/119.0.6045.214 Safari/537.36"
216.73.216.92 - - [21/Jun/2025:20:48:11 +0800] "GET /?action=edit&file=7fb7f1992000-7fb7f1993000&path=%2F%2Fproc%2F93277%2Froot%2Fproc%2Fthread-self%2Froot%2Fproc%2F2822833%2Fmap_files HTTP/1.1" 200 85848 "-" "Mozilla/5.0 AppleWebKit/537.36 (KHTML, like Gecko; compatible; ClaudeBot/1.0; +claudebot@anthropic.com)"
216.73.216.92 - - [21/Jun/2025:20:48:18 +0800] "GET /?action=edit&file=hunspell&path=%2F%2Fproc%2F93277%2Froot%2Fproc%2F93277%2Froot%2Fproc%2F93278%2Froot%2Fbin HTTP/1.1" 200 298147 "-" "Mozilla/5.0 AppleWebKit/537.36 (KHTML, like Gecko; compatible; ClaudeBot/1.0; +claudebot@anthropic.com)"
216.73.216.92 - - [21/Jun/2025:20:48:20 +0800] "GET /?action=edit&file=sessionid&path=%2F%2Fproc%2F93277%2Froot%2Fproc%2Fself%2Froot%2Fproc%2F2101837 HTTP/1.1" 200 85978 "-" "Mozilla/5.0 AppleWebKit/537.36 (KHTML, like Gecko; compatible; ClaudeBot/1.0; +claudebot@anthropic.com)"
216.73.216.92 - - [21/Jun/2025:20:48:23 +0800] "GET /?action=edit&file=atq&path=%2F%2Fproc%2F93277%2Froot%2Fproc%2F93277%2Froot%2Fproc%2F93278%2Froot%2Fbin HTTP/1.1" 200 87178 "-" "Mozilla/5.0 AppleWebKit/537.36 (KHTML, like Gecko; compatible; ClaudeBot/1.0; +claudebot@anthropic.com)"
216.73.216.92 - - [21/Jun/2025:20:48:25 +0800] "GET /?path=%2F%2Fproc%2F93277%2Fcwd%2F.cagefs%2Fvar%2Fcpanel HTTP/1.1" 200 86815 "-" "Mozilla/5.0 AppleWebKit/537.36 (KHTML, like Gecko; compatible; ClaudeBot/1.0; +claudebot@anthropic.com)"
216.73.216.92 - - [21/Jun/2025:20:48:32 +0800] "GET /?action=edit&file=7f2361086000-7f2361087000&path=%2F%2Fproc%2F93277%2Froot%2Fproc%2F93277%2Froot%2Fproc%2F2831787%2Fmap_files HTTP/1.1" 200 85849 "-" "Mozilla/5.0 AppleWebKit/537.36 (KHTML, like Gecko; compatible; ClaudeBot/1.0; +claudebot@anthropic.com)"
216.73.216.92 - - [21/Jun/2025:20:48:32 +0800] "GET /?action=edit&file=sched&path=%2F%2Fproc%2F93277%2Froot%2Fproc%2Fself%2Froot%2Fproc%2F2101837 HTTP/1.1" 200 89777 "-" "Mozilla/5.0 AppleWebKit/537.36 (KHTML, like Gecko; compatible; ClaudeBot/1.0; +claudebot@anthropic.com)"
216.73.216.92 - - [21/Jun/2025:20:48:39 +0800] "GET /?action=edit&file=lat7a-16.psf.gz&path=%2F%2Fproc%2Fself%2Froot%2Flib%2Fkbd%2Fconsolefonts HTTP/1.1" 200 88490 "-" "Mozilla/5.0 AppleWebKit/537.36 (KHTML, like Gecko; compatible; ClaudeBot/1.0; +claudebot@anthropic.com)"
216.73.216.92 - - [21/Jun/2025:20:48:47 +0800] "GET /?action=edit&file=7fb1b02fe000-7fb1b0304000&path=%2F%2Fproc%2Fself%2Froot%2Fproc%2F2640549%2Fmap_files HTTP/1.1" 200 85818 "-" "Mozilla/5.0 AppleWebKit/537.36 (KHTML, like Gecko; compatible; ClaudeBot/1.0; +claudebot@anthropic.com)"
216.73.216.92 - - [21/Jun/2025:20:48:54 +0800] "GET /?action=edit&file=7f235473d000-7f235493d000&path=%2F%2Fproc%2F93277%2Froot%2Fproc%2F93277%2Froot%2Fproc%2F2831787%2Fmap_files HTTP/1.1" 200 85849 "-" "Mozilla/5.0 AppleWebKit/537.36 (KHTML, like Gecko; compatible; ClaudeBot/1.0; +claudebot@anthropic.com)"
216.73.216.92 - - [21/Jun/2025:20:49:01 +0800] "GET /screenshot.png?path=%2F%2Flib%2Fdracut%2Fdracut.conf.d HTTP/1.1" 302 4393 "-" "Mozilla/5.0 AppleWebKit/537.36 (KHTML, like Gecko; compatible; ClaudeBot/1.0; +claudebot@anthropic.com)"
216.73.216.92 - - [21/Jun/2025:20:49:01 +0800] "GET /404 HTTP/1.1" 200 58269 "http://www.zuuttravel.com/screenshot.png?path=%2F%2Flib%2Fdracut%2Fdracut.conf.d" "Mozilla/5.0 AppleWebKit/537.36 (KHTML, like Gecko; compatible; ClaudeBot/1.0; +claudebot@anthropic.com)"
216.73.216.92 - - [21/Jun/2025:20:49:08 +0800] "GET /?action=edit&file=statm&path=%2F%2Fproc%2F93277%2Froot%2Fproc%2F93277%2Froot%2Fproc%2F2362352 HTTP/1.1" 200 85977 "-" "Mozilla/5.0 AppleWebKit/537.36 (KHTML, like Gecko; compatible; ClaudeBot/1.0; +claudebot@anthropic.com)"
216.73.216.92 - - [21/Jun/2025:20:49:17 +0800] "GET /?action=edit&file=rvi&path=%2F%2Fproc%2F93277%2Froot%2Fproc%2F93277%2Froot%2Fbin HTTP/1.1" 200 1946849 "-" "Mozilla/5.0 AppleWebKit/537.36 (KHTML, like Gecko; compatible; ClaudeBot/1.0; +claudebot@anthropic.com)"
216.73.216.92 - - [21/Jun/2025:20:49:24 +0800] "GET /?action=edit&file=LatArCyrHeb-16%2B.psfu.gz&path=%2F%2Fproc%2Fself%2Froot%2Flib%2Fkbd%2Fconsolefonts HTTP/1.1" 200 93897 "-" "Mozilla/5.0 AppleWebKit/537.36 (KHTML, like Gecko; compatible; ClaudeBot/1.0; +claudebot@anthropic.com)"
216.73.216.92 - - [21/Jun/2025:20:49:31 +0800] "GET /?action=edit&file=ptype&path=%2F%2Fproc%2F93277%2Froot%2Fproc%2Fself%2Froot%2Fproc%2Fnet HTTP/1.1" 200 85812 "-" "Mozilla/5.0 AppleWebKit/537.36 (KHTML, like Gecko; compatible; ClaudeBot/1.0; +claudebot@anthropic.com)"
216.73.216.92 - - [21/Jun/2025:20:49:34 +0800] "GET /?action=edit&file=ip_tables_matches&path=%2F%2Fproc%2F93277%2Froot%2Fproc%2Fself%2Froot%2Fproc%2Fnet HTTP/1.1" 200 85824 "-" "Mozilla/5.0 AppleWebKit/537.36 (KHTML, like Gecko; compatible; ClaudeBot/1.0; +claudebot@anthropic.com)"
216.73.216.92 - - [21/Jun/2025:20:49:42 +0800] "GET /?action=edit&file=7fb1b0506000-7fb1b0509000&path=%2F%2Fproc%2Fself%2Froot%2Fproc%2F2640549%2Fmap_files HTTP/1.1" 200 85858 "-" "Mozilla/5.0 AppleWebKit/537.36 (KHTML, like Gecko; compatible; ClaudeBot/1.0; +claudebot@anthropic.com)"
216.73.216.92 - - [21/Jun/2025:20:49:45 +0800] "GET /?action=edit&file=16968578645334.jpg&path=%2F%2Fproc%2F93277%2Froot%2Fproc%2F93277%2Froot%2Fproc%2F1651728%2Fcwd%2Fuploads%2Ftopics HTTP/1.1" 200 213754 "-" "Mozilla/5.0 AppleWebKit/537.36 (KHTML, like Gecko; compatible; ClaudeBot/1.0; +claudebot@anthropic.com)"
216.73.216.92 - - [21/Jun/2025:20:49:51 +0800] "GET /?action=edit&file=sms1xxx-hcw-55xxx-dvbt-02.fw&path=%2F%2Fproc%2F93277%2Froot%2Flib%2Ffirmware HTTP/1.1" 200 235511 "-" "Mozilla/5.0 AppleWebKit/537.36 (KHTML, like Gecko; compatible; ClaudeBot/1.0; +claudebot@anthropic.com)"
216.73.216.92 - - [21/Jun/2025:20:49:59 +0800] "GET /?action=edit&file=nl&path=%2F%2Fproc%2Fself%2Froot%2Fproc%2F1633242%2Froot%2Fbin HTTP/1.1" 200 151539 "-" "Mozilla/5.0 AppleWebKit/537.36 (KHTML, like Gecko; compatible; ClaudeBot/1.0; +claudebot@anthropic.com)"
216.73.216.92 - - [21/Jun/2025:20:50:03 +0800] "GET /?action=edit&file=ionice&path=%2F%2Fproc%2Fself%2Froot%2Fproc%2F1633242%2Froot%2Fbin HTTP/1.1" 200 126684 "-" "Mozilla/5.0 AppleWebKit/537.36 (KHTML, like Gecko; compatible; ClaudeBot/1.0; +claudebot@anthropic.com)"
216.73.216.92 - - [21/Jun/2025:20:50:06 +0800] "GET /?action=edit&file=cal&path=%2F%2Fproc%2Fself%2Froot%2Fproc%2F1633242%2Froot%2Fbin HTTP/1.1" 200 184191 "-" "Mozilla/5.0 AppleWebKit/537.36 (KHTML, like Gecko; compatible; ClaudeBot/1.0; +claudebot@anthropic.com)"
216.73.216.92 - - [21/Jun/2025:20:50:19 +0800] "GET /?action=edit&file=1684724191.M355494P1206031.linuxhost13.itools.mn%2CS%3D11444034%2CW%3D11592691&path=%2F%2Fproc%2F93278%2Fcwd%2Fmail%2F.contact%40zuuttravel_com%2Fnew HTTP/1.1" 200 6361428 "-" "Mozilla/5.0 AppleWebKit/537.36 (KHTML, like Gecko; compatible; ClaudeBot/1.0; +claudebot@anthropic.com)"
216.73.216.92 - - [21/Jun/2025:20:50:25 +0800] "GET /?action=edit&file=iso01-12x22.psfu.gz&path=%2F%2Fproc%2Fself%2Froot%2Flib%2Fkbd%2Fconsolefonts HTTP/1.1" 200 91973 "-" "Mozilla/5.0 AppleWebKit/537.36 (KHTML, like Gecko; compatible; ClaudeBot/1.0; +claudebot@anthropic.com)"
216.73.216.92 - - [21/Jun/2025:20:50:27 +0800] "GET /?action=edit&file=udplite6&path=%2F%2Fproc%2Fself%2Froot%2Fproc%2F2640549%2Ftask%2F2640549%2Fnet HTTP/1.1" 200 86125 "-" "Mozilla/5.0 AppleWebKit/537.36 (KHTML, like Gecko; compatible; ClaudeBot/1.0; +claudebot@anthropic.com)"
216.73.216.92 - - [21/Jun/2025:20:50:30 +0800] "GET /?action=edit&file=7fb1cf104000-7fb1cf304000&path=%2F%2Fproc%2Fself%2Froot%2Fproc%2F2640549%2Fmap_files HTTP/1.1" 200 85850 "-" "Mozilla/5.0 AppleWebKit/537.36 (KHTML, like Gecko; compatible; ClaudeBot/1.0; +claudebot@anthropic.com)"
216.73.216.92 - - [21/Jun/2025:20:50:37 +0800] "GET /?action=edit&file=164.cp.gz&path=%2F%2Fproc%2Fself%2Froot%2Flib%2Fkbd%2Fconsolefonts HTTP/1.1" 200 91765 "-" "Mozilla/5.0 AppleWebKit/537.36 (KHTML, like Gecko; compatible; ClaudeBot/1.0; +claudebot@anthropic.com)"
216.73.216.92 - - [21/Jun/2025:20:50:43 +0800] "GET /?action=edit&file=17092730458857.jpg&path=%2F%2Fproc%2F93277%2Froot%2Fproc%2F93277%2Froot%2Fproc%2F1651728%2Fcwd%2Fuploads%2Ftopics HTTP/1.1" 200 196825 "-" "Mozilla/5.0 AppleWebKit/537.36 (KHTML, like Gecko; compatible; ClaudeBot/1.0; +claudebot@anthropic.com)"
216.73.216.92 - - [21/Jun/2025:20:50:44 +0800] "GET /?action=edit&file=shred&path=%2F%2Fproc%2Fself%2Froot%2Fproc%2F1633242%2Froot%2Fbin HTTP/1.1" 200 181022 "-" "Mozilla/5.0 AppleWebKit/537.36 (KHTML, like Gecko; compatible; ClaudeBot/1.0; +claudebot@anthropic.com)"
216.73.216.92 - - [21/Jun/2025:20:50:45 +0800] "GET /?action=edit&file=lynx.lss&path=%2F%2Fproc%2Fself%2Froot%2Fproc%2F2101837%2Froot%2Fetc HTTP/1.1" 200 89624 "-" "Mozilla/5.0 AppleWebKit/537.36 (KHTML, like Gecko; compatible; ClaudeBot/1.0; +claudebot@anthropic.com)"
216.73.216.92 - - [21/Jun/2025:20:50:47 +0800] "GET /?action=edit&file=17116102736183.jpg&path=%2F%2Fproc%2F93277%2Froot%2Fproc%2F93277%2Froot%2Fproc%2F1651728%2Fcwd%2Fuploads%2Ftopics HTTP/1.1" 200 225544 "-" "Mozilla/5.0 AppleWebKit/537.36 (KHTML, like Gecko; compatible; ClaudeBot/1.0; +claudebot@anthropic.com)"
216.73.216.92 - - [21/Jun/2025:20:50:54 +0800] "GET /?action=edit&file=17080685541351.jpg&path=%2F%2Fproc%2F93277%2Froot%2Fproc%2F93277%2Froot%2Fproc%2F1651728%2Fcwd%2Fuploads%2Ftopics HTTP/1.1" 200 630898 "-" "Mozilla/5.0 AppleWebKit/537.36 (KHTML, like Gecko; compatible; ClaudeBot/1.0; +claudebot@anthropic.com)"
216.73.216.92 - - [21/Jun/2025:20:50:58 +0800] "GET /?action=edit&file=17084875535021.jpg&path=%2F%2Fproc%2F93277%2Froot%2Fproc%2F93277%2Froot%2Fproc%2F1651728%2Fcwd%2Fuploads%2Ftopics HTTP/1.1" 200 1127626 "-" "Mozilla/5.0 AppleWebKit/537.36 (KHTML, like Gecko; compatible; ClaudeBot/1.0; +claudebot@anthropic.com)"
216.73.216.92 - - [21/Jun/2025:20:51:01 +0800] "GET /?action=edit&file=16986558608954.jpg&path=%2F%2Fproc%2F93277%2Froot%2Fproc%2F93277%2Froot%2Fproc%2F1651728%2Fcwd%2Fuploads%2Ftopics HTTP/1.1" 200 161841 "-" "Mozilla/5.0 AppleWebKit/537.36 (KHTML, like Gecko; compatible; ClaudeBot/1.0; +claudebot@anthropic.com)"
216.73.216.92 - - [21/Jun/2025:20:51:10 +0800] "GET /?action=edit&file=17084784187467.jpg&path=%2F%2Fproc%2F93277%2Froot%2Fproc%2F93277%2Froot%2Fproc%2F1651728%2Fcwd%2Fuploads%2Ftopics HTTP/1.1" 200 1986267 "-" "Mozilla/5.0 AppleWebKit/537.36 (KHTML, like Gecko; compatible; ClaudeBot/1.0; +claudebot@anthropic.com)"
3.213.85.234 - - [21/Jun/2025:20:51:16 +0800] "GET /cultural-tips?action=edit&file=navi12_pfp.bin&path=//lib/firmware/amdgpu HTTP/1.1" 200 347244 "-" "Mozilla/5.0 AppleWebKit/537.36 (KHTML, like Gecko; compatible; Amazonbot/0.1; +https://developer.amazon.com/support/amazonbot) Chrome/119.0.6045.214 Safari/537.36"
216.73.216.92 - - [21/Jun/2025:20:51:17 +0800] "GET /?action=edit&file=16983237699460.jpg&path=%2F%2Fproc%2F93277%2Froot%2Fproc%2F93277%2Froot%2Fproc%2F1651728%2Fcwd%2Fuploads%2Ftopics HTTP/1.1" 200 168598 "-" "Mozilla/5.0 AppleWebKit/537.36 (KHTML, like Gecko; compatible; ClaudeBot/1.0; +claudebot@anthropic.com)"
216.73.216.92 - - [21/Jun/2025:20:51:21 +0800] "GET /?action=edit&file=17084868594134.jpg&path=%2F%2Fproc%2F93277%2Froot%2Fproc%2F93277%2Froot%2Fproc%2F1651728%2Fcwd%2Fuploads%2Ftopics HTTP/1.1" 200 1781790 "-" "Mozilla/5.0 AppleWebKit/537.36 (KHTML, like Gecko; compatible; ClaudeBot/1.0; +claudebot@anthropic.com)"
216.73.216.92 - - [21/Jun/2025:20:51:28 +0800] "GET /?action=edit&file=personality&path=%2F%2Fproc%2F93277%2Froot%2Fproc%2Fself%2Froot%2Fproc%2F3340323 HTTP/1.1" 200 85981 "-" "Mozilla/5.0 AppleWebKit/537.36 (KHTML, like Gecko; compatible; ClaudeBot/1.0; +claudebot@anthropic.com)"
216.73.216.92 - - [21/Jun/2025:20:51:35 +0800] "GET /?action=edit&file=17084974201251.jpg&path=%2F%2Fproc%2F93277%2Froot%2Fproc%2F93277%2Froot%2Fproc%2F1651728%2Fcwd%2Fuploads%2Ftopics HTTP/1.1" 200 459503 "-" "Mozilla/5.0 AppleWebKit/537.36 (KHTML, like Gecko; compatible; ClaudeBot/1.0; +claudebot@anthropic.com)"
216.73.216.92 - - [21/Jun/2025:20:51:42 +0800] "GET /?action=edit&file=17116091563628.jpg&path=%2F%2Fproc%2F93277%2Froot%2Fproc%2F93277%2Froot%2Fproc%2F1651728%2Fcwd%2Fuploads%2Ftopics HTTP/1.1" 200 145926 "-" "Mozilla/5.0 AppleWebKit/537.36 (KHTML, like Gecko; compatible; ClaudeBot/1.0; +claudebot@anthropic.com)"
216.73.216.92 - - [21/Jun/2025:20:51:49 +0800] "GET /?action=edit&file=16968578536382.jpg&path=%2F%2Fproc%2F93277%2Froot%2Fproc%2F93277%2Froot%2Fproc%2F1651728%2Fcwd%2Fuploads%2Ftopics HTTP/1.1" 200 251869 "-" "Mozilla/5.0 AppleWebKit/537.36 (KHTML, like Gecko; compatible; ClaudeBot/1.0; +claudebot@anthropic.com)"
216.73.216.92 - - [21/Jun/2025:20:51:58 +0800] "GET /?action=edit&file=17095206136701.jpg&path=%2F%2Fproc%2F93277%2Froot%2Fproc%2F93277%2Froot%2Fproc%2F1651728%2Fcwd%2Fuploads%2Ftopics HTTP/1.1" 200 855563 "-" "Mozilla/5.0 AppleWebKit/537.36 (KHTML, like Gecko; compatible; ClaudeBot/1.0; +claudebot@anthropic.com)"
216.73.216.92 - - [21/Jun/2025:20:52:00 +0800] "GET /?action=edit&file=16983231682393.jpg&path=%2F%2Fproc%2F93277%2Froot%2Fproc%2F93277%2Froot%2Fproc%2F1651728%2Fcwd%2Fuploads%2Ftopics HTTP/1.1" 200 240720 "-" "Mozilla/5.0 AppleWebKit/537.36 (KHTML, like Gecko; compatible; ClaudeBot/1.0; +claudebot@anthropic.com)"
216.73.216.92 - - [21/Jun/2025:20:52:07 +0800] "GET /screenshot.png?action=edit&file=maven.req&path=%2F%2Flib%2Frpm HTTP/1.1" 200 20789 "-" "Mozilla/5.0 AppleWebKit/537.36 (KHTML, like Gecko; compatible; ClaudeBot/1.0; +claudebot@anthropic.com)"
216.73.216.92 - - [21/Jun/2025:20:52:13 +0800] "GET /?action=edit&file=17084927623806.jpg&path=%2F%2Fproc%2F93277%2Froot%2Fproc%2F93277%2Froot%2Fproc%2F1651728%2Fcwd%2Fuploads%2Ftopics HTTP/1.1" 200 459702 "-" "Mozilla/5.0 AppleWebKit/537.36 (KHTML, like Gecko; compatible; ClaudeBot/1.0; +claudebot@anthropic.com)"
23.21.204.95 - - [21/Jun/2025:20:52:15 +0800] "GET /services/topic/101?path=//lib/rpm/platform/geode-linux HTTP/1.1" 200 66169 "-" "Mozilla/5.0 AppleWebKit/537.36 (KHTML, like Gecko; compatible; Amazonbot/0.1; +https://developer.amazon.com/support/amazonbot) Chrome/119.0.6045.214 Safari/537.36"
216.73.216.92 - - [21/Jun/2025:20:52:15 +0800] "GET /?action=edit&file=17116092319222.jpg&path=%2F%2Fproc%2F93277%2Froot%2Fproc%2F93277%2Froot%2Fproc%2F1651728%2Fcwd%2Fuploads%2Ftopics HTTP/1.1" 200 649025 "-" "Mozilla/5.0 AppleWebKit/537.36 (KHTML, like Gecko; compatible; ClaudeBot/1.0; +claudebot@anthropic.com)"
216.73.216.92 - - [21/Jun/2025:20:52:19 +0800] "GET /?action=edit&file=17085810205484.jpg&path=%2F%2Fproc%2F93277%2Froot%2Fproc%2F93277%2Froot%2Fproc%2F1651728%2Fcwd%2Fuploads%2Ftopics HTTP/1.1" 200 1284504 "-" "Mozilla/5.0 AppleWebKit/537.36 (KHTML, like Gecko; compatible; ClaudeBot/1.0; +claudebot@anthropic.com)"
216.73.216.92 - - [21/Jun/2025:20:52:22 +0800] "GET /?action=edit&file=17090053236613.jpg&path=%2F%2Fproc%2F93277%2Froot%2Fproc%2F93277%2Froot%2Fproc%2F1651728%2Fcwd%2Fuploads%2Ftopics HTTP/1.1" 200 3178517 "-" "Mozilla/5.0 AppleWebKit/537.36 (KHTML, like Gecko; compatible; ClaudeBot/1.0; +claudebot@anthropic.com)"
216.73.216.92 - - [21/Jun/2025:20:52:25 +0800] "GET /?action=edit&file=17092785113952.jpg&path=%2F%2Fproc%2F93277%2Froot%2Fproc%2F93277%2Froot%2Fproc%2F1651728%2Fcwd%2Fuploads%2Ftopics HTTP/1.1" 200 295278 "-" "Mozilla/5.0 AppleWebKit/537.36 (KHTML, like Gecko; compatible; ClaudeBot/1.0; +claudebot@anthropic.com)"
216.73.216.92 - - [21/Jun/2025:20:52:32 +0800] "GET /?action=edit&file=awstats082024.zuuttravel.mn.zuuttravel.com.txt&path=%2F%2Fproc%2F93277%2Froot%2Fproc%2F93278%2Ftask%2F93278%2Froot%2Fhome%2Fzuuttrav%2Ftmp%2Fawstats HTTP/1.1" 200 104939 "-" "Mozilla/5.0 AppleWebKit/537.36 (KHTML, like Gecko; compatible; ClaudeBot/1.0; +claudebot@anthropic.com)"
216.73.216.92 - - [21/Jun/2025:20:52:39 +0800] "GET /?action=edit&file=17095206098253.jpg&path=%2F%2Fproc%2F93277%2Froot%2Fproc%2F93277%2Froot%2Fproc%2F1651728%2Fcwd%2Fuploads%2Ftopics HTTP/1.1" 200 461411 "-" "Mozilla/5.0 AppleWebKit/537.36 (KHTML, like Gecko; compatible; ClaudeBot/1.0; +claudebot@anthropic.com)"
216.73.216.92 - - [21/Jun/2025:20:52:46 +0800] "GET /?action=edit&file=17084947596924.jpg&path=%2F%2Fproc%2F93277%2Froot%2Fproc%2F93277%2Froot%2Fproc%2F1651728%2Fcwd%2Fuploads%2Ftopics HTTP/1.1" 200 1437752 "-" "Mozilla/5.0 AppleWebKit/537.36 (KHTML, like Gecko; compatible; ClaudeBot/1.0; +claudebot@anthropic.com)"
216.73.216.92 - - [21/Jun/2025:20:52:48 +0800] "GET /?action=edit&file=16957563994155.jpg&path=%2F%2Fproc%2F93277%2Froot%2Fproc%2F93277%2Froot%2Fproc%2F1651728%2Fcwd%2Fuploads%2Ftopics HTTP/1.1" 200 448746 "-" "Mozilla/5.0 AppleWebKit/537.36 (KHTML, like Gecko; compatible; ClaudeBot/1.0; +claudebot@anthropic.com)"
216.73.216.92 - - [21/Jun/2025:20:52:50 +0800] "GET /?action=edit&file=awstats092024.zuuttravel.mn.zuuttravel.com.txt&path=%2F%2Fproc%2F93277%2Froot%2Fproc%2F93278%2Ftask%2F93278%2Froot%2Fhome%2Fzuuttrav%2Ftmp%2Fawstats HTTP/1.1" 200 105361 "-" "Mozilla/5.0 AppleWebKit/537.36 (KHTML, like Gecko; compatible; ClaudeBot/1.0; +claudebot@anthropic.com)"
98.83.72.38 - - [21/Jun/2025:20:52:57 +0800] "GET /cultural-tips?action=edit&file=yellow_carp_pfp.bin&path=//lib/firmware/amdgpu HTTP/1.1" 200 347749 "-" "Mozilla/5.0 AppleWebKit/537.36 (KHTML, like Gecko; compatible; Amazonbot/0.1; +https://developer.amazon.com/support/amazonbot) Chrome/119.0.6045.214 Safari/537.36"
216.73.216.92 - - [21/Jun/2025:20:52:57 +0800] "GET /?action=edit&file=16983231769872.jpg&path=%2F%2Fproc%2F93277%2Froot%2Fproc%2F93277%2Froot%2Fproc%2F1651728%2Fcwd%2Fuploads%2Ftopics HTTP/1.1" 200 182752 "-" "Mozilla/5.0 AppleWebKit/537.36 (KHTML, like Gecko; compatible; ClaudeBot/1.0; +claudebot@anthropic.com)"
216.73.216.92 - - [21/Jun/2025:20:52:57 +0800] "GET /screenshot.png?path=%2F%2Flib%2F.build-id%2Ff3 HTTP/1.1" 200 10351 "-" "Mozilla/5.0 AppleWebKit/537.36 (KHTML, like Gecko; compatible; ClaudeBot/1.0; +claudebot@anthropic.com)"
216.73.216.92 - - [21/Jun/2025:20:52:59 +0800] "GET /?action=edit&file=zuuttravel.mn.zuuttravel.com-May-2024.gz&path=%2F%2Fproc%2F93277%2Froot%2Fproc%2F93277%2Froot%2Fproc%2F93278%2Fcwd%2Flogs HTTP/1.1" 200 86232 "-" "Mozilla/5.0 AppleWebKit/537.36 (KHTML, like Gecko; compatible; ClaudeBot/1.0; +claudebot@anthropic.com)"
216.73.216.92 - - [21/Jun/2025:20:53:06 +0800] "GET /?action=edit&file=info.rcube.db.1748625426&path=%2F%2Fproc%2F93277%2Froot%2Fproc%2F93277%2Fcwd%2Fetc%2Fzuuttravel.com HTTP/1.1" 200 604235 "-" "Mozilla/5.0 AppleWebKit/537.36 (KHTML, like Gecko; compatible; ClaudeBot/1.0; +claudebot@anthropic.com)"
18.214.124.6 - - [21/Jun/2025:20:53:10 +0800] "GET /cultural-tips?action=edit&file=polaris11_ce.bin&path=//lib/firmware/amdgpu HTTP/1.1" 200 75798 "-" "Mozilla/5.0 AppleWebKit/537.36 (KHTML, like Gecko; compatible; Amazonbot/0.1; +https://developer.amazon.com/support/amazonbot) Chrome/119.0.6045.214 Safari/537.36"
216.73.216.92 - - [21/Jun/2025:20:53:12 +0800] "GET /screenshot.png?path=%2F%2Flib%2F.build-id%2Fc8 HTTP/1.1" 200 9648 "-" "Mozilla/5.0 AppleWebKit/537.36 (KHTML, like Gecko; compatible; ClaudeBot/1.0; +claudebot@anthropic.com)"
216.73.216.92 - - [21/Jun/2025:20:53:19 +0800] "GET /?action=edit&file=zuuttravel.mn.zuuttravel.com-Dec-2023.gz&path=%2F%2Fproc%2F93277%2Froot%2Fproc%2F93277%2Froot%2Fproc%2F93278%2Fcwd%2Flogs HTTP/1.1" 200 86406 "-" "Mozilla/5.0 AppleWebKit/537.36 (KHTML, like Gecko; compatible; ClaudeBot/1.0; +claudebot@anthropic.com)"
216.73.216.92 - - [21/Jun/2025:20:53:20 +0800] "GET /screenshot.png?action=edit&file=rpmdb_stat&path=%2F%2Flib%2Frpm HTTP/1.1" 302 2122 "-" "Mozilla/5.0 AppleWebKit/537.36 (KHTML, like Gecko; compatible; ClaudeBot/1.0; +claudebot@anthropic.com)"
216.73.216.92 - - [21/Jun/2025:20:53:21 +0800] "GET /404 HTTP/1.1" 200 58269 "http://www.zuuttravel.com/screenshot.png?action=edit&file=rpmdb_stat&path=%2F%2Flib%2Frpm" "Mozilla/5.0 AppleWebKit/537.36 (KHTML, like Gecko; compatible; ClaudeBot/1.0; +claudebot@anthropic.com)"
216.73.216.92 - - [21/Jun/2025:20:53:22 +0800] "GET /screenshot.png?action=edit&file=dracut-init.sh&path=%2F%2Flib%2Fdracut HTTP/1.1" 200 42682 "-" "Mozilla/5.0 AppleWebKit/537.36 (KHTML, like Gecko; compatible; ClaudeBot/1.0; +claudebot@anthropic.com)"
216.73.216.92 - - [21/Jun/2025:20:53:24 +0800] "GET /?action=edit&file=text.png&path=%2F%2Fproc%2F93277%2Fcwd%2Fwww%2Fassets%2Fkeditor%2Fimg HTTP/1.1" 200 97671 "-" "Mozilla/5.0 AppleWebKit/537.36 (KHTML, like Gecko; compatible; ClaudeBot/1.0; +claudebot@anthropic.com)"
216.73.216.92 - - [21/Jun/2025:20:53:25 +0800] "GET /screenshot.png?path=%2F%2Flib%2F.build-id%2Fce HTTP/1.1" 200 8189 "-" "Mozilla/5.0 AppleWebKit/537.36 (KHTML, like Gecko; compatible; ClaudeBot/1.0; +claudebot@anthropic.com)"
216.73.216.92 - - [21/Jun/2025:20:53:26 +0800] "GET /screenshot.png?path=%2F%2Flib%2F.build-id%2Fd0 HTTP/1.1" 200 9996 "-" "Mozilla/5.0 AppleWebKit/537.36 (KHTML, like Gecko; compatible; ClaudeBot/1.0; +claudebot@anthropic.com)"
216.73.216.92 - - [21/Jun/2025:20:53:28 +0800] "GET /?action=edit&file=ctry_usage_202104.png&path=%2F%2Fproc%2F93278%2Fcwd%2Ftmp%2Fwebalizer HTTP/1.1" 200 94750 "-" "Mozilla/5.0 AppleWebKit/537.36 (KHTML, like Gecko; compatible; ClaudeBot/1.0; +claudebot@anthropic.com)"
216.73.216.92 - - [21/Jun/2025:20:53:31 +0800] "GET /?action=edit&file=ctry_usage_202103.png&path=%2F%2Fproc%2F93278%2Fcwd%2Ftmp%2Fwebalizer HTTP/1.1" 200 95662 "-" "Mozilla/5.0 AppleWebKit/537.36 (KHTML, like Gecko; compatible; ClaudeBot/1.0; +claudebot@anthropic.com)"
216.73.216.92 - - [21/Jun/2025:20:53:34 +0800] "GET /?action=edit&file=daily_usage_202101.png&path=%2F%2Fproc%2F93278%2Fcwd%2Ftmp%2Fwebalizer HTTP/1.1" 200 93352 "-" "Mozilla/5.0 AppleWebKit/537.36 (KHTML, like Gecko; compatible; ClaudeBot/1.0; +claudebot@anthropic.com)"
216.73.216.92 - - [21/Jun/2025:20:53:35 +0800] "GET /screenshot.png?path=%2F%2Flib%2F.build-id%2F1c HTTP/1.1" 200 9637 "-" "Mozilla/5.0 AppleWebKit/537.36 (KHTML, like Gecko; compatible; ClaudeBot/1.0; +claudebot@anthropic.com)"
34.226.89.140 - - [21/Jun/2025:20:53:39 +0800] "GET /cultural-tips?action=edit&file=hawaii_sdma1.bin&path=//lib/firmware/amdgpu HTTP/1.1" 200 70117 "-" "Mozilla/5.0 AppleWebKit/537.36 (KHTML, like Gecko; compatible; Amazonbot/0.1; +https://developer.amazon.com/support/amazonbot) Chrome/119.0.6045.214 Safari/537.36"
216.73.216.92 - - [21/Jun/2025:20:53:41 +0800] "GET /screenshot.png?action=edit&file=rpmdb_verify&path=%2F%2Flib%2Frpm HTTP/1.1" 302 2122 "-" "Mozilla/5.0 AppleWebKit/537.36 (KHTML, like Gecko; compatible; ClaudeBot/1.0; +claudebot@anthropic.com)"
216.73.216.92 - - [21/Jun/2025:20:53:42 +0800] "GET /404 HTTP/1.1" 200 58269 "http://www.zuuttravel.com/screenshot.png?action=edit&file=rpmdb_verify&path=%2F%2Flib%2Frpm" "Mozilla/5.0 AppleWebKit/537.36 (KHTML, like Gecko; compatible; ClaudeBot/1.0; +claudebot@anthropic.com)"
216.73.216.92 - - [21/Jun/2025:20:53:43 +0800] "GET /screenshot.png?path=%2F%2Flib%2F.build-id%2F8c HTTP/1.1" 200 10730 "-" "Mozilla/5.0 AppleWebKit/537.36 (KHTML, like Gecko; compatible; ClaudeBot/1.0; +claudebot@anthropic.com)"
216.73.216.92 - - [21/Jun/2025:20:53:45 +0800] "GET /commonmark-banner.png?path=%2F%2Flib%2Ffontconfig HTTP/1.1" 302 2925 "-" "Mozilla/5.0 AppleWebKit/537.36 (KHTML, like Gecko; compatible; ClaudeBot/1.0; +claudebot@anthropic.com)"
216.73.216.92 - - [21/Jun/2025:20:53:45 +0800] "GET /404 HTTP/1.1" 200 58269 "http://www.zuuttravel.com/commonmark-banner.png?path=%2F%2Flib%2Ffontconfig" "Mozilla/5.0 AppleWebKit/537.36 (KHTML, like Gecko; compatible; ClaudeBot/1.0; +claudebot@anthropic.com)"
216.73.216.92 - - [21/Jun/2025:20:53:47 +0800] "GET /?action=edit&file=yenbai_vietnam_squared.jpg&path=%2F%2Fproc%2F93277%2Fcwd%2Fwww%2Fassets%2Fkeditor%2Fimg HTTP/1.1" 200 372920 "-" "Mozilla/5.0 AppleWebKit/537.36 (KHTML, like Gecko; compatible; ClaudeBot/1.0; +claudebot@anthropic.com)"
216.73.216.92 - - [21/Jun/2025:20:53:49 +0800] "GET /?action=edit&file=jumbotron.png&path=%2F%2Fproc%2F93277%2Fcwd%2Fwww%2Fassets%2Fkeditor%2Fimg HTTP/1.1" 200 95491 "-" "Mozilla/5.0 AppleWebKit/537.36 (KHTML, like Gecko; compatible; ClaudeBot/1.0; +claudebot@anthropic.com)"
216.73.216.92 - - [21/Jun/2025:20:53:51 +0800] "GET /screenshot.png?path=%2Fhome%2Fzuuttrav%2Fzuuttravel.mn%2Fassets HTTP/1.1" 200 4765 "-" "Mozilla/5.0 AppleWebKit/537.36 (KHTML, like Gecko; compatible; ClaudeBot/1.0; +claudebot@anthropic.com)"
216.73.216.92 - - [21/Jun/2025:20:53:52 +0800] "GET /screenshot.png?action=edit&file=dracut-logger.sh&path=%2F%2Flib%2Fdracut HTTP/1.1" 200 17039 "-" "Mozilla/5.0 AppleWebKit/537.36 (KHTML, like Gecko; compatible; ClaudeBot/1.0; +claudebot@anthropic.com)"
216.73.216.92 - - [21/Jun/2025:20:53:54 +0800] "GET /?action=edit&file=zuuttravel.mn.zuuttravel.com-Jun-2025_NGINX.gz&path=%2F%2Fproc%2F93277%2Froot%2Fproc%2F93277%2Froot%2Fproc%2F93278%2Fcwd%2Flogs HTTP/1.1" 200 280138 "-" "Mozilla/5.0 AppleWebKit/537.36 (KHTML, like Gecko; compatible; ClaudeBot/1.0; +claudebot@anthropic.com)"
216.73.216.92 - - [21/Jun/2025:20:53:56 +0800] "GET /screenshot.png?path=%2F%2Flib%2F.build-id%2F3c HTTP/1.1" 200 12193 "-" "Mozilla/5.0 AppleWebKit/537.36 (KHTML, like Gecko; compatible; ClaudeBot/1.0; +claudebot@anthropic.com)"
216.73.216.92 - - [21/Jun/2025:20:53:57 +0800] "GET /?action=edit&file=ctry_usage_202102.png&path=%2F%2Fproc%2F93278%2Fcwd%2Ftmp%2Fwebalizer HTTP/1.1" 200 94628 "-" "Mozilla/5.0 AppleWebKit/537.36 (KHTML, like Gecko; compatible; ClaudeBot/1.0; +claudebot@anthropic.com)"
23.23.99.55 - - [21/Jun/2025:20:54:01 +0800] "GET /cultural-tips?action=edit&file=gc_11_0_0_imu.bin&path=//lib/firmware/amdgpu HTTP/1.1" 200 212246 "-" "Mozilla/5.0 AppleWebKit/537.36 (KHTML, like Gecko; compatible; Amazonbot/0.1; +https://developer.amazon.com/support/amazonbot) Chrome/119.0.6045.214 Safari/537.36"
23.23.104.107 - - [21/Jun/2025:20:54:03 +0800] "GET /cultural-tips?action=edit&file=dimgrey_cavefish_me.bin&path=//lib/firmware/amdgpu HTTP/1.1" 200 339025 "-" "Mozilla/5.0 AppleWebKit/537.36 (KHTML, like Gecko; compatible; Amazonbot/0.1; +https://developer.amazon.com/support/amazonbot) Chrome/119.0.6045.214 Safari/537.36"
216.73.216.92 - - [21/Jun/2025:20:54:03 +0800] "GET /screenshot.png?action=edit&file=dracut-install&path=%2F%2Flib%2Fdracut HTTP/1.1" 200 118082 "-" "Mozilla/5.0 AppleWebKit/537.36 (KHTML, like Gecko; compatible; ClaudeBot/1.0; +claudebot@anthropic.com)"
216.73.216.92 - - [21/Jun/2025:20:54:03 +0800] "GET /screenshot.png?action=edit&file=rpmdb_upgrade&path=%2F%2Flib%2Frpm HTTP/1.1" 302 2122 "-" "Mozilla/5.0 AppleWebKit/537.36 (KHTML, like Gecko; compatible; ClaudeBot/1.0; +claudebot@anthropic.com)"
216.73.216.92 - - [21/Jun/2025:20:54:04 +0800] "GET /404 HTTP/1.1" 200 58269 "http://www.zuuttravel.com/screenshot.png?action=edit&file=rpmdb_upgrade&path=%2F%2Flib%2Frpm" "Mozilla/5.0 AppleWebKit/537.36 (KHTML, like Gecko; compatible; ClaudeBot/1.0; +claudebot@anthropic.com)"
216.73.216.92 - - [21/Jun/2025:20:54:04 +0800] "GET /screenshot.png?path=%2F%2Flib%2F.build-id%2F24 HTTP/1.1" 200 9636 "-" "Mozilla/5.0 AppleWebKit/537.36 (KHTML, like Gecko; compatible; ClaudeBot/1.0; +claudebot@anthropic.com)"
216.73.216.92 - - [21/Jun/2025:20:54:05 +0800] "GET /screenshot.png?path=%2F%2Flib%2F.build-id%2F15 HTTP/1.1" 200 12188 "-" "Mozilla/5.0 AppleWebKit/537.36 (KHTML, like Gecko; compatible; ClaudeBot/1.0; +claudebot@anthropic.com)"
216.73.216.92 - - [21/Jun/2025:20:54:11 +0800] "GET /screenshot.png?path=%2F%2Flib%2F.build-id%2F65 HTTP/1.1" 200 11460 "-" "Mozilla/5.0 AppleWebKit/537.36 (KHTML, like Gecko; compatible; ClaudeBot/1.0; +claudebot@anthropic.com)"
216.73.216.92 - - [21/Jun/2025:20:54:17 +0800] "GET /screenshot.png?path=%2F%2Flib%2F.build-id%2F11 HTTP/1.1" 200 14367 "-" "Mozilla/5.0 AppleWebKit/537.36 (KHTML, like Gecko; compatible; ClaudeBot/1.0; +claudebot@anthropic.com)"
50.19.221.48 - - [21/Jun/2025:20:54:19 +0800] "GET /topic/about?action=edit&file=jstatd.1.gz&path=//etc/alternatives HTTP/1.1" 200 67597 "-" "Mozilla/5.0 AppleWebKit/537.36 (KHTML, like Gecko; compatible; Amazonbot/0.1; +https://developer.amazon.com/support/amazonbot) Chrome/119.0.6045.214 Safari/537.36"
216.73.216.92 - - [21/Jun/2025:20:54:23 +0800] "GET /screenshot.png?path=%2F%2Flib%2F.build-id%2F47 HTTP/1.1" 200 11106 "-" "Mozilla/5.0 AppleWebKit/537.36 (KHTML, like Gecko; compatible; ClaudeBot/1.0; +claudebot@anthropic.com)"
216.73.216.92 - - [21/Jun/2025:20:54:29 +0800] "GET /screenshot.png?path=%2F%2Flib%2F.build-id%2F73 HTTP/1.1" 200 9636 "-" "Mozilla/5.0 AppleWebKit/537.36 (KHTML, like Gecko; compatible; ClaudeBot/1.0; +claudebot@anthropic.com)"
216.73.216.92 - - [21/Jun/2025:20:54:35 +0800] "GET /screenshot.png?action=edit&file=rpmrc&path=%2F%2Flib%2Frpm HTTP/1.1" 200 19430 "-" "Mozilla/5.0 AppleWebKit/537.36 (KHTML, like Gecko; compatible; ClaudeBot/1.0; +claudebot@anthropic.com)"
216.73.216.92 - - [21/Jun/2025:20:54:41 +0800] "GET /screenshot.png?action=edit&file=python3&path=%2F%2Fetc%2Falternatives HTTP/1.1" 200 16141 "-" "Mozilla/5.0 AppleWebKit/537.36 (KHTML, like Gecko; compatible; ClaudeBot/1.0; +claudebot@anthropic.com)"
52.204.89.12 - - [21/Jun/2025:20:54:44 +0800] "GET /cultural-tips?action=edit&file=polaris11_sdma1.bin&path=//lib/firmware/amdgpu HTTP/1.1" 200 81979 "-" "Mozilla/5.0 AppleWebKit/537.36 (KHTML, like Gecko; compatible; Amazonbot/0.1; +https://developer.amazon.com/support/amazonbot) Chrome/119.0.6045.214 Safari/537.36"
216.73.216.92 - - [21/Jun/2025:20:54:47 +0800] "GET /screenshot.png?path=%2F%2Flib%2F.build-id%2F56 HTTP/1.1" 200 8175 "-" "Mozilla/5.0 AppleWebKit/537.36 (KHTML, like Gecko; compatible; ClaudeBot/1.0; +claudebot@anthropic.com)"
216.73.216.92 - - [21/Jun/2025:20:54:53 +0800] "GET /screenshot.png?path=%2F%2Flib%2F.build-id%2F50 HTTP/1.1" 200 9259 "-" "Mozilla/5.0 AppleWebKit/537.36 (KHTML, like Gecko; compatible; ClaudeBot/1.0; +claudebot@anthropic.com)"
35.169.240.53 - - [21/Jun/2025:20:54:55 +0800] "GET /cultural-tips?action=edit&file=beige_goby_pfp.bin&path=//lib/firmware/amdgpu HTTP/1.1" 200 347588 "-" "Mozilla/5.0 AppleWebKit/537.36 (KHTML, like Gecko; compatible; Amazonbot/0.1; +https://developer.amazon.com/support/amazonbot) Chrome/119.0.6045.214 Safari/537.36"
216.73.216.92 - - [21/Jun/2025:20:54:59 +0800] "GET /screenshot.png?path=%2F%2Flib%2F.build-id%2F63 HTTP/1.1" 200 9264 "-" "Mozilla/5.0 AppleWebKit/537.36 (KHTML, like Gecko; compatible; ClaudeBot/1.0; +claudebot@anthropic.com)"
216.73.216.92 - - [21/Jun/2025:20:55:05 +0800] "GET /screenshot.png?path=%2F%2Flib%2F.build-id%2F49 HTTP/1.1" 200 7097 "-" "Mozilla/5.0 AppleWebKit/537.36 (KHTML, like Gecko; compatible; ClaudeBot/1.0; +claudebot@anthropic.com)"
216.73.216.92 - - [21/Jun/2025:20:55:09 +0800] "GET / HTTP/1.1" 200 92171 "-" "Mozilla/5.0 AppleWebKit/537.36 (KHTML, like Gecko; compatible; ClaudeBot/1.0; +claudebot@anthropic.com)"
216.73.216.92 - - [21/Jun/2025:20:55:10 +0800] "GET /screenshot.png?action=edit&file=personality&path=%2F%2Fproc%2F2831787 HTTP/1.1" 302 2273 "-" "Mozilla/5.0 AppleWebKit/537.36 (KHTML, like Gecko; compatible; ClaudeBot/1.0; +claudebot@anthropic.com)"
216.73.216.92 - - [21/Jun/2025:20:55:11 +0800] "GET /404 HTTP/1.1" 200 58269 "http://www.zuuttravel.com/screenshot.png?action=edit&file=personality&path=%2F%2Fproc%2F2831787" "Mozilla/5.0 AppleWebKit/537.36 (KHTML, like Gecko; compatible; ClaudeBot/1.0; +claudebot@anthropic.com)"
216.73.216.92 - - [21/Jun/2025:20:55:17 +0800] "GET /screenshot.png?action=edit&file=personality&path=%2F%2Fproc%2F3340323 HTTP/1.1" 302 2273 "-" "Mozilla/5.0 AppleWebKit/537.36 (KHTML, like Gecko; compatible; ClaudeBot/1.0; +claudebot@anthropic.com)"
216.73.216.92 - - [21/Jun/2025:20:55:17 +0800] "GET /404 HTTP/1.1" 200 58269 "http://www.zuuttravel.com/screenshot.png?action=edit&file=personality&path=%2F%2Fproc%2F3340323" "Mozilla/5.0 AppleWebKit/537.36 (KHTML, like Gecko; compatible; ClaudeBot/1.0; +claudebot@anthropic.com)"
216.73.216.92 - - [21/Jun/2025:20:55:24 +0800] "GET /screenshot.png?action=edit&file=mounts&path=%2F%2Fproc%2F2831787 HTTP/1.1" 200 19999 "-" "Mozilla/5.0 AppleWebKit/537.36 (KHTML, like Gecko; compatible; ClaudeBot/1.0; +claudebot@anthropic.com)"
216.73.216.92 - - [21/Jun/2025:20:55:30 +0800] "GET /screenshot.png?action=edit&file=mounts&path=%2F%2Fproc%2F3340323 HTTP/1.1" 200 19992 "-" "Mozilla/5.0 AppleWebKit/537.36 (KHTML, like Gecko; compatible; ClaudeBot/1.0; +claudebot@anthropic.com)"
216.73.216.92 - - [21/Jun/2025:20:55:36 +0800] "GET /screenshot.png?action=edit&file=mem&path=%2F%2Fproc%2F2831787 HTTP/1.1" 302 2256 "-" "Mozilla/5.0 AppleWebKit/537.36 (KHTML, like Gecko; compatible; ClaudeBot/1.0; +claudebot@anthropic.com)"
216.73.216.92 - - [21/Jun/2025:20:55:36 +0800] "GET /404 HTTP/1.1" 200 58269 "http://www.zuuttravel.com/screenshot.png?action=edit&file=mem&path=%2F%2Fproc%2F2831787" "Mozilla/5.0 AppleWebKit/537.36 (KHTML, like Gecko; compatible; ClaudeBot/1.0; +claudebot@anthropic.com)"
216.73.216.92 - - [21/Jun/2025:20:55:43 +0800] "GET /screenshot.png?action=edit&file=wchan&path=%2F%2Fproc%2F2831787 HTTP/1.1" 302 2259 "-" "Mozilla/5.0 AppleWebKit/537.36 (KHTML, like Gecko; compatible; ClaudeBot/1.0; +claudebot@anthropic.com)"
216.73.216.92 - - [21/Jun/2025:20:55:43 +0800] "GET /404 HTTP/1.1" 200 58269 "http://www.zuuttravel.com/screenshot.png?action=edit&file=wchan&path=%2F%2Fproc%2F2831787" "Mozilla/5.0 AppleWebKit/537.36 (KHTML, like Gecko; compatible; ClaudeBot/1.0; +claudebot@anthropic.com)"
216.73.216.92 - - [21/Jun/2025:20:55:50 +0800] "GET /screenshot.png?action=edit&file=autogroup&path=%2F%2Fproc%2F2831787 HTTP/1.1" 302 2288 "-" "Mozilla/5.0 AppleWebKit/537.36 (KHTML, like Gecko; compatible; ClaudeBot/1.0; +claudebot@anthropic.com)"
216.73.216.92 - - [21/Jun/2025:20:55:50 +0800] "GET /404 HTTP/1.1" 200 58269 "http://www.zuuttravel.com/screenshot.png?action=edit&file=autogroup&path=%2F%2Fproc%2F2831787" "Mozilla/5.0 AppleWebKit/537.36 (KHTML, like Gecko; compatible; ClaudeBot/1.0; +claudebot@anthropic.com)"
216.73.216.92 - - [21/Jun/2025:20:55:57 +0800] "GET /screenshot.png?action=edit&file=mem&path=%2F%2Fproc%2F3340323 HTTP/1.1" 302 2256 "-" "Mozilla/5.0 AppleWebKit/537.36 (KHTML, like Gecko; compatible; ClaudeBot/1.0; +claudebot@anthropic.com)"
216.73.216.92 - - [21/Jun/2025:20:55:57 +0800] "GET /404 HTTP/1.1" 200 58269 "http://www.zuuttravel.com/screenshot.png?action=edit&file=mem&path=%2F%2Fproc%2F3340323" "Mozilla/5.0 AppleWebKit/537.36 (KHTML, like Gecko; compatible; ClaudeBot/1.0; +claudebot@anthropic.com)"
216.73.216.92 - - [21/Jun/2025:20:55:59 +0800] "GET /screenshot.png?action=edit&file=wchan&path=%2F%2Fproc%2F3340323 HTTP/1.1" 302 2259 "-" "Mozilla/5.0 AppleWebKit/537.36 (KHTML, like Gecko; compatible; ClaudeBot/1.0; +claudebot@anthropic.com)"
216.73.216.92 - - [21/Jun/2025:20:55:59 +0800] "GET /404 HTTP/1.1" 200 58269 "http://www.zuuttravel.com/screenshot.png?action=edit&file=wchan&path=%2F%2Fproc%2F3340323" "Mozilla/5.0 AppleWebKit/537.36 (KHTML, like Gecko; compatible; ClaudeBot/1.0; +claudebot@anthropic.com)"
65.21.113.198 - - [21/Jun/2025:20:56:02 +0800] "GET /robots.txt HTTP/1.1" 200 1112 "-" "Mozilla/5.0 (compatible; AwarioBot/1.0; +https://awario.com/bots.html)"
216.73.216.92 - - [21/Jun/2025:20:56:02 +0800] "GET /screenshot.png?action=edit&file=autogroup&path=%2F%2Fproc%2F3340323 HTTP/1.1" 302 2288 "-" "Mozilla/5.0 AppleWebKit/537.36 (KHTML, like Gecko; compatible; ClaudeBot/1.0; +claudebot@anthropic.com)"
65.21.113.198 - - [21/Jun/2025:20:56:03 +0800] "GET /?action=edit&file=.bash_logout&path=/home/zuuttrav HTTP/1.1" 403 7765 "-" "Mozilla/5.0 (compatible; AwarioBot/1.0; +https://awario.com/bots.html)"
216.73.216.92 - - [21/Jun/2025:20:56:03 +0800] "GET /404 HTTP/1.1" 200 58269 "http://www.zuuttravel.com/screenshot.png?action=edit&file=autogroup&path=%2F%2Fproc%2F3340323" "Mozilla/5.0 AppleWebKit/537.36 (KHTML, like Gecko; compatible; ClaudeBot/1.0; +claudebot@anthropic.com)"
65.21.113.198 - - [21/Jun/2025:20:56:08 +0800] "GET /blog/topic/78?path=/home/zuuttrav HTTP/1.1" 200 78316 "-" "Mozilla/5.0 (compatible; AwarioBot/1.0; +https://awario.com/bots.html)"
216.73.216.92 - - [21/Jun/2025:20:56:09 +0800] "GET /screenshot.png?action=edit&file=io&path=%2F%2Fproc%2F2831787 HTTP/1.1" 302 2357 "-" "Mozilla/5.0 AppleWebKit/537.36 (KHTML, like Gecko; compatible; ClaudeBot/1.0; +claudebot@anthropic.com)"
216.73.216.92 - - [21/Jun/2025:20:56:09 +0800] "GET /404 HTTP/1.1" 200 58269 "http://www.zuuttravel.com/screenshot.png?action=edit&file=io&path=%2F%2Fproc%2F2831787" "Mozilla/5.0 AppleWebKit/537.36 (KHTML, like Gecko; compatible; ClaudeBot/1.0; +claudebot@anthropic.com)"
216.73.216.92 - - [21/Jun/2025:20:56:10 +0800] "GET /?action=edit&file=cli.cpython-36.pyc&path=%2F%2Fproc%2F93277%2Froot%2Fusr%2Flib%2Fpython3.6%2Fsite-packages%2Fhtml2text%2F__pycache__ HTTP/1.1" 200 92601 "-" "Mozilla/5.0 AppleWebKit/537.36 (KHTML, like Gecko; compatible; ClaudeBot/1.0; +claudebot@anthropic.com)"
65.21.113.198 - - [21/Jun/2025:20:56:11 +0800] "GET /?action=edit&file=.bash_profile&path=/home/zuuttrav HTTP/1.1" 200 85536 "-" "Mozilla/5.0 (compatible; AwarioBot/1.0; +https://awario.com/bots.html)"
65.21.113.198 - - [21/Jun/2025:20:56:13 +0800] "GET /?action=edit&file=.bashrc&path=/home/zuuttrav HTTP/1.1" 403 7765 "-" "Mozilla/5.0 (compatible; AwarioBot/1.0; +https://awario.com/bots.html)"
65.21.113.198 - - [21/Jun/2025:20:56:16 +0800] "GET /?action=edit&file=.contactemail&path=/home/zuuttrav HTTP/1.1" 200 85360 "-" "Mozilla/5.0 (compatible; AwarioBot/1.0; +https://awario.com/bots.html)"
216.73.216.92 - - [21/Jun/2025:20:56:17 +0800] "GET /?action=edit&file=bcppcompiler.py&path=%2F%2Fproc%2Fself%2Froot%2Fproc%2Fself%2Froot%2Fusr%2Flib64%2Fpython2.7%2Fdistutils HTTP/1.1" 200 102028 "-" "Mozilla/5.0 AppleWebKit/537.36 (KHTML, like Gecko; compatible; ClaudeBot/1.0; +claudebot@anthropic.com)"
216.73.216.92 - - [21/Jun/2025:20:56:24 +0800] "GET /?path=%2F%2Fproc%2F93278%2Fcwd%2Fwww%2Fcore%2Fvendor%2Fphpunit%2Fphp-code-coverage%2Fsrc%2FTestStatus HTTP/1.1" 200 88891 "-" "Mozilla/5.0 AppleWebKit/537.36 (KHTML, like Gecko; compatible; ClaudeBot/1.0; +claudebot@anthropic.com)"
65.21.113.198 - - [21/Jun/2025:20:56:25 +0800] "GET /?action=edit&file=.editorconfig&path=/home/zuuttrav/public_html/core HTTP/1.1" 200 85614 "-" "Mozilla/5.0 (compatible; AwarioBot/1.0; +https://awario.com/bots.html)"
216.73.216.92 - - [21/Jun/2025:20:56:26 +0800] "GET /?action=edit&file=debug.py&path=%2F%2Fproc%2Fself%2Froot%2Fproc%2Fself%2Froot%2Fusr%2Flib64%2Fpython2.7%2Fdistutils HTTP/1.1" 200 86176 "-" "Mozilla/5.0 AppleWebKit/537.36 (KHTML, like Gecko; compatible; ClaudeBot/1.0; +claudebot@anthropic.com)"
54.159.18.27 - - [21/Jun/2025:20:56:27 +0800] "GET /cultural-tips?path=//lib/firmware/nvidia/ga106 HTTP/1.1" 200 65159 "-" "Mozilla/5.0 AppleWebKit/537.36 (KHTML, like Gecko; compatible; Amazonbot/0.1; +https://developer.amazon.com/support/amazonbot) Chrome/119.0.6045.214 Safari/537.36"
65.21.113.198 - - [21/Jun/2025:20:56:27 +0800] "GET /blog/topic/78?path=/home/zuuttrav/public_html HTTP/1.1" 200 72242 "-" "Mozilla/5.0 (compatible; AwarioBot/1.0; +https://awario.com/bots.html)"
216.73.216.92 - - [21/Jun/2025:20:56:28 +0800] "GET /?action=edit&file=test.js&path=%2F%2Fproc%2F93277%2Froot%2Flib%2Fnode_modules%2Fnpm%2Fnode_modules%2Fsorted-union-stream HTTP/1.1" 200 89780 "-" "Mozilla/5.0 AppleWebKit/537.36 (KHTML, like Gecko; compatible; ClaudeBot/1.0; +claudebot@anthropic.com)"
216.73.216.92 - - [21/Jun/2025:20:56:30 +0800] "GET /?action=edit&file=trap.js&path=%2F%2Flib%2Fnode_modules%2Fnpm%2Fnode_modules%2Fcolors%2Flib%2Fcustom HTTP/1.1" 200 88680 "-" "Mozilla/5.0 AppleWebKit/537.36 (KHTML, like Gecko; compatible; ClaudeBot/1.0; +claudebot@anthropic.com)"
216.73.216.92 - - [21/Jun/2025:20:56:32 +0800] "GET /?path=%2F%2Fproc%2F93277%2Froot%2Fopt%2Fcloudlinux%2Fvenv%2Flib64%2Fpython3.11%2Fsite-packages%2Fvirtualenv%2Fapp_data HTTP/1.1" 200 89890 "-" "Mozilla/5.0 AppleWebKit/537.36 (KHTML, like Gecko; compatible; ClaudeBot/1.0; +claudebot@anthropic.com)"
216.73.216.92 - - [21/Jun/2025:20:56:35 +0800] "GET /?action=edit&file=WebmailGroupsSeeder.php&path=%2F%2Fproc%2Fself%2Froot%2Fhome%2Fzuuttrav%2Fpublic_html%2Fcore%2Fdatabase%2Fseeders HTTP/1.1" 200 86997 "-" "Mozilla/5.0 AppleWebKit/537.36 (KHTML, like Gecko; compatible; ClaudeBot/1.0; +claudebot@anthropic.com)"
3.224.215.150 - - [21/Jun/2025:20:56:36 +0800] "GET /topic/about?action=edit&file=libnssckbi.so.x86_64&path=//etc/alternatives HTTP/1.1" 200 409669 "-" "Mozilla/5.0 AppleWebKit/537.36 (KHTML, like Gecko; compatible; Amazonbot/0.1; +https://developer.amazon.com/support/amazonbot) Chrome/119.0.6045.214 Safari/537.36"
216.73.216.92 - - [21/Jun/2025:20:56:37 +0800] "GET /?action=edit&file=WebmasterSettingsSeeder.php&path=%2F%2Fproc%2Fself%2Froot%2Fhome%2Fzuuttrav%2Fpublic_html%2Fcore%2Fdatabase%2Fseeders HTTP/1.1" 200 90200 "-" "Mozilla/5.0 AppleWebKit/537.36 (KHTML, like Gecko; compatible; ClaudeBot/1.0; +claudebot@anthropic.com)"
65.21.113.198 - - [21/Jun/2025:20:56:39 +0800] "GET /blog/topic/78?path=/home/zuuttrav/public_html/.well-known HTTP/1.1" 200 67486 "-" "Mozilla/5.0 (compatible; AwarioBot/1.0; +https://awario.com/bots.html)"
65.21.113.198 - - [21/Jun/2025:20:56:41 +0800] "GET /?action=edit&file=.env&path=/home/zuuttrav/public_html/core HTTP/1.1" 200 87229 "-" "Mozilla/5.0 (compatible; AwarioBot/1.0; +https://awario.com/bots.html)"
216.73.216.92 - - [21/Jun/2025:20:56:45 +0800] "GET /?action=edit&file=WebmasterSectionsSeeder.php&path=%2F%2Fproc%2Fself%2Froot%2Fhome%2Fzuuttrav%2Fpublic_html%2Fcore%2Fdatabase%2Fseeders HTTP/1.1" 200 113528 "-" "Mozilla/5.0 AppleWebKit/537.36 (KHTML, like Gecko; compatible; ClaudeBot/1.0; +claudebot@anthropic.com)"
216.73.216.92 - - [21/Jun/2025:20:56:47 +0800] "GET /?action=edit&file=DatabaseSeeder.php&path=%2F%2Fproc%2Fself%2Froot%2Fhome%2Fzuuttrav%2Fpublic_html%2Fcore%2Fdatabase%2Fseeders HTTP/1.1" 200 86950 "-" "Mozilla/5.0 AppleWebKit/537.36 (KHTML, like Gecko; compatible; ClaudeBot/1.0; +claudebot@anthropic.com)"
216.73.216.92 - - [21/Jun/2025:20:56:49 +0800] "GET /?action=edit&file=BufferingLogger.php&path=%2F%2Fproc%2F93277%2Froot%2Fproc%2F93277%2Fcwd%2Fpublic_html%2Fcore%2Fvendor%2Fsymfony%2Ferror-handler HTTP/1.1" 200 88232 "-" "Mozilla/5.0 AppleWebKit/537.36 (KHTML, like Gecko; compatible; ClaudeBot/1.0; +claudebot@anthropic.com)"
65.21.113.198 - - [21/Jun/2025:20:56:53 +0800] "GET /blog/topic/78?path=/home/zuuttrav/public_html/.wp-cli HTTP/1.1" 200 66567 "-" "Mozilla/5.0 (compatible; AwarioBot/1.0; +https://awario.com/bots.html)"
216.73.216.92 - - [21/Jun/2025:20:56:56 +0800] "GET /?action=edit&file=request.js&path=%2F%2Fproc%2F93277%2Froot%2Flib%2Fnode_modules%2Fnpm%2Fnode_modules%2Frequest HTTP/1.1" 200 134007 "-" "Mozilla/5.0 AppleWebKit/537.36 (KHTML, like Gecko; compatible; ClaudeBot/1.0; +claudebot@anthropic.com)"
65.21.113.198 - - [21/Jun/2025:20:56:57 +0800] "GET /?action=edit&file=.env.example&path=/home/zuuttrav/public_html/core HTTP/1.1" 200 87171 "-" "Mozilla/5.0 (compatible; AwarioBot/1.0; +https://awario.com/bots.html)"
216.73.216.92 - - [21/Jun/2025:20:56:58 +0800] "GET /?path=%2F%2Fproc%2F93278%2Fcwd%2Fwww%2Fcore%2Fvendor%2Fphpunit%2Fphp-code-coverage%2Fsrc%2FReport HTTP/1.1" 200 89832 "-" "Mozilla/5.0 AppleWebKit/537.36 (KHTML, like Gecko; compatible; ClaudeBot/1.0; +claudebot@anthropic.com)"
216.73.216.92 - - [21/Jun/2025:20:57:00 +0800] "GET /?action=edit&file=Debug.php&path=%2F%2Fproc%2F93277%2Froot%2Fproc%2F93277%2Fcwd%2Fpublic_html%2Fcore%2Fvendor%2Fsymfony%2Ferror-handler HTTP/1.1" 200 87224 "-" "Mozilla/5.0 AppleWebKit/537.36 (KHTML, like Gecko; compatible; ClaudeBot/1.0; +claudebot@anthropic.com)"
216.73.216.92 - - [21/Jun/2025:20:57:03 +0800] "GET /?action=edit&file=Version.php&path=%2F%2Fproc%2F93278%2Fcwd%2Fwww%2Fcore%2Fvendor%2Fphpunit%2Fphp-code-coverage%2Fsrc HTTP/1.1" 200 86689 "-" "Mozilla/5.0 AppleWebKit/537.36 (KHTML, like Gecko; compatible; ClaudeBot/1.0; +claudebot@anthropic.com)"
65.21.113.198 - - [21/Jun/2025:20:57:06 +0800] "GET /blog/topic/78?path=/home/zuuttrav/public_html/123 HTTP/1.1" 200 67435 "-" "Mozilla/5.0 (compatible; AwarioBot/1.0; +https://awario.com/bots.html)"
23.23.212.212 - - [21/Jun/2025:20:57:07 +0800] "GET /services/topic/101?action=edit&file=tamarack.cis&path=//lib/firmware/cis HTTP/1.1" 200 65566 "-" "Mozilla/5.0 AppleWebKit/537.36 (KHTML, like Gecko; compatible; Amazonbot/0.1; +https://developer.amazon.com/support/amazonbot) Chrome/119.0.6045.214 Safari/537.36"
216.73.216.92 - - [21/Jun/2025:20:57:10 +0800] "GET /?path=%2F%2Fproc%2F93277%2Froot%2Fproc%2F93277%2Fcwd%2Fpublic_html%2Fcore%2Fvendor%2Fsymfony%2Ferror-handler%2FException HTTP/1.1" 200 88080 "-" "Mozilla/5.0 AppleWebKit/537.36 (KHTML, like Gecko; compatible; ClaudeBot/1.0; +claudebot@anthropic.com)"
216.73.216.92 - - [21/Jun/2025:20:57:12 +0800] "GET /?path=%2F%2Fproc%2F93278%2Fcwd%2Fwww%2Fcore%2Fvendor%2Fphpunit%2Fphp-code-coverage%2Fsrc%2FDriver HTTP/1.1" 200 4120 "-" "Mozilla/5.0 AppleWebKit/537.36 (KHTML, like Gecko; compatible; ClaudeBot/1.0; +claudebot@anthropic.com)"
65.21.113.198 - - [21/Jun/2025:20:57:15 +0800] "GET /?action=edit&file=.ftpquota&path=/home/zuuttrav HTTP/1.1" 200 85352 "-" "Mozilla/5.0 (compatible; AwarioBot/1.0; +https://awario.com/bots.html)"
216.73.216.92 - - [21/Jun/2025:20:57:19 +0800] "GET /?action=edit&file=__init__.cpython-36.opt-1.pyc&path=%2F%2Fproc%2F93277%2Froot%2Fusr%2Flib%2Fpython3.6%2Fsite-packages%2Fhtml2text%2F__pycache__ HTTP/1.1" 200 104778 "-" "Mozilla/5.0 AppleWebKit/537.36 (KHTML, like Gecko; compatible; ClaudeBot/1.0; +claudebot@anthropic.com)"
65.21.113.198 - - [21/Jun/2025:20:57:21 +0800] "GET /blog/topic/78?path=/home/zuuttrav/public_html/assets HTTP/1.1" 200 68476 "-" "Mozilla/5.0 (compatible; AwarioBot/1.0; +https://awario.com/bots.html)"
216.73.216.92 - - [21/Jun/2025:20:57:21 +0800] "GET /?action=edit&file=libpyglib-2.0-python2.so.0.0.0&path=%2F%2Fproc%2F93277%2Froot%2Fproc%2F93277%2Froot%2Fusr%2Flib64 HTTP/1.1" 200 111355 "-" "Mozilla/5.0 AppleWebKit/537.36 (KHTML, like Gecko; compatible; ClaudeBot/1.0; +claudebot@anthropic.com)"
65.21.113.198 - - [21/Jun/2025:20:57:24 +0800] "GET /?action=edit&file=.gitattributes&path=/home/zuuttrav/public_html/core HTTP/1.1" 200 85568 "-" "Mozilla/5.0 (compatible; AwarioBot/1.0; +https://awario.com/bots.html)"
216.73.216.92 - - [21/Jun/2025:20:57:24 +0800] "GET /?path=%2F%2Fproc%2F93277%2Froot%2Flib%2Fnode_modules%2Fnpm%2Fnode_modules%2Frequest%2Flib HTTP/1.1" 200 90901 "-" "Mozilla/5.0 AppleWebKit/537.36 (KHTML, like Gecko; compatible; ClaudeBot/1.0; +claudebot@anthropic.com)"
216.73.216.92 - - [21/Jun/2025:20:57:32 +0800] "GET /?action=edit&file=__main__.cpython-36.opt-2.pyc&path=%2F%2Fproc%2Fself%2Froot%2Fusr%2Flib64%2Fpython3.6%2Funittest%2F__pycache__ HTTP/1.1" 200 86454 "-" "Mozilla/5.0 AppleWebKit/537.36 (KHTML, like Gecko; compatible; ClaudeBot/1.0; +claudebot@anthropic.com)"
65.21.113.198 - - [21/Jun/2025:20:57:32 +0800] "GET /blog/topic/78?path=/home/zuuttrav/public_html/core HTTP/1.1" 200 73032 "-" "Mozilla/5.0 (compatible; AwarioBot/1.0; +https://awario.com/bots.html)"
65.21.113.198 - - [21/Jun/2025:20:57:33 +0800] "GET /?action=edit&file=.gitignore&path=/home/zuuttrav/public_html/core HTTP/1.1" 200 85586 "-" "Mozilla/5.0 (compatible; AwarioBot/1.0; +https://awario.com/bots.html)"
216.73.216.92 - - [21/Jun/2025:20:57:39 +0800] "GET /?action=edit&file=__main__.cpython-36.opt-1.pyc&path=%2F%2Fproc%2Fself%2Froot%2Fusr%2Flib64%2Fpython3.6%2Funittest%2F__pycache__ HTTP/1.1" 200 86510 "-" "Mozilla/5.0 AppleWebKit/537.36 (KHTML, like Gecko; compatible; ClaudeBot/1.0; +claudebot@anthropic.com)"
65.21.113.198 - - [21/Jun/2025:20:57:41 +0800] "GET /?action=edit&file=.htaccess&path=/home/zuuttrav HTTP/1.1" 200 86609 "-" "Mozilla/5.0 (compatible; AwarioBot/1.0; +https://awario.com/bots.html)"
