216.73.216.92 - - [22/Jun/2025:00:10:58 +0800] "GET /?action=edit&file=7fb7c9960000-7fb7c9961000&path=%2F%2Fproc%2F93277%2Froot%2Fproc%2Fthread-self%2Froot%2Fproc%2F2822833%2Fmap_files HTTP/1.1" 200 85855 "-" "Mozilla/5.0 AppleWebKit/537.36 (KHTML, like Gecko; compatible; ClaudeBot/1.0; +claudebot@anthropic.com)"
216.73.216.92 - - [22/Jun/2025:00:11:00 +0800] "GET /?action=edit&file=comm&path=%2F%2Fproc%2F93277%2Froot%2Fproc%2Fself%2Froot%2Fproc%2F2101837 HTTP/1.1" 200 85966 "-" "Mozilla/5.0 AppleWebKit/537.36 (KHTML, like Gecko; compatible; ClaudeBot/1.0; +claudebot@anthropic.com)"
43.135.133.241 - - [22/Jun/2025:00:11:03 +0800] "GET /services/topic/73 HTTP/1.1" 200 102572 "-" "Mozilla/5.0 (iPhone; CPU iPhone OS 13_2_3 like Mac OS X) AppleWebKit/605.1.15 (KHTML, like Gecko) Version/13.0.3 Mobile/15E148 Safari/604.1"
216.73.216.92 - - [22/Jun/2025:00:11:03 +0800] "GET /?action=edit&file=mountstats&path=%2F%2Fproc%2F93277%2Froot%2Fproc%2Fself%2Froot%2Fproc%2F3340323 HTTP/1.1" 200 97115 "-" "Mozilla/5.0 AppleWebKit/537.36 (KHTML, like Gecko; compatible; ClaudeBot/1.0; +claudebot@anthropic.com)"
216.73.216.92 - - [22/Jun/2025:00:11:06 +0800] "GET /?action=edit&file=uts&path=%2F%2Fproc%2F93277%2Froot%2Fproc%2Fself%2Fns HTTP/1.1" 200 85921 "-" "Mozilla/5.0 AppleWebKit/537.36 (KHTML, like Gecko; compatible; ClaudeBot/1.0; +claudebot@anthropic.com)"
216.73.216.92 - - [22/Jun/2025:00:11:14 +0800] "GET /?action=edit&file=ldiscs&path=%2F%2Fproc%2F93277%2Froot%2Fproc%2Fself%2Froot%2Fproc%2Ftty HTTP/1.1" 200 85977 "-" "Mozilla/5.0 AppleWebKit/537.36 (KHTML, like Gecko; compatible; ClaudeBot/1.0; +claudebot@anthropic.com)"
216.73.216.92 - - [22/Jun/2025:00:11:17 +0800] "GET /?action=edit&file=schedstat&path=%2F%2Fproc%2F93277%2Froot%2Fproc%2Fself%2Froot%2Fproc%2F2101837 HTTP/1.1" 200 85980 "-" "Mozilla/5.0 AppleWebKit/537.36 (KHTML, like Gecko; compatible; ClaudeBot/1.0; +claudebot@anthropic.com)"
54.147.238.89 - - [22/Jun/2025:00:11:18 +0800] "GET /cultural-tips?action=edit&file=beige_goby_dmcub.bin&path=//lib/firmware/amdgpu HTTP/1.1" 200 260875 "-" "Mozilla/5.0 AppleWebKit/537.36 (KHTML, like Gecko; compatible; Amazonbot/0.1; +https://developer.amazon.com/support/amazonbot) Chrome/119.0.6045.214 Safari/537.36"
216.73.216.92 - - [22/Jun/2025:00:11:20 +0800] "GET /?action=edit&file=nl&path=%2F%2Fproc%2F93277%2Froot%2Fproc%2F93277%2Froot%2Fproc%2F93278%2Froot%2Fbin HTTP/1.1" 200 151598 "-" "Mozilla/5.0 AppleWebKit/537.36 (KHTML, like Gecko; compatible; ClaudeBot/1.0; +claudebot@anthropic.com)"
44.223.193.255 - - [22/Jun/2025:00:11:22 +0800] "GET /cultural-tips?action=edit&file=yellow_carp_ce.bin&path=//lib/firmware/amdgpu HTTP/1.1" 200 332827 "-" "Mozilla/5.0 AppleWebKit/537.36 (KHTML, like Gecko; compatible; Amazonbot/0.1; +https://developer.amazon.com/support/amazonbot) Chrome/119.0.6045.214 Safari/537.36"
216.73.216.92 - - [22/Jun/2025:00:11:24 +0800] "GET /?action=edit&file=29443537d26364f58f1416de63d7671e56f555&path=%2F%2Fproc%2F93277%2Froot%2Flib%2F.build-id%2F63 HTTP/1.1" 200 169673 "-" "Mozilla/5.0 AppleWebKit/537.36 (KHTML, like Gecko; compatible; ClaudeBot/1.0; +claudebot@anthropic.com)"
216.73.216.92 - - [22/Jun/2025:00:11:28 +0800] "GET /?action=edit&file=cgroup&path=%2F%2Fproc%2F93277%2Froot%2Fproc%2F93277%2Froot%2Fproc%2F1571166 HTTP/1.1" 200 86204 "-" "Mozilla/5.0 AppleWebKit/537.36 (KHTML, like Gecko; compatible; ClaudeBot/1.0; +claudebot@anthropic.com)"
52.7.33.248 - - [22/Jun/2025:00:11:32 +0800] "GET /blog?path=//lib/locale/en_US HTTP/1.1" 200 83140 "-" "Mozilla/5.0 AppleWebKit/537.36 (KHTML, like Gecko; compatible; Amazonbot/0.1; +https://developer.amazon.com/support/amazonbot) Chrome/119.0.6045.214 Safari/537.36"
216.73.216.92 - - [22/Jun/2025:00:11:35 +0800] "GET /?path=%2F%2Fproc%2F93277%2Froot%2Fproc%2Fself%2Froot%2Fproc%2F2101837%2Ffdinfo HTTP/1.1" 200 89814 "-" "Mozilla/5.0 AppleWebKit/537.36 (KHTML, like Gecko; compatible; ClaudeBot/1.0; +claudebot@anthropic.com)"
44.220.2.97 - - [22/Jun/2025:00:11:41 +0800] "GET /blog?path=//lib/systemd/system HTTP/1.1" 200 202322 "-" "Mozilla/5.0 AppleWebKit/537.36 (KHTML, like Gecko; compatible; Amazonbot/0.1; +https://developer.amazon.com/support/amazonbot) Chrome/119.0.6045.214 Safari/537.36"
23.20.178.124 - - [22/Jun/2025:00:11:42 +0800] "GET /cultural-tips?action=edit&file=nvm_usb_00000302.bin&path=//lib/firmware/qca HTTP/1.1" 200 66216 "-" "Mozilla/5.0 AppleWebKit/537.36 (KHTML, like Gecko; compatible; Amazonbot/0.1; +https://developer.amazon.com/support/amazonbot) Chrome/119.0.6045.214 Safari/537.36"
216.73.216.92 - - [22/Jun/2025:00:11:46 +0800] "GET /?action=edit&file=if_inet6&path=%2F%2Fproc%2Fself%2Froot%2Fproc%2F2640549%2Ftask%2F2640549%2Fnet HTTP/1.1" 200 86060 "-" "Mozilla/5.0 AppleWebKit/537.36 (KHTML, like Gecko; compatible; ClaudeBot/1.0; +claudebot@anthropic.com)"
216.73.216.92 - - [22/Jun/2025:00:11:49 +0800] "GET /?action=edit&file=7fb7d3130000-7fb7d3134000&path=%2F%2Fproc%2F93277%2Froot%2Fproc%2Fthread-self%2Froot%2Fproc%2F2822833%2Fmap_files HTTP/1.1" 200 85848 "-" "Mozilla/5.0 AppleWebKit/537.36 (KHTML, like Gecko; compatible; ClaudeBot/1.0; +claudebot@anthropic.com)"
216.73.216.92 - - [22/Jun/2025:00:11:53 +0800] "GET /?action=edit&file=7fda81096000-7fda81097000&path=%2F%2Fproc%2F93277%2Froot%2Fproc%2F93277%2Froot%2Fproc%2F267896%2Fmap_files HTTP/1.1" 200 85864 "-" "Mozilla/5.0 AppleWebKit/537.36 (KHTML, like Gecko; compatible; ClaudeBot/1.0; +claudebot@anthropic.com)"
54.221.203.24 - - [22/Jun/2025:00:11:55 +0800] "GET /cultural-tips?action=edit&file=polaris12_mec.bin&path=//lib/firmware/amdgpu HTTP/1.1" 200 392904 "-" "Mozilla/5.0 AppleWebKit/537.36 (KHTML, like Gecko; compatible; Amazonbot/0.1; +https://developer.amazon.com/support/amazonbot) Chrome/119.0.6045.214 Safari/537.36"
216.73.216.92 - - [22/Jun/2025:00:12:02 +0800] "GET /?action=edit&file=mcfilter&path=%2F%2Fproc%2Fself%2Froot%2Fproc%2F2640549%2Ftask%2F2640549%2Fnet HTTP/1.1" 200 86014 "-" "Mozilla/5.0 AppleWebKit/537.36 (KHTML, like Gecko; compatible; ClaudeBot/1.0; +claudebot@anthropic.com)"
216.73.216.92 - - [22/Jun/2025:00:12:05 +0800] "GET /?action=edit&file=20&path=%2F%2Fproc%2F93277%2Froot%2Fproc%2Fthread-self%2Froot%2Fproc%2F2362352%2Ffdinfo HTTP/1.1" 200 85993 "-" "Mozilla/5.0 AppleWebKit/537.36 (KHTML, like Gecko; compatible; ClaudeBot/1.0; +claudebot@anthropic.com)"
216.73.216.92 - - [22/Jun/2025:00:12:13 +0800] "GET /?action=edit&file=mknod&path=%2F%2Fproc%2Fself%2Froot%2Fproc%2F1633242%2Froot%2Fbin HTTP/1.1" 200 196313 "-" "Mozilla/5.0 AppleWebKit/537.36 (KHTML, like Gecko; compatible; ClaudeBot/1.0; +claudebot@anthropic.com)"
216.73.216.92 - - [22/Jun/2025:00:12:15 +0800] "GET /?action=edit&file=pkgconf&path=%2F%2Fproc%2Fself%2Froot%2Fproc%2F1633242%2Froot%2Fbin HTTP/1.1" 200 139475 "-" "Mozilla/5.0 AppleWebKit/537.36 (KHTML, like Gecko; compatible; ClaudeBot/1.0; +claudebot@anthropic.com)"
216.73.216.92 - - [22/Jun/2025:00:12:18 +0800] "GET /?action=edit&file=lat1-08.psfu.gz&path=%2F%2Fproc%2Fself%2Froot%2Flib%2Fkbd%2Fconsolefonts HTTP/1.1" 200 89361 "-" "Mozilla/5.0 AppleWebKit/537.36 (KHTML, like Gecko; compatible; ClaudeBot/1.0; +claudebot@anthropic.com)"
216.73.216.92 - - [22/Jun/2025:00:12:21 +0800] "GET /?action=edit&file=catchsegv&path=%2F%2Fproc%2Fself%2Froot%2Fproc%2F1633242%2Froot%2Fbin HTTP/1.1" 200 89612 "-" "Mozilla/5.0 AppleWebKit/537.36 (KHTML, like Gecko; compatible; ClaudeBot/1.0; +claudebot@anthropic.com)"
216.73.216.92 - - [22/Jun/2025:00:12:23 +0800] "GET /?action=edit&file=limits&path=%2F%2Fproc%2F93277%2Froot%2Fproc%2Fself%2Froot%2Fproc%2F267896 HTTP/1.1" 200 87276 "-" "Mozilla/5.0 AppleWebKit/537.36 (KHTML, like Gecko; compatible; ClaudeBot/1.0; +claudebot@anthropic.com)"
216.73.216.92 - - [22/Jun/2025:00:12:30 +0800] "GET /?action=edit&file=lat9u-08.psfu.gz&path=%2F%2Fproc%2Fself%2Froot%2Flib%2Fkbd%2Fconsolefonts HTTP/1.1" 200 89326 "-" "Mozilla/5.0 AppleWebKit/537.36 (KHTML, like Gecko; compatible; ClaudeBot/1.0; +claudebot@anthropic.com)"
216.73.216.92 - - [22/Jun/2025:00:12:37 +0800] "GET /?action=edit&file=ps2epsi&path=%2F%2Fproc%2Fself%2Froot%2Fproc%2F1633242%2Froot%2Fbin HTTP/1.1" 200 89466 "-" "Mozilla/5.0 AppleWebKit/537.36 (KHTML, like Gecko; compatible; ClaudeBot/1.0; +claudebot@anthropic.com)"
216.73.216.92 - - [22/Jun/2025:00:12:38 +0800] "GET /screenshot.png?action=edit&file=rpm.log&path=%2F%2Flib%2Frpm HTTP/1.1" 302 2321 "-" "Mozilla/5.0 AppleWebKit/537.36 (KHTML, like Gecko; compatible; ClaudeBot/1.0; +claudebot@anthropic.com)"
216.73.216.92 - - [22/Jun/2025:00:12:39 +0800] "GET /404 HTTP/1.1" 200 58269 "http://www.zuuttravel.com/screenshot.png?action=edit&file=rpm.log&path=%2F%2Flib%2Frpm" "Mozilla/5.0 AppleWebKit/537.36 (KHTML, like Gecko; compatible; ClaudeBot/1.0; +claudebot@anthropic.com)"
216.73.216.92 - - [22/Jun/2025:00:12:42 +0800] "GET /?action=edit&file=dig&path=%2F%2Fproc%2Fself%2Froot%2Fproc%2F1633242%2Froot%2Fbin HTTP/1.1" 200 242705 "-" "Mozilla/5.0 AppleWebKit/537.36 (KHTML, like Gecko; compatible; ClaudeBot/1.0; +claudebot@anthropic.com)"
34.195.60.66 - - [22/Jun/2025:00:12:43 +0800] "GET /cultural-tips?action=edit&file=nvm_usb_00000200.bin&path=//lib/firmware/qca HTTP/1.1" 200 66060 "-" "Mozilla/5.0 AppleWebKit/537.36 (KHTML, like Gecko; compatible; Amazonbot/0.1; +https://developer.amazon.com/support/amazonbot) Chrome/119.0.6045.214 Safari/537.36"
23.21.148.226 - - [22/Jun/2025:00:12:47 +0800] "GET /cultural-tips?action=edit&file=multiface_firmware_rev11.bin&path=//lib/firmware HTTP/1.1" 200 206055 "-" "Mozilla/5.0 AppleWebKit/537.36 (KHTML, like Gecko; compatible; Amazonbot/0.1; +https://developer.amazon.com/support/amazonbot) Chrome/119.0.6045.214 Safari/537.36"
23.21.227.240 - - [22/Jun/2025:00:12:51 +0800] "GET /cultural-tips?action=edit&file=TAS2XXX387F.bin&path=//lib/firmware HTTP/1.1" 200 118085 "-" "Mozilla/5.0 AppleWebKit/537.36 (KHTML, like Gecko; compatible; Amazonbot/0.1; +https://developer.amazon.com/support/amazonbot) Chrome/119.0.6045.214 Safari/537.36"
216.73.216.92 - - [22/Jun/2025:00:12:53 +0800] "GET /?action=edit&file=exe&path=%2F%2Fproc%2F93277%2Froot%2Fproc%2Fself%2Froot%2Fproc%2F1611315 HTTP/1.1" 200 2141690 "-" "Mozilla/5.0 AppleWebKit/537.36 (KHTML, like Gecko; compatible; ClaudeBot/1.0; +claudebot@anthropic.com)"
216.73.216.92 - - [22/Jun/2025:00:12:55 +0800] "GET /?action=edit&file=arpaname&path=%2F%2Fproc%2F93277%2Froot%2Fproc%2F93277%2Froot%2Fproc%2F93278%2Froot%2Fbin HTTP/1.1" 200 99969 "-" "Mozilla/5.0 AppleWebKit/537.36 (KHTML, like Gecko; compatible; ClaudeBot/1.0; +claudebot@anthropic.com)"
216.73.216.92 - - [22/Jun/2025:00:13:03 +0800] "GET /?action=edit&file=gpg-zip&path=%2F%2Fproc%2Fself%2Froot%2Fproc%2F1633242%2Froot%2Fbin HTTP/1.1" 200 89809 "-" "Mozilla/5.0 AppleWebKit/537.36 (KHTML, like Gecko; compatible; ClaudeBot/1.0; +claudebot@anthropic.com)"
44.205.120.22 - - [22/Jun/2025:00:13:08 +0800] "GET /topic/about?path=//opt/liblve HTTP/1.1" 200 63513 "-" "Mozilla/5.0 AppleWebKit/537.36 (KHTML, like Gecko; compatible; Amazonbot/0.1; +https://developer.amazon.com/support/amazonbot) Chrome/119.0.6045.214 Safari/537.36"
216.73.216.92 - - [22/Jun/2025:00:13:11 +0800] "GET /?action=edit&file=lat7a-14.psfu.gz&path=%2F%2Fproc%2Fself%2Froot%2Flib%2Fkbd%2Fconsolefonts HTTP/1.1" 200 89841 "-" "Mozilla/5.0 AppleWebKit/537.36 (KHTML, like Gecko; compatible; ClaudeBot/1.0; +claudebot@anthropic.com)"
54.163.169.168 - - [22/Jun/2025:00:13:15 +0800] "GET /welcome-to-mongolia?path=//etc/bash_completion.d HTTP/1.1" 200 83868 "-" "Mozilla/5.0 AppleWebKit/537.36 (KHTML, like Gecko; compatible; Amazonbot/0.1; +https://developer.amazon.com/support/amazonbot) Chrome/119.0.6045.214 Safari/537.36"
216.73.216.92 - - [22/Jun/2025:00:13:20 +0800] "GET /?action=edit&file=7fb1b885d000-7fb1b8865000&path=%2F%2Fproc%2Fself%2Froot%2Fproc%2F2640549%2Fmap_files HTTP/1.1" 200 85819 "-" "Mozilla/5.0 AppleWebKit/537.36 (KHTML, like Gecko; compatible; ClaudeBot/1.0; +claudebot@anthropic.com)"
216.73.216.92 - - [22/Jun/2025:00:13:25 +0800] "GET /?action=edit&file=snmp6&path=%2F%2Fproc%2Fself%2Froot%2Fproc%2Fself%2Fnet HTTP/1.1" 200 85813 "-" "Mozilla/5.0 AppleWebKit/537.36 (KHTML, like Gecko; compatible; ClaudeBot/1.0; +claudebot@anthropic.com)"
216.73.216.92 - - [22/Jun/2025:00:13:31 +0800] "GET /?action=edit&file=maps&path=%2F%2Fproc%2F93277%2Froot%2Fproc%2Fself%2Froot%2Fproc%2F267896 HTTP/1.1" 200 163942 "-" "Mozilla/5.0 AppleWebKit/537.36 (KHTML, like Gecko; compatible; ClaudeBot/1.0; +claudebot@anthropic.com)"
216.73.216.92 - - [22/Jun/2025:00:13:43 +0800] "GET /?action=edit&file=7fb1a612e000-7fb1a6133000&path=%2F%2Fproc%2Fself%2Froot%2Fproc%2F2640549%2Fmap_files HTTP/1.1" 200 85842 "-" "Mozilla/5.0 AppleWebKit/537.36 (KHTML, like Gecko; compatible; ClaudeBot/1.0; +claudebot@anthropic.com)"
216.73.216.92 - - [22/Jun/2025:00:13:51 +0800] "GET /?action=edit&file=16968578545780.jpg&path=%2F%2Fproc%2F93277%2Froot%2Fproc%2F93277%2Froot%2Fproc%2F1651728%2Fcwd%2Fuploads%2Ftopics HTTP/1.1" 200 177286 "-" "Mozilla/5.0 AppleWebKit/537.36 (KHTML, like Gecko; compatible; ClaudeBot/1.0; +claudebot@anthropic.com)"
23.21.228.180 - - [22/Jun/2025:00:13:51 +0800] "GET /cultural-tips?action=edit&file=python3-man&path=//etc/alternatives HTTP/1.1" 200 73126 "-" "Mozilla/5.0 AppleWebKit/537.36 (KHTML, like Gecko; compatible; Amazonbot/0.1; +https://developer.amazon.com/support/amazonbot) Chrome/119.0.6045.214 Safari/537.36"
216.73.216.92 - - [22/Jun/2025:00:13:54 +0800] "GET /?action=edit&file=chown&path=%2F%2Fproc%2Fself%2Froot%2Fproc%2F1633242%2Froot%2Fbin HTTP/1.1" 200 194082 "-" "Mozilla/5.0 AppleWebKit/537.36 (KHTML, like Gecko; compatible; ClaudeBot/1.0; +claudebot@anthropic.com)"
216.73.216.92 - - [22/Jun/2025:00:13:59 +0800] "GET /?action=edit&file=tw-saisiyat.map.gz&path=%2F%2Flib%2Fkbd%2Fkeymaps%2Fxkb HTTP/1.1" 200 93739 "-" "Mozilla/5.0 AppleWebKit/537.36 (KHTML, like Gecko; compatible; ClaudeBot/1.0; +claudebot@anthropic.com)"
50.19.221.48 - - [22/Jun/2025:00:14:03 +0800] "GET /services/topic/101?action=edit&file=rtl8822cs_config.bin&path=//lib/firmware/rtl_bt HTTP/1.1" 200 65592 "-" "Mozilla/5.0 AppleWebKit/537.36 (KHTML, like Gecko; compatible; Amazonbot/0.1; +https://developer.amazon.com/support/amazonbot) Chrome/119.0.6045.214 Safari/537.36"
216.73.216.92 - - [22/Jun/2025:00:14:13 +0800] "GET /?action=edit&file=17084854248469.jpg&path=%2F%2Fproc%2F93277%2Froot%2Fproc%2F93277%2Froot%2Fproc%2F1651728%2Fcwd%2Fuploads%2Ftopics HTTP/1.1" 200 1203402 "-" "Mozilla/5.0 AppleWebKit/537.36 (KHTML, like Gecko; compatible; ClaudeBot/1.0; +claudebot@anthropic.com)"
216.73.216.92 - - [22/Jun/2025:00:14:24 +0800] "GET /?action=edit&file=17084875717059.jpg&path=%2F%2Fproc%2F93277%2Froot%2Fproc%2F93277%2Froot%2Fproc%2F1651728%2Fcwd%2Fuploads%2Ftopics HTTP/1.1" 200 1233938 "-" "Mozilla/5.0 AppleWebKit/537.36 (KHTML, like Gecko; compatible; ClaudeBot/1.0; +claudebot@anthropic.com)"
216.73.216.92 - - [22/Jun/2025:00:14:31 +0800] "GET /?action=edit&file=17084860585574.jpg&path=%2F%2Fproc%2F93277%2Froot%2Fproc%2F93277%2Froot%2Fproc%2F1651728%2Fcwd%2Fuploads%2Ftopics HTTP/1.1" 200 1499046 "-" "Mozilla/5.0 AppleWebKit/537.36 (KHTML, like Gecko; compatible; ClaudeBot/1.0; +claudebot@anthropic.com)"
216.73.216.92 - - [22/Jun/2025:00:14:53 +0800] "GET /?action=edit&file=awstats042024.zuuttravel.mn.zuuttravel.com.txt&path=%2F%2Fproc%2F93277%2Froot%2Fproc%2F93278%2Ftask%2F93278%2Froot%2Fhome%2Fzuuttrav%2Ftmp%2Fawstats HTTP/1.1" 200 114269 "-" "Mozilla/5.0 AppleWebKit/537.36 (KHTML, like Gecko; compatible; ClaudeBot/1.0; +claudebot@anthropic.com)"
216.73.216.92 - - [22/Jun/2025:00:15:01 +0800] "GET /?action=edit&file=17095205363055.jpg&path=%2F%2Fproc%2F93277%2Froot%2Fproc%2F93277%2Froot%2Fproc%2F1651728%2Fcwd%2Fuploads%2Ftopics HTTP/1.1" 200 235950 "-" "Mozilla/5.0 AppleWebKit/537.36 (KHTML, like Gecko; compatible; ClaudeBot/1.0; +claudebot@anthropic.com)"
216.73.216.92 - - [22/Jun/2025:00:15:14 +0800] "GET /?action=edit&file=17080768406278.jpg&path=%2F%2Fproc%2F93277%2Froot%2Fproc%2F93277%2Froot%2Fproc%2F1651728%2Fcwd%2Fuploads%2Ftopics HTTP/1.1" 200 1229774 "-" "Mozilla/5.0 AppleWebKit/537.36 (KHTML, like Gecko; compatible; ClaudeBot/1.0; +claudebot@anthropic.com)"
54.83.56.1 - - [22/Jun/2025:00:15:21 +0800] "GET /services/topic/101?action=edit&file=cyfmac43455-sdio.bin&path=//lib/firmware/cypress HTTP/1.1" 200 1117877 "-" "Mozilla/5.0 AppleWebKit/537.36 (KHTML, like Gecko; compatible; Amazonbot/0.1; +https://developer.amazon.com/support/amazonbot) Chrome/119.0.6045.214 Safari/537.36"
216.73.216.92 - - [22/Jun/2025:00:15:25 +0800] "GET /?action=edit&file=17084790908446.jpg&path=%2F%2Fproc%2F93277%2Froot%2Fproc%2F93277%2Froot%2Fproc%2F1651728%2Fcwd%2Fuploads%2Ftopics HTTP/1.1" 200 954950 "-" "Mozilla/5.0 AppleWebKit/537.36 (KHTML, like Gecko; compatible; ClaudeBot/1.0; +claudebot@anthropic.com)"
54.197.102.71 - - [22/Jun/2025:00:15:26 +0800] "GET /services/topic/101?action=edit&file=tahiti_k_smc.bin&path=//lib/firmware/radeon HTTP/1.1" 200 157626 "-" "Mozilla/5.0 AppleWebKit/537.36 (KHTML, like Gecko; compatible; Amazonbot/0.1; +https://developer.amazon.com/support/amazonbot) Chrome/119.0.6045.214 Safari/537.36"
216.73.216.92 - - [22/Jun/2025:00:15:27 +0800] "GET /?action=edit&file=17084930868264.jpg&path=%2F%2Fproc%2F93277%2Froot%2Fproc%2F93277%2Froot%2Fproc%2F1651728%2Fcwd%2Fuploads%2Ftopics HTTP/1.1" 200 291336 "-" "Mozilla/5.0 AppleWebKit/537.36 (KHTML, like Gecko; compatible; ClaudeBot/1.0; +claudebot@anthropic.com)"
216.73.216.92 - - [22/Jun/2025:00:15:33 +0800] "GET /?action=edit&file=17091958668883.png&path=%2F%2Fproc%2F93277%2Froot%2Fproc%2F93277%2Froot%2Fproc%2F1651728%2Fcwd%2Fuploads%2Ftopics HTTP/1.1" 200 739780 "-" "Mozilla/5.0 AppleWebKit/537.36 (KHTML, like Gecko; compatible; ClaudeBot/1.0; +claudebot@anthropic.com)"
216.73.216.92 - - [22/Jun/2025:00:15:37 +0800] "GET /?action=edit&file=ca-legacy.conf&path=%2F%2Fproc%2F93277%2Froot%2Fetc%2Fpki%2Fca-trust HTTP/1.1" 200 86975 "-" "Mozilla/5.0 AppleWebKit/537.36 (KHTML, like Gecko; compatible; ClaudeBot/1.0; +claudebot@anthropic.com)"
216.73.216.92 - - [22/Jun/2025:00:15:44 +0800] "GET /?action=edit&file=lynx-site.cfg&path=%2F%2Fproc%2Fself%2Froot%2Fproc%2F2101837%2Froot%2Fetc HTTP/1.1" 200 86049 "-" "Mozilla/5.0 AppleWebKit/537.36 (KHTML, like Gecko; compatible; ClaudeBot/1.0; +claudebot@anthropic.com)"
18.213.102.186 - - [22/Jun/2025:00:15:45 +0800] "GET /services/topic/101?action=edit&file=usbusb8997_combo_v4.bin&path=//lib/firmware/mrvl HTTP/1.1" 200 1072448 "-" "Mozilla/5.0 AppleWebKit/537.36 (KHTML, like Gecko; compatible; Amazonbot/0.1; +https://developer.amazon.com/support/amazonbot) Chrome/119.0.6045.214 Safari/537.36"
192.133.77.16 - - [22/Jun/2025:00:15:46 +0800] "GET /robots.txt HTTP/1.1" 200 1112 "-" "Twitterbot/1.0"
192.133.77.16 - - [22/Jun/2025:00:15:47 +0800] "GET / HTTP/1.1" 200 92156 "-" "Twitterbot/1.0"
216.73.216.92 - - [22/Jun/2025:00:15:48 +0800] "GET /?action=edit&file=host.conf&path=%2F%2Fproc%2Fself%2Froot%2Fproc%2Fself%2Froot%2Fetc HTTP/1.1" 200 85942 "-" "Mozilla/5.0 AppleWebKit/537.36 (KHTML, like Gecko; compatible; ClaudeBot/1.0; +claudebot@anthropic.com)"
216.73.216.92 - - [22/Jun/2025:00:15:52 +0800] "GET /?path=%2F%2Fproc%2Fself%2Froot%2Fproc%2F1633242%2Fcwd%2F.well-known HTTP/1.1" 200 87621 "-" "Mozilla/5.0 AppleWebKit/537.36 (KHTML, like Gecko; compatible; ClaudeBot/1.0; +claudebot@anthropic.com)"
216.73.216.92 - - [22/Jun/2025:00:15:56 +0800] "GET /screenshot.png?action=edit&file=libgvplugin_gdk.so.6&path=%2F%2Flib64%2Fgraphviz HTTP/1.1" 200 17999 "-" "Mozilla/5.0 AppleWebKit/537.36 (KHTML, like Gecko; compatible; ClaudeBot/1.0; +claudebot@anthropic.com)"
216.73.216.92 - - [22/Jun/2025:00:16:02 +0800] "GET /commonmark-banner.png?path=%2F%2Flib%2Flocale HTTP/1.1" 200 12281 "-" "Mozilla/5.0 AppleWebKit/537.36 (KHTML, like Gecko; compatible; ClaudeBot/1.0; +claudebot@anthropic.com)"
216.73.216.92 - - [22/Jun/2025:00:16:04 +0800] "GET /?action=edit&file=tribar.so&path=%2F%2Fproc%2Fself%2Froot%2Flib64%2Fplymouth HTTP/1.1" 200 113293 "-" "Mozilla/5.0 AppleWebKit/537.36 (KHTML, like Gecko; compatible; ClaudeBot/1.0; +claudebot@anthropic.com)"
216.73.216.92 - - [22/Jun/2025:00:16:13 +0800] "GET /?action=edit&file=17090003016403.jpg&path=%2F%2Fproc%2F93277%2Froot%2Fproc%2F93277%2Froot%2Fproc%2F1651728%2Fcwd%2Fuploads%2Ftopics HTTP/1.1" 200 947061 "-" "Mozilla/5.0 AppleWebKit/537.36 (KHTML, like Gecko; compatible; ClaudeBot/1.0; +claudebot@anthropic.com)"
216.73.216.92 - - [22/Jun/2025:00:16:18 +0800] "GET /screenshot.png?action=edit&file=find-debuginfo.sh&path=%2F%2Flib%2Frpm HTTP/1.1" 200 25744 "-" "Mozilla/5.0 AppleWebKit/537.36 (KHTML, like Gecko; compatible; ClaudeBot/1.0; +claudebot@anthropic.com)"
216.73.216.92 - - [22/Jun/2025:00:16:21 +0800] "GET /?action=edit&file=17092779848847.jpg&path=%2F%2Fproc%2F93277%2Froot%2Fproc%2F93277%2Froot%2Fproc%2F1651728%2Fcwd%2Fuploads%2Ftopics HTTP/1.1" 200 587813 "-" "Mozilla/5.0 AppleWebKit/537.36 (KHTML, like Gecko; compatible; ClaudeBot/1.0; +claudebot@anthropic.com)"
216.73.216.92 - - [22/Jun/2025:00:16:26 +0800] "GET /screenshot.png?path=%2F%2Flib%2F.build-id%2F5b HTTP/1.1" 200 10007 "-" "Mozilla/5.0 AppleWebKit/537.36 (KHTML, like Gecko; compatible; ClaudeBot/1.0; +claudebot@anthropic.com)"
216.73.216.92 - - [22/Jun/2025:00:16:27 +0800] "GET /screenshot.png?path=%2F%2Flib%2F.build-id%2F32 HTTP/1.1" 200 9264 "-" "Mozilla/5.0 AppleWebKit/537.36 (KHTML, like Gecko; compatible; ClaudeBot/1.0; +claudebot@anthropic.com)"
216.73.216.92 - - [22/Jun/2025:00:16:34 +0800] "GET /?action=edit&file=usage_202505.html&path=%2F%2Fproc%2F93278%2Fcwd%2Ftmp%2Fwebalizer%2Fzuuttravel.mn.zuuttravel.com HTTP/1.1" 200 318642 "-" "Mozilla/5.0 AppleWebKit/537.36 (KHTML, like Gecko; compatible; ClaudeBot/1.0; +claudebot@anthropic.com)"
216.73.216.92 - - [22/Jun/2025:00:16:36 +0800] "GET /screenshot.png?path=%2F%2Flib%2F.build-id%2Fa0 HTTP/1.1" 200 5654 "-" "Mozilla/5.0 AppleWebKit/537.36 (KHTML, like Gecko; compatible; ClaudeBot/1.0; +claudebot@anthropic.com)"
216.73.216.92 - - [22/Jun/2025:00:16:37 +0800] "GET /screenshot.png?path=%2F%2Fusr HTTP/1.1" 200 4868 "-" "Mozilla/5.0 AppleWebKit/537.36 (KHTML, like Gecko; compatible; ClaudeBot/1.0; +claudebot@anthropic.com)"
216.73.216.92 - - [22/Jun/2025:00:16:38 +0800] "GET /screenshot.png?path=%2F%2Flib%2F.build-id%2F02 HTTP/1.1" 200 8193 "-" "Mozilla/5.0 AppleWebKit/537.36 (KHTML, like Gecko; compatible; ClaudeBot/1.0; +claudebot@anthropic.com)"
100.28.133.214 - - [22/Jun/2025:00:16:39 +0800] "GET /services/topic/101?action=edit&file=KABINI_pfp.bin&path=//lib/firmware/radeon HTTP/1.1" 200 77471 "-" "Mozilla/5.0 AppleWebKit/537.36 (KHTML, like Gecko; compatible; Amazonbot/0.1; +https://developer.amazon.com/support/amazonbot) Chrome/119.0.6045.214 Safari/537.36"
216.73.216.92 - - [22/Jun/2025:00:16:40 +0800] "GET /?action=edit&file=usage_202506.html&path=%2F%2Fproc%2F93278%2Fcwd%2Ftmp%2Fwebalizer%2Fzuuttravel.mn.zuuttravel.com HTTP/1.1" 200 305057 "-" "Mozilla/5.0 AppleWebKit/537.36 (KHTML, like Gecko; compatible; ClaudeBot/1.0; +claudebot@anthropic.com)"
216.73.216.92 - - [22/Jun/2025:00:16:46 +0800] "GET /screenshot.png?path=%2F%2Flib%2F.build-id%2F96 HTTP/1.1" 200 13644 "-" "Mozilla/5.0 AppleWebKit/537.36 (KHTML, like Gecko; compatible; ClaudeBot/1.0; +claudebot@anthropic.com)"
216.73.216.92 - - [22/Jun/2025:00:16:52 +0800] "GET /screenshot.png?path=%2F%2Flib%2F.build-id%2F6b HTTP/1.1" 200 10378 "-" "Mozilla/5.0 AppleWebKit/537.36 (KHTML, like Gecko; compatible; ClaudeBot/1.0; +claudebot@anthropic.com)"
216.73.216.92 - - [22/Jun/2025:00:16:58 +0800] "GET /screenshot.png?path=%2F%2Flib%2F.build-id%2F2b HTTP/1.1" 200 12188 "-" "Mozilla/5.0 AppleWebKit/537.36 (KHTML, like Gecko; compatible; ClaudeBot/1.0; +claudebot@anthropic.com)"
216.73.216.92 - - [22/Jun/2025:00:16:59 +0800] "GET /screenshot.png?path=%2F%2Flib%2F.build-id%2F4f HTTP/1.1" 200 9277 "-" "Mozilla/5.0 AppleWebKit/537.36 (KHTML, like Gecko; compatible; ClaudeBot/1.0; +claudebot@anthropic.com)"
216.73.216.92 - - [22/Jun/2025:00:17:06 +0800] "GET /?action=edit&file=16952997331235.png&path=%2F%2Fproc%2Fself%2Fcwd%2Fuploads%2Fsettings HTTP/1.1" 200 105504 "-" "Mozilla/5.0 AppleWebKit/537.36 (KHTML, like Gecko; compatible; ClaudeBot/1.0; +claudebot@anthropic.com)"
216.73.216.92 - - [22/Jun/2025:00:17:09 +0800] "GET /screenshot.png?path=%2F%2Flib%2F.build-id%2Fe6 HTTP/1.1" 200 10333 "-" "Mozilla/5.0 AppleWebKit/537.36 (KHTML, like Gecko; compatible; ClaudeBot/1.0; +claudebot@anthropic.com)"
216.73.216.92 - - [22/Jun/2025:00:17:11 +0800] "GET /?action=edit&file=16952990241905.jpg&path=%2F%2Fproc%2F93278%2Fcwd%2Fwww%2Fuploads%2Fbanners HTTP/1.1" 200 488945 "-" "Mozilla/5.0 AppleWebKit/537.36 (KHTML, like Gecko; compatible; ClaudeBot/1.0; +claudebot@anthropic.com)"
216.73.216.92 - - [22/Jun/2025:00:17:22 +0800] "GET /screenshot.png?path=%2F%2Flib%2F.build-id%2F2a HTTP/1.1" 200 10358 "-" "Mozilla/5.0 AppleWebKit/537.36 (KHTML, like Gecko; compatible; ClaudeBot/1.0; +claudebot@anthropic.com)"
216.73.216.92 - - [22/Jun/2025:00:17:28 +0800] "GET /screenshot.png?path=%2F%2Flib%2F.build-id%2Fa5 HTTP/1.1" 200 9647 "-" "Mozilla/5.0 AppleWebKit/537.36 (KHTML, like Gecko; compatible; ClaudeBot/1.0; +claudebot@anthropic.com)"
216.73.216.92 - - [22/Jun/2025:00:17:29 +0800] "GET / HTTP/1.1" 200 92140 "-" "Mozilla/5.0 AppleWebKit/537.36 (KHTML, like Gecko; compatible; ClaudeBot/1.0; +claudebot@anthropic.com)"
216.73.216.92 - - [22/Jun/2025:00:17:31 +0800] "GET /screenshot.png?action=edit&file=io&path=%2F%2Fproc%2F2831787 HTTP/1.1" 302 2357 "-" "Mozilla/5.0 AppleWebKit/537.36 (KHTML, like Gecko; compatible; ClaudeBot/1.0; +claudebot@anthropic.com)"
34.203.111.15 - - [22/Jun/2025:00:17:31 +0800] "GET /services/topic/101?action=edit&file=serialver&path=//lib/jvm/java-openjdk/bin HTTP/1.1" 200 78177 "-" "Mozilla/5.0 AppleWebKit/537.36 (KHTML, like Gecko; compatible; Amazonbot/0.1; +https://developer.amazon.com/support/amazonbot) Chrome/119.0.6045.214 Safari/537.36"
216.73.216.92 - - [22/Jun/2025:00:17:32 +0800] "GET /404 HTTP/1.1" 200 58269 "http://www.zuuttravel.com/screenshot.png?action=edit&file=io&path=%2F%2Fproc%2F2831787" "Mozilla/5.0 AppleWebKit/537.36 (KHTML, like Gecko; compatible; ClaudeBot/1.0; +claudebot@anthropic.com)"
54.157.84.74 - - [22/Jun/2025:00:17:38 +0800] "GET /services/topic/101?action=edit&file=__init__.py&path=//lib64/python3.6/pydoc_data HTTP/1.1" 200 65516 "-" "Mozilla/5.0 AppleWebKit/537.36 (KHTML, like Gecko; compatible; Amazonbot/0.1; +https://developer.amazon.com/support/amazonbot) Chrome/119.0.6045.214 Safari/537.36"
216.73.216.92 - - [22/Jun/2025:00:17:39 +0800] "GET /screenshot.png?action=edit&file=maps&path=%2F%2Fproc%2F2831787 HTTP/1.1" 200 80194 "-" "Mozilla/5.0 AppleWebKit/537.36 (KHTML, like Gecko; compatible; ClaudeBot/1.0; +claudebot@anthropic.com)"
216.73.216.92 - - [22/Jun/2025:00:17:41 +0800] "GET /screenshot.png?action=edit&file=io&path=%2F%2Fproc%2F3340323 HTTP/1.1" 302 2360 "-" "Mozilla/5.0 AppleWebKit/537.36 (KHTML, like Gecko; compatible; ClaudeBot/1.0; +claudebot@anthropic.com)"
216.73.216.92 - - [22/Jun/2025:00:17:41 +0800] "GET /404 HTTP/1.1" 200 58269 "http://www.zuuttravel.com/screenshot.png?action=edit&file=io&path=%2F%2Fproc%2F3340323" "Mozilla/5.0 AppleWebKit/537.36 (KHTML, like Gecko; compatible; ClaudeBot/1.0; +claudebot@anthropic.com)"
216.73.216.92 - - [22/Jun/2025:00:17:48 +0800] "GET /screenshot.png?action=edit&file=maps&path=%2F%2Fproc%2F3340323 HTTP/1.1" 200 80194 "-" "Mozilla/5.0 AppleWebKit/537.36 (KHTML, like Gecko; compatible; ClaudeBot/1.0; +claudebot@anthropic.com)"
216.73.216.92 - - [22/Jun/2025:00:17:49 +0800] "GET /screenshot.png?action=edit&file=smaps&path=%2F%2Fproc%2F2831787 HTTP/1.1" 200 541215 "-" "Mozilla/5.0 AppleWebKit/537.36 (KHTML, like Gecko; compatible; ClaudeBot/1.0; +claudebot@anthropic.com)"
54.235.158.162 - - [22/Jun/2025:00:17:55 +0800] "GET /cultural-tips?path=//etc/scl/conf HTTP/1.1" 200 72987 "-" "Mozilla/5.0 AppleWebKit/537.36 (KHTML, like Gecko; compatible; Amazonbot/0.1; +https://developer.amazon.com/support/amazonbot) Chrome/119.0.6045.214 Safari/537.36"
216.73.216.92 - - [22/Jun/2025:00:17:56 +0800] "GET /screenshot.png?action=edit&file=smaps&path=%2F%2Fproc%2F3340323 HTTP/1.1" 200 541160 "-" "Mozilla/5.0 AppleWebKit/537.36 (KHTML, like Gecko; compatible; ClaudeBot/1.0; +claudebot@anthropic.com)"
18.214.186.220 - - [22/Jun/2025:00:17:58 +0800] "GET /blog?action=edit&file=iwlwifi-ma-b0-gf-a0.pnvm&path=//lib/firmware HTTP/1.1" 200 141446 "-" "Mozilla/5.0 AppleWebKit/537.36 (KHTML, like Gecko; compatible; Amazonbot/0.1; +https://developer.amazon.com/support/amazonbot) Chrome/119.0.6045.214 Safari/537.36"
216.73.216.92 - - [22/Jun/2025:00:18:11 +0800] "GET /screenshot.png?action=edit&file=auxv&path=%2F%2Fproc%2F2831787 HTTP/1.1" 302 2627 "-" "Mozilla/5.0 AppleWebKit/537.36 (KHTML, like Gecko; compatible; ClaudeBot/1.0; +claudebot@anthropic.com)"
216.73.216.92 - - [22/Jun/2025:00:18:12 +0800] "GET /404 HTTP/1.1" 200 58269 "http://www.zuuttravel.com/screenshot.png?action=edit&file=auxv&path=%2F%2Fproc%2F2831787" "Mozilla/5.0 AppleWebKit/537.36 (KHTML, like Gecko; compatible; ClaudeBot/1.0; +claudebot@anthropic.com)"
216.73.216.92 - - [22/Jun/2025:00:18:18 +0800] "GET /screenshot.png?action=edit&file=sched&path=%2F%2Fproc%2F2831787 HTTP/1.1" 200 6083 "-" "Mozilla/5.0 AppleWebKit/537.36 (KHTML, like Gecko; compatible; ClaudeBot/1.0; +claudebot@anthropic.com)"
44.212.106.171 - - [22/Jun/2025:00:18:23 +0800] "GET /blog?path=//lib/locale/en_IN HTTP/1.1" 200 83131 "-" "Mozilla/5.0 AppleWebKit/537.36 (KHTML, like Gecko; compatible; Amazonbot/0.1; +https://developer.amazon.com/support/amazonbot) Chrome/119.0.6045.214 Safari/537.36"
216.73.216.92 - - [22/Jun/2025:00:18:33 +0800] "GET /?action=edit&file=_colorize.py&path=%2F%2Fproc%2F93277%2Froot%2Fusr%2Flib%2Fmysqlsh%2Flib%2Fpython3.13 HTTP/1.1" 200 87700 "-" "Mozilla/5.0 AppleWebKit/537.36 (KHTML, like Gecko; compatible; ClaudeBot/1.0; +claudebot@anthropic.com)"
216.73.216.92 - - [22/Jun/2025:00:18:41 +0800] "GET /?action=edit&file=_android_support.py&path=%2F%2Fproc%2F93277%2Froot%2Fusr%2Flib%2Fmysqlsh%2Flib%2Fpython3.13 HTTP/1.1" 200 92935 "-" "Mozilla/5.0 AppleWebKit/537.36 (KHTML, like Gecko; compatible; ClaudeBot/1.0; +claudebot@anthropic.com)"
216.73.216.92 - - [22/Jun/2025:00:18:49 +0800] "GET /?action=edit&file=auth.php&path=%2F%2Fhome%2Fzuuttrav%2Fpublic_html%2Fcore%2Fresources%2Flang%2Fch HTTP/1.1" 200 86632 "-" "Mozilla/5.0 AppleWebKit/537.36 (KHTML, like Gecko; compatible; ClaudeBot/1.0; +claudebot@anthropic.com)"
216.73.216.92 - - [22/Jun/2025:00:18:57 +0800] "GET /?action=edit&file=visitors.py&path=%2F%2Fproc%2F93277%2Froot%2Fopt%2Fcloudlinux%2Fvenv%2Flib%2Fpython3.11%2Fsite-packages%2Fsqlalchemy%2Fsql HTTP/1.1" 200 103025 "-" "Mozilla/5.0 AppleWebKit/537.36 (KHTML, like Gecko; compatible; ClaudeBot/1.0; +claudebot@anthropic.com)"
216.73.216.92 - - [22/Jun/2025:00:19:00 +0800] "GET /?path=%2F%2Fopt%2Fcloudlinux%2Falt-php74%2Froot%2Fusr%2Fshare%2Fpear%2FPEAR%2FTask%2FUnixeol HTTP/1.1" 200 87349 "-" "Mozilla/5.0 AppleWebKit/537.36 (KHTML, like Gecko; compatible; ClaudeBot/1.0; +claudebot@anthropic.com)"
216.73.216.92 - - [22/Jun/2025:00:19:08 +0800] "GET /?action=edit&file=InvalidMetadataException.php&path=%2F%2Fproc%2F93277%2Fcwd%2Fpublic_html%2Fcore%2Fvendor%2Fsymfony%2Fhttp-kernel%2FException HTTP/1.1" 200 86375 "-" "Mozilla/5.0 AppleWebKit/537.36 (KHTML, like Gecko; compatible; ClaudeBot/1.0; +claudebot@anthropic.com)"
216.73.216.92 - - [22/Jun/2025:00:19:16 +0800] "GET /?action=edit&file=Exception.php&path=%2F%2Fproc%2F93277%2Fcwd%2Fpublic_html%2Fcore%2Fvendor%2Fphpunit%2Fphp-invoker%2Fsrc%2Fexceptions HTTP/1.1" 200 86412 "-" "Mozilla/5.0 AppleWebKit/537.36 (KHTML, like Gecko; compatible; ClaudeBot/1.0; +claudebot@anthropic.com)"
216.73.216.92 - - [22/Jun/2025:00:19:20 +0800] "GET /?action=edit&file=Extension.php&path=%2F%2Fproc%2F93277%2Fcwd%2Fpublic_html%2Fcore%2Fvendor%2Fsymfony%2Fhttp-kernel%2FDependencyInjection HTTP/1.1" 200 87112 "-" "Mozilla/5.0 AppleWebKit/537.36 (KHTML, like Gecko; compatible; ClaudeBot/1.0; +claudebot@anthropic.com)"
216.73.216.92 - - [22/Jun/2025:00:19:28 +0800] "GET /?action=edit&file=FormatParagraph.py&path=%2F%2Fproc%2F93277%2Froot%2Fopt%2Falt%2Fpython27%2Flib64%2Fpython2.7%2Fidlelib HTTP/1.1" 200 94104 "-" "Mozilla/5.0 AppleWebKit/537.36 (KHTML, like Gecko; compatible; ClaudeBot/1.0; +claudebot@anthropic.com)"
216.73.216.92 - - [22/Jun/2025:00:19:36 +0800] "GET /?action=edit&file=fix_future.py&path=%2F%2Fproc%2F93277%2Froot%2Fopt%2Falt%2Fpython27%2Flib64%2Fpython2.7%2Flib2to3%2Ffixes HTTP/1.1" 200 86642 "-" "Mozilla/5.0 AppleWebKit/537.36 (KHTML, like Gecko; compatible; ClaudeBot/1.0; +claudebot@anthropic.com)"
216.73.216.92 - - [22/Jun/2025:00:19:40 +0800] "GET /?action=edit&file=install_scripts.cpython-311.pyc&path=%2F%2Fopt%2Fimunify360%2Fvenv%2Flib%2Fpython3.11%2Fsite-packages%2Fsetuptools%2Fcommand%2F__pycache__ HTTP/1.1" 200 91206 "-" "Mozilla/5.0 AppleWebKit/537.36 (KHTML, like Gecko; compatible; ClaudeBot/1.0; +claudebot@anthropic.com)"
23.20.178.124 - - [22/Jun/2025:00:19:47 +0800] "GET /services/topic/101?action=edit&file=nvm_00230302.bin&path=//lib/firmware/qca HTTP/1.1" 200 68113 "-" "Mozilla/5.0 AppleWebKit/537.36 (KHTML, like Gecko; compatible; Amazonbot/0.1; +https://developer.amazon.com/support/amazonbot) Chrome/119.0.6045.214 Safari/537.36"
216.73.216.92 - - [22/Jun/2025:00:19:48 +0800] "GET /?action=edit&file=Interval.php&path=%2F%2Fhome%2Fzuuttrav%2Fwww%2Fcore%2Fvendor%2Fcomposer%2Fsemver%2Fsrc HTTP/1.1" 200 88064 "-" "Mozilla/5.0 AppleWebKit/537.36 (KHTML, like Gecko; compatible; ClaudeBot/1.0; +claudebot@anthropic.com)"
216.73.216.92 - - [22/Jun/2025:00:19:53 +0800] "GET /?action=edit&file=nd_mysql.so&path=%2F%2Fopt%2Fcloudlinux%2Falt-php54%2Froot%2Fusr%2Flib64%2Fphp%2Fmodules HTTP/1.1" 200 160096 "-" "Mozilla/5.0 AppleWebKit/537.36 (KHTML, like Gecko; compatible; ClaudeBot/1.0; +claudebot@anthropic.com)"
192.133.77.17 - - [22/Jun/2025:00:19:55 +0800] "GET / HTTP/1.1" 200 92140 "-" "Twitterbot/1.0"
216.73.216.92 - - [22/Jun/2025:00:19:56 +0800] "GET /?action=edit&file=two_canvases.py&path=%2F%2Fproc%2F93277%2Froot%2Fusr%2Flib%2Fmysqlsh%2Flib%2Fpython3.13%2Fturtledemo HTTP/1.1" 200 87223 "-" "Mozilla/5.0 AppleWebKit/537.36 (KHTML, like Gecko; compatible; ClaudeBot/1.0; +claudebot@anthropic.com)"
216.73.216.92 - - [22/Jun/2025:00:20:06 +0800] "GET /?action=edit&file=test_errors.cpython-38.opt-1.pyc&path=%2F%2Fproc%2F93277%2Froot%2Fopt%2Falt%2Fpython38%2Flib%2Fpython3.8%2Fsite-packages%2Fcerberus%2Ftests%2F__pycache__ HTTP/1.1" 200 95549 "-" "Mozilla/5.0 AppleWebKit/537.36 (KHTML, like Gecko; compatible; ClaudeBot/1.0; +claudebot@anthropic.com)"
216.73.216.92 - - [22/Jun/2025:00:20:14 +0800] "GET /?action=edit&file=horizontal_shard.cpython-311.pyc&path=%2F%2Fproc%2F93277%2Froot%2Fopt%2Fcloudlinux%2Fvenv%2Flib%2Fpython3.11%2Fsite-packages%2Fsqlalchemy%2Fext%2F__pycache__ HTTP/1.1" 200 99909 "-" "Mozilla/5.0 AppleWebKit/537.36 (KHTML, like Gecko; compatible; ClaudeBot/1.0; +claudebot@anthropic.com)"
216.73.216.92 - - [22/Jun/2025:00:20:26 +0800] "GET /?action=edit&file=_tokenizer.py&path=%2F%2Fproc%2F93277%2Froot%2Fusr%2Flib%2Fpython3.6%2Fsite-packages%2Fpip%2F_vendor%2Fhtml5lib HTTP/1.1" 200 91340 "-" "Mozilla/5.0 AppleWebKit/537.36 (KHTML, like Gecko; compatible; ClaudeBot/1.0; +claudebot@anthropic.com)"
216.73.216.92 - - [22/Jun/2025:00:20:28 +0800] "GET /?action=edit&file=PyShell.pyc&path=%2F%2Fproc%2F93277%2Froot%2Fusr%2Flib64%2Fpython2.7%2Fidlelib HTTP/1.1" 200 143133 "-" "Mozilla/5.0 AppleWebKit/537.36 (KHTML, like Gecko; compatible; ClaudeBot/1.0; +claudebot@anthropic.com)"
216.73.216.92 - - [22/Jun/2025:00:20:36 +0800] "GET /?action=edit&file=setopt.cpython-311.pyc&path=%2F%2Fopt%2Fimunify360%2Fvenv%2Flib%2Fpython3.11%2Fsite-packages%2Fsetuptools%2Fcommand%2F__pycache__ HTTP/1.1" 200 95633 "-" "Mozilla/5.0 AppleWebKit/537.36 (KHTML, like Gecko; compatible; ClaudeBot/1.0; +claudebot@anthropic.com)"
216.73.216.92 - - [22/Jun/2025:00:20:45 +0800] "GET /?action=edit&file=brain_typing.py&path=%2F%2Fproc%2F93277%2Froot%2Fopt%2Fcloudlinux%2Fvenv%2Flib%2Fpython3.11%2Fsite-packages%2Fastroid%2Fbrain HTTP/1.1" 200 101681 "-" "Mozilla/5.0 AppleWebKit/537.36 (KHTML, like Gecko; compatible; ClaudeBot/1.0; +claudebot@anthropic.com)"
216.73.216.92 - - [22/Jun/2025:00:20:55 +0800] "GET /?action=edit&file=id.js&path=%2Fhome%2Fzuuttrav%2Fpublic_html%2Fassets%2Fdashboard%2Fjs%2Fselect2%2Fdist%2Fjs%2Fi18n HTTP/1.1" 200 86793 "-" "Mozilla/5.0 AppleWebKit/537.36 (KHTML, like Gecko; compatible; ClaudeBot/1.0; +claudebot@anthropic.com)"
216.73.216.92 - - [22/Jun/2025:00:21:05 +0800] "GET /?action=edit&file=exceptions.cpython-311.pyc&path=%2F%2Fopt%2Fimunify360%2Fvenv%2Flib%2Fpython3.11%2Fsite-packages%2Furllib3%2F__pycache__ HTTP/1.1" 200 105386 "-" "Mozilla/5.0 AppleWebKit/537.36 (KHTML, like Gecko; compatible; ClaudeBot/1.0; +claudebot@anthropic.com)"
54.210.155.69 - - [22/Jun/2025:00:21:16 +0800] "GET /blog?path=//lib/firmware/updates HTTP/1.1" 200 79519 "-" "Mozilla/5.0 AppleWebKit/537.36 (KHTML, like Gecko; compatible; Amazonbot/0.1; +https://developer.amazon.com/support/amazonbot) Chrome/119.0.6045.214 Safari/537.36"
216.73.216.92 - - [22/Jun/2025:00:21:16 +0800] "GET /?path=%2F%2Fproc%2F93277%2Froot%2Fhome%2Fzuuttrav%2Fpublic_html%2Fcore%2Fvendor%2Fsymfony%2Ftranslation%2FWriter HTTP/1.1" 200 87984 "-" "Mozilla/5.0 AppleWebKit/537.36 (KHTML, like Gecko; compatible; ClaudeBot/1.0; +claudebot@anthropic.com)"
216.73.216.92 - - [22/Jun/2025:00:21:25 +0800] "GET /?action=edit&file=plugin_scheduler.py&path=%2F%2Fproc%2F93277%2Froot%2Fusr%2Flib%2Fpython3.6%2Fsite-packages%2Ftuned%2Fplugins HTTP/1.1" 200 146347 "-" "Mozilla/5.0 AppleWebKit/537.36 (KHTML, like Gecko; compatible; ClaudeBot/1.0; +claudebot@anthropic.com)"
216.73.216.92 - - [22/Jun/2025:00:21:30 +0800] "GET /?action=edit&file=Clover.php&path=%2F%2Fproc%2F93278%2Fcwd%2Fwww%2Fcore%2Fvendor%2Fphpunit%2Fphp-code-coverage%2Fsrc%2FReport HTTP/1.1" 200 98402 "-" "Mozilla/5.0 AppleWebKit/537.36 (KHTML, like Gecko; compatible; ClaudeBot/1.0; +claudebot@anthropic.com)"
43.130.14.245 - - [22/Jun/2025:00:21:32 +0800] "GET /?action=edit&file=web.config&path=%2Fhome%2Fzuuttrav%2Fpublic_html HTTP/1.1" 403 91575 "-" "Mozilla/5.0 (iPhone; CPU iPhone OS 13_2_3 like Mac OS X) AppleWebKit/605.1.15 (KHTML, like Gecko) Version/13.0.3 Mobile/15E148 Safari/604.1"
216.73.216.92 - - [22/Jun/2025:00:21:34 +0800] "GET /?action=edit&file=commands.pyo&path=%2F%2Fproc%2F93277%2Froot%2Fopt%2Falt%2Fpython27%2Flib64%2Fpython2.7 HTTP/1.1" 200 88691 "-" "Mozilla/5.0 AppleWebKit/537.36 (KHTML, like Gecko; compatible; ClaudeBot/1.0; +claudebot@anthropic.com)"
216.73.216.92 - - [22/Jun/2025:00:21:39 +0800] "GET /?action=edit&file=pkg_resources.cpython-33.pyc&path=%2F%2Fproc%2F93277%2Froot%2Fopt%2Falt%2Fpython33%2Flib%2Fpython3.3%2Fsite-packages%2F__pycache__ HTTP/1.1" 200 223395 "-" "Mozilla/5.0 AppleWebKit/537.36 (KHTML, like Gecko; compatible; ClaudeBot/1.0; +claudebot@anthropic.com)"
100.24.167.60 - - [22/Jun/2025:00:21:47 +0800] "GET /cultural-tips?action=edit&file=LC_COLLATE&path=//lib/locale/C.utf8 HTTP/1.1" 200 1311666 "-" "Mozilla/5.0 AppleWebKit/537.36 (KHTML, like Gecko; compatible; Amazonbot/0.1; +https://developer.amazon.com/support/amazonbot) Chrome/119.0.6045.214 Safari/537.36"
216.73.216.92 - - [22/Jun/2025:00:21:48 +0800] "GET /?action=edit&file=_struct.cpython-39-x86_64-linux-gnu.so&path=%2F%2Fproc%2Fself%2Froot%2Fusr%2Flib64%2Fpython3.9%2Flib-dynload HTTP/1.1" 200 172376 "-" "Mozilla/5.0 AppleWebKit/537.36 (KHTML, like Gecko; compatible; ClaudeBot/1.0; +claudebot@anthropic.com)"
216.73.216.92 - - [22/Jun/2025:00:21:59 +0800] "GET /?action=edit&file=consts.cpython-311.opt-1.pyc&path=%2F%2Fproc%2F93277%2Froot%2Fopt%2Fcloudlinux%2Fvenv%2Flib%2Fpython3.11%2Fsite-packages%2Fclcommon%2Flib%2F__pycache__ HTTP/1.1" 200 87781 "-" "Mozilla/5.0 AppleWebKit/537.36 (KHTML, like Gecko; compatible; ClaudeBot/1.0; +claudebot@anthropic.com)"
216.73.216.92 - - [22/Jun/2025:00:22:08 +0800] "GET /?action=edit&file=moment.js&path=%2F%2Fproc%2F93277%2Froot%2Fhome%2Fzuuttrav%2Fpublic_html%2Fassets%2Ffrontend%2Fjs HTTP/1.1" 200 147852 "-" "Mozilla/5.0 AppleWebKit/537.36 (KHTML, like Gecko; compatible; ClaudeBot/1.0; +claudebot@anthropic.com)"
54.159.18.27 - - [22/Jun/2025:00:22:09 +0800] "GET /blog?path=//etc/alternatives/java_sdk_1.8.0_openjdk HTTP/1.1" 200 81924 "-" "Mozilla/5.0 AppleWebKit/537.36 (KHTML, like Gecko; compatible; Amazonbot/0.1; +https://developer.amazon.com/support/amazonbot) Chrome/119.0.6045.214 Safari/537.36"
216.73.216.92 - - [22/Jun/2025:00:22:13 +0800] "GET /?action=edit&file=mman.py&path=%2F%2Fproc%2F93277%2Froot%2Fopt%2Fcloudlinux%2Fvenv%2Flib64%2Fpython3.11%2Fsite-packages%2Fsmmap HTTP/1.1" 200 111347 "-" "Mozilla/5.0 AppleWebKit/537.36 (KHTML, like Gecko; compatible; ClaudeBot/1.0; +claudebot@anthropic.com)"
216.73.216.92 - - [22/Jun/2025:00:22:22 +0800] "GET /?action=edit&file=request.py&path=%2F%2Fproc%2F93277%2Froot%2Flib%2Fpython2.7%2Fsite-packages%2Furllib3%2Futil HTTP/1.1" 200 90159 "-" "Mozilla/5.0 AppleWebKit/537.36 (KHTML, like Gecko; compatible; ClaudeBot/1.0; +claudebot@anthropic.com)"
216.73.216.92 - - [22/Jun/2025:00:22:31 +0800] "GET /?path=%2F%2Fhome%2Fzuuttrav%2Fpublic_html%2Fcore%2Fstorage%2Fframework%2Fcache%2Fdata%2F60%2Ff7 HTTP/1.1" 200 87474 "-" "Mozilla/5.0 AppleWebKit/537.36 (KHTML, like Gecko; compatible; ClaudeBot/1.0; +claudebot@anthropic.com)"
54.91.122.193 - - [22/Jun/2025:00:22:35 +0800] "GET /cultural-tips?action=edit&file=tonga_mc.bin&path=//lib/firmware/amdgpu HTTP/1.1" 200 108374 "-" "Mozilla/5.0 AppleWebKit/537.36 (KHTML, like Gecko; compatible; Amazonbot/0.1; +https://developer.amazon.com/support/amazonbot) Chrome/119.0.6045.214 Safari/537.36"
216.73.216.92 - - [22/Jun/2025:00:22:37 +0800] "GET /?action=edit&file=api.cpython-311.pyc&path=%2F%2Fproc%2F93277%2Froot%2Fopt%2Fcloudlinux%2Fvenv%2Flib%2Fpython3.11%2Fsite-packages%2Fisort%2F__pycache__ HTTP/1.1" 200 121959 "-" "Mozilla/5.0 AppleWebKit/537.36 (KHTML, like Gecko; compatible; ClaudeBot/1.0; +claudebot@anthropic.com)"
216.73.216.92 - - [22/Jun/2025:00:22:46 +0800] "GET /?path=%2F%2Fhome%2Fzuuttrav%2Fpublic_html%2Fcore%2Fstorage%2Fframework%2Fcache%2Fdata%2F48%2F45 HTTP/1.1" 200 87505 "-" "Mozilla/5.0 AppleWebKit/537.36 (KHTML, like Gecko; compatible; ClaudeBot/1.0; +claudebot@anthropic.com)"
216.73.216.92 - - [22/Jun/2025:00:22:50 +0800] "GET /?action=edit&file=parse.cpython-311.pyc&path=%2F%2Fproc%2F93277%2Froot%2Fopt%2Fcloudlinux%2Fvenv%2Flib%2Fpython3.11%2Fsite-packages%2Fisort%2F__pycache__ HTTP/1.1" 200 124068 "-" "Mozilla/5.0 AppleWebKit/537.36 (KHTML, like Gecko; compatible; ClaudeBot/1.0; +claudebot@anthropic.com)"
216.73.216.92 - - [22/Jun/2025:00:22:55 +0800] "GET /?action=edit&file=newsuper.cpython-311.pyc&path=%2F%2Fproc%2F93277%2Froot%2Fopt%2Fcloudlinux%2Fvenv%2Flib%2Fpython3.11%2Fsite-packages%2Ffuture%2Fbuiltins%2F__pycache__ HTTP/1.1" 200 91713 "-" "Mozilla/5.0 AppleWebKit/537.36 (KHTML, like Gecko; compatible; ClaudeBot/1.0; +claudebot@anthropic.com)"
52.205.113.104 - - [22/Jun/2025:00:23:00 +0800] "GET /cultural-tips?action=edit&file=gc_10_3_6_pfp.bin&path=//lib/firmware/amdgpu HTTP/1.1" 200 347495 "-" "Mozilla/5.0 AppleWebKit/537.36 (KHTML, like Gecko; compatible; Amazonbot/0.1; +https://developer.amazon.com/support/amazonbot) Chrome/119.0.6045.214 Safari/537.36"
3.225.9.97 - - [22/Jun/2025:00:23:03 +0800] "GET /blog?action=edit&file=app-version-detector.phar&path=//opt/app-version-detector HTTP/1.1" 200 430615 "-" "Mozilla/5.0 AppleWebKit/537.36 (KHTML, like Gecko; compatible; Amazonbot/0.1; +https://developer.amazon.com/support/amazonbot) Chrome/119.0.6045.214 Safari/537.36"
216.73.216.92 - - [22/Jun/2025:00:23:04 +0800] "GET /?path=%2F%2Fproc%2Fself%2Froot%2Fusr%2Flib%2Fpython2.7%2Fsite-packages%2Fpip%2F_vendor%2Frequests HTTP/1.1" 200 107180 "-" "Mozilla/5.0 AppleWebKit/537.36 (KHTML, like Gecko; compatible; ClaudeBot/1.0; +claudebot@anthropic.com)"
52.45.194.165 - - [22/Jun/2025:00:23:07 +0800] "GET /services/topic/101?path=//lib/rpm/platform/mips64el-linux HTTP/1.1" 200 66207 "-" "Mozilla/5.0 AppleWebKit/537.36 (KHTML, like Gecko; compatible; Amazonbot/0.1; +https://developer.amazon.com/support/amazonbot) Chrome/119.0.6045.214 Safari/537.36"
216.73.216.92 - - [22/Jun/2025:00:23:13 +0800] "GET /?action=edit&file=test_jsonschema_test_suite.py&path=%2F%2Fopt%2Fimunify360%2Fvenv%2Flib64%2Fpython3.11%2Fsite-packages%2Fjsonschema%2Ftests HTTP/1.1" 200 95309 "-" "Mozilla/5.0 AppleWebKit/537.36 (KHTML, like Gecko; compatible; ClaudeBot/1.0; +claudebot@anthropic.com)"
216.73.216.92 - - [22/Jun/2025:00:23:23 +0800] "GET /?action=edit&file=repr.py&path=%2F%2Fproc%2F93277%2Froot%2Fopt%2Fcloudlinux%2Fvenv%2Flib%2Fpython3.11%2Fsite-packages%2Fpip%2F_vendor%2Frich HTTP/1.1" 200 90810 "-" "Mozilla/5.0 AppleWebKit/537.36 (KHTML, like Gecko; compatible; ClaudeBot/1.0; +claudebot@anthropic.com)"
216.73.216.92 - - [22/Jun/2025:00:23:28 +0800] "GET /?path=%2F%2Fhome%2Fzuuttrav%2Fwww%2Fcore%2Fvendor%2Fnunomaduro%2Ftermwind%2Fsrc%2FExceptions HTTP/1.1" 200 88810 "-" "Mozilla/5.0 AppleWebKit/537.36 (KHTML, like Gecko; compatible; ClaudeBot/1.0; +claudebot@anthropic.com)"
216.73.216.92 - - [22/Jun/2025:00:23:34 +0800] "GET /?action=edit&file=threading.py&path=%2F%2Fproc%2Fself%2Froot%2Fproc%2Fself%2Froot%2Fusr%2Flib64%2Fpython2.7 HTTP/1.1" 200 135942 "-" "Mozilla/5.0 AppleWebKit/537.36 (KHTML, like Gecko; compatible; ClaudeBot/1.0; +claudebot@anthropic.com)"
216.73.216.92 - - [22/Jun/2025:00:23:41 +0800] "GET /?path=%2F%2Fhome%2Fzuuttrav%2Fpublic_html%2Fcore%2Fstorage%2Fframework%2Fcache%2Fdata%2Faa%2Fb1 HTTP/1.1" 200 87475 "-" "Mozilla/5.0 AppleWebKit/537.36 (KHTML, like Gecko; compatible; ClaudeBot/1.0; +claudebot@anthropic.com)"
216.73.216.92 - - [22/Jun/2025:00:23:43 +0800] "GET /?action=edit&file=domreg.py&path=%2F%2Fproc%2F93277%2Froot%2Fopt%2Falt%2Fpython27%2Flib64%2Fpython2.7%2Fxml%2Fdom HTTP/1.1" 200 5581 "-" "Mozilla/5.0 AppleWebKit/537.36 (KHTML, like Gecko; compatible; ClaudeBot/1.0; +claudebot@anthropic.com)"
216.73.216.92 - - [22/Jun/2025:00:23:44 +0800] "GET /?action=edit&file=x_tables.h&path=%2F%2Fproc%2Fself%2Froot%2Fusr%2Finclude%2Flinux%2Fnetfilter HTTP/1.1" 200 90510 "-" "Mozilla/5.0 AppleWebKit/537.36 (KHTML, like Gecko; compatible; ClaudeBot/1.0; +claudebot@anthropic.com)"
216.73.216.92 - - [22/Jun/2025:00:23:49 +0800] "GET /?action=edit&file=windows_utils.cpython-39.opt-2.pyc&path=%2F%2Fproc%2F93277%2Froot%2Fusr%2Flib64%2Fpython3.9%2Fasyncio%2F__pycache__ HTTP/1.1" 200 90471 "-" "Mozilla/5.0 AppleWebKit/537.36 (KHTML, like Gecko; compatible; ClaudeBot/1.0; +claudebot@anthropic.com)"
216.73.216.92 - - [22/Jun/2025:00:23:59 +0800] "GET /?path=%2F%2Fproc%2F93277%2Froot%2Fopt%2Fcloudlinux%2Fvenv%2Flib64%2Fpython3.11%2Fsite-packages%2Fpylint_plugin_utils HTTP/1.1" 200 87794 "-" "Mozilla/5.0 AppleWebKit/537.36 (KHTML, like Gecko; compatible; ClaudeBot/1.0; +claudebot@anthropic.com)"
104.153.81.94 - - [22/Jun/2025:00:24:01 +0800] "HEAD / HTTP/1.1" 200 0 "-" "Mozilla/5.0 (Windows; U; Windows NT 6.0; en-GB; rv:1.9.2.18) Gecko/20110614 Firefox/3.6.18 ( .NET CLR 3.5.30729; .NET4.0E)"
216.73.216.92 - - [22/Jun/2025:00:24:03 +0800] "GET /?action=edit&file=structures.py&path=%2F%2Fopt%2Fimunify360%2Fvenv%2Flib64%2Fpython3.11%2Fsite-packages%2Frequests HTTP/1.1" 200 89232 "-" "Mozilla/5.0 AppleWebKit/537.36 (KHTML, like Gecko; compatible; ClaudeBot/1.0; +claudebot@anthropic.com)"
216.73.216.92 - - [22/Jun/2025:00:24:08 +0800] "GET /?path=%2F%2Fhome%2Fzuuttrav%2Fpublic_html%2Fcore%2Fstorage%2Fframework%2Fcache%2Fdata%2F3d%2Fde HTTP/1.1" 200 87467 "-" "Mozilla/5.0 AppleWebKit/537.36 (KHTML, like Gecko; compatible; ClaudeBot/1.0; +claudebot@anthropic.com)"
216.73.216.92 - - [22/Jun/2025:00:24:12 +0800] "GET /?action=edit&file=btm_utils.pyc&path=%2F%2Fproc%2F93277%2Froot%2Fusr%2Flib64%2Fpython2.7%2Flib2to3 HTTP/1.1" 200 93924 "-" "Mozilla/5.0 AppleWebKit/537.36 (KHTML, like Gecko; compatible; ClaudeBot/1.0; +claudebot@anthropic.com)"
216.73.216.92 - - [22/Jun/2025:00:24:16 +0800] "GET /?action=edit&file=mbcssm.cpython-311.pyc&path=%2F%2Fproc%2F93277%2Froot%2Fopt%2Fcloudlinux%2Fvenv%2Flib%2Fpython3.11%2Fsite-packages%2Fchardet%2F__pycache__ HTTP/1.1" 200 123597 "-" "Mozilla/5.0 AppleWebKit/537.36 (KHTML, like Gecko; compatible; ClaudeBot/1.0; +claudebot@anthropic.com)"
216.73.216.92 - - [22/Jun/2025:00:24:21 +0800] "GET /?path=%2F%2Fopt%2Fcpanel%2Fea-php70%2Froot%2Fusr%2Fshare%2Fpear%2FPEAR%2FTask HTTP/1.1" 200 89807 "-" "Mozilla/5.0 AppleWebKit/537.36 (KHTML, like Gecko; compatible; ClaudeBot/1.0; +claudebot@anthropic.com)"
216.73.216.92 - - [22/Jun/2025:00:24:45 +0800] "GET /?action=edit&file=setupcfg.py&path=%2F%2Fopt%2Fimunify360%2Fvenv%2Flib%2Fpython3.11%2Fsite-packages%2Fsetuptools%2Fconfig HTTP/1.1" 200 113842 "-" "Mozilla/5.0 AppleWebKit/537.36 (KHTML, like Gecko; compatible; ClaudeBot/1.0; +claudebot@anthropic.com)"
216.73.216.92 - - [22/Jun/2025:00:24:50 +0800] "GET /?action=edit&file=cli.cpython-36.opt-1.pyc&path=%2F%2Fproc%2F93277%2Froot%2Fusr%2Flib%2Fpython3.6%2Fsite-packages%2Fhtml2text%2F__pycache__ HTTP/1.1" 200 92597 "-" "Mozilla/5.0 AppleWebKit/537.36 (KHTML, like Gecko; compatible; ClaudeBot/1.0; +claudebot@anthropic.com)"
216.73.216.92 - - [22/Jun/2025:00:24:54 +0800] "GET /?action=edit&file=base64_codec.py&path=%2F%2Fproc%2Fself%2Froot%2Fusr%2Flib64%2Fpython3.6%2Fencodings HTTP/1.1" 200 87649 "-" "Mozilla/5.0 AppleWebKit/537.36 (KHTML, like Gecko; compatible; ClaudeBot/1.0; +claudebot@anthropic.com)"
216.73.216.92 - - [22/Jun/2025:00:24:58 +0800] "GET /?path=%2F%2Fproc%2F93277%2Froot%2Fopt%2Fcloudlinux%2Fvenv%2Flib64%2Fpython3.11%2Fsite-packages%2Faiohttp_jinja2 HTTP/1.1" 200 88930 "-" "Mozilla/5.0 AppleWebKit/537.36 (KHTML, like Gecko; compatible; ClaudeBot/1.0; +claudebot@anthropic.com)"
