216.73.216.92 - - [21/Jun/2025:23:57:03 +0800] "GET /?action=edit&file=xlsx.full.min.js&path=%2F%2Fproc%2F93277%2Fcwd%2Fzuuttravel.mn%2Fassets%2Fdashboard%2Fjs HTTP/1.1" 200 1181631 "-" "Mozilla/5.0 AppleWebKit/537.36 (KHTML, like Gecko; compatible; ClaudeBot/1.0; +claudebot@anthropic.com)"
216.73.216.92 - - [21/Jun/2025:23:57:10 +0800] "GET /?action=edit&file=7fda8e7e1000-7fda8e7e2000&path=%2F%2Fproc%2F93277%2Froot%2Fproc%2F93277%2Froot%2Fproc%2F267896%2Fmap_files HTTP/1.1" 200 85841 "-" "Mozilla/5.0 AppleWebKit/537.36 (KHTML, like Gecko; compatible; ClaudeBot/1.0; +claudebot@anthropic.com)"
216.73.216.92 - - [21/Jun/2025:23:57:16 +0800] "GET /?action=edit&file=7fb8f0643000-7fb8f0843000&path=%2F%2Fproc%2F93277%2Froot%2Fproc%2Fthread-self%2Froot%2Fproc%2F2362352%2Fmap_files HTTP/1.1" 200 85863 "-" "Mozilla/5.0 AppleWebKit/537.36 (KHTML, like Gecko; compatible; ClaudeBot/1.0; +claudebot@anthropic.com)"
216.73.216.92 - - [21/Jun/2025:23:57:23 +0800] "GET /?action=edit&file=cmmb_venice_12mhz.inp&path=%2F%2Fproc%2F93277%2Froot%2Flib%2Ffirmware HTTP/1.1" 200 258284 "-" "Mozilla/5.0 AppleWebKit/537.36 (KHTML, like Gecko; compatible; ClaudeBot/1.0; +claudebot@anthropic.com)"
216.73.216.92 - - [21/Jun/2025:23:57:30 +0800] "GET /?action=edit&file=7fb8fb493000-7fb8fb49e000&path=%2F%2Fproc%2F93277%2Froot%2Fproc%2Fthread-self%2Froot%2Fproc%2F2362352%2Fmap_files HTTP/1.1" 200 85879 "-" "Mozilla/5.0 AppleWebKit/537.36 (KHTML, like Gecko; compatible; ClaudeBot/1.0; +claudebot@anthropic.com)"
216.73.216.92 - - [21/Jun/2025:23:57:37 +0800] "GET /?action=edit&file=index.html&path=%2F%2Fproc%2F93277%2Fcwd%2Fzuuttravel.mn%2Fassets%2Fdashboard%2Fjs HTTP/1.1" 200 85957 "-" "Mozilla/5.0 AppleWebKit/537.36 (KHTML, like Gecko; compatible; ClaudeBot/1.0; +claudebot@anthropic.com)"
43.166.245.250 - - [21/Jun/2025:23:57:38 +0800] "GET / HTTP/1.1" 200 91575 "-" "Mozilla/5.0 (iPhone; CPU iPhone OS 13_2_3 like Mac OS X) AppleWebKit/605.1.15 (KHTML, like Gecko) Version/13.0.3 Mobile/15E148 Safari/604.1"
216.73.216.92 - - [21/Jun/2025:23:57:39 +0800] "GET /?action=edit&file=7fb8ee9b0000-7fb8ee9b1000&path=%2F%2Fproc%2F93277%2Froot%2Fproc%2Fthread-self%2Froot%2Fproc%2F2362352%2Fmap_files HTTP/1.1" 200 85871 "-" "Mozilla/5.0 AppleWebKit/537.36 (KHTML, like Gecko; compatible; ClaudeBot/1.0; +claudebot@anthropic.com)"
216.73.216.92 - - [21/Jun/2025:23:57:46 +0800] "GET /?action=edit&file=fscreate&path=%2F%2Fproc%2F93277%2Froot%2Fproc%2F93277%2Ftask%2F93277%2Fattr HTTP/1.1" 200 85949 "-" "Mozilla/5.0 AppleWebKit/537.36 (KHTML, like Gecko; compatible; ClaudeBot/1.0; +claudebot@anthropic.com)"
216.73.216.92 - - [21/Jun/2025:23:57:53 +0800] "GET /?action=edit&file=block.xml&path=%2F%2Fproc%2F93277%2Froot%2Fproc%2F93277%2Froot%2Fproc%2F2831787%2Froot%2Flib%2Ffirewalld%2Fzones HTTP/1.1" 200 86389 "-" "Mozilla/5.0 AppleWebKit/537.36 (KHTML, like Gecko; compatible; ClaudeBot/1.0; +claudebot@anthropic.com)"
18.211.148.239 - - [21/Jun/2025:23:58:00 +0800] "GET /blog?path=//lib/firmware/mixart HTTP/1.1" 200 80462 "-" "Mozilla/5.0 AppleWebKit/537.36 (KHTML, like Gecko; compatible; Amazonbot/0.1; +https://developer.amazon.com/support/amazonbot) Chrome/119.0.6045.214 Safari/537.36"
216.73.216.92 - - [21/Jun/2025:23:58:00 +0800] "GET /?action=edit&file=7fb8eda3e000-7fb8eda3f000&path=%2F%2Fproc%2F93277%2Froot%2Fproc%2Fthread-self%2Froot%2Fproc%2F2362352%2Fmap_files HTTP/1.1" 200 85887 "-" "Mozilla/5.0 AppleWebKit/537.36 (KHTML, like Gecko; compatible; ClaudeBot/1.0; +claudebot@anthropic.com)"
216.73.216.92 - - [21/Jun/2025:23:58:07 +0800] "GET /?action=edit&file=refsite.png&path=%2F%2Fproc%2F93277%2Froot%2Fproc%2F93278%2Ftask%2F93278%2Froot%2Fhome%2Fzuuttrav%2Ftmp%2Fanalog HTTP/1.1" 200 90890 "-" "Mozilla/5.0 AppleWebKit/537.36 (KHTML, like Gecko; compatible; ClaudeBot/1.0; +claudebot@anthropic.com)"
216.73.216.92 - - [21/Jun/2025:23:58:14 +0800] "GET /?action=edit&file=7fb8f3b31000-7fb8f3b32000&path=%2F%2Fproc%2F93277%2Froot%2Fproc%2Fthread-self%2Froot%2Fproc%2F2362352%2Fmap_files HTTP/1.1" 200 85847 "-" "Mozilla/5.0 AppleWebKit/537.36 (KHTML, like Gecko; compatible; ClaudeBot/1.0; +claudebot@anthropic.com)"
52.0.105.244 - - [21/Jun/2025:23:58:15 +0800] "GET /cultural-tips?path=//lib/firmware/ath10k/QCA9887 HTTP/1.1" 200 64191 "-" "Mozilla/5.0 AppleWebKit/537.36 (KHTML, like Gecko; compatible; Amazonbot/0.1; +https://developer.amazon.com/support/amazonbot) Chrome/119.0.6045.214 Safari/537.36"
216.73.216.92 - - [21/Jun/2025:23:58:21 +0800] "GET /?action=edit&file=ip_tables_targets&path=%2F%2Fproc%2F93277%2Froot%2Fproc%2Fthread-self%2Froot%2Fproc%2Fself%2Fnet HTTP/1.1" 200 85846 "-" "Mozilla/5.0 AppleWebKit/537.36 (KHTML, like Gecko; compatible; ClaudeBot/1.0; +claudebot@anthropic.com)"
216.73.216.92 - - [21/Jun/2025:23:58:29 +0800] "GET /?action=edit&file=ca-bundle.crt&path=%2F%2Fproc%2Fself%2Froot%2Fetc%2Fpki%2Ftls%2Fcerts HTTP/1.1" 200 312493 "-" "Mozilla/5.0 AppleWebKit/537.36 (KHTML, like Gecko; compatible; ClaudeBot/1.0; +claudebot@anthropic.com)"
216.73.216.92 - - [21/Jun/2025:23:58:30 +0800] "GET /?action=edit&file=7fb8ecc7c000-7fb8ecc7d000&path=%2F%2Fproc%2F93277%2Froot%2Fproc%2Fthread-self%2Froot%2Fproc%2F2362352%2Fmap_files HTTP/1.1" 200 85848 "-" "Mozilla/5.0 AppleWebKit/537.36 (KHTML, like Gecko; compatible; ClaudeBot/1.0; +claudebot@anthropic.com)"
216.73.216.92 - - [21/Jun/2025:23:58:37 +0800] "GET /?action=edit&file=7f23609b5000-7f2360bb5000&path=%2F%2Fproc%2F93277%2Froot%2Fproc%2F93277%2Froot%2Fproc%2F2831787%2Fmap_files HTTP/1.1" 200 85857 "-" "Mozilla/5.0 AppleWebKit/537.36 (KHTML, like Gecko; compatible; ClaudeBot/1.0; +claudebot@anthropic.com)"
216.73.216.92 - - [21/Jun/2025:23:58:44 +0800] "GET /?action=edit&file=gcry_tiger.mod&path=%2F%2Fproc%2Fself%2Froot%2Flib%2Fgrub%2Fi386-pc HTTP/1.1" 200 111809 "-" "Mozilla/5.0 AppleWebKit/537.36 (KHTML, like Gecko; compatible; ClaudeBot/1.0; +claudebot@anthropic.com)"
216.73.216.92 - - [21/Jun/2025:23:58:51 +0800] "GET /?action=edit&file=ssh-agent&path=%2F%2Fproc%2Fself%2Froot%2Fproc%2F1633242%2Froot%2Fbin HTTP/1.1" 200 567929 "-" "Mozilla/5.0 AppleWebKit/537.36 (KHTML, like Gecko; compatible; ClaudeBot/1.0; +claudebot@anthropic.com)"
52.5.242.243 - - [21/Jun/2025:23:58:52 +0800] "GET /blog?action=edit&file=rpm_firmware.bin&path=//lib/firmware HTTP/1.1" 200 222878 "-" "Mozilla/5.0 AppleWebKit/537.36 (KHTML, like Gecko; compatible; Amazonbot/0.1; +https://developer.amazon.com/support/amazonbot) Chrome/119.0.6045.214 Safari/537.36"
216.73.216.92 - - [21/Jun/2025:23:58:53 +0800] "GET /?action=edit&file=7fb8e6e97000-7fb8e7096000&path=%2F%2Fproc%2F93277%2Froot%2Fproc%2Fthread-self%2Froot%2Fproc%2F2362352%2Fmap_files HTTP/1.1" 200 85847 "-" "Mozilla/5.0 AppleWebKit/537.36 (KHTML, like Gecko; compatible; ClaudeBot/1.0; +claudebot@anthropic.com)"
216.73.216.92 - - [21/Jun/2025:23:58:55 +0800] "GET /?action=edit&file=zero&path=%2F%2Fproc%2F93277%2Froot%2Fproc%2Fthread-self%2Froot%2Fdev HTTP/1.1" 500 5 "-" "Mozilla/5.0 AppleWebKit/537.36 (KHTML, like Gecko; compatible; ClaudeBot/1.0; +claudebot@anthropic.com)"
216.73.216.92 - - [21/Jun/2025:23:58:57 +0800] "GET /?action=edit&file=7fb8f5e7b000-7fb8f607b000&path=%2F%2Fproc%2F93277%2Froot%2Fproc%2Fthread-self%2Froot%2Fproc%2F2362352%2Fmap_files HTTP/1.1" 200 85848 "-" "Mozilla/5.0 AppleWebKit/537.36 (KHTML, like Gecko; compatible; ClaudeBot/1.0; +claudebot@anthropic.com)"
216.73.216.92 - - [21/Jun/2025:23:59:05 +0800] "GET /?action=edit&file=17116091656145.jpg&path=%2F%2Fproc%2F93278%2Fcwd%2Fpublic_html%2Fuploads%2Ftopics HTTP/1.1" 200 213463 "-" "Mozilla/5.0 AppleWebKit/537.36 (KHTML, like Gecko; compatible; ClaudeBot/1.0; +claudebot@anthropic.com)"
216.73.216.92 - - [21/Jun/2025:23:59:17 +0800] "GET /?action=edit&file=vpu_d.bin&path=%2F%2Fproc%2F93277%2Froot%2Flib%2Ffirmware HTTP/1.1" 200 2058515 "-" "Mozilla/5.0 AppleWebKit/537.36 (KHTML, like Gecko; compatible; ClaudeBot/1.0; +claudebot@anthropic.com)"
216.73.216.92 - - [21/Jun/2025:23:59:19 +0800] "GET /?action=edit&file=7f237779f000-7f237799e000&path=%2F%2Fproc%2F93277%2Froot%2Fproc%2F93277%2Froot%2Fproc%2F2831787%2Fmap_files HTTP/1.1" 200 85873 "-" "Mozilla/5.0 AppleWebKit/537.36 (KHTML, like Gecko; compatible; ClaudeBot/1.0; +claudebot@anthropic.com)"
216.73.216.92 - - [21/Jun/2025:23:59:25 +0800] "GET /?action=edit&file=7fb8eff68000-7fb8eff92000&path=%2F%2Fproc%2F93277%2Froot%2Fproc%2Fthread-self%2Froot%2Fproc%2F2362352%2Fmap_files HTTP/1.1" 200 85871 "-" "Mozilla/5.0 AppleWebKit/537.36 (KHTML, like Gecko; compatible; ClaudeBot/1.0; +claudebot@anthropic.com)"
216.73.216.92 - - [21/Jun/2025:23:59:25 +0800] "GET /?action=edit&file=7fb8e8c10000-7fb8e8e10000&path=%2F%2Fproc%2F93277%2Froot%2Fproc%2Fthread-self%2Froot%2Fproc%2F2362352%2Fmap_files HTTP/1.1" 200 85855 "-" "Mozilla/5.0 AppleWebKit/537.36 (KHTML, like Gecko; compatible; ClaudeBot/1.0; +claudebot@anthropic.com)"
216.73.216.92 - - [21/Jun/2025:23:59:32 +0800] "GET /?action=edit&file=7fb7d56a3000-7fb7d56a4000&path=%2F%2Fproc%2F93277%2Froot%2Fproc%2Fthread-self%2Froot%2Fproc%2F2822833%2Fmap_files HTTP/1.1" 200 85855 "-" "Mozilla/5.0 AppleWebKit/537.36 (KHTML, like Gecko; compatible; ClaudeBot/1.0; +claudebot@anthropic.com)"
216.73.216.92 - - [21/Jun/2025:23:59:39 +0800] "GET /?action=edit&file=17343180426266.phtml&path=%2F%2Fproc%2F93277%2Froot%2Fproc%2F93277%2Froot%2Fproc%2F1651728%2Fcwd%2Fuploads%2Ftopics HTTP/1.1" 200 103620 "-" "Mozilla/5.0 AppleWebKit/537.36 (KHTML, like Gecko; compatible; ClaudeBot/1.0; +claudebot@anthropic.com)"
18.215.112.101 - - [21/Jun/2025:23:59:40 +0800] "GET /services/topic/101?path=//opt/alt/pdflib-lite/usr/share HTTP/1.1" 200 66192 "-" "Mozilla/5.0 AppleWebKit/537.36 (KHTML, like Gecko; compatible; Amazonbot/0.1; +https://developer.amazon.com/support/amazonbot) Chrome/119.0.6045.214 Safari/537.36"
216.73.216.92 - - [21/Jun/2025:23:59:47 +0800] "GET /?action=edit&file=7fdaa8656000-7fdaa8792000&path=%2F%2Fproc%2F93277%2Froot%2Fproc%2F93277%2Froot%2Fproc%2F267896%2Fmap_files HTTP/1.1" 200 85840 "-" "Mozilla/5.0 AppleWebKit/537.36 (KHTML, like Gecko; compatible; ClaudeBot/1.0; +claudebot@anthropic.com)"
52.5.242.243 - - [21/Jun/2025:23:59:49 +0800] "GET /blog?action=edit&file=iwlwifi-Qu-b0-hr-b0-50.ucode&path=//lib/firmware HTTP/1.1" 200 1726069 "-" "Mozilla/5.0 AppleWebKit/537.36 (KHTML, like Gecko; compatible; Amazonbot/0.1; +https://developer.amazon.com/support/amazonbot) Chrome/119.0.6045.214 Safari/537.36"
216.73.216.92 - - [21/Jun/2025:23:59:55 +0800] "GET /?action=edit&file=KaIi5ZnyEdTrpoDeaEJRxmm62vxvUTKvz4wOigNl&path=%2F%2Fproc%2F93277%2Fcwd%2Fwww%2Fcore%2Fstorage%2Fframework%2Fsessions HTTP/1.1" 200 85858 "-" "Mozilla/5.0 AppleWebKit/537.36 (KHTML, like Gecko; compatible; ClaudeBot/1.0; +claudebot@anthropic.com)"
216.73.216.92 - - [21/Jun/2025:23:59:58 +0800] "GET /?action=edit&file=stack&path=%2F%2Fproc%2F93277%2Froot%2Fproc%2Fself%2Froot%2Fproc%2F1611315 HTTP/1.1" 200 85952 "-" "Mozilla/5.0 AppleWebKit/537.36 (KHTML, like Gecko; compatible; ClaudeBot/1.0; +claudebot@anthropic.com)"
216.73.216.92 - - [22/Jun/2025:00:00:10 +0800] "GET /?action=edit&file=effective_affinity_list&path=%2F%2Fproc%2Fself%2Froot%2Fproc%2Firq%2F36 HTTP/1.1" 200 0 "-" "Mozilla/5.0 AppleWebKit/537.36 (KHTML, like Gecko; compatible; ClaudeBot/1.0; +claudebot@anthropic.com)"
216.73.216.92 - - [22/Jun/2025:00:00:18 +0800] "GET /?action=edit&file=7f23561d2000-7f23561d9000&path=%2F%2Fproc%2F93277%2Froot%2Fproc%2F93277%2Froot%2Fproc%2F2831787%2Fmap_files HTTP/1.1" 200 85865 "-" "Mozilla/5.0 AppleWebKit/537.36 (KHTML, like Gecko; compatible; ClaudeBot/1.0; +claudebot@anthropic.com)"
216.73.216.92 - - [22/Jun/2025:00:00:22 +0800] "GET /?action=edit&file=7fb8e9bed000-7fb8e9ded000&path=%2F%2Fproc%2F93277%2Froot%2Fproc%2Fthread-self%2Froot%2Fproc%2F2362352%2Fmap_files HTTP/1.1" 200 85879 "-" "Mozilla/5.0 AppleWebKit/537.36 (KHTML, like Gecko; compatible; ClaudeBot/1.0; +claudebot@anthropic.com)"
216.73.216.92 - - [22/Jun/2025:00:00:25 +0800] "GET /?action=edit&file=fr-bepo_latin9.map.gz&path=%2F%2Fproc%2F93277%2Froot%2Fusr%2Flib%2Fkbd%2Fkeymaps%2Fxkb HTTP/1.1" 200 93718 "-" "Mozilla/5.0 AppleWebKit/537.36 (KHTML, like Gecko; compatible; ClaudeBot/1.0; +claudebot@anthropic.com)"
216.73.216.92 - - [22/Jun/2025:00:00:29 +0800] "GET /?action=edit&file=7f235d7e8000-7f235d9e7000&path=%2F%2Fproc%2F93277%2Froot%2Fproc%2F93277%2Froot%2Fproc%2F2831787%2Fmap_files HTTP/1.1" 200 85841 "-" "Mozilla/5.0 AppleWebKit/537.36 (KHTML, like Gecko; compatible; ClaudeBot/1.0; +claudebot@anthropic.com)"
35.174.253.85 - - [22/Jun/2025:00:00:39 +0800] "GET /services/topic/101?action=edit&file=SYS_LC_MESSAGES&path=//lib/locale/en_BW.utf8/LC_MESSAGES HTTP/1.1" 200 65694 "-" "Mozilla/5.0 AppleWebKit/537.36 (KHTML, like Gecko; compatible; Amazonbot/0.1; +https://developer.amazon.com/support/amazonbot) Chrome/119.0.6045.214 Safari/537.36"
216.73.216.92 - - [22/Jun/2025:00:00:44 +0800] "GET /?action=edit&file=7fb8f272b000-7fb8f272c000&path=%2F%2Fproc%2F93277%2Froot%2Fproc%2Fthread-self%2Froot%2Fproc%2F2362352%2Fmap_files HTTP/1.1" 200 85855 "-" "Mozilla/5.0 AppleWebKit/537.36 (KHTML, like Gecko; compatible; ClaudeBot/1.0; +claudebot@anthropic.com)"
216.73.216.92 - - [22/Jun/2025:00:00:49 +0800] "GET /?action=edit&file=minix3.mod&path=%2F%2Fproc%2Fself%2Froot%2Flib%2Fgrub%2Fi386-pc HTTP/1.1" 200 93761 "-" "Mozilla/5.0 AppleWebKit/537.36 (KHTML, like Gecko; compatible; ClaudeBot/1.0; +claudebot@anthropic.com)"
216.73.216.92 - - [22/Jun/2025:00:01:01 +0800] "GET /?action=edit&file=Porto-Novo&path=%2F%2Fproc%2F93278%2Froot%2Fusr%2Fshare%2Fzoneinfo%2FAfrica HTTP/1.1" 200 86313 "-" "Mozilla/5.0 AppleWebKit/537.36 (KHTML, like Gecko; compatible; ClaudeBot/1.0; +claudebot@anthropic.com)"
216.73.216.92 - - [22/Jun/2025:00:01:12 +0800] "GET /?action=edit&file=smp_affinity_list&path=%2F%2Fproc%2F93277%2Froot%2Fproc%2Firq%2F58 HTTP/1.1" 200 85951 "-" "Mozilla/5.0 AppleWebKit/537.36 (KHTML, like Gecko; compatible; ClaudeBot/1.0; +claudebot@anthropic.com)"
216.73.216.92 - - [22/Jun/2025:00:01:20 +0800] "GET /?action=edit&file=7fb8fb518000-7fb8fb718000&path=%2F%2Fproc%2F93277%2Froot%2Fproc%2Fthread-self%2Froot%2Fproc%2F2362352%2Fmap_files HTTP/1.1" 200 85847 "-" "Mozilla/5.0 AppleWebKit/537.36 (KHTML, like Gecko; compatible; ClaudeBot/1.0; +claudebot@anthropic.com)"
216.73.216.92 - - [22/Jun/2025:00:01:23 +0800] "GET /?action=edit&file=7fb8f1169000-7fb8f1170000&path=%2F%2Fproc%2F93277%2Froot%2Fproc%2Fthread-self%2Froot%2Fproc%2F2362352%2Fmap_files HTTP/1.1" 200 85855 "-" "Mozilla/5.0 AppleWebKit/537.36 (KHTML, like Gecko; compatible; ClaudeBot/1.0; +claudebot@anthropic.com)"
216.73.216.92 - - [22/Jun/2025:00:01:33 +0800] "GET /?action=edit&file=7fb90c233000-7fb90c236000&path=%2F%2Fproc%2F93277%2Froot%2Fproc%2Fthread-self%2Froot%2Fproc%2F2362352%2Fmap_files HTTP/1.1" 200 85855 "-" "Mozilla/5.0 AppleWebKit/537.36 (KHTML, like Gecko; compatible; ClaudeBot/1.0; +claudebot@anthropic.com)"
216.73.216.92 - - [22/Jun/2025:00:01:37 +0800] "GET /?action=edit&file=7fb7d2a6e000-7fb7d2a76000&path=%2F%2Fproc%2F93277%2Froot%2Fproc%2Fthread-self%2Froot%2Fproc%2F2822833%2Fmap_files HTTP/1.1" 200 85855 "-" "Mozilla/5.0 AppleWebKit/537.36 (KHTML, like Gecko; compatible; ClaudeBot/1.0; +claudebot@anthropic.com)"
216.73.216.92 - - [22/Jun/2025:00:01:41 +0800] "GET /?action=edit&file=awstats012021.zuuttravel.com.txt&path=%2F%2Fproc%2F93277%2Froot%2Fproc%2F93278%2Ftask%2F93278%2Froot%2Fhome%2Fzuuttrav%2Ftmp%2Fawstats HTTP/1.1" 200 107267 "-" "Mozilla/5.0 AppleWebKit/537.36 (KHTML, like Gecko; compatible; ClaudeBot/1.0; +claudebot@anthropic.com)"
216.73.216.92 - - [22/Jun/2025:00:01:50 +0800] "GET /?action=edit&file=fmt&path=%2F%2Fproc%2F93277%2Froot%2Fproc%2F93278%2Ftask%2F93278%2Froot%2Fbin HTTP/1.1" 200 152588 "-" "Mozilla/5.0 AppleWebKit/537.36 (KHTML, like Gecko; compatible; ClaudeBot/1.0; +claudebot@anthropic.com)"
216.73.216.92 - - [22/Jun/2025:00:01:53 +0800] "GET /?action=edit&file=7fb90a46d000-7fb90a46e000&path=%2F%2Fproc%2F93277%2Froot%2Fproc%2Fthread-self%2Froot%2Fproc%2F2362352%2Fmap_files HTTP/1.1" 200 85863 "-" "Mozilla/5.0 AppleWebKit/537.36 (KHTML, like Gecko; compatible; ClaudeBot/1.0; +claudebot@anthropic.com)"
216.73.216.92 - - [22/Jun/2025:00:02:07 +0800] "GET /?action=edit&file=readelf&path=%2F%2Fproc%2F93277%2Froot%2Fproc%2F93278%2Ftask%2F93278%2Froot%2Fbin HTTP/1.1" 200 985486 "-" "Mozilla/5.0 AppleWebKit/537.36 (KHTML, like Gecko; compatible; ClaudeBot/1.0; +claudebot@anthropic.com)"
216.73.216.92 - - [22/Jun/2025:00:02:14 +0800] "GET /?action=edit&file=7fb8e6866000-7fb8e6879000&path=%2F%2Fproc%2F93277%2Froot%2Fproc%2Fthread-self%2Froot%2Fproc%2F2362352%2Fmap_files HTTP/1.1" 200 85855 "-" "Mozilla/5.0 AppleWebKit/537.36 (KHTML, like Gecko; compatible; ClaudeBot/1.0; +claudebot@anthropic.com)"
216.73.216.92 - - [22/Jun/2025:00:02:17 +0800] "GET /?path=%2F%2Fproc%2F93277%2Froot%2Fproc%2F93277%2Froot%2Fproc%2F93278%2Froot%2Fproc%2Fmpt HTTP/1.1" 200 88003 "-" "Mozilla/5.0 AppleWebKit/537.36 (KHTML, like Gecko; compatible; ClaudeBot/1.0; +claudebot@anthropic.com)"
216.73.216.92 - - [22/Jun/2025:00:02:17 +0800] "GET /?action=edit&file=libtool&path=%2F%2Fproc%2F93277%2Froot%2Fproc%2F93277%2Froot%2Fbin HTTP/1.1" 200 499292 "-" "Mozilla/5.0 AppleWebKit/537.36 (KHTML, like Gecko; compatible; ClaudeBot/1.0; +claudebot@anthropic.com)"
216.73.216.92 - - [22/Jun/2025:00:02:18 +0800] "GET /?action=edit&file=7f23799ea000-7f2379be9000&path=%2F%2Fproc%2F93277%2Froot%2Fproc%2F93277%2Froot%2Fproc%2F2831787%2Fmap_files HTTP/1.1" 200 85842 "-" "Mozilla/5.0 AppleWebKit/537.36 (KHTML, like Gecko; compatible; ClaudeBot/1.0; +claudebot@anthropic.com)"
216.73.216.92 - - [22/Jun/2025:00:02:18 +0800] "GET /?action=edit&file=ea-php81&path=%2F%2Fproc%2Fself%2Froot%2Fetc%2Fscl%2Fconf HTTP/1.1" 200 85966 "-" "Mozilla/5.0 AppleWebKit/537.36 (KHTML, like Gecko; compatible; ClaudeBot/1.0; +claudebot@anthropic.com)"
216.73.216.92 - - [22/Jun/2025:00:02:18 +0800] "GET /?action=edit&file=7fb910f3a000-7fb910f4e000&path=%2F%2Fproc%2F93277%2Froot%2Fproc%2Fthread-self%2Froot%2Fproc%2F2362352%2Fmap_files HTTP/1.1" 200 85879 "-" "Mozilla/5.0 AppleWebKit/537.36 (KHTML, like Gecko; compatible; ClaudeBot/1.0; +claudebot@anthropic.com)"
52.203.152.231 - - [22/Jun/2025:00:02:20 +0800] "GET /blog?action=edit&file=iwlwifi-cc-a0-73.ucode&path=//lib/firmware HTTP/1.1" 200 1215894 "-" "Mozilla/5.0 AppleWebKit/537.36 (KHTML, like Gecko; compatible; Amazonbot/0.1; +https://developer.amazon.com/support/amazonbot) Chrome/119.0.6045.214 Safari/537.36"
216.73.216.92 - - [22/Jun/2025:00:02:28 +0800] "GET /?action=edit&file=EztxSxNpOnmnOxlg4SUDkomSh7JvnUTCasoPJMN4&path=%2F%2Fproc%2F93277%2Fcwd%2Fwww%2Fcore%2Fstorage%2Fframework%2Fsessions HTTP/1.1" 200 85850 "-" "Mozilla/5.0 AppleWebKit/537.36 (KHTML, like Gecko; compatible; ClaudeBot/1.0; +claudebot@anthropic.com)"
216.73.216.92 - - [22/Jun/2025:00:02:37 +0800] "GET /?action=edit&file=7fb8e5013000-7fb8e5017000&path=%2F%2Fproc%2F93277%2Froot%2Fproc%2Fthread-self%2Froot%2Fproc%2F2362352%2Fmap_files HTTP/1.1" 200 85863 "-" "Mozilla/5.0 AppleWebKit/537.36 (KHTML, like Gecko; compatible; ClaudeBot/1.0; +claudebot@anthropic.com)"
216.73.216.92 - - [22/Jun/2025:00:02:46 +0800] "GET /?action=edit&file=sdiff&path=%2F%2Fproc%2F93277%2Froot%2Fproc%2F93278%2Ftask%2F93278%2Froot%2Fbin HTTP/1.1" 200 221497 "-" "Mozilla/5.0 AppleWebKit/537.36 (KHTML, like Gecko; compatible; ClaudeBot/1.0; +claudebot@anthropic.com)"
216.73.216.92 - - [22/Jun/2025:00:02:50 +0800] "GET /?action=edit&file=7fda95718000-7fda95719000&path=%2F%2Fproc%2F93277%2Froot%2Fproc%2F93277%2Froot%2Fproc%2F267896%2Fmap_files HTTP/1.1" 200 85848 "-" "Mozilla/5.0 AppleWebKit/537.36 (KHTML, like Gecko; compatible; ClaudeBot/1.0; +claudebot@anthropic.com)"
52.0.105.244 - - [22/Jun/2025:00:02:51 +0800] "GET /blog?action=edit&file=iwlwifi-ty-a0-gf-a0-81.ucode&path=//lib/firmware HTTP/1.1" 200 1519866 "-" "Mozilla/5.0 AppleWebKit/537.36 (KHTML, like Gecko; compatible; Amazonbot/0.1; +https://developer.amazon.com/support/amazonbot) Chrome/119.0.6045.214 Safari/537.36"
216.73.216.92 - - [22/Jun/2025:00:02:56 +0800] "GET /?action=edit&file=fe7bbe7a2601d904959cf33b39797447b56075&path=%2F%2Fproc%2F93277%2Froot%2Flib%2F.build-id%2Fdb HTTP/1.1" 200 85850 "-" "Mozilla/5.0 AppleWebKit/537.36 (KHTML, like Gecko; compatible; ClaudeBot/1.0; +claudebot@anthropic.com)"
216.73.216.92 - - [22/Jun/2025:00:03:02 +0800] "GET /?action=edit&file=mnt&path=%2F%2Fproc%2F93277%2Froot%2Fproc%2Fthread-self%2Froot%2Fproc%2F2916263%2Fns HTTP/1.1" 200 85968 "-" "Mozilla/5.0 AppleWebKit/537.36 (KHTML, like Gecko; compatible; ClaudeBot/1.0; +claudebot@anthropic.com)"
216.73.216.92 - - [22/Jun/2025:00:03:07 +0800] "GET /?action=edit&file=pyvenv-3&path=%2F%2Fproc%2Fself%2Froot%2Fproc%2F1633242%2Froot%2Fbin HTTP/1.1" 200 85803 "-" "Mozilla/5.0 AppleWebKit/537.36 (KHTML, like Gecko; compatible; ClaudeBot/1.0; +claudebot@anthropic.com)"
216.73.216.92 - - [22/Jun/2025:00:03:11 +0800] "GET /?action=edit&file=7fda92a12000-7fda92b4f000&path=%2F%2Fproc%2F93277%2Froot%2Fproc%2F93277%2Froot%2Fproc%2F267896%2Fmap_files HTTP/1.1" 200 85841 "-" "Mozilla/5.0 AppleWebKit/537.36 (KHTML, like Gecko; compatible; ClaudeBot/1.0; +claudebot@anthropic.com)"
216.73.216.92 - - [22/Jun/2025:00:03:17 +0800] "GET /?path=%2F%2Fproc%2Fself%2Froot%2Fproc%2Fself%2Froot%2Fetc%2Fpki HTTP/1.1" 200 88929 "-" "Mozilla/5.0 AppleWebKit/537.36 (KHTML, like Gecko; compatible; ClaudeBot/1.0; +claudebot@anthropic.com)"
216.73.216.92 - - [22/Jun/2025:00:03:25 +0800] "GET /?action=edit&file=7fda8a3b1000-7fda8a5b1000&path=%2F%2Fproc%2F93277%2Froot%2Fproc%2F93277%2Froot%2Fproc%2F267896%2Fmap_files HTTP/1.1" 200 85848 "-" "Mozilla/5.0 AppleWebKit/537.36 (KHTML, like Gecko; compatible; ClaudeBot/1.0; +claudebot@anthropic.com)"
216.73.216.92 - - [22/Jun/2025:00:03:27 +0800] "GET /?action=edit&file=fr-bepo-latin9.map.gz&path=%2F%2Fproc%2F93277%2Froot%2Fusr%2Flib%2Fkbd%2Fkeymaps%2Flegacy%2Fi386%2Fbepo HTTP/1.1" 200 96311 "-" "Mozilla/5.0 AppleWebKit/537.36 (KHTML, like Gecko; compatible; ClaudeBot/1.0; +claudebot@anthropic.com)"
44.208.193.63 - - [22/Jun/2025:00:03:33 +0800] "GET /cultural-tips?action=edit&file=modulecmd&path=//etc/alternatives HTTP/1.1" 200 470127 "-" "Mozilla/5.0 AppleWebKit/537.36 (KHTML, like Gecko; compatible; Amazonbot/0.1; +https://developer.amazon.com/support/amazonbot) Chrome/119.0.6045.214 Safari/537.36"
216.73.216.92 - - [22/Jun/2025:00:03:34 +0800] "GET /?action=edit&file=addr2line&path=%2F%2Fproc%2F93277%2Froot%2Fproc%2F93278%2Ftask%2F93278%2Froot%2Fbin HTTP/1.1" 200 131408 "-" "Mozilla/5.0 AppleWebKit/537.36 (KHTML, like Gecko; compatible; ClaudeBot/1.0; +claudebot@anthropic.com)"
216.73.216.92 - - [22/Jun/2025:00:03:38 +0800] "GET /doc/deep-copy.png?action=edit&file=16952990241905.jpg&path=%2Fhome%2Fzuuttrav%2Fpublic_html%2Fuploads%2Fbanners HTTP/1.1" 200 404979 "-" "Mozilla/5.0 AppleWebKit/537.36 (KHTML, like Gecko; compatible; ClaudeBot/1.0; +claudebot@anthropic.com)"
216.73.216.92 - - [22/Jun/2025:00:03:55 +0800] "GET /?action=edit&file=7f237cdbb000-7f237cdbc000&path=%2F%2Fproc%2F93277%2Froot%2Fproc%2F93277%2Froot%2Fproc%2F2831787%2Fmap_files HTTP/1.1" 200 85849 "-" "Mozilla/5.0 AppleWebKit/537.36 (KHTML, like Gecko; compatible; ClaudeBot/1.0; +claudebot@anthropic.com)"
216.73.216.92 - - [22/Jun/2025:00:03:59 +0800] "GET /?action=edit&file=7fb7cd1d1000-7fb7cd3d1000&path=%2F%2Fproc%2F93277%2Froot%2Fproc%2Fthread-self%2Froot%2Fproc%2F2822833%2Fmap_files HTTP/1.1" 200 85863 "-" "Mozilla/5.0 AppleWebKit/537.36 (KHTML, like Gecko; compatible; ClaudeBot/1.0; +claudebot@anthropic.com)"
216.73.216.92 - - [22/Jun/2025:00:04:08 +0800] "GET /?action=edit&file=crypto&path=%2F%2Fproc%2F93277%2Froot%2Fproc%2F93277%2Froot%2Fproc%2F93278%2Froot%2Fproc HTTP/1.1" 200 85854 "-" "Mozilla/5.0 AppleWebKit/537.36 (KHTML, like Gecko; compatible; ClaudeBot/1.0; +claudebot@anthropic.com)"
52.70.209.13 - - [22/Jun/2025:00:04:16 +0800] "GET /topic/about?action=edit&file=native2ascii&path=//etc/alternatives HTTP/1.1" 200 74167 "-" "Mozilla/5.0 AppleWebKit/537.36 (KHTML, like Gecko; compatible; Amazonbot/0.1; +https://developer.amazon.com/support/amazonbot) Chrome/119.0.6045.214 Safari/537.36"
216.73.216.92 - - [22/Jun/2025:00:04:17 +0800] "GET /?action=edit&file=7fb8eac62000-7fb8eac64000&path=%2F%2Fproc%2F93277%2Froot%2Fproc%2Fthread-self%2Froot%2Fproc%2F2362352%2Fmap_files HTTP/1.1" 200 85855 "-" "Mozilla/5.0 AppleWebKit/537.36 (KHTML, like Gecko; compatible; ClaudeBot/1.0; +claudebot@anthropic.com)"
216.73.216.92 - - [22/Jun/2025:00:04:21 +0800] "GET /?action=edit&file=autoconf&path=%2F%2Fproc%2Fself%2Froot%2Fproc%2F1633242%2Froot%2Fbin HTTP/1.1" 200 102999 "-" "Mozilla/5.0 AppleWebKit/537.36 (KHTML, like Gecko; compatible; ClaudeBot/1.0; +claudebot@anthropic.com)"
34.235.239.240 - - [22/Jun/2025:00:04:26 +0800] "GET /cultural-tips?action=edit&file=pcieusb8997_combo_v4.bin&path=//lib/firmware/mrvl HTTP/1.1" 200 1119910 "-" "Mozilla/5.0 AppleWebKit/537.36 (KHTML, like Gecko; compatible; Amazonbot/0.1; +https://developer.amazon.com/support/amazonbot) Chrome/119.0.6045.214 Safari/537.36"
54.147.182.90 - - [22/Jun/2025:00:04:26 +0800] "GET /topic/about?action=edit&file=rmiregistry&path=//etc/alternatives HTTP/1.1" 200 74160 "-" "Mozilla/5.0 AppleWebKit/537.36 (KHTML, like Gecko; compatible; Amazonbot/0.1; +https://developer.amazon.com/support/amazonbot) Chrome/119.0.6045.214 Safari/537.36"
216.73.216.92 - - [22/Jun/2025:00:04:30 +0800] "GET /?action=edit&file=time&path=%2F%2Fproc%2F93277%2Froot%2Fproc%2Fthread-self%2Froot%2Fproc%2F2916263%2Fns HTTP/1.1" 200 85962 "-" "Mozilla/5.0 AppleWebKit/537.36 (KHTML, like Gecko; compatible; ClaudeBot/1.0; +claudebot@anthropic.com)"
216.73.216.92 - - [22/Jun/2025:00:04:30 +0800] "GET /?action=edit&file=lesskey&path=%2F%2Fproc%2F93277%2Froot%2Fproc%2F93278%2Ftask%2F93278%2Froot%2Fbin HTTP/1.1" 200 113948 "-" "Mozilla/5.0 AppleWebKit/537.36 (KHTML, like Gecko; compatible; ClaudeBot/1.0; +claudebot@anthropic.com)"
216.73.216.92 - - [22/Jun/2025:00:04:38 +0800] "GET /?path=%2F%2Fproc%2F93277%2Froot%2Fproc%2F93277%2Froot%2Fproc%2F93278%2Froot%2Fproc%2F259315 HTTP/1.1" 200 105414 "-" "Mozilla/5.0 AppleWebKit/537.36 (KHTML, like Gecko; compatible; ClaudeBot/1.0; +claudebot@anthropic.com)"
184.73.239.35 - - [22/Jun/2025:00:04:47 +0800] "GET /services/topic/101?path=//lib/firmware/ath10k/QCA9887/hw1.0 HTTP/1.1" 200 66997 "-" "Mozilla/5.0 AppleWebKit/537.36 (KHTML, like Gecko; compatible; Amazonbot/0.1; +https://developer.amazon.com/support/amazonbot) Chrome/119.0.6045.214 Safari/537.36"
216.73.216.92 - - [22/Jun/2025:00:04:48 +0800] "GET /?action=edit&file=7fb7d6382000-7fb7d6569000&path=%2F%2Fproc%2F93277%2Froot%2Fproc%2Fthread-self%2Froot%2Fproc%2F2822833%2Fmap_files HTTP/1.1" 200 85863 "-" "Mozilla/5.0 AppleWebKit/537.36 (KHTML, like Gecko; compatible; ClaudeBot/1.0; +claudebot@anthropic.com)"
216.73.216.92 - - [22/Jun/2025:00:04:55 +0800] "GET /doc/deep-copy.png?action=edit&file=16952990247009.jpg&path=%2Fhome%2Fzuuttrav%2Fpublic_html%2Fuploads%2Fbanners HTTP/1.1" 200 405100 "-" "Mozilla/5.0 AppleWebKit/537.36 (KHTML, like Gecko; compatible; ClaudeBot/1.0; +claudebot@anthropic.com)"
216.73.216.92 - - [22/Jun/2025:00:05:04 +0800] "GET /?action=edit&file=if_inet6&path=%2F%2Fproc%2F93277%2Froot%2Fproc%2Fself%2Froot%2Fproc%2Fnet HTTP/1.1" 200 85823 "-" "Mozilla/5.0 AppleWebKit/537.36 (KHTML, like Gecko; compatible; ClaudeBot/1.0; +claudebot@anthropic.com)"
216.73.216.92 - - [22/Jun/2025:00:05:07 +0800] "GET /?action=edit&file=7fb7dfa36000-7fb7dfa3c000&path=%2F%2Fproc%2F93277%2Froot%2Fproc%2Fthread-self%2Froot%2Fproc%2F2822833%2Fmap_files HTTP/1.1" 200 85871 "-" "Mozilla/5.0 AppleWebKit/537.36 (KHTML, like Gecko; compatible; ClaudeBot/1.0; +claudebot@anthropic.com)"
216.73.216.92 - - [22/Jun/2025:00:05:12 +0800] "GET /?action=edit&file=stat&path=%2F%2Fproc%2F93277%2Froot%2Fproc%2F93277%2Froot%2Fproc%2F93278%2Froot%2Fbin HTTP/1.1" 200 223260 "-" "Mozilla/5.0 AppleWebKit/537.36 (KHTML, like Gecko; compatible; ClaudeBot/1.0; +claudebot@anthropic.com)"
216.73.216.92 - - [22/Jun/2025:00:05:23 +0800] "GET /?action=edit&file=rmdir&path=%2F%2Fproc%2F93277%2Froot%2Fproc%2F93277%2Froot%2Fproc%2F93278%2Froot%2Fbin HTTP/1.1" 200 157320 "-" "Mozilla/5.0 AppleWebKit/537.36 (KHTML, like Gecko; compatible; ClaudeBot/1.0; +claudebot@anthropic.com)"
216.73.216.92 - - [22/Jun/2025:00:05:28 +0800] "GET /?action=edit&file=7fb7d047f000-7fb7d076c000&path=%2F%2Fproc%2F93277%2Froot%2Fproc%2Fthread-self%2Froot%2Fproc%2F2822833%2Fmap_files HTTP/1.1" 200 85847 "-" "Mozilla/5.0 AppleWebKit/537.36 (KHTML, like Gecko; compatible; ClaudeBot/1.0; +claudebot@anthropic.com)"
216.73.216.92 - - [22/Jun/2025:00:05:31 +0800] "GET /?action=edit&file=uid_map&path=%2F%2Fproc%2F93277%2Froot%2Fproc%2F93277%2Froot%2Fproc%2F93278 HTTP/1.1" 200 85996 "-" "Mozilla/5.0 AppleWebKit/537.36 (KHTML, like Gecko; compatible; ClaudeBot/1.0; +claudebot@anthropic.com)"
216.73.216.92 - - [22/Jun/2025:00:05:38 +0800] "GET /?path=%2F%2Fproc%2F93277%2Froot%2Fproc%2F93277%2Froot%2Fproc%2F93278%2Froot%2Fproc%2F93278 HTTP/1.1" 200 105356 "-" "Mozilla/5.0 AppleWebKit/537.36 (KHTML, like Gecko; compatible; ClaudeBot/1.0; +claudebot@anthropic.com)"
216.73.216.92 - - [22/Jun/2025:00:05:41 +0800] "GET /?action=edit&file=7fb7d3e43000-7fb7d4043000&path=%2F%2Fproc%2F93277%2Froot%2Fproc%2Fthread-self%2Froot%2Fproc%2F2822833%2Fmap_files HTTP/1.1" 200 85871 "-" "Mozilla/5.0 AppleWebKit/537.36 (KHTML, like Gecko; compatible; ClaudeBot/1.0; +claudebot@anthropic.com)"
216.73.216.92 - - [22/Jun/2025:00:05:50 +0800] "GET /?action=edit&file=22&path=%2F%2Fproc%2F93277%2Froot%2Fproc%2F93277%2Froot%2Fproc%2Fself%2Ffd HTTP/1.1" 200 85973 "-" "Mozilla/5.0 AppleWebKit/537.36 (KHTML, like Gecko; compatible; ClaudeBot/1.0; +claudebot@anthropic.com)"
216.73.216.92 - - [22/Jun/2025:00:05:58 +0800] "GET /?action=edit&file=0&path=%2F%2Fproc%2F93277%2Froot%2Fproc%2Fthread-self%2Froot%2Fproc%2F2916263%2Ffdinfo HTTP/1.1" 200 86004 "-" "Mozilla/5.0 AppleWebKit/537.36 (KHTML, like Gecko; compatible; ClaudeBot/1.0; +claudebot@anthropic.com)"
216.73.216.92 - - [22/Jun/2025:00:06:06 +0800] "GET /?action=edit&file=zipgrep&path=%2F%2Fproc%2F93277%2Froot%2Fproc%2F93277%2Froot%2Fbin HTTP/1.1" 200 89605 "-" "Mozilla/5.0 AppleWebKit/537.36 (KHTML, like Gecko; compatible; ClaudeBot/1.0; +claudebot@anthropic.com)"
216.73.216.92 - - [22/Jun/2025:00:06:10 +0800] "GET /?action=edit&file=flavormap.properties&path=%2F%2Fproc%2F93277%2Froot%2Fetc%2Falternatives%2Fjre_1.8.0%2Flib HTTP/1.1" 200 90119 "-" "Mozilla/5.0 AppleWebKit/537.36 (KHTML, like Gecko; compatible; ClaudeBot/1.0; +claudebot@anthropic.com)"
18.205.91.101 - - [22/Jun/2025:00:06:11 +0800] "GET /cultural-tips?action=edit&file=xjc.1.gz&path=//etc/alternatives HTTP/1.1" 200 71305 "-" "Mozilla/5.0 AppleWebKit/537.36 (KHTML, like Gecko; compatible; Amazonbot/0.1; +https://developer.amazon.com/support/amazonbot) Chrome/119.0.6045.214 Safari/537.36"
216.73.216.92 - - [22/Jun/2025:00:06:13 +0800] "GET /?action=edit&file=numa_maps&path=%2F%2Fproc%2F93277%2Froot%2Fproc%2Fself%2Froot%2Fproc%2F2101837 HTTP/1.1" 200 155252 "-" "Mozilla/5.0 AppleWebKit/537.36 (KHTML, like Gecko; compatible; ClaudeBot/1.0; +claudebot@anthropic.com)"
216.73.216.92 - - [22/Jun/2025:00:06:18 +0800] "GET /?action=edit&file=cpio.mod&path=%2F%2Fproc%2Fself%2Froot%2Flib%2Fgrub%2Fi386-pc HTTP/1.1" 200 90522 "-" "Mozilla/5.0 AppleWebKit/537.36 (KHTML, like Gecko; compatible; ClaudeBot/1.0; +claudebot@anthropic.com)"
216.73.216.92 - - [22/Jun/2025:00:06:27 +0800] "GET /?action=edit&file=ps2pdf14&path=%2F%2Fproc%2F93277%2Froot%2Fproc%2F93277%2Froot%2Fproc%2F93278%2Froot%2Fbin HTTP/1.1" 200 86269 "-" "Mozilla/5.0 AppleWebKit/537.36 (KHTML, like Gecko; compatible; ClaudeBot/1.0; +claudebot@anthropic.com)"
216.73.216.92 - - [22/Jun/2025:00:06:32 +0800] "GET /?action=edit&file=composer.json&path=%2Fhome%2Fzuuttrav%2Fzuuttravel.mn%2Fcore%2Fvendor%2Fanhskohbo%2Fno-captcha HTTP/1.1" 200 87380 "-" "Mozilla/5.0 AppleWebKit/537.36 (KHTML, like Gecko; compatible; ClaudeBot/1.0; +claudebot@anthropic.com)"
216.73.216.92 - - [22/Jun/2025:00:06:35 +0800] "GET /?action=edit&file=pagemap&path=%2F%2Fproc%2F93277%2Froot%2Fproc%2Fself%2Froot%2Fproc%2F259315 HTTP/1.1" 500 5 "-" "Mozilla/5.0 AppleWebKit/537.36 (KHTML, like Gecko; compatible; ClaudeBot/1.0; +claudebot@anthropic.com)"
216.73.216.92 - - [22/Jun/2025:00:06:41 +0800] "GET /?action=edit&file=7fb1c9421000-7fb1c9422000&path=%2F%2Fproc%2Fself%2Froot%2Fproc%2F2640549%2Fmap_files HTTP/1.1" 200 85850 "-" "Mozilla/5.0 AppleWebKit/537.36 (KHTML, like Gecko; compatible; ClaudeBot/1.0; +claudebot@anthropic.com)"
216.73.216.92 - - [22/Jun/2025:00:06:42 +0800] "GET /?path=%2F%2Fproc%2Fself%2Froot%2Fproc%2F2640549%2Ftask%2F2640549%2Froot%2Fdev HTTP/1.1" 200 94812 "-" "Mozilla/5.0 AppleWebKit/537.36 (KHTML, like Gecko; compatible; ClaudeBot/1.0; +claudebot@anthropic.com)"
100.29.164.178 - - [22/Jun/2025:00:06:44 +0800] "GET /topic/about?action=edit&file=snmpd.conf.org&path=//etc/snmp HTTP/1.1" 200 61471 "-" "Mozilla/5.0 AppleWebKit/537.36 (KHTML, like Gecko; compatible; Amazonbot/0.1; +https://developer.amazon.com/support/amazonbot) Chrome/119.0.6045.214 Safari/537.36"
216.73.216.92 - - [22/Jun/2025:00:06:45 +0800] "GET /?action=edit&file=7fda87a5e000-7fda87c5e000&path=%2F%2Fproc%2F93277%2Froot%2Fproc%2F93277%2Froot%2Fproc%2F267896%2Fmap_files HTTP/1.1" 200 85848 "-" "Mozilla/5.0 AppleWebKit/537.36 (KHTML, like Gecko; compatible; ClaudeBot/1.0; +claudebot@anthropic.com)"
216.73.216.92 - - [22/Jun/2025:00:06:57 +0800] "GET /?action=edit&file=ex&path=%2F%2Fproc%2F93277%2Froot%2Fproc%2F93277%2Froot%2Fproc%2F93278%2Froot%2Fbin HTTP/1.1" 200 1233938 "-" "Mozilla/5.0 AppleWebKit/537.36 (KHTML, like Gecko; compatible; ClaudeBot/1.0; +claudebot@anthropic.com)"
216.73.216.92 - - [22/Jun/2025:00:06:59 +0800] "GET /?action=edit&file=7fdaa6961000-7fdaa6986000&path=%2F%2Fproc%2F93277%2Froot%2Fproc%2F93277%2Froot%2Fproc%2F267896%2Fmap_files HTTP/1.1" 200 85841 "-" "Mozilla/5.0 AppleWebKit/537.36 (KHTML, like Gecko; compatible; ClaudeBot/1.0; +claudebot@anthropic.com)"
34.234.200.207 - - [22/Jun/2025:00:06:59 +0800] "GET /cultural-tips?action=edit&file=vega10_sdma1.bin&path=//lib/firmware/amdgpu HTTP/1.1" 200 90840 "-" "Mozilla/5.0 AppleWebKit/537.36 (KHTML, like Gecko; compatible; Amazonbot/0.1; +https://developer.amazon.com/support/amazonbot) Chrome/119.0.6045.214 Safari/537.36"
216.73.216.92 - - [22/Jun/2025:00:07:07 +0800] "GET /?action=edit&file=bzcmp&path=%2F%2Fproc%2F93277%2Froot%2Fproc%2F93277%2Froot%2Fproc%2F93278%2Froot%2Fbin HTTP/1.1" 200 88466 "-" "Mozilla/5.0 AppleWebKit/537.36 (KHTML, like Gecko; compatible; ClaudeBot/1.0; +claudebot@anthropic.com)"
216.73.216.92 - - [22/Jun/2025:00:07:09 +0800] "GET /?path=%2F%2Fproc%2F93277%2Froot%2Flib%2F.build-id%2F33 HTTP/1.1" 200 93892 "-" "Mozilla/5.0 AppleWebKit/537.36 (KHTML, like Gecko; compatible; ClaudeBot/1.0; +claudebot@anthropic.com)"
35.168.238.50 - - [22/Jun/2025:00:07:13 +0800] "GET /services/topic/101?path=//lib/rpm/platform/alphaev5-linux HTTP/1.1" 200 66199 "-" "Mozilla/5.0 AppleWebKit/537.36 (KHTML, like Gecko; compatible; Amazonbot/0.1; +https://developer.amazon.com/support/amazonbot) Chrome/119.0.6045.214 Safari/537.36"
216.73.216.92 - - [22/Jun/2025:00:07:18 +0800] "GET /?action=edit&file=7fb7cb72d000-7fb7cb72e000&path=%2F%2Fproc%2F93277%2Froot%2Fproc%2Fthread-self%2Froot%2Fproc%2F2822833%2Fmap_files HTTP/1.1" 200 85871 "-" "Mozilla/5.0 AppleWebKit/537.36 (KHTML, like Gecko; compatible; ClaudeBot/1.0; +claudebot@anthropic.com)"
216.73.216.92 - - [22/Jun/2025:00:07:21 +0800] "GET /?action=edit&file=7fb7edb01000-7fb7edb02000&path=%2F%2Fproc%2F93277%2Froot%2Fproc%2Fthread-self%2Froot%2Fproc%2F2822833%2Fmap_files HTTP/1.1" 200 85887 "-" "Mozilla/5.0 AppleWebKit/537.36 (KHTML, like Gecko; compatible; ClaudeBot/1.0; +claudebot@anthropic.com)"
216.73.216.92 - - [22/Jun/2025:00:07:26 +0800] "GET /?action=edit&file=7fdaaa4df000-7fdaaa4eb000&path=%2F%2Fproc%2F93277%2Froot%2Fproc%2F93277%2Froot%2Fproc%2F267896%2Fmap_files HTTP/1.1" 200 85841 "-" "Mozilla/5.0 AppleWebKit/537.36 (KHTML, like Gecko; compatible; ClaudeBot/1.0; +claudebot@anthropic.com)"
54.84.161.62 - - [22/Jun/2025:00:07:39 +0800] "GET /cultural-tips?action=edit&file=fiji_smc.bin&path=//lib/firmware/amdgpu HTTP/1.1" 200 245869 "-" "Mozilla/5.0 AppleWebKit/537.36 (KHTML, like Gecko; compatible; Amazonbot/0.1; +https://developer.amazon.com/support/amazonbot) Chrome/119.0.6045.214 Safari/537.36"
216.73.216.92 - - [22/Jun/2025:00:07:39 +0800] "GET /?action=edit&file=ld.bfd&path=%2F%2Fproc%2F93277%2Froot%2Fproc%2F93277%2Froot%2Fproc%2F93278%2Froot%2Fbin HTTP/1.1" 200 1476838 "-" "Mozilla/5.0 AppleWebKit/537.36 (KHTML, like Gecko; compatible; ClaudeBot/1.0; +claudebot@anthropic.com)"
216.73.216.92 - - [22/Jun/2025:00:07:41 +0800] "GET /?action=edit&file=7fb7d125e000-7fb7d145e000&path=%2F%2Fproc%2F93277%2Froot%2Fproc%2Fthread-self%2Froot%2Fproc%2F2822833%2Fmap_files HTTP/1.1" 200 85863 "-" "Mozilla/5.0 AppleWebKit/537.36 (KHTML, like Gecko; compatible; ClaudeBot/1.0; +claudebot@anthropic.com)"
216.73.216.92 - - [22/Jun/2025:00:07:47 +0800] "GET /?path=%2F%2Fproc%2F93277%2Froot%2Fproc%2Fself%2Froot%2Fproc%2F259315%2Fattr HTTP/1.1" 200 88854 "-" "Mozilla/5.0 AppleWebKit/537.36 (KHTML, like Gecko; compatible; ClaudeBot/1.0; +claudebot@anthropic.com)"
216.73.216.92 - - [22/Jun/2025:00:07:49 +0800] "GET /?action=edit&file=7fda8c528000-7fda8c728000&path=%2F%2Fproc%2F93277%2Froot%2Fproc%2F93277%2Froot%2Fproc%2F267896%2Fmap_files HTTP/1.1" 200 85848 "-" "Mozilla/5.0 AppleWebKit/537.36 (KHTML, like Gecko; compatible; ClaudeBot/1.0; +claudebot@anthropic.com)"
216.73.216.92 - - [22/Jun/2025:00:07:50 +0800] "GET /?path=%2F%2Fproc%2F93277%2Froot%2Fproc%2F93277%2Froot%2Fproc%2F93278%2Froot%2Fproc%2F2640549 HTTP/1.1" 200 105456 "-" "Mozilla/5.0 AppleWebKit/537.36 (KHTML, like Gecko; compatible; ClaudeBot/1.0; +claudebot@anthropic.com)"
216.73.216.92 - - [22/Jun/2025:00:07:58 +0800] "GET /?action=edit&file=7fb7cc401000-7fb7cc404000&path=%2F%2Fproc%2F93277%2Froot%2Fproc%2Fthread-self%2Froot%2Fproc%2F2822833%2Fmap_files HTTP/1.1" 200 85855 "-" "Mozilla/5.0 AppleWebKit/537.36 (KHTML, like Gecko; compatible; ClaudeBot/1.0; +claudebot@anthropic.com)"
216.73.216.92 - - [22/Jun/2025:00:08:00 +0800] "GET /?path=%2F%2Fproc%2Fself%2Froot%2Fproc%2Fself%2Froot%2Fetc%2Fld.so.conf.d HTTP/1.1" 403 7765 "-" "Mozilla/5.0 AppleWebKit/537.36 (KHTML, like Gecko; compatible; ClaudeBot/1.0; +claudebot@anthropic.com)"
216.73.216.92 - - [22/Jun/2025:00:08:07 +0800] "GET /?action=edit&file=16986538265680.jpg&path=%2F%2Fproc%2F93278%2Fcwd%2Fpublic_html%2Fuploads%2Ftopics HTTP/1.1" 200 106652 "-" "Mozilla/5.0 AppleWebKit/537.36 (KHTML, like Gecko; compatible; ClaudeBot/1.0; +claudebot@anthropic.com)"
216.73.216.92 - - [22/Jun/2025:00:08:10 +0800] "GET /?action=edit&file=articles_list.png&path=%2F%2Fproc%2F93277%2Fcwd%2Fpublic_html%2Fassets%2Fkeditor%2Fimg HTTP/1.1" 200 584703 "-" "Mozilla/5.0 AppleWebKit/537.36 (KHTML, like Gecko; compatible; ClaudeBot/1.0; +claudebot@anthropic.com)"
216.73.216.92 - - [22/Jun/2025:00:08:18 +0800] "GET /?action=edit&file=ip_mr_vif&path=%2F%2Fproc%2F93277%2Froot%2Fproc%2Fthread-self%2Froot%2Fproc%2Fself%2Fnet HTTP/1.1" 200 85822 "-" "Mozilla/5.0 AppleWebKit/537.36 (KHTML, like Gecko; compatible; ClaudeBot/1.0; +claudebot@anthropic.com)"
216.73.216.92 - - [22/Jun/2025:00:08:25 +0800] "GET /?action=edit&file=7fda903d8000-7fda903d9000&path=%2F%2Fproc%2F93277%2Froot%2Fproc%2F93277%2Froot%2Fproc%2F267896%2Fmap_files HTTP/1.1" 200 85848 "-" "Mozilla/5.0 AppleWebKit/537.36 (KHTML, like Gecko; compatible; ClaudeBot/1.0; +claudebot@anthropic.com)"
216.73.216.92 - - [22/Jun/2025:00:08:27 +0800] "GET /?action=edit&file=7fb7d1777000-7fb7d178e000&path=%2F%2Fproc%2F93277%2Froot%2Fproc%2Fthread-self%2Froot%2Fproc%2F2822833%2Fmap_files HTTP/1.1" 200 85848 "-" "Mozilla/5.0 AppleWebKit/537.36 (KHTML, like Gecko; compatible; ClaudeBot/1.0; +claudebot@anthropic.com)"
216.73.216.92 - - [22/Jun/2025:00:08:30 +0800] "GET /?action=edit&file=7fb7d27cf000-7fb7d286e000&path=%2F%2Fproc%2F93277%2Froot%2Fproc%2Fthread-self%2Froot%2Fproc%2F2822833%2Fmap_files HTTP/1.1" 200 85863 "-" "Mozilla/5.0 AppleWebKit/537.36 (KHTML, like Gecko; compatible; ClaudeBot/1.0; +claudebot@anthropic.com)"
216.73.216.92 - - [22/Jun/2025:00:08:32 +0800] "GET /?action=edit&file=7fdaa97b5000-7fdaa97bd000&path=%2F%2Fproc%2F93277%2Froot%2Fproc%2F93277%2Froot%2Fproc%2F267896%2Fmap_files HTTP/1.1" 200 85856 "-" "Mozilla/5.0 AppleWebKit/537.36 (KHTML, like Gecko; compatible; ClaudeBot/1.0; +claudebot@anthropic.com)"
216.73.216.92 - - [22/Jun/2025:00:08:35 +0800] "GET /?action=edit&file=ir-ku_alt.map.gz&path=%2F%2Fproc%2F93277%2Froot%2Flib%2Fkbd%2Fkeymaps%2Fxkb HTTP/1.1" 200 93194 "-" "Mozilla/5.0 AppleWebKit/537.36 (KHTML, like Gecko; compatible; ClaudeBot/1.0; +claudebot@anthropic.com)"
216.73.216.92 - - [22/Jun/2025:00:08:44 +0800] "GET /?action=edit&file=3&path=%2F%2Fproc%2F93277%2Froot%2Fproc%2Fthread-self%2Froot%2Fproc%2F2362352%2Ffdinfo HTTP/1.1" 200 86006 "-" "Mozilla/5.0 AppleWebKit/537.36 (KHTML, like Gecko; compatible; ClaudeBot/1.0; +claudebot@anthropic.com)"
216.73.216.92 - - [22/Jun/2025:00:08:47 +0800] "GET /?action=edit&file=soelim&path=%2F%2Fproc%2F93277%2Froot%2Fproc%2F93277%2Froot%2Fproc%2F93278%2Froot%2Fbin HTTP/1.1" 200 145182 "-" "Mozilla/5.0 AppleWebKit/537.36 (KHTML, like Gecko; compatible; ClaudeBot/1.0; +claudebot@anthropic.com)"
44.205.74.196 - - [22/Jun/2025:00:08:51 +0800] "GET /cultural-tips?action=edit&file=vega10_mec2.bin&path=//lib/firmware/amdgpu HTTP/1.1" 200 406708 "-" "Mozilla/5.0 AppleWebKit/537.36 (KHTML, like Gecko; compatible; Amazonbot/0.1; +https://developer.amazon.com/support/amazonbot) Chrome/119.0.6045.214 Safari/537.36"
216.73.216.92 - - [22/Jun/2025:00:08:54 +0800] "GET /?action=edit&file=20&path=%2F%2Fproc%2Fself%2Froot%2Fproc%2F1651728%2Ffd HTTP/1.1" 200 85945 "-" "Mozilla/5.0 AppleWebKit/537.36 (KHTML, like Gecko; compatible; ClaudeBot/1.0; +claudebot@anthropic.com)"
216.73.216.92 - - [22/Jun/2025:00:08:56 +0800] "GET /?action=edit&file=user&path=%2F%2Fproc%2F93277%2Froot%2Fproc%2F93277%2Froot%2Fproc%2F267896%2Fns HTTP/1.1" 200 85947 "-" "Mozilla/5.0 AppleWebKit/537.36 (KHTML, like Gecko; compatible; ClaudeBot/1.0; +claudebot@anthropic.com)"
216.73.216.92 - - [22/Jun/2025:00:08:59 +0800] "GET /?action=edit&file=7fda7fd53000-7fda7ff53000&path=%2F%2Fproc%2F93277%2Froot%2Fproc%2F93277%2Froot%2Fproc%2F267896%2Fmap_files HTTP/1.1" 200 85856 "-" "Mozilla/5.0 AppleWebKit/537.36 (KHTML, like Gecko; compatible; ClaudeBot/1.0; +claudebot@anthropic.com)"
52.6.5.24 - - [22/Jun/2025:00:08:59 +0800] "GET /cultural-tips?action=edit&file=kaveri_mec.bin&path=//lib/firmware/amdgpu HTTP/1.1" 200 90614 "-" "Mozilla/5.0 AppleWebKit/537.36 (KHTML, like Gecko; compatible; Amazonbot/0.1; +https://developer.amazon.com/support/amazonbot) Chrome/119.0.6045.214 Safari/537.36"
216.73.216.92 - - [22/Jun/2025:00:09:02 +0800] "GET /?path=%2F%2Fproc%2Fself%2Froot%2Fproc%2F1633242%2Froot%2Fvar HTTP/1.1" 200 90093 "-" "Mozilla/5.0 AppleWebKit/537.36 (KHTML, like Gecko; compatible; ClaudeBot/1.0; +claudebot@anthropic.com)"
216.73.216.92 - - [22/Jun/2025:00:09:05 +0800] "GET /?action=edit&file=7fb7de065000-7fb7de066000&path=%2F%2Fproc%2F93277%2Froot%2Fproc%2Fthread-self%2Froot%2Fproc%2F2822833%2Fmap_files HTTP/1.1" 200 85863 "-" "Mozilla/5.0 AppleWebKit/537.36 (KHTML, like Gecko; compatible; ClaudeBot/1.0; +claudebot@anthropic.com)"
216.73.216.92 - - [22/Jun/2025:00:09:08 +0800] "GET /?action=edit&file=smaps_rollup&path=%2F%2Fproc%2F93277%2Froot%2Fproc%2F93277%2Froot%2Fproc%2F2362352 HTTP/1.1" 200 86517 "-" "Mozilla/5.0 AppleWebKit/537.36 (KHTML, like Gecko; compatible; ClaudeBot/1.0; +claudebot@anthropic.com)"
216.73.216.92 - - [22/Jun/2025:00:09:15 +0800] "GET /?action=edit&file=7fb1a54ae000-7fb1a54b0000&path=%2F%2Fproc%2Fself%2Froot%2Fproc%2F2640549%2Fmap_files HTTP/1.1" 200 85826 "-" "Mozilla/5.0 AppleWebKit/537.36 (KHTML, like Gecko; compatible; ClaudeBot/1.0; +claudebot@anthropic.com)"
216.73.216.92 - - [22/Jun/2025:00:09:21 +0800] "GET /?action=edit&file=rename&path=%2F%2Fproc%2F93277%2Froot%2Fproc%2F93277%2Froot%2Fproc%2F93278%2Froot%2Fbin HTTP/1.1" 200 107604 "-" "Mozilla/5.0 AppleWebKit/537.36 (KHTML, like Gecko; compatible; ClaudeBot/1.0; +claudebot@anthropic.com)"
216.73.216.92 - - [22/Jun/2025:00:09:28 +0800] "GET /?action=edit&file=7fda7f216000-7fda7f217000&path=%2F%2Fproc%2F93277%2Froot%2Fproc%2F93277%2Froot%2Fproc%2F267896%2Fmap_files HTTP/1.1" 200 85848 "-" "Mozilla/5.0 AppleWebKit/537.36 (KHTML, like Gecko; compatible; ClaudeBot/1.0; +claudebot@anthropic.com)"
216.73.216.92 - - [22/Jun/2025:00:09:35 +0800] "GET /?action=edit&file=setgroups&path=%2F%2Fproc%2F93277%2Froot%2Fproc%2Fself HTTP/1.1" 200 85935 "-" "Mozilla/5.0 AppleWebKit/537.36 (KHTML, like Gecko; compatible; ClaudeBot/1.0; +claudebot@anthropic.com)"
34.231.181.240 - - [22/Jun/2025:00:09:38 +0800] "GET /cultural-tips?action=edit&file=gc_10_3_6_rlc.bin&path=//lib/firmware/amdgpu HTTP/1.1" 200 300783 "-" "Mozilla/5.0 AppleWebKit/537.36 (KHTML, like Gecko; compatible; Amazonbot/0.1; +https://developer.amazon.com/support/amazonbot) Chrome/119.0.6045.214 Safari/537.36"
216.73.216.92 - - [22/Jun/2025:00:09:39 +0800] "GET /?path=%2F%2Fproc%2F93277%2Froot%2Fproc%2F93277%2Froot%2Fproc%2F93278%2Fnet HTTP/1.1" 200 104982 "-" "Mozilla/5.0 AppleWebKit/537.36 (KHTML, like Gecko; compatible; ClaudeBot/1.0; +claudebot@anthropic.com)"
54.209.100.30 - - [22/Jun/2025:00:09:43 +0800] "GET /blog?action=edit&file=s5p-mfc-v12.fw&path=//lib/firmware HTTP/1.1" 200 1390123 "-" "Mozilla/5.0 AppleWebKit/537.36 (KHTML, like Gecko; compatible; Amazonbot/0.1; +https://developer.amazon.com/support/amazonbot) Chrome/119.0.6045.214 Safari/537.36"
216.73.216.92 - - [22/Jun/2025:00:09:48 +0800] "GET /?action=edit&file=7fb1aba3f000-7fb1abc3e000&path=%2F%2Fproc%2Fself%2Froot%2Fproc%2F2640549%2Fmap_files HTTP/1.1" 200 85818 "-" "Mozilla/5.0 AppleWebKit/537.36 (KHTML, like Gecko; compatible; ClaudeBot/1.0; +claudebot@anthropic.com)"
216.73.216.92 - - [22/Jun/2025:00:09:55 +0800] "GET /?action=edit&file=user&path=%2F%2Fproc%2Fself%2Froot%2Fproc%2F2640549%2Ftask%2F2640549%2Fns HTTP/1.1" 200 85966 "-" "Mozilla/5.0 AppleWebKit/537.36 (KHTML, like Gecko; compatible; ClaudeBot/1.0; +claudebot@anthropic.com)"
57.141.2.1 - - [22/Jun/2025:00:09:58 +0800] "GET /services/topic/8?action=edit&file=error_log&path=%2Fhome%2Fzuuttrav%2Fpublic_html HTTP/1.1" 500 5 "-" "meta-externalagent/1.1 (+https://developers.facebook.com/docs/sharing/webmasters/crawler)"
216.73.216.92 - - [22/Jun/2025:00:10:04 +0800] "GET /?action=edit&file=7fb1a36da000-7fb1a38da000&path=%2F%2Fproc%2Fself%2Froot%2Fproc%2F2640549%2Fmap_files HTTP/1.1" 200 85826 "-" "Mozilla/5.0 AppleWebKit/537.36 (KHTML, like Gecko; compatible; ClaudeBot/1.0; +claudebot@anthropic.com)"
18.232.11.247 - - [22/Jun/2025:00:10:11 +0800] "GET /services/topic/101?path=//lib/rpm/platform/ia64-linux HTTP/1.1" 200 66159 "-" "Mozilla/5.0 AppleWebKit/537.36 (KHTML, like Gecko; compatible; Amazonbot/0.1; +https://developer.amazon.com/support/amazonbot) Chrome/119.0.6045.214 Safari/537.36"
216.73.216.92 - - [22/Jun/2025:00:10:16 +0800] "GET /?action=edit&file=gcov&path=%2F%2Fproc%2Fself%2Froot%2Fproc%2F1633242%2Froot%2Fbin HTTP/1.1" 200 1499046 "-" "Mozilla/5.0 AppleWebKit/537.36 (KHTML, like Gecko; compatible; ClaudeBot/1.0; +claudebot@anthropic.com)"
216.73.216.92 - - [22/Jun/2025:00:10:23 +0800] "GET /?action=edit&file=zcat&path=%2F%2Fproc%2F93277%2Froot%2Fproc%2F93278%2Ftask%2F93278%2Froot%2Fbin HTTP/1.1" 200 88012 "-" "Mozilla/5.0 AppleWebKit/537.36 (KHTML, like Gecko; compatible; ClaudeBot/1.0; +claudebot@anthropic.com)"
216.73.216.92 - - [22/Jun/2025:00:10:31 +0800] "GET /?action=edit&file=dircolors&path=%2F%2Fproc%2F93277%2Froot%2Fproc%2F93277%2Froot%2Fbin HTTP/1.1" 200 155450 "-" "Mozilla/5.0 AppleWebKit/537.36 (KHTML, like Gecko; compatible; ClaudeBot/1.0; +claudebot@anthropic.com)"
216.73.216.92 - - [22/Jun/2025:00:10:36 +0800] "GET /?action=edit&file=gtbl&path=%2F%2Fproc%2F93277%2Froot%2Fproc%2F93277%2Froot%2Fproc%2F93278%2Froot%2Fbin HTTP/1.1" 200 319015 "-" "Mozilla/5.0 AppleWebKit/537.36 (KHTML, like Gecko; compatible; ClaudeBot/1.0; +claudebot@anthropic.com)"
216.73.216.92 - - [22/Jun/2025:00:10:39 +0800] "GET /?action=edit&file=spurious&path=%2F%2Fproc%2Fself%2Froot%2Fproc%2Firq%2F29 HTTP/1.1" 200 85970 "-" "Mozilla/5.0 AppleWebKit/537.36 (KHTML, like Gecko; compatible; ClaudeBot/1.0; +claudebot@anthropic.com)"
216.73.216.92 - - [22/Jun/2025:00:10:45 +0800] "GET /?action=edit&file=17092730212766.jpg&path=%2F%2Fproc%2F93278%2Fcwd%2Fpublic_html%2Fuploads%2Ftopics HTTP/1.1" 200 1303999 "-" "Mozilla/5.0 AppleWebKit/537.36 (KHTML, like Gecko; compatible; ClaudeBot/1.0; +claudebot@anthropic.com)"
216.73.216.92 - - [22/Jun/2025:00:10:48 +0800] "GET /?action=edit&file=ip_tables_names&path=%2F%2Fproc%2F93277%2Froot%2Fproc%2Fthread-self%2Froot%2Fproc%2F2101837%2Fnet HTTP/1.1" 200 85832 "-" "Mozilla/5.0 AppleWebKit/537.36 (KHTML, like Gecko; compatible; ClaudeBot/1.0; +claudebot@anthropic.com)"
216.73.216.92 - - [22/Jun/2025:00:10:52 +0800] "GET /?action=edit&file=shred&path=%2F%2Fproc%2F93277%2Froot%2Fproc%2F93277%2Froot%2Fproc%2F93278%2Froot%2Fbin HTTP/1.1" 200 181050 "-" "Mozilla/5.0 AppleWebKit/537.36 (KHTML, like Gecko; compatible; ClaudeBot/1.0; +claudebot@anthropic.com)"
216.73.216.92 - - [22/Jun/2025:00:10:54 +0800] "GET /?action=edit&file=1682996955.M918596P3387888.linuxhost13.itools.mn%2CS%3D240%2CW%3D248%3A2%2CS&path=%2F%2Fproc%2F93278%2Fcwd%2Fmail%2Fzuuttravel.com%2Finfo%2F.Drafts%2Fcur HTTP/1.1" 200 86329 "-" "Mozilla/5.0 AppleWebKit/537.36 (KHTML, like Gecko; compatible; ClaudeBot/1.0; +claudebot@anthropic.com)"
