216.73.216.92 - - [21/Jun/2025:20:35:10 +0800] "GET /?action=edit&file=7fdaa5da9000-7fdaa5daa000&path=%2F%2Fproc%2F93277%2Froot%2Fproc%2F93277%2Froot%2Fproc%2F267896%2Fmap_files HTTP/1.1" 200 85864 "-" "Mozilla/5.0 AppleWebKit/537.36 (KHTML, like Gecko; compatible; ClaudeBot/1.0; +claudebot@anthropic.com)"
216.73.216.92 - - [21/Jun/2025:20:35:17 +0800] "GET /?action=edit&file=7fb7f3b10000-7fb7f3d0f000&path=%2F%2Fproc%2F93277%2Froot%2Fproc%2Fthread-self%2Froot%2Fproc%2F2822833%2Fmap_files HTTP/1.1" 200 85847 "-" "Mozilla/5.0 AppleWebKit/537.36 (KHTML, like Gecko; compatible; ClaudeBot/1.0; +claudebot@anthropic.com)"
216.73.216.92 - - [21/Jun/2025:20:35:24 +0800] "GET /?action=edit&file=fc-conflist&path=%2F%2Fproc%2F93277%2Froot%2Fproc%2F93277%2Froot%2Fproc%2F93278%2Froot%2Fbin HTTP/1.1" 200 100776 "-" "Mozilla/5.0 AppleWebKit/537.36 (KHTML, like Gecko; compatible; ClaudeBot/1.0; +claudebot@anthropic.com)"
216.73.216.92 - - [21/Jun/2025:20:35:31 +0800] "GET /?action=edit&file=az.map.gz&path=%2F%2Fproc%2F93277%2Froot%2Fusr%2Flib%2Fkbd%2Fkeymaps%2Fxkb HTTP/1.1" 200 92241 "-" "Mozilla/5.0 AppleWebKit/537.36 (KHTML, like Gecko; compatible; ClaudeBot/1.0; +claudebot@anthropic.com)"
216.73.216.92 - - [21/Jun/2025:20:35:38 +0800] "GET /doc/deep-copy.png?action=edit&file=16968607008354.jpg&path=%2Fhome%2Fzuuttrav%2Fpublic_html%2Fuploads%2Fbanners HTTP/1.1" 200 287634 "-" "Mozilla/5.0 AppleWebKit/537.36 (KHTML, like Gecko; compatible; ClaudeBot/1.0; +claudebot@anthropic.com)"
216.73.216.92 - - [21/Jun/2025:20:35:39 +0800] "GET /?action=edit&file=gmake&path=%2F%2Fproc%2F93277%2Froot%2Fproc%2F93277%2Froot%2Fproc%2F93278%2Froot%2Fbin HTTP/1.1" 200 459892 "-" "Mozilla/5.0 AppleWebKit/537.36 (KHTML, like Gecko; compatible; ClaudeBot/1.0; +claudebot@anthropic.com)"
216.73.216.92 - - [21/Jun/2025:20:35:47 +0800] "GET /?action=edit&file=awstats.zuuttravel.com.conf&path=%2F%2Fproc%2F93277%2Froot%2Fproc%2F93278%2Ftask%2F93278%2Froot%2Fhome%2Fzuuttrav%2Ftmp%2Fawstats HTTP/1.1" 200 111503 "-" "Mozilla/5.0 AppleWebKit/537.36 (KHTML, like Gecko; compatible; ClaudeBot/1.0; +claudebot@anthropic.com)"
216.73.216.92 - - [21/Jun/2025:20:35:49 +0800] "GET /?action=edit&file=7f2355fd1000-7f23561d1000&path=%2F%2Fproc%2F93277%2Froot%2Fproc%2F93277%2Froot%2Fproc%2F2831787%2Fmap_files HTTP/1.1" 200 85857 "-" "Mozilla/5.0 AppleWebKit/537.36 (KHTML, like Gecko; compatible; ClaudeBot/1.0; +claudebot@anthropic.com)"
216.73.216.92 - - [21/Jun/2025:20:35:56 +0800] "GET /?action=edit&file=execdomains&path=%2F%2Fproc%2F93277%2Froot%2Fproc%2F93277%2Froot%2Fproc%2F93278%2Froot%2Fproc HTTP/1.1" 200 85851 "-" "Mozilla/5.0 AppleWebKit/537.36 (KHTML, like Gecko; compatible; ClaudeBot/1.0; +claudebot@anthropic.com)"
216.73.216.92 - - [21/Jun/2025:20:36:03 +0800] "GET /?action=edit&file=7f23797c4000-7f23797c5000&path=%2F%2Fproc%2F93277%2Froot%2Fproc%2F93277%2Froot%2Fproc%2F2831787%2Fmap_files HTTP/1.1" 200 85857 "-" "Mozilla/5.0 AppleWebKit/537.36 (KHTML, like Gecko; compatible; ClaudeBot/1.0; +claudebot@anthropic.com)"
216.73.216.92 - - [21/Jun/2025:20:36:10 +0800] "GET /?action=edit&file=unzipsfx&path=%2F%2Fproc%2F93277%2Froot%2Fproc%2F93277%2Froot%2Fproc%2F93278%2Froot%2Fbin HTTP/1.1" 200 245138 "-" "Mozilla/5.0 AppleWebKit/537.36 (KHTML, like Gecko; compatible; ClaudeBot/1.0; +claudebot@anthropic.com)"
216.73.216.92 - - [21/Jun/2025:20:36:16 +0800] "GET /?action=edit&file=7fb7dbb45000-7fb7dbb7e000&path=%2F%2Fproc%2F93277%2Froot%2Fproc%2Fthread-self%2Froot%2Fproc%2F2822833%2Fmap_files HTTP/1.1" 200 85887 "-" "Mozilla/5.0 AppleWebKit/537.36 (KHTML, like Gecko; compatible; ClaudeBot/1.0; +claudebot@anthropic.com)"
216.73.216.92 - - [21/Jun/2025:20:36:23 +0800] "GET /?action=edit&file=7fb8eebbc000-7fb8eebbd000&path=%2F%2Fproc%2F93277%2Froot%2Fproc%2Fthread-self%2Froot%2Fproc%2F2362352%2Fmap_files HTTP/1.1" 200 85855 "-" "Mozilla/5.0 AppleWebKit/537.36 (KHTML, like Gecko; compatible; ClaudeBot/1.0; +claudebot@anthropic.com)"
216.73.216.92 - - [21/Jun/2025:20:36:25 +0800] "GET /?action=edit&file=c23ee61a139ff9b1757552623618ceb3902e52&path=%2F%2Flib%2F.build-id%2F19 HTTP/1.1" 200 105737 "-" "Mozilla/5.0 AppleWebKit/537.36 (KHTML, like Gecko; compatible; ClaudeBot/1.0; +claudebot@anthropic.com)"
216.73.216.92 - - [21/Jun/2025:20:36:27 +0800] "GET /?action=edit&file=7f23612e4000-7f23612ed000&path=%2F%2Fproc%2F93277%2Froot%2Fproc%2F93277%2Froot%2Fproc%2F2831787%2Fmap_files HTTP/1.1" 200 85849 "-" "Mozilla/5.0 AppleWebKit/537.36 (KHTML, like Gecko; compatible; ClaudeBot/1.0; +claudebot@anthropic.com)"
216.73.216.92 - - [21/Jun/2025:20:36:34 +0800] "GET /?action=edit&file=no-smi_nodeadkeys.map.gz&path=%2F%2Fproc%2F93277%2Froot%2Flib%2Fkbd%2Fkeymaps%2Fxkb HTTP/1.1" 200 93139 "-" "Mozilla/5.0 AppleWebKit/537.36 (KHTML, like Gecko; compatible; ClaudeBot/1.0; +claudebot@anthropic.com)"
216.73.216.92 - - [21/Jun/2025:20:36:36 +0800] "GET /?action=edit&file=7fda8c72b000-7fda8c72c000&path=%2F%2Fproc%2F93277%2Froot%2Fproc%2F93277%2Froot%2Fproc%2F267896%2Fmap_files HTTP/1.1" 200 85841 "-" "Mozilla/5.0 AppleWebKit/537.36 (KHTML, like Gecko; compatible; ClaudeBot/1.0; +claudebot@anthropic.com)"
216.73.216.92 - - [21/Jun/2025:20:36:43 +0800] "GET /?action=edit&file=WtWvkNuFnZNRMhBBA4i0mTQBJ8m6pcS571yXK5C6&path=%2F%2Fproc%2F93277%2Fcwd%2Fwww%2Fcore%2Fstorage%2Fframework%2Fsessions HTTP/1.1" 200 85874 "-" "Mozilla/5.0 AppleWebKit/537.36 (KHTML, like Gecko; compatible; ClaudeBot/1.0; +claudebot@anthropic.com)"
216.73.216.92 - - [21/Jun/2025:20:36:45 +0800] "GET /?action=edit&file=libBrokenLocale-2.28.so&path=%2F%2Fproc%2F93277%2Froot%2Fproc%2Fthread-self%2Froot%2Flib64 HTTP/1.1" 200 95225 "-" "Mozilla/5.0 AppleWebKit/537.36 (KHTML, like Gecko; compatible; ClaudeBot/1.0; +claudebot@anthropic.com)"
216.73.216.92 - - [21/Jun/2025:20:36:53 +0800] "GET /?action=edit&file=usage_202008.html&path=%2F%2Fproc%2F93277%2Fcwd%2Ftmp%2Fwebalizer HTTP/1.1" 200 289093 "-" "Mozilla/5.0 AppleWebKit/537.36 (KHTML, like Gecko; compatible; ClaudeBot/1.0; +claudebot@anthropic.com)"
216.73.216.92 - - [21/Jun/2025:20:36:55 +0800] "GET /?action=edit&file=awstats102024.zuuttravel.com.txt&path=%2F%2Fproc%2F93277%2Froot%2Fproc%2F93278%2Ftask%2F93278%2Froot%2Fhome%2Fzuuttrav%2Ftmp%2Fawstats HTTP/1.1" 200 145628 "-" "Mozilla/5.0 AppleWebKit/537.36 (KHTML, like Gecko; compatible; ClaudeBot/1.0; +claudebot@anthropic.com)"
216.73.216.92 - - [21/Jun/2025:20:37:02 +0800] "GET /?action=edit&file=16967880498267.jpg&path=%2F%2Fproc%2F93278%2Fcwd%2Fpublic_html%2Fuploads%2Ftopics HTTP/1.1" 200 343213 "-" "Mozilla/5.0 AppleWebKit/537.36 (KHTML, like Gecko; compatible; ClaudeBot/1.0; +claudebot@anthropic.com)"
216.73.216.92 - - [21/Jun/2025:20:37:04 +0800] "GET /?action=edit&file=ps2ps2&path=%2F%2Fproc%2F93277%2Froot%2Fproc%2F93278%2Ftask%2F93278%2Froot%2Fbin HTTP/1.1" 200 86752 "-" "Mozilla/5.0 AppleWebKit/537.36 (KHTML, like Gecko; compatible; ClaudeBot/1.0; +claudebot@anthropic.com)"
216.73.216.92 - - [21/Jun/2025:20:37:07 +0800] "GET /?path=%2F%2Fproc%2F93277%2Froot%2Flib%2F.build-id%2F7e HTTP/1.1" 200 95028 "-" "Mozilla/5.0 AppleWebKit/537.36 (KHTML, like Gecko; compatible; ClaudeBot/1.0; +claudebot@anthropic.com)"
216.73.216.92 - - [21/Jun/2025:20:37:09 +0800] "GET /?action=edit&file=8.html&path=%2F%2Fproc%2F93277%2Froot%2Fproc%2F93277%2Fcwd%2Ftmp%2Fanalog HTTP/1.1" 200 390235 "-" "Mozilla/5.0 AppleWebKit/537.36 (KHTML, like Gecko; compatible; ClaudeBot/1.0; +claudebot@anthropic.com)"
216.73.216.92 - - [21/Jun/2025:20:37:16 +0800] "GET /?action=edit&file=usage_202303.html&path=%2F%2Fproc%2F93278%2Fcwd%2Ftmp%2Fwebalizer HTTP/1.1" 200 391053 "-" "Mozilla/5.0 AppleWebKit/537.36 (KHTML, like Gecko; compatible; ClaudeBot/1.0; +claudebot@anthropic.com)"
216.73.216.92 - - [21/Jun/2025:20:37:18 +0800] "GET /?action=edit&file=ed3af80903057f3a6dd47cab40cd2ffd52ea62&path=%2F%2Fproc%2F93277%2Froot%2Flib%2F.build-id%2F19 HTTP/1.1" 200 99959 "-" "Mozilla/5.0 AppleWebKit/537.36 (KHTML, like Gecko; compatible; ClaudeBot/1.0; +claudebot@anthropic.com)"
216.73.216.92 - - [21/Jun/2025:20:37:26 +0800] "GET /?action=edit&file=7f235e4fb000-7f235e6fb000&path=%2F%2Fproc%2F93277%2Froot%2Fproc%2F93277%2Froot%2Fproc%2F2831787%2Fmap_files HTTP/1.1" 200 85849 "-" "Mozilla/5.0 AppleWebKit/537.36 (KHTML, like Gecko; compatible; ClaudeBot/1.0; +claudebot@anthropic.com)"
50.19.102.70 - - [21/Jun/2025:20:37:33 +0800] "GET /cultural-tips?action=edit&file=gc_11_5_1_rlc.bin&path=//lib/firmware/amdgpu HTTP/1.1" 200 287326 "-" "Mozilla/5.0 AppleWebKit/537.36 (KHTML, like Gecko; compatible; Amazonbot/0.1; +https://developer.amazon.com/support/amazonbot) Chrome/119.0.6045.214 Safari/537.36"
216.73.216.92 - - [21/Jun/2025:20:37:35 +0800] "GET /?action=edit&file=view&path=%2F%2Fproc%2F93277%2Froot%2Fproc%2F93278%2Ftask%2F93278%2Froot%2Fbin HTTP/1.1" 200 1946330 "-" "Mozilla/5.0 AppleWebKit/537.36 (KHTML, like Gecko; compatible; ClaudeBot/1.0; +claudebot@anthropic.com)"
216.73.216.92 - - [21/Jun/2025:20:37:38 +0800] "GET /?action=edit&file=effective_affinity&path=%2F%2Fproc%2Fself%2Froot%2Fproc%2Firq%2F51 HTTP/1.1" 200 85986 "-" "Mozilla/5.0 AppleWebKit/537.36 (KHTML, like Gecko; compatible; ClaudeBot/1.0; +claudebot@anthropic.com)"
216.73.216.92 - - [21/Jun/2025:20:37:41 +0800] "GET /?action=edit&file=gprof&path=%2F%2Fproc%2F93277%2Froot%2Fproc%2F93277%2Froot%2Fproc%2F93278%2Froot%2Fbin HTTP/1.1" 200 241392 "-" "Mozilla/5.0 AppleWebKit/537.36 (KHTML, like Gecko; compatible; ClaudeBot/1.0; +claudebot@anthropic.com)"
216.73.216.92 - - [21/Jun/2025:20:37:47 +0800] "GET /?action=edit&file=expr&path=%2F%2Fproc%2F93277%2Froot%2Fproc%2F93277%2Froot%2Fbin HTTP/1.1" 200 158890 "-" "Mozilla/5.0 AppleWebKit/537.36 (KHTML, like Gecko; compatible; ClaudeBot/1.0; +claudebot@anthropic.com)"
216.73.216.92 - - [21/Jun/2025:20:37:54 +0800] "GET /?action=edit&file=7fb7f1c6b000-7fb7f1c6e000&path=%2F%2Fproc%2F93277%2Froot%2Fproc%2Fthread-self%2Froot%2Fproc%2F2822833%2Fmap_files HTTP/1.1" 200 85855 "-" "Mozilla/5.0 AppleWebKit/537.36 (KHTML, like Gecko; compatible; ClaudeBot/1.0; +claudebot@anthropic.com)"
216.73.216.92 - - [21/Jun/2025:20:38:01 +0800] "GET /?action=edit&file=7fb7f269f000-7fb7f26a1000&path=%2F%2Fproc%2F93277%2Froot%2Fproc%2Fthread-self%2Froot%2Fproc%2F2822833%2Fmap_files HTTP/1.1" 200 85855 "-" "Mozilla/5.0 AppleWebKit/537.36 (KHTML, like Gecko; compatible; ClaudeBot/1.0; +claudebot@anthropic.com)"
44.216.172.204 - - [21/Jun/2025:20:38:05 +0800] "GET /cultural-tips?action=edit&file=navi12_mec.bin&path=//lib/firmware/amdgpu HTTP/1.1" 200 374709 "-" "Mozilla/5.0 AppleWebKit/537.36 (KHTML, like Gecko; compatible; Amazonbot/0.1; +https://developer.amazon.com/support/amazonbot) Chrome/119.0.6045.214 Safari/537.36"
216.73.216.92 - - [21/Jun/2025:20:38:08 +0800] "GET /?action=edit&file=imbalance_pct&path=%2F%2Fproc%2Fsys%2Fkernel%2Fsched_domain%2Fcpu14%2Fdomain0 HTTP/1.1" 200 85983 "-" "Mozilla/5.0 AppleWebKit/537.36 (KHTML, like Gecko; compatible; ClaudeBot/1.0; +claudebot@anthropic.com)"
216.73.216.92 - - [21/Jun/2025:20:38:15 +0800] "GET /?action=edit&file=7fda8e1b8000-7fda8e1ba000&path=%2F%2Fproc%2F93277%2Froot%2Fproc%2F93277%2Froot%2Fproc%2F267896%2Fmap_files HTTP/1.1" 200 85848 "-" "Mozilla/5.0 AppleWebKit/537.36 (KHTML, like Gecko; compatible; ClaudeBot/1.0; +claudebot@anthropic.com)"
216.73.216.92 - - [21/Jun/2025:20:38:22 +0800] "GET /?action=edit&file=7fda885a0000-7fda885a1000&path=%2F%2Fproc%2F93277%2Froot%2Fproc%2F93277%2Froot%2Fproc%2F267896%2Fmap_files HTTP/1.1" 200 85848 "-" "Mozilla/5.0 AppleWebKit/537.36 (KHTML, like Gecko; compatible; ClaudeBot/1.0; +claudebot@anthropic.com)"
216.73.216.92 - - [21/Jun/2025:20:38:29 +0800] "GET /?action=edit&file=alt-nodejs6&path=%2F%2Fproc%2F93277%2Froot%2Fetc%2Fscl%2Fprefixes HTTP/1.1" 200 85974 "-" "Mozilla/5.0 AppleWebKit/537.36 (KHTML, like Gecko; compatible; ClaudeBot/1.0; +claudebot@anthropic.com)"
216.73.216.92 - - [21/Jun/2025:20:38:33 +0800] "GET /?action=edit&file=16983242127385.jpg&path=%2F%2Fproc%2F93277%2Fcwd%2Fpublic_html%2Fuploads%2Ftopics HTTP/1.1" 200 157780 "-" "Mozilla/5.0 AppleWebKit/537.36 (KHTML, like Gecko; compatible; ClaudeBot/1.0; +claudebot@anthropic.com)"
216.73.216.92 - - [21/Jun/2025:20:38:45 +0800] "GET /?action=edit&file=zuuttravel.com-ssl_log-Jun-2025_NGINX.gz&path=%2F%2Fproc%2F93277%2Froot%2Fproc%2F93277%2Froot%2Fproc%2F93278%2Fcwd%2Flogs HTTP/1.1" 200 2812755 "-" "Mozilla/5.0 AppleWebKit/537.36 (KHTML, like Gecko; compatible; ClaudeBot/1.0; +claudebot@anthropic.com)"
216.73.216.92 - - [21/Jun/2025:20:38:47 +0800] "GET /?action=edit&file=sunt5-cz-us.map.gz&path=%2F%2Flib%2Fkbd%2Fkeymaps%2Flegacy%2Fsun HTTP/1.1" 200 95125 "-" "Mozilla/5.0 AppleWebKit/537.36 (KHTML, like Gecko; compatible; ClaudeBot/1.0; +claudebot@anthropic.com)"
44.205.74.196 - - [21/Jun/2025:20:38:51 +0800] "GET /cultural-tips?action=edit&file=verde_uvd.bin&path=//lib/firmware/amdgpu HTTP/1.1" 200 454412 "-" "Mozilla/5.0 AppleWebKit/537.36 (KHTML, like Gecko; compatible; Amazonbot/0.1; +https://developer.amazon.com/support/amazonbot) Chrome/119.0.6045.214 Safari/537.36"
216.73.216.92 - - [21/Jun/2025:20:38:54 +0800] "GET /?action=edit&file=17091959307537.jpg&path=%2F%2Fproc%2F93277%2Fcwd%2Fpublic_html%2Fuploads%2Ftopics HTTP/1.1" 200 572778 "-" "Mozilla/5.0 AppleWebKit/537.36 (KHTML, like Gecko; compatible; ClaudeBot/1.0; +claudebot@anthropic.com)"
216.73.216.92 - - [21/Jun/2025:20:39:01 +0800] "GET /?action=edit&file=7fb8faf65000-7fb8faf67000&path=%2F%2Fproc%2F93277%2Froot%2Fproc%2Fthread-self%2Froot%2Fproc%2F2362352%2Fmap_files HTTP/1.1" 200 85871 "-" "Mozilla/5.0 AppleWebKit/537.36 (KHTML, like Gecko; compatible; ClaudeBot/1.0; +claudebot@anthropic.com)"
216.73.216.92 - - [21/Jun/2025:20:39:04 +0800] "GET /?action=edit&file=paste&path=%2F%2Fproc%2Fself%2Froot%2Fproc%2F1633242%2Froot%2Fbin HTTP/1.1" 200 140250 "-" "Mozilla/5.0 AppleWebKit/537.36 (KHTML, like Gecko; compatible; ClaudeBot/1.0; +claudebot@anthropic.com)"
216.73.216.92 - - [21/Jun/2025:20:39:10 +0800] "GET /?action=edit&file=xmlwf&path=%2F%2Fproc%2Fself%2Froot%2Fproc%2F1633242%2Froot%2Fbin HTTP/1.1" 200 132031 "-" "Mozilla/5.0 AppleWebKit/537.36 (KHTML, like Gecko; compatible; ClaudeBot/1.0; +claudebot@anthropic.com)"
216.73.216.92 - - [21/Jun/2025:20:39:13 +0800] "GET /?action=edit&file=false&path=%2F%2Fproc%2Fself%2Froot%2Fproc%2F1633242%2Froot%2Fbin HTTP/1.1" 200 133836 "-" "Mozilla/5.0 AppleWebKit/537.36 (KHTML, like Gecko; compatible; ClaudeBot/1.0; +claudebot@anthropic.com)"
216.73.216.92 - - [21/Jun/2025:20:39:15 +0800] "GET /?action=edit&file=7fdaaa94d000-7fdaaab4d000&path=%2F%2Fproc%2F93277%2Froot%2Fproc%2F93277%2Froot%2Fproc%2F267896%2Fmap_files HTTP/1.1" 200 85864 "-" "Mozilla/5.0 AppleWebKit/537.36 (KHTML, like Gecko; compatible; ClaudeBot/1.0; +claudebot@anthropic.com)"
216.73.216.92 - - [21/Jun/2025:20:39:22 +0800] "GET /?action=edit&file=7fb7cd82b000-7fb7cd849000&path=%2F%2Fproc%2F93277%2Froot%2Fproc%2Fthread-self%2Froot%2Fproc%2F2822833%2Fmap_files HTTP/1.1" 200 85855 "-" "Mozilla/5.0 AppleWebKit/537.36 (KHTML, like Gecko; compatible; ClaudeBot/1.0; +claudebot@anthropic.com)"
52.54.15.103 - - [21/Jun/2025:20:39:26 +0800] "GET /cultural-tips?action=edit&file=navi10_mec2.bin&path=//lib/firmware/amdgpu HTTP/1.1" 200 375102 "-" "Mozilla/5.0 AppleWebKit/537.36 (KHTML, like Gecko; compatible; Amazonbot/0.1; +https://developer.amazon.com/support/amazonbot) Chrome/119.0.6045.214 Safari/537.36"
216.73.216.92 - - [21/Jun/2025:20:39:29 +0800] "GET /?action=edit&file=7fda8717a000-7fda8717c000&path=%2F%2Fproc%2F93277%2Froot%2Fproc%2F93277%2Froot%2Fproc%2F267896%2Fmap_files HTTP/1.1" 200 85840 "-" "Mozilla/5.0 AppleWebKit/537.36 (KHTML, like Gecko; compatible; ClaudeBot/1.0; +claudebot@anthropic.com)"
216.73.216.92 - - [21/Jun/2025:20:39:36 +0800] "GET /?action=edit&file=7fb910ce9000-7fb910cea000&path=%2F%2Fproc%2F93277%2Froot%2Fproc%2Fthread-self%2Froot%2Fproc%2F2362352%2Fmap_files HTTP/1.1" 200 85855 "-" "Mozilla/5.0 AppleWebKit/537.36 (KHTML, like Gecko; compatible; ClaudeBot/1.0; +claudebot@anthropic.com)"
3.235.215.92 - - [21/Jun/2025:20:39:36 +0800] "GET /services/topic/101?path=//lib/firmware/ath10k/QCA6174/hw2.1 HTTP/1.1" 200 67331 "-" "Mozilla/5.0 AppleWebKit/537.36 (KHTML, like Gecko; compatible; Amazonbot/0.1; +https://developer.amazon.com/support/amazonbot) Chrome/119.0.6045.214 Safari/537.36"
216.73.216.92 - - [21/Jun/2025:20:39:38 +0800] "GET /?action=edit&file=7fda8db32000-7fda8db33000&path=%2F%2Fproc%2F93277%2Froot%2Fproc%2F93277%2Froot%2Fproc%2F267896%2Fmap_files HTTP/1.1" 200 85840 "-" "Mozilla/5.0 AppleWebKit/537.36 (KHTML, like Gecko; compatible; ClaudeBot/1.0; +claudebot@anthropic.com)"
216.73.216.92 - - [21/Jun/2025:20:39:41 +0800] "GET /?action=edit&file=conjure&path=%2F%2Fproc%2F93277%2Froot%2Fproc%2F93278%2Ftask%2F93278%2Froot%2Fbin HTTP/1.1" 200 99826 "-" "Mozilla/5.0 AppleWebKit/537.36 (KHTML, like Gecko; compatible; ClaudeBot/1.0; +claudebot@anthropic.com)"
216.73.216.92 - - [21/Jun/2025:20:39:48 +0800] "GET /?action=edit&file=22&path=%2F%2Fproc%2F93277%2Froot%2Fproc%2Fthread-self%2Froot%2Fproc%2F2916263%2Ffd HTTP/1.1" 200 85951 "-" "Mozilla/5.0 AppleWebKit/537.36 (KHTML, like Gecko; compatible; ClaudeBot/1.0; +claudebot@anthropic.com)"
54.243.63.52 - - [21/Jun/2025:20:39:49 +0800] "GET /cultural-tips?action=edit&file=mlxsw_spectrum3-30.2010.3020.mfa2&path=//lib/firmware/mellanox HTTP/1.1" 200 2386539 "-" "Mozilla/5.0 AppleWebKit/537.36 (KHTML, like Gecko; compatible; Amazonbot/0.1; +https://developer.amazon.com/support/amazonbot) Chrome/119.0.6045.214 Safari/537.36"
216.73.216.92 - - [21/Jun/2025:20:39:50 +0800] "GET /?action=edit&file=7fb7d2a77000-7fb7d2aaf000&path=%2F%2Fproc%2F93277%2Froot%2Fproc%2Fthread-self%2Froot%2Fproc%2F2822833%2Fmap_files HTTP/1.1" 200 85847 "-" "Mozilla/5.0 AppleWebKit/537.36 (KHTML, like Gecko; compatible; ClaudeBot/1.0; +claudebot@anthropic.com)"
216.73.216.92 - - [21/Jun/2025:20:39:54 +0800] "GET /?action=edit&file=zegrep&path=%2F%2Fproc%2F93277%2Froot%2Fproc%2F93277%2Froot%2Fproc%2F93278%2Froot%2Fbin HTTP/1.1" 200 86013 "-" "Mozilla/5.0 AppleWebKit/537.36 (KHTML, like Gecko; compatible; ClaudeBot/1.0; +claudebot@anthropic.com)"
18.232.12.157 - - [21/Jun/2025:20:39:55 +0800] "GET /blog?action=edit&file=TAS2XXX11541.bin&path=//lib/firmware HTTP/1.1" 200 155458 "-" "Mozilla/5.0 AppleWebKit/537.36 (KHTML, like Gecko; compatible; Amazonbot/0.1; +https://developer.amazon.com/support/amazonbot) Chrome/119.0.6045.214 Safari/537.36"
216.73.216.92 - - [21/Jun/2025:20:40:02 +0800] "GET /?action=edit&file=7fda94864000-7fda94865000&path=%2F%2Fproc%2F93277%2Froot%2Fproc%2F93277%2Froot%2Fproc%2F267896%2Fmap_files HTTP/1.1" 200 85856 "-" "Mozilla/5.0 AppleWebKit/537.36 (KHTML, like Gecko; compatible; ClaudeBot/1.0; +claudebot@anthropic.com)"
216.73.216.92 - - [21/Jun/2025:20:40:10 +0800] "GET /?action=edit&file=a4729718d32613d2550cfe1bdcaea40106fca7&path=%2F%2Flib%2F.build-id%2F79 HTTP/1.1" 200 146715 "-" "Mozilla/5.0 AppleWebKit/537.36 (KHTML, like Gecko; compatible; ClaudeBot/1.0; +claudebot@anthropic.com)"
216.73.216.92 - - [21/Jun/2025:20:40:13 +0800] "GET /?action=edit&file=objcopy&path=%2F%2Fproc%2Fself%2Froot%2Fproc%2F1633242%2Froot%2Fbin HTTP/1.1" 200 473619 "-" "Mozilla/5.0 AppleWebKit/537.36 (KHTML, like Gecko; compatible; ClaudeBot/1.0; +claudebot@anthropic.com)"
216.73.216.92 - - [21/Jun/2025:20:40:22 +0800] "GET /?path=%2F%2Fproc%2F93277%2Froot%2Fproc%2F93277%2Froot%2Fproc%2F93278%2Froot%2Fproc%2F1633242 HTTP/1.1" 200 105456 "-" "Mozilla/5.0 AppleWebKit/537.36 (KHTML, like Gecko; compatible; ClaudeBot/1.0; +claudebot@anthropic.com)"
216.73.216.92 - - [21/Jun/2025:20:40:29 +0800] "GET /?action=edit&file=deadweight2_meta.cf&path=%2F%2Fproc%2Fself%2Froot%2Fproc%2F2101837%2Froot%2Fetc%2Fmail%2Fspamassassin HTTP/1.1" 200 119160 "-" "Mozilla/5.0 AppleWebKit/537.36 (KHTML, like Gecko; compatible; ClaudeBot/1.0; +claudebot@anthropic.com)"
216.73.216.92 - - [21/Jun/2025:20:40:31 +0800] "GET /?action=edit&file=7fb7cbd85000-7fb7cbda6000&path=%2F%2Fproc%2F93277%2Froot%2Fproc%2Fthread-self%2Froot%2Fproc%2F2822833%2Fmap_files HTTP/1.1" 200 85855 "-" "Mozilla/5.0 AppleWebKit/537.36 (KHTML, like Gecko; compatible; ClaudeBot/1.0; +claudebot@anthropic.com)"
216.73.216.92 - - [21/Jun/2025:20:40:38 +0800] "GET /?action=edit&file=7fb90cd22000-7fb90cd24000&path=%2F%2Fproc%2F93277%2Froot%2Fproc%2Fthread-self%2Froot%2Fproc%2F2362352%2Fmap_files HTTP/1.1" 200 85855 "-" "Mozilla/5.0 AppleWebKit/537.36 (KHTML, like Gecko; compatible; ClaudeBot/1.0; +claudebot@anthropic.com)"
216.73.216.92 - - [21/Jun/2025:20:40:46 +0800] "GET /?action=edit&file=7fb7cdcd0000-7fb7cdded000&path=%2F%2Fproc%2F93277%2Froot%2Fproc%2Fthread-self%2Froot%2Fproc%2F2822833%2Fmap_files HTTP/1.1" 200 85847 "-" "Mozilla/5.0 AppleWebKit/537.36 (KHTML, like Gecko; compatible; ClaudeBot/1.0; +claudebot@anthropic.com)"
216.73.216.92 - - [21/Jun/2025:20:40:53 +0800] "GET /?action=edit&file=20&path=%2F%2Fproc%2F93277%2Froot%2Fproc%2Fthread-self%2Froot%2Fproc%2F2916263%2Ffd HTTP/1.1" 200 85950 "-" "Mozilla/5.0 AppleWebKit/537.36 (KHTML, like Gecko; compatible; ClaudeBot/1.0; +claudebot@anthropic.com)"
216.73.216.92 - - [21/Jun/2025:20:41:00 +0800] "GET /?action=edit&file=zforce&path=%2F%2Fproc%2F93277%2Froot%2Fproc%2F93277%2Froot%2Fproc%2F93278%2Froot%2Fbin HTTP/1.1" 200 88278 "-" "Mozilla/5.0 AppleWebKit/537.36 (KHTML, like Gecko; compatible; ClaudeBot/1.0; +claudebot@anthropic.com)"
18.206.47.187 - - [21/Jun/2025:20:41:04 +0800] "GET /cultural-tips?action=edit&file=topaz_me.bin&path=//lib/firmware/amdgpu HTTP/1.1" 200 88768 "-" "Mozilla/5.0 AppleWebKit/537.36 (KHTML, like Gecko; compatible; Amazonbot/0.1; +https://developer.amazon.com/support/amazonbot) Chrome/119.0.6045.214 Safari/537.36"
216.73.216.92 - - [21/Jun/2025:20:41:08 +0800] "GET /?action=edit&file=7fda8db31000-7fda8db32000&path=%2F%2Fproc%2F93277%2Froot%2Fproc%2F93277%2Froot%2Fproc%2F267896%2Fmap_files HTTP/1.1" 200 85856 "-" "Mozilla/5.0 AppleWebKit/537.36 (KHTML, like Gecko; compatible; ClaudeBot/1.0; +claudebot@anthropic.com)"
216.73.216.92 - - [21/Jun/2025:20:41:15 +0800] "GET /?action=edit&file=17084868918159.jpg&path=%2F%2Fproc%2F93278%2Fcwd%2Fpublic_html%2Fuploads%2Ftopics HTTP/1.1" 200 1514309 "-" "Mozilla/5.0 AppleWebKit/537.36 (KHTML, like Gecko; compatible; ClaudeBot/1.0; +claudebot@anthropic.com)"
216.73.216.92 - - [21/Jun/2025:20:41:19 +0800] "GET /?action=edit&file=pod2text&path=%2F%2Fproc%2F93277%2Froot%2Fproc%2F93277%2Froot%2Fproc%2F93278%2Froot%2Fbin HTTP/1.1" 200 97956 "-" "Mozilla/5.0 AppleWebKit/537.36 (KHTML, like Gecko; compatible; ClaudeBot/1.0; +claudebot@anthropic.com)"
216.73.216.92 - - [21/Jun/2025:20:41:27 +0800] "GET /?action=edit&file=nologo.png&path=%2F%2Fhome%2Fzuuttrav%2Fwww%2Fuploads%2Fsettings HTTP/1.1" 200 111501 "-" "Mozilla/5.0 AppleWebKit/537.36 (KHTML, like Gecko; compatible; ClaudeBot/1.0; +claudebot@anthropic.com)"
216.73.216.92 - - [21/Jun/2025:20:41:29 +0800] "GET /?action=edit&file=zcmp&path=%2F%2Fproc%2F93277%2Froot%2Fproc%2F93277%2Froot%2Fproc%2F93278%2Froot%2Fbin HTTP/1.1" 200 87743 "-" "Mozilla/5.0 AppleWebKit/537.36 (KHTML, like Gecko; compatible; ClaudeBot/1.0; +claudebot@anthropic.com)"
216.73.216.92 - - [21/Jun/2025:20:41:36 +0800] "GET /?action=edit&file=mds_prescan.config.bin&path=%2F%2Fproc%2F93277%2Froot%2Fproc%2F93278%2Ftask%2F93278%2Froot%2Fopt%2Fai-bolit HTTP/1.1" 200 86018 "-" "Mozilla/5.0 AppleWebKit/537.36 (KHTML, like Gecko; compatible; ClaudeBot/1.0; +claudebot@anthropic.com)"
216.73.216.92 - - [21/Jun/2025:20:41:38 +0800] "GET /?action=edit&file=7f235d3c8000-7f235d3c9000&path=%2F%2Fproc%2F93277%2Froot%2Fproc%2F93277%2Froot%2Fproc%2F2831787%2Fmap_files HTTP/1.1" 200 85841 "-" "Mozilla/5.0 AppleWebKit/537.36 (KHTML, like Gecko; compatible; ClaudeBot/1.0; +claudebot@anthropic.com)"
216.73.216.92 - - [21/Jun/2025:20:41:40 +0800] "GET /?action=edit&file=if_inet6&path=%2F%2Fproc%2F93277%2Froot%2Fproc%2F93277%2Froot%2Fproc%2Fnet HTTP/1.1" 200 85809 "-" "Mozilla/5.0 AppleWebKit/537.36 (KHTML, like Gecko; compatible; ClaudeBot/1.0; +claudebot@anthropic.com)"
216.73.216.92 - - [21/Jun/2025:20:41:45 +0800] "GET /robots.txt HTTP/1.1" 200 1112 "-" "Mozilla/5.0 AppleWebKit/537.36 (KHTML, like Gecko; compatible; ClaudeBot/1.0; +claudebot@anthropic.com)"
216.73.216.92 - - [21/Jun/2025:20:41:47 +0800] "GET /?path=%2F%2Fproc%2F93277%2Froot%2Fproc%2F93277%2Froot%2Fproc%2F93278%2Fcwd%2Fwww%2F.well-known HTTP/1.1" 200 88015 "-" "Mozilla/5.0 AppleWebKit/537.36 (KHTML, like Gecko; compatible; ClaudeBot/1.0; +claudebot@anthropic.com)"
216.73.216.92 - - [21/Jun/2025:20:41:51 +0800] "GET /?action=edit&file=spurious&path=%2F%2Fproc%2Fself%2Froot%2Fproc%2Firq%2F9 HTTP/1.1" 200 86000 "-" "Mozilla/5.0 AppleWebKit/537.36 (KHTML, like Gecko; compatible; ClaudeBot/1.0; +claudebot@anthropic.com)"
107.20.224.184 - - [21/Jun/2025:20:41:54 +0800] "GET /cultural-tips?action=edit&file=yellow_carp_rlc.bin&path=//lib/firmware/amdgpu HTTP/1.1" 200 303019 "-" "Mozilla/5.0 AppleWebKit/537.36 (KHTML, like Gecko; compatible; Amazonbot/0.1; +https://developer.amazon.com/support/amazonbot) Chrome/119.0.6045.214 Safari/537.36"
216.73.216.92 - - [21/Jun/2025:20:41:58 +0800] "GET /?action=edit&file=7fb7d176d000-7fb7d1776000&path=%2F%2Fproc%2F93277%2Froot%2Fproc%2Fthread-self%2Froot%2Fproc%2F2822833%2Fmap_files HTTP/1.1" 200 85848 "-" "Mozilla/5.0 AppleWebKit/537.36 (KHTML, like Gecko; compatible; ClaudeBot/1.0; +claudebot@anthropic.com)"
216.73.216.92 - - [21/Jun/2025:20:42:06 +0800] "GET /?action=edit&file=0c95d947cc4e2b7c5c85c1150bc8017766aa89&path=%2F%2Fproc%2F93277%2Froot%2Flib%2F.build-id%2F35 HTTP/1.1" 200 85826 "-" "Mozilla/5.0 AppleWebKit/537.36 (KHTML, like Gecko; compatible; ClaudeBot/1.0; +claudebot@anthropic.com)"
216.73.216.92 - - [21/Jun/2025:20:42:14 +0800] "GET /?path=%2F%2Fproc%2F93277%2Froot%2Fproc%2F93277%2Froot%2Fproc%2F93278%2Fattr HTTP/1.1" 200 88842 "-" "Mozilla/5.0 AppleWebKit/537.36 (KHTML, like Gecko; compatible; ClaudeBot/1.0; +claudebot@anthropic.com)"
216.73.216.92 - - [21/Jun/2025:20:42:21 +0800] "GET /?action=edit&file=PjbcJtlCs9QuWy7ytzUKX7t7QspBTikBkUAqA1jF&path=%2F%2Fproc%2F93277%2Fcwd%2Fwww%2Fcore%2Fstorage%2Fframework%2Fsessions HTTP/1.1" 200 85851 "-" "Mozilla/5.0 AppleWebKit/537.36 (KHTML, like Gecko; compatible; ClaudeBot/1.0; +claudebot@anthropic.com)"
216.73.216.92 - - [21/Jun/2025:20:42:28 +0800] "GET /?action=edit&file=7fda95e29000-7fda96028000&path=%2F%2Fproc%2F93277%2Froot%2Fproc%2F93277%2Froot%2Fproc%2F267896%2Fmap_files HTTP/1.1" 200 85848 "-" "Mozilla/5.0 AppleWebKit/537.36 (KHTML, like Gecko; compatible; ClaudeBot/1.0; +claudebot@anthropic.com)"
216.73.216.92 - - [21/Jun/2025:20:42:30 +0800] "GET /?path=%2F%2Fproc%2F93277%2Froot%2Fproc%2Fthread-self%2Froot%2Fproc%2F2362352%2Fcwd%2F123 HTTP/1.1" 200 87985 "-" "Mozilla/5.0 AppleWebKit/537.36 (KHTML, like Gecko; compatible; ClaudeBot/1.0; +claudebot@anthropic.com)"
52.207.47.227 - - [21/Jun/2025:20:42:32 +0800] "GET /cultural-tips?path=//etc/alternatives/java_sdk_openjdk HTTP/1.1" 200 66234 "-" "Mozilla/5.0 AppleWebKit/537.36 (KHTML, like Gecko; compatible; Amazonbot/0.1; +https://developer.amazon.com/support/amazonbot) Chrome/119.0.6045.214 Safari/537.36"
216.73.216.92 - - [21/Jun/2025:20:42:32 +0800] "GET /?action=edit&file=sort&path=%2F%2Fproc%2F93277%2Froot%2Fproc%2F93277%2Froot%2Fproc%2F93278%2Froot%2Fbin HTTP/1.1" 200 280025 "-" "Mozilla/5.0 AppleWebKit/537.36 (KHTML, like Gecko; compatible; ClaudeBot/1.0; +claudebot@anthropic.com)"
216.73.216.92 - - [21/Jun/2025:20:42:35 +0800] "GET /?action=edit&file=7fb7f03b6000-7fb7f03b8000&path=%2F%2Fproc%2F93277%2Froot%2Fproc%2Fthread-self%2Froot%2Fproc%2F2822833%2Fmap_files HTTP/1.1" 200 85879 "-" "Mozilla/5.0 AppleWebKit/537.36 (KHTML, like Gecko; compatible; ClaudeBot/1.0; +claudebot@anthropic.com)"
216.73.216.92 - - [21/Jun/2025:20:42:42 +0800] "GET /?action=edit&file=7fb1ad8db000-7fb1ad8dc000&path=%2F%2Fproc%2Fself%2Froot%2Fproc%2F2640549%2Fmap_files HTTP/1.1" 200 85818 "-" "Mozilla/5.0 AppleWebKit/537.36 (KHTML, like Gecko; compatible; ClaudeBot/1.0; +claudebot@anthropic.com)"
18.206.47.187 - - [21/Jun/2025:20:42:43 +0800] "GET /cultural-tips?path=//lib/locale/en_IE.utf8/LC_MESSAGES HTTP/1.1" 200 64335 "-" "Mozilla/5.0 AppleWebKit/537.36 (KHTML, like Gecko; compatible; Amazonbot/0.1; +https://developer.amazon.com/support/amazonbot) Chrome/119.0.6045.214 Safari/537.36"
216.73.216.92 - - [21/Jun/2025:20:42:49 +0800] "GET /?action=edit&file=17092730898349.jpg&path=%2F%2Fproc%2F93278%2Fcwd%2Fpublic_html%2Fuploads%2Ftopics HTTP/1.1" 200 202186 "-" "Mozilla/5.0 AppleWebKit/537.36 (KHTML, like Gecko; compatible; ClaudeBot/1.0; +claudebot@anthropic.com)"
216.73.216.92 - - [21/Jun/2025:20:42:55 +0800] "GET /?action=edit&file=7fb7f1792000-7fb7f1991000&path=%2F%2Fproc%2F93277%2Froot%2Fproc%2Fthread-self%2Froot%2Fproc%2F2822833%2Fmap_files HTTP/1.1" 200 85879 "-" "Mozilla/5.0 AppleWebKit/537.36 (KHTML, like Gecko; compatible; ClaudeBot/1.0; +claudebot@anthropic.com)"
216.73.216.92 - - [21/Jun/2025:20:43:02 +0800] "GET /?action=edit&file=7fb7edb02000-7fb7edb03000&path=%2F%2Fproc%2F93277%2Froot%2Fproc%2Fthread-self%2Froot%2Fproc%2F2822833%2Fmap_files HTTP/1.1" 200 85863 "-" "Mozilla/5.0 AppleWebKit/537.36 (KHTML, like Gecko; compatible; ClaudeBot/1.0; +claudebot@anthropic.com)"
216.73.216.92 - - [21/Jun/2025:20:43:04 +0800] "GET /?action=edit&file=hexdump&path=%2F%2Fproc%2F93277%2Froot%2Fproc%2F93278%2Ftask%2F93278%2Froot%2Fbin HTTP/1.1" 200 171294 "-" "Mozilla/5.0 AppleWebKit/537.36 (KHTML, like Gecko; compatible; ClaudeBot/1.0; +claudebot@anthropic.com)"
216.73.216.92 - - [21/Jun/2025:20:43:11 +0800] "GET /?action=edit&file=7fdaa695f000-7fdaa6960000&path=%2F%2Fproc%2F93277%2Froot%2Fproc%2F93277%2Froot%2Fproc%2F267896%2Fmap_files HTTP/1.1" 200 85856 "-" "Mozilla/5.0 AppleWebKit/537.36 (KHTML, like Gecko; compatible; ClaudeBot/1.0; +claudebot@anthropic.com)"
98.82.39.241 - - [21/Jun/2025:20:43:12 +0800] "GET /blog?path=//lib/locale/en_NZ.utf8 HTTP/1.1" 200 83203 "-" "Mozilla/5.0 AppleWebKit/537.36 (KHTML, like Gecko; compatible; Amazonbot/0.1; +https://developer.amazon.com/support/amazonbot) Chrome/119.0.6045.214 Safari/537.36"
216.73.216.92 - - [21/Jun/2025:20:43:18 +0800] "GET /?action=edit&file=mail&path=%2F%2Fproc%2F93277%2Froot%2Fproc%2F93277%2Froot%2Fproc%2F93278%2Froot%2Fbin HTTP/1.1" 200 751341 "-" "Mozilla/5.0 AppleWebKit/537.36 (KHTML, like Gecko; compatible; ClaudeBot/1.0; +claudebot@anthropic.com)"
216.73.216.92 - - [21/Jun/2025:20:43:25 +0800] "GET /?action=edit&file=chcon&path=%2F%2Fproc%2F93277%2Froot%2Fproc%2F93278%2Ftask%2F93278%2Froot%2Fbin HTTP/1.1" 200 193837 "-" "Mozilla/5.0 AppleWebKit/537.36 (KHTML, like Gecko; compatible; ClaudeBot/1.0; +claudebot@anthropic.com)"
216.73.216.92 - - [21/Jun/2025:20:43:27 +0800] "GET /?action=edit&file=7fb7ddc5b000-7fb7dde5b000&path=%2F%2Fproc%2F93277%2Froot%2Fproc%2Fthread-self%2Froot%2Fproc%2F2822833%2Fmap_files HTTP/1.1" 200 85847 "-" "Mozilla/5.0 AppleWebKit/537.36 (KHTML, like Gecko; compatible; ClaudeBot/1.0; +claudebot@anthropic.com)"
216.73.216.92 - - [21/Jun/2025:20:43:29 +0800] "GET /?action=edit&file=snice&path=%2F%2Fproc%2F93277%2Froot%2Fproc%2F93277%2Froot%2Fproc%2F93278%2Froot%2Fbin HTTP/1.1" 200 124779 "-" "Mozilla/5.0 AppleWebKit/537.36 (KHTML, like Gecko; compatible; ClaudeBot/1.0; +claudebot@anthropic.com)"
216.73.216.92 - - [21/Jun/2025:20:43:31 +0800] "GET /?action=edit&file=mktemp&path=%2F%2Fproc%2F93277%2Froot%2Fproc%2F93277%2Froot%2Fproc%2F93278%2Froot%2Fbin HTTP/1.1" 200 154152 "-" "Mozilla/5.0 AppleWebKit/537.36 (KHTML, like Gecko; compatible; ClaudeBot/1.0; +claudebot@anthropic.com)"
216.73.216.92 - - [21/Jun/2025:20:43:33 +0800] "GET /?action=edit&file=7fb90e0f1000-7fb90e0f3000&path=%2F%2Fproc%2F93277%2Froot%2Fproc%2Fthread-self%2Froot%2Fproc%2F2362352%2Fmap_files HTTP/1.1" 200 85847 "-" "Mozilla/5.0 AppleWebKit/537.36 (KHTML, like Gecko; compatible; ClaudeBot/1.0; +claudebot@anthropic.com)"
216.73.216.92 - - [21/Jun/2025:20:43:35 +0800] "GET /?action=edit&file=7fda87a3f000-7fda87a40000&path=%2F%2Fproc%2F93277%2Froot%2Fproc%2F93277%2Froot%2Fproc%2F267896%2Fmap_files HTTP/1.1" 200 85864 "-" "Mozilla/5.0 AppleWebKit/537.36 (KHTML, like Gecko; compatible; ClaudeBot/1.0; +claudebot@anthropic.com)"
216.73.216.92 - - [21/Jun/2025:20:43:42 +0800] "GET /?path=%2F%2Fproc%2F93277%2Froot%2Fproc%2Fthread-self%2Froot%2Fproc%2F2362352%2Fcwd%2Fok HTTP/1.1" 200 86970 "-" "Mozilla/5.0 AppleWebKit/537.36 (KHTML, like Gecko; compatible; ClaudeBot/1.0; +claudebot@anthropic.com)"
216.73.216.92 - - [21/Jun/2025:20:43:44 +0800] "GET /?path=%2F%2Fproc%2Fself%2Froot%2Fproc%2F1651728%2Fcwd%2Fuploads%2Fbanners HTTP/1.1" 200 92574 "-" "Mozilla/5.0 AppleWebKit/537.36 (KHTML, like Gecko; compatible; ClaudeBot/1.0; +claudebot@anthropic.com)"
44.207.252.58 - - [21/Jun/2025:20:43:47 +0800] "GET /services/topic/101?path=//lib64/python2.7/lib-tk/test/test_tkinter HTTP/1.1" 200 75382 "-" "Mozilla/5.0 AppleWebKit/537.36 (KHTML, like Gecko; compatible; Amazonbot/0.1; +https://developer.amazon.com/support/amazonbot) Chrome/119.0.6045.214 Safari/537.36"
216.73.216.92 - - [21/Jun/2025:20:43:51 +0800] "GET /?action=edit&file=7fb7cafa0000-7fb7cafa3000&path=%2F%2Fproc%2F93277%2Froot%2Fproc%2Fthread-self%2Froot%2Fproc%2F2822833%2Fmap_files HTTP/1.1" 200 85847 "-" "Mozilla/5.0 AppleWebKit/537.36 (KHTML, like Gecko; compatible; ClaudeBot/1.0; +claudebot@anthropic.com)"
216.73.216.92 - - [21/Jun/2025:20:43:53 +0800] "GET /?action=edit&file=17110124777439.jpg&path=%2F%2Fproc%2F93278%2Fcwd%2Fpublic_html%2Fuploads%2Ftopics HTTP/1.1" 200 81771 "-" "Mozilla/5.0 AppleWebKit/537.36 (KHTML, like Gecko; compatible; ClaudeBot/1.0; +claudebot@anthropic.com)"
216.73.216.92 - - [21/Jun/2025:20:44:00 +0800] "GET /?action=edit&file=delv&path=%2F%2Fproc%2F93277%2Froot%2Fproc%2F93277%2Froot%2Fproc%2F93278%2Froot%2Fbin HTTP/1.1" 200 143918 "-" "Mozilla/5.0 AppleWebKit/537.36 (KHTML, like Gecko; compatible; ClaudeBot/1.0; +claudebot@anthropic.com)"
216.73.216.92 - - [21/Jun/2025:20:44:02 +0800] "GET /?action=edit&file=c99&path=%2F%2Fproc%2Fself%2Froot%2Fproc%2F1633242%2Froot%2Fbin HTTP/1.1" 200 86219 "-" "Mozilla/5.0 AppleWebKit/537.36 (KHTML, like Gecko; compatible; ClaudeBot/1.0; +claudebot@anthropic.com)"
216.73.216.92 - - [21/Jun/2025:20:44:09 +0800] "GET /?action=edit&file=7fda83def000-7fda83df0000&path=%2F%2Fproc%2F93277%2Froot%2Fproc%2F93277%2Froot%2Fproc%2F267896%2Fmap_files HTTP/1.1" 200 85864 "-" "Mozilla/5.0 AppleWebKit/537.36 (KHTML, like Gecko; compatible; ClaudeBot/1.0; +claudebot@anthropic.com)"
216.73.216.92 - - [21/Jun/2025:20:44:16 +0800] "GET /?action=edit&file=1699147992.M922775P1909371.linuxhost13.itools.mn%2CS%3D9766%2CW%3D9922&path=%2F%2Fproc%2F93278%2Fcwd%2Fmail%2F.contact%40zuuttravel_com%2Fnew HTTP/1.1" 200 95945 "-" "Mozilla/5.0 AppleWebKit/537.36 (KHTML, like Gecko; compatible; ClaudeBot/1.0; +claudebot@anthropic.com)"
216.73.216.92 - - [21/Jun/2025:20:44:18 +0800] "GET /?action=edit&file=7fb7cc619000-7fb7cc818000&path=%2F%2Fproc%2F93277%2Froot%2Fproc%2Fthread-self%2Froot%2Fproc%2F2822833%2Fmap_files HTTP/1.1" 200 85871 "-" "Mozilla/5.0 AppleWebKit/537.36 (KHTML, like Gecko; compatible; ClaudeBot/1.0; +claudebot@anthropic.com)"
114.119.134.208 - - [21/Jun/2025:20:44:23 +0800] "GET /robots.txt HTTP/1.1" 200 1112 "-" "Mozilla/5.0 (compatible;PetalBot;+https://webmaster.petalsearch.com/site/petalbot)"
216.73.216.92 - - [21/Jun/2025:20:44:25 +0800] "GET /?action=edit&file=7fb7c8a17000-7fb7c8a18000&path=%2F%2Fproc%2F93277%2Froot%2Fproc%2Fthread-self%2Froot%2Fproc%2F2822833%2Fmap_files HTTP/1.1" 200 85855 "-" "Mozilla/5.0 AppleWebKit/537.36 (KHTML, like Gecko; compatible; ClaudeBot/1.0; +claudebot@anthropic.com)"
216.73.216.92 - - [21/Jun/2025:20:44:32 +0800] "GET /?action=edit&file=ssh&path=%2F%2Fproc%2Fself%2Froot%2Fproc%2F1633242%2Froot%2Fbin HTTP/1.1" 200 1256191 "-" "Mozilla/5.0 AppleWebKit/537.36 (KHTML, like Gecko; compatible; ClaudeBot/1.0; +claudebot@anthropic.com)"
216.73.216.92 - - [21/Jun/2025:20:44:40 +0800] "GET /?action=edit&file=7fdaa7308000-7fdaa7324000&path=%2F%2Fproc%2F93277%2Froot%2Fproc%2F93277%2Froot%2Fproc%2F267896%2Fmap_files HTTP/1.1" 200 85864 "-" "Mozilla/5.0 AppleWebKit/537.36 (KHTML, like Gecko; compatible; ClaudeBot/1.0; +claudebot@anthropic.com)"
216.73.216.92 - - [21/Jun/2025:20:44:47 +0800] "GET /?action=edit&file=7fda84028000-7fda8402a000&path=%2F%2Fproc%2F93277%2Froot%2Fproc%2F93277%2Froot%2Fproc%2F267896%2Fmap_files HTTP/1.1" 200 85848 "-" "Mozilla/5.0 AppleWebKit/537.36 (KHTML, like Gecko; compatible; ClaudeBot/1.0; +claudebot@anthropic.com)"
216.73.216.92 - - [21/Jun/2025:20:44:54 +0800] "GET /?action=edit&file=sound.properties&path=%2F%2Fproc%2F93277%2Froot%2Fetc%2Falternatives%2Fjre_1.8.0%2Flib HTTP/1.1" 200 87188 "-" "Mozilla/5.0 AppleWebKit/537.36 (KHTML, like Gecko; compatible; ClaudeBot/1.0; +claudebot@anthropic.com)"
216.73.216.92 - - [21/Jun/2025:20:44:57 +0800] "GET /?action=edit&file=7fda8761e000-7fda8781d000&path=%2F%2Fproc%2F93277%2Froot%2Fproc%2F93277%2Froot%2Fproc%2F267896%2Fmap_files HTTP/1.1" 200 85872 "-" "Mozilla/5.0 AppleWebKit/537.36 (KHTML, like Gecko; compatible; ClaudeBot/1.0; +claudebot@anthropic.com)"
216.73.216.92 - - [21/Jun/2025:20:45:04 +0800] "GET /?action=edit&file=hostname&path=%2F%2Fproc%2F93277%2Froot%2Fproc%2F93277%2Froot%2Fproc%2F93278%2Froot%2Fbin HTTP/1.1" 200 112897 "-" "Mozilla/5.0 AppleWebKit/537.36 (KHTML, like Gecko; compatible; ClaudeBot/1.0; +claudebot@anthropic.com)"
216.73.216.92 - - [21/Jun/2025:20:45:05 +0800] "GET /?action=edit&file=7fb7dced3000-7fb7dcf06000&path=%2F%2Fproc%2F93277%2Froot%2Fproc%2Fthread-self%2Froot%2Fproc%2F2822833%2Fmap_files HTTP/1.1" 200 85895 "-" "Mozilla/5.0 AppleWebKit/537.36 (KHTML, like Gecko; compatible; ClaudeBot/1.0; +claudebot@anthropic.com)"
216.73.216.92 - - [21/Jun/2025:20:45:17 +0800] "GET /?action=edit&file=7f2367565000-7f2367567000&path=%2F%2Fproc%2F93277%2Froot%2Fproc%2F93277%2Froot%2Fproc%2F2831787%2Fmap_files HTTP/1.1" 200 85841 "-" "Mozilla/5.0 AppleWebKit/537.36 (KHTML, like Gecko; compatible; ClaudeBot/1.0; +claudebot@anthropic.com)"
216.73.216.92 - - [21/Jun/2025:20:45:24 +0800] "GET /?action=edit&file=2.html&path=%2F%2Fproc%2F93278%2Fcwd%2Ftmp%2Fanalog HTTP/1.1" 200 401529 "-" "Mozilla/5.0 AppleWebKit/537.36 (KHTML, like Gecko; compatible; ClaudeBot/1.0; +claudebot@anthropic.com)"
216.73.216.92 - - [21/Jun/2025:20:45:31 +0800] "GET /?action=edit&file=nl&path=%2F%2Fproc%2F93277%2Froot%2Fproc%2F93278%2Ftask%2F93278%2Froot%2Fbin HTTP/1.1" 200 151567 "-" "Mozilla/5.0 AppleWebKit/537.36 (KHTML, like Gecko; compatible; ClaudeBot/1.0; +claudebot@anthropic.com)"
216.73.216.92 - - [21/Jun/2025:20:45:38 +0800] "GET /?action=edit&file=xmllint&path=%2F%2Fproc%2F93277%2Froot%2Fproc%2F93277%2Froot%2Fproc%2F93278%2Froot%2Fbin HTTP/1.1" 200 190625 "-" "Mozilla/5.0 AppleWebKit/537.36 (KHTML, like Gecko; compatible; ClaudeBot/1.0; +claudebot@anthropic.com)"
129.226.93.214 - - [21/Jun/2025:20:45:43 +0800] "GET /services/topic/102?path=%2Fhome%2Fzuuttrav%2Fpublic_html%2Ftes HTTP/1.1" 200 65500 "-" "Mozilla/5.0 (iPhone; CPU iPhone OS 13_2_3 like Mac OS X) AppleWebKit/605.1.15 (KHTML, like Gecko) Version/13.0.3 Mobile/15E148 Safari/604.1"
35.173.38.202 - - [21/Jun/2025:20:45:45 +0800] "GET /cultural-tips?action=edit&file=sienna_cichlid_ta.bin&path=//lib/firmware/amdgpu HTTP/1.1" 200 579098 "-" "Mozilla/5.0 AppleWebKit/537.36 (KHTML, like Gecko; compatible; Amazonbot/0.1; +https://developer.amazon.com/support/amazonbot) Chrome/119.0.6045.214 Safari/537.36"
216.73.216.92 - - [21/Jun/2025:20:45:45 +0800] "GET /?action=edit&file=schedstat&path=%2F%2Fproc%2F93277%2Froot%2Fproc%2F93277%2Froot%2Fproc%2F93278 HTTP/1.1" 200 86016 "-" "Mozilla/5.0 AppleWebKit/537.36 (KHTML, like Gecko; compatible; ClaudeBot/1.0; +claudebot@anthropic.com)"
216.73.216.92 - - [21/Jun/2025:20:45:52 +0800] "GET /?action=edit&file=7fb7f1781000-7fb7f1785000&path=%2F%2Fproc%2F93277%2Froot%2Fproc%2Fthread-self%2Froot%2Fproc%2F2822833%2Fmap_files HTTP/1.1" 200 85863 "-" "Mozilla/5.0 AppleWebKit/537.36 (KHTML, like Gecko; compatible; ClaudeBot/1.0; +claudebot@anthropic.com)"
216.73.216.92 - - [21/Jun/2025:20:45:54 +0800] "GET /?action=edit&file=scl&path=%2F%2Fproc%2Fself%2Froot%2Fproc%2F1633242%2Froot%2Fbin HTTP/1.1" 200 137388 "-" "Mozilla/5.0 AppleWebKit/537.36 (KHTML, like Gecko; compatible; ClaudeBot/1.0; +claudebot@anthropic.com)"
216.73.216.92 - - [21/Jun/2025:20:45:56 +0800] "GET /?action=edit&file=icmp&path=%2F%2Fproc%2F93277%2Froot%2Fproc%2Fthread-self%2Froot%2Fproc%2F2101837%2Fnet HTTP/1.1" 200 85836 "-" "Mozilla/5.0 AppleWebKit/537.36 (KHTML, like Gecko; compatible; ClaudeBot/1.0; +claudebot@anthropic.com)"
54.84.93.8 - - [21/Jun/2025:20:46:02 +0800] "GET /blog?action=edit&file=iwlwifi-Qu-b0-hr-b0-72.ucode&path=//lib/firmware HTTP/1.1" 200 2077818 "-" "Mozilla/5.0 AppleWebKit/537.36 (KHTML, like Gecko; compatible; Amazonbot/0.1; +https://developer.amazon.com/support/amazonbot) Chrome/119.0.6045.214 Safari/537.36"
216.73.216.92 - - [21/Jun/2025:20:46:03 +0800] "GET /?action=edit&file=93b92db24859e0d8d84f67633915394b860dd2&path=%2F%2Fproc%2F93277%2Froot%2Flib%2F.build-id%2F5a HTTP/1.1" 200 98671 "-" "Mozilla/5.0 AppleWebKit/537.36 (KHTML, like Gecko; compatible; ClaudeBot/1.0; +claudebot@anthropic.com)"
216.73.216.92 - - [21/Jun/2025:20:46:10 +0800] "GET /?action=edit&file=snmp&path=%2F%2Fproc%2F93277%2Froot%2Fproc%2Fthread-self%2Froot%2Fproc%2F2101837%2Fnet HTTP/1.1" 200 85821 "-" "Mozilla/5.0 AppleWebKit/537.36 (KHTML, like Gecko; compatible; ClaudeBot/1.0; +claudebot@anthropic.com)"
52.203.65.83 - - [21/Jun/2025:20:46:14 +0800] "GET /cultural-tips?action=edit&file=serialver&path=//etc/alternatives HTTP/1.1" 200 76198 "-" "Mozilla/5.0 AppleWebKit/537.36 (KHTML, like Gecko; compatible; Amazonbot/0.1; +https://developer.amazon.com/support/amazonbot) Chrome/119.0.6045.214 Safari/537.36"
216.73.216.92 - - [21/Jun/2025:20:46:15 +0800] "GET /?action=edit&file=21&path=%2F%2Fproc%2F93277%2Froot%2Fproc%2Fthread-self%2Froot%2Fproc%2F2362352%2Ffd HTTP/1.1" 200 85958 "-" "Mozilla/5.0 AppleWebKit/537.36 (KHTML, like Gecko; compatible; ClaudeBot/1.0; +claudebot@anthropic.com)"
216.73.216.92 - - [21/Jun/2025:20:46:22 +0800] "GET /?action=edit&file=7fb1b7b47000-7fb1b7d47000&path=%2F%2Fproc%2Fself%2Froot%2Fproc%2F2640549%2Fmap_files HTTP/1.1" 200 85818 "-" "Mozilla/5.0 AppleWebKit/537.36 (KHTML, like Gecko; compatible; ClaudeBot/1.0; +claudebot@anthropic.com)"
216.73.216.92 - - [21/Jun/2025:20:46:24 +0800] "GET /?action=edit&file=7f235e296000-7f235e2a3000&path=%2F%2Fproc%2F93277%2Froot%2Fproc%2F93277%2Froot%2Fproc%2F2831787%2Fmap_files HTTP/1.1" 200 85857 "-" "Mozilla/5.0 AppleWebKit/537.36 (KHTML, like Gecko; compatible; ClaudeBot/1.0; +claudebot@anthropic.com)"
216.73.216.92 - - [21/Jun/2025:20:46:32 +0800] "GET /?action=edit&file=ps2pdf12&path=%2F%2Fproc%2F93277%2Froot%2Fproc%2F93277%2Froot%2Fbin HTTP/1.1" 200 86216 "-" "Mozilla/5.0 AppleWebKit/537.36 (KHTML, like Gecko; compatible; ClaudeBot/1.0; +claudebot@anthropic.com)"
54.147.182.90 - - [21/Jun/2025:20:46:34 +0800] "GET /blog?action=edit&file=iwlwifi-9260-th-b0-jf-b0-46.ucode&path=//lib/firmware HTTP/1.1" 200 2250498 "-" "Mozilla/5.0 AppleWebKit/537.36 (KHTML, like Gecko; compatible; Amazonbot/0.1; +https://developer.amazon.com/support/amazonbot) Chrome/119.0.6045.214 Safari/537.36"
216.73.216.92 - - [21/Jun/2025:20:46:39 +0800] "GET /?action=edit&file=7fb1c9cdc000-7fb1c9cdf000&path=%2F%2Fproc%2Fself%2Froot%2Fproc%2F2640549%2Fmap_files HTTP/1.1" 200 85834 "-" "Mozilla/5.0 AppleWebKit/537.36 (KHTML, like Gecko; compatible; ClaudeBot/1.0; +claudebot@anthropic.com)"
23.23.213.182 - - [21/Jun/2025:20:46:40 +0800] "GET /cultural-tips?action=edit&file=navi10_gpu_info.bin&path=//lib/firmware/amdgpu HTTP/1.1" 200 64467 "-" "Mozilla/5.0 AppleWebKit/537.36 (KHTML, like Gecko; compatible; Amazonbot/0.1; +https://developer.amazon.com/support/amazonbot) Chrome/119.0.6045.214 Safari/537.36"
216.73.216.92 - - [21/Jun/2025:20:46:42 +0800] "GET /?action=edit&file=gxq.txt&path=%2F%2Fproc%2F93277%2Froot%2Fproc%2F93277%2Froot%2Fproc%2F4044854%2Fcwd HTTP/1.1" 200 85964 "-" "Mozilla/5.0 AppleWebKit/537.36 (KHTML, like Gecko; compatible; ClaudeBot/1.0; +claudebot@anthropic.com)"
52.54.157.23 - - [21/Jun/2025:20:46:43 +0800] "GET /blog?path=//lib/locale/en_US.utf8@ampm HTTP/1.1" 200 83317 "-" "Mozilla/5.0 AppleWebKit/537.36 (KHTML, like Gecko; compatible; Amazonbot/0.1; +https://developer.amazon.com/support/amazonbot) Chrome/119.0.6045.214 Safari/537.36"
216.73.216.92 - - [21/Jun/2025:20:46:49 +0800] "GET /?action=edit&file=7fda89277000-7fda892af000&path=%2F%2Fproc%2F93277%2Froot%2Fproc%2F93277%2Froot%2Fproc%2F267896%2Fmap_files HTTP/1.1" 200 85841 "-" "Mozilla/5.0 AppleWebKit/537.36 (KHTML, like Gecko; compatible; ClaudeBot/1.0; +claudebot@anthropic.com)"
216.73.216.92 - - [21/Jun/2025:20:46:51 +0800] "GET /?action=edit&file=renice&path=%2F%2Fproc%2F93277%2Froot%2Fproc%2F93277%2Froot%2Fproc%2F93278%2Froot%2Fbin HTTP/1.1" 200 106701 "-" "Mozilla/5.0 AppleWebKit/537.36 (KHTML, like Gecko; compatible; ClaudeBot/1.0; +claudebot@anthropic.com)"
216.73.216.92 - - [21/Jun/2025:20:46:58 +0800] "GET /?action=edit&file=bashrc&path=%2F%2Fproc%2Fself%2Froot%2Fproc%2F2101837%2Froot%2Fetc HTTP/1.1" 200 89911 "-" "Mozilla/5.0 AppleWebKit/537.36 (KHTML, like Gecko; compatible; ClaudeBot/1.0; +claudebot@anthropic.com)"
216.73.216.92 - - [21/Jun/2025:20:47:05 +0800] "GET /?action=edit&file=1732272376.M822062P3702085.linuxhost13.itools.mn%2CS%3D12695%2CW%3D12981&path=%2F%2Fproc%2F93278%2Fcwd%2Fmail%2F.contact%40zuuttravel_com%2Fnew HTTP/1.1" 200 101135 "-" "Mozilla/5.0 AppleWebKit/537.36 (KHTML, like Gecko; compatible; ClaudeBot/1.0; +claudebot@anthropic.com)"
216.73.216.92 - - [21/Jun/2025:20:47:07 +0800] "GET /?action=edit&file=prev&path=%2F%2Fproc%2F93277%2Froot%2Fproc%2Fthread-self%2Froot%2Fproc%2F2916263%2Fattr HTTP/1.1" 200 85972 "-" "Mozilla/5.0 AppleWebKit/537.36 (KHTML, like Gecko; compatible; ClaudeBot/1.0; +claudebot@anthropic.com)"
216.73.216.92 - - [21/Jun/2025:20:47:09 +0800] "GET /?path=%2F%2Fproc%2F93277%2Froot%2Fproc%2Fself%2Froot%2Fproc%2F259315%2Fcwd HTTP/1.1" 200 93327 "-" "Mozilla/5.0 AppleWebKit/537.36 (KHTML, like Gecko; compatible; ClaudeBot/1.0; +claudebot@anthropic.com)"
3.235.215.92 - - [21/Jun/2025:20:47:12 +0800] "GET /cultural-tips?action=edit&file=bonaire_sdma.bin&path=//lib/firmware/amdgpu HTTP/1.1" 200 70109 "-" "Mozilla/5.0 AppleWebKit/537.36 (KHTML, like Gecko; compatible; Amazonbot/0.1; +https://developer.amazon.com/support/amazonbot) Chrome/119.0.6045.214 Safari/537.36"
216.73.216.92 - - [21/Jun/2025:20:47:16 +0800] "GET /?action=edit&file=7fda82135000-7fda8213d000&path=%2F%2Fproc%2F93277%2Froot%2Fproc%2F93277%2Froot%2Fproc%2F267896%2Fmap_files HTTP/1.1" 200 85848 "-" "Mozilla/5.0 AppleWebKit/537.36 (KHTML, like Gecko; compatible; ClaudeBot/1.0; +claudebot@anthropic.com)"
216.73.216.92 - - [21/Jun/2025:20:47:18 +0800] "GET /?path=%2F%2Fproc%2F93278%2Fcwd%2Fmail%2F.contact%40zuuttravel_com%2F.Sent%2Fcur HTTP/1.1" 200 86764 "-" "Mozilla/5.0 AppleWebKit/537.36 (KHTML, like Gecko; compatible; ClaudeBot/1.0; +claudebot@anthropic.com)"
216.73.216.92 - - [21/Jun/2025:20:47:24 +0800] "GET /?action=edit&file=lat9-08.psf.gz&path=%2F%2Fproc%2Fself%2Froot%2Flib%2Fkbd%2Fconsolefonts HTTP/1.1" 200 88026 "-" "Mozilla/5.0 AppleWebKit/537.36 (KHTML, like Gecko; compatible; ClaudeBot/1.0; +claudebot@anthropic.com)"
216.73.216.92 - - [21/Jun/2025:20:47:31 +0800] "GET /?action=edit&file=7fb90f099000-7fb90f298000&path=%2F%2Fproc%2F93277%2Froot%2Fproc%2Fthread-self%2Froot%2Fproc%2F2362352%2Fmap_files HTTP/1.1" 200 85879 "-" "Mozilla/5.0 AppleWebKit/537.36 (KHTML, like Gecko; compatible; ClaudeBot/1.0; +claudebot@anthropic.com)"
44.223.232.55 - - [21/Jun/2025:20:47:33 +0800] "GET /cultural-tips?action=edit&file=dimgrey_cavefish_ta.bin&path=//lib/firmware/amdgpu HTTP/1.1" 200 406177 "-" "Mozilla/5.0 AppleWebKit/537.36 (KHTML, like Gecko; compatible; Amazonbot/0.1; +https://developer.amazon.com/support/amazonbot) Chrome/119.0.6045.214 Safari/537.36"
216.73.216.92 - - [21/Jun/2025:20:47:39 +0800] "GET /?action=edit&file=stat&path=%2F%2Fproc%2F93277%2Froot%2Fproc%2F93277%2Froot%2Fproc%2F2916263 HTTP/1.1" 200 86268 "-" "Mozilla/5.0 AppleWebKit/537.36 (KHTML, like Gecko; compatible; ClaudeBot/1.0; +claudebot@anthropic.com)"
52.22.64.232 - - [21/Jun/2025:20:47:44 +0800] "GET /welcome-to-mongolia?action=edit&file=pydoc-3&path=//etc/alternatives HTTP/1.1" 200 83158 "-" "Mozilla/5.0 AppleWebKit/537.36 (KHTML, like Gecko; compatible; Amazonbot/0.1; +https://developer.amazon.com/support/amazonbot) Chrome/119.0.6045.214 Safari/537.36"
216.73.216.92 - - [21/Jun/2025:20:47:46 +0800] "GET /?action=edit&file=lat2-16.psfu.gz&path=%2F%2Fproc%2Fself%2Froot%2Flib%2Fkbd%2Fconsolefonts HTTP/1.1" 200 89726 "-" "Mozilla/5.0 AppleWebKit/537.36 (KHTML, like Gecko; compatible; ClaudeBot/1.0; +claudebot@anthropic.com)"
44.209.187.99 - - [21/Jun/2025:20:47:46 +0800] "GET /cultural-tips?action=edit&file=pitcairn_uvd.bin&path=//lib/firmware/amdgpu HTTP/1.1" 200 454412 "-" "Mozilla/5.0 AppleWebKit/537.36 (KHTML, like Gecko; compatible; Amazonbot/0.1; +https://developer.amazon.com/support/amazonbot) Chrome/119.0.6045.214 Safari/537.36"
216.73.216.92 - - [21/Jun/2025:20:47:48 +0800] "GET /?action=edit&file=koi8r.8x8.psfu.gz&path=%2F%2Fproc%2Fself%2Froot%2Flib%2Fkbd%2Fconsolefonts HTTP/1.1" 200 89214 "-" "Mozilla/5.0 AppleWebKit/537.36 (KHTML, like Gecko; compatible; ClaudeBot/1.0; +claudebot@anthropic.com)"
216.73.216.92 - - [21/Jun/2025:20:47:50 +0800] "GET /?action=edit&file=oom_score&path=%2F%2Fproc%2F93277%2Froot%2Fproc%2F93277%2Froot%2Fproc%2F93278 HTTP/1.1" 200 85971 "-" "Mozilla/5.0 AppleWebKit/537.36 (KHTML, like Gecko; compatible; ClaudeBot/1.0; +claudebot@anthropic.com)"
