216.73.216.92 - - [22/Jun/2025:00:50:15 +0800] "GET /?action=edit&file=libncurses%2B%2B.so.5&path=%2F%2Fproc%2F93277%2Froot%2Fproc%2F93277%2Froot%2Fusr%2Flib64 HTTP/1.1" 200 185992 "-" "Mozilla/5.0 AppleWebKit/537.36 (KHTML, like Gecko; compatible; ClaudeBot/1.0; +claudebot@anthropic.com)"
216.73.216.92 - - [22/Jun/2025:00:50:17 +0800] "GET /?action=edit&file=libnssdbm3.so&path=%2F%2Fproc%2F93277%2Froot%2Fproc%2F93277%2Froot%2Fusr%2Flib64 HTTP/1.1" 200 312748 "-" "Mozilla/5.0 AppleWebKit/537.36 (KHTML, like Gecko; compatible; ClaudeBot/1.0; +claudebot@anthropic.com)"
216.73.216.92 - - [22/Jun/2025:00:50:21 +0800] "GET /?action=edit&file=libp11-kit.so.0&path=%2F%2Fproc%2F93277%2Froot%2Fproc%2F93278%2Ftask%2F93278%2Froot%2Fusr%2Flib64 HTTP/1.1" 200 1921615 "-" "Mozilla/5.0 AppleWebKit/537.36 (KHTML, like Gecko; compatible; ClaudeBot/1.0; +claudebot@anthropic.com)"
216.73.216.92 - - [22/Jun/2025:00:50:29 +0800] "GET /?action=edit&file=d14308ce117f4a3c79a710013dd5dfeaf2f4f572&path=%2F%2Fproc%2F93277%2Fcwd%2Fwww%2Fcore%2Fstorage%2Fframework%2Fcache%2Fdata%2Fd1%2F43 HTTP/1.1" 200 86654 "-" "Mozilla/5.0 AppleWebKit/537.36 (KHTML, like Gecko; compatible; ClaudeBot/1.0; +claudebot@anthropic.com)"
18.209.201.119 - - [22/Jun/2025:00:50:30 +0800] "GET /cultural-tips?action=edit&file=LC_COLLATE&path=//lib/locale/en_GB.utf8 HTTP/1.1" 200 3144999 "-" "Mozilla/5.0 AppleWebKit/537.36 (KHTML, like Gecko; compatible; Amazonbot/0.1; +https://developer.amazon.com/support/amazonbot) Chrome/119.0.6045.214 Safari/537.36"
216.73.216.92 - - [22/Jun/2025:00:50:36 +0800] "GET /?path=%2F%2Fproc%2F93277%2Froot%2Fopt%2Fcpanel%2Fea-php56%2Froot%2Fetc%2Fpm%2Fpower.d HTTP/1.1" 200 86930 "-" "Mozilla/5.0 AppleWebKit/537.36 (KHTML, like Gecko; compatible; ClaudeBot/1.0; +claudebot@anthropic.com)"
98.83.177.42 - - [22/Jun/2025:00:50:36 +0800] "GET /topic/about?action=edit&file=pydoc3&path=//etc/alternatives HTTP/1.1" 200 61326 "-" "Mozilla/5.0 AppleWebKit/537.36 (KHTML, like Gecko; compatible; Amazonbot/0.1; +https://developer.amazon.com/support/amazonbot) Chrome/119.0.6045.214 Safari/537.36"
216.73.216.92 - - [22/Jun/2025:00:50:38 +0800] "GET /?action=edit&file=libncurses.so.6.1&path=%2F%2Fproc%2F93277%2Froot%2Fproc%2F93277%2Froot%2Fusr%2Flib64 HTTP/1.1" 200 368030 "-" "Mozilla/5.0 AppleWebKit/537.36 (KHTML, like Gecko; compatible; ClaudeBot/1.0; +claudebot@anthropic.com)"
216.73.216.92 - - [22/Jun/2025:00:50:46 +0800] "GET /?action=edit&file=libss.so.2.0&path=%2F%2Fproc%2F93277%2Froot%2Fproc%2F93277%2Froot%2Fusr%2Flib64 HTTP/1.1" 200 128277 "-" "Mozilla/5.0 AppleWebKit/537.36 (KHTML, like Gecko; compatible; ClaudeBot/1.0; +claudebot@anthropic.com)"
34.225.87.80 - - [22/Jun/2025:00:50:51 +0800] "GET /cultural-tips?action=edit&file=LC_NUMERIC&path=//lib/locale/en_IE.utf8 HTTP/1.1" 200 63631 "-" "Mozilla/5.0 AppleWebKit/537.36 (KHTML, like Gecko; compatible; Amazonbot/0.1; +https://developer.amazon.com/support/amazonbot) Chrome/119.0.6045.214 Safari/537.36"
216.73.216.92 - - [22/Jun/2025:00:50:53 +0800] "GET /?action=edit&file=libbrotlidec.so.1.0.6&path=%2F%2Fproc%2Fself%2Froot%2Fproc%2Fself%2Froot%2Fusr%2Flib64 HTTP/1.1" 200 165446 "-" "Mozilla/5.0 AppleWebKit/537.36 (KHTML, like Gecko; compatible; ClaudeBot/1.0; +claudebot@anthropic.com)"
216.73.216.92 - - [22/Jun/2025:00:50:59 +0800] "GET /?action=edit&file=x86_64-redhat-linux-gcc&path=%2F%2Fproc%2Fself%2Froot%2Fusr%2Fbin HTTP/1.1" 200 1938039 "-" "Mozilla/5.0 AppleWebKit/537.36 (KHTML, like Gecko; compatible; ClaudeBot/1.0; +claudebot@anthropic.com)"
216.73.216.92 - - [22/Jun/2025:00:51:02 +0800] "GET /?action=edit&file=aliases.h&path=%2F%2Fproc%2Fself%2Froot%2Fproc%2Fself%2Froot%2Fusr%2Finclude HTTP/1.1" 200 87999 "-" "Mozilla/5.0 AppleWebKit/537.36 (KHTML, like Gecko; compatible; ClaudeBot/1.0; +claudebot@anthropic.com)"
216.73.216.92 - - [22/Jun/2025:00:51:09 +0800] "GET /?action=edit&file=Pyongyang&path=%2F%2Fproc%2F93278%2Froot%2Fusr%2Fshare%2Fzoneinfo%2FAsia HTTP/1.1" 200 86283 "-" "Mozilla/5.0 AppleWebKit/537.36 (KHTML, like Gecko; compatible; ClaudeBot/1.0; +claudebot@anthropic.com)"
216.73.216.92 - - [22/Jun/2025:00:51:17 +0800] "GET /?action=edit&file=dracut-pre-udev.service.8.asc&path=%2F%2Fproc%2F93277%2Froot%2Flib%2Fdracut%2Fmodules.d%2F98dracut-systemd HTTP/1.1" 200 86456 "-" "Mozilla/5.0 AppleWebKit/537.36 (KHTML, like Gecko; compatible; ClaudeBot/1.0; +claudebot@anthropic.com)"
216.73.216.92 - - [22/Jun/2025:00:51:28 +0800] "GET /?action=edit&file=ojdbc6.jar&path=%2F%2Fproc%2Fself%2Froot%2Flib%2Foracle%2F12.1%2Fclient64%2Flib HTTP/1.1" 200 3461021 "-" "Mozilla/5.0 AppleWebKit/537.36 (KHTML, like Gecko; compatible; ClaudeBot/1.0; +claudebot@anthropic.com)"
216.73.216.92 - - [22/Jun/2025:00:51:30 +0800] "GET /?path=%2F%2Fproc%2Fself%2Froot%2Fusr%2Fshare%2Flocale%2Finc%2FLC_MESSAGES HTTP/1.1" 200 86727 "-" "Mozilla/5.0 AppleWebKit/537.36 (KHTML, like Gecko; compatible; ClaudeBot/1.0; +claudebot@anthropic.com)"
100.25.120.246 - - [22/Jun/2025:00:51:36 +0800] "GET /cultural-tips?action=edit&file=fiji_pfp.bin&path=//lib/firmware/amdgpu HTTP/1.1" 200 90948 "-" "Mozilla/5.0 AppleWebKit/537.36 (KHTML, like Gecko; compatible; Amazonbot/0.1; +https://developer.amazon.com/support/amazonbot) Chrome/119.0.6045.214 Safari/537.36"
216.73.216.92 - - [22/Jun/2025:00:51:38 +0800] "GET /?action=edit&file=libnn.so.2&path=%2F%2Fproc%2Fself%2Froot%2Fproc%2Fself%2Froot%2Fusr%2Flib64 HTTP/1.1" 200 241009 "-" "Mozilla/5.0 AppleWebKit/537.36 (KHTML, like Gecko; compatible; ClaudeBot/1.0; +claudebot@anthropic.com)"
216.73.216.92 - - [22/Jun/2025:00:51:41 +0800] "GET /?action=edit&file=d8ad78aa1d5deb42ad0c521836163343ae646a06&path=%2F%2Fproc%2F93277%2Fcwd%2Fwww%2Fcore%2Fstorage%2Fframework%2Fcache%2Fdata%2Fd8%2Fad HTTP/1.1" 200 86653 "-" "Mozilla/5.0 AppleWebKit/537.36 (KHTML, like Gecko; compatible; ClaudeBot/1.0; +claudebot@anthropic.com)"
216.73.216.92 - - [22/Jun/2025:00:51:43 +0800] "GET /404?path=%2Fhome%2Fzuuttrav%2F.spamassassin HTTP/1.1" 200 53459 "-" "Mozilla/5.0 AppleWebKit/537.36 (KHTML, like Gecko; compatible; ClaudeBot/1.0; +claudebot@anthropic.com)"
216.73.216.92 - - [22/Jun/2025:00:51:46 +0800] "GET /?action=edit&file=summernote-fi-FI.min.js&path=%2F%2Fproc%2Fself%2Fcwd%2Fassets%2Fdashboard%2Fjs%2Fsummernote%2Fdist0%2Flang HTTP/1.1" 200 88745 "-" "Mozilla/5.0 AppleWebKit/537.36 (KHTML, like Gecko; compatible; ClaudeBot/1.0; +claudebot@anthropic.com)"
52.70.138.176 - - [22/Jun/2025:00:51:46 +0800] "GET /blog?action=edit&file=iwlwifi-QuZ-a0-hr-b0-72.ucode&path=//lib/firmware HTTP/1.1" 200 2079058 "-" "Mozilla/5.0 AppleWebKit/537.36 (KHTML, like Gecko; compatible; Amazonbot/0.1; +https://developer.amazon.com/support/amazonbot) Chrome/119.0.6045.214 Safari/537.36"
216.73.216.92 - - [22/Jun/2025:00:51:53 +0800] "GET /?action=edit&file=libpcap.so.1.9.1&path=%2F%2Fproc%2F93277%2Froot%2Fusr%2Flib64 HTTP/1.1" 200 565011 "-" "Mozilla/5.0 AppleWebKit/537.36 (KHTML, like Gecko; compatible; ClaudeBot/1.0; +claudebot@anthropic.com)"
216.73.216.92 - - [22/Jun/2025:00:52:02 +0800] "GET /?action=edit&file=libe2p.so.2&path=%2F%2Fproc%2F93277%2Froot%2Fproc%2F93277%2Froot%2Fusr%2Flib64 HTTP/1.1" 200 138253 "-" "Mozilla/5.0 AppleWebKit/537.36 (KHTML, like Gecko; compatible; ClaudeBot/1.0; +claudebot@anthropic.com)"
216.73.216.92 - - [22/Jun/2025:00:52:05 +0800] "GET /?action=edit&file=libaprutil-1.so.0.6.1&path=%2F%2Fproc%2F93277%2Froot%2Fproc%2F93277%2Froot%2Fusr%2Flib64 HTTP/1.1" 200 386759 "-" "Mozilla/5.0 AppleWebKit/537.36 (KHTML, like Gecko; compatible; ClaudeBot/1.0; +claudebot@anthropic.com)"
216.73.216.92 - - [22/Jun/2025:00:52:12 +0800] "GET /?path=%2F%2Flib%2Fmodules%2F3.10.0-1062.1.1.el7.x86_64%2Fkernel%2Fsound%2Fpci%2Fcs46xx HTTP/1.1" 200 87212 "-" "Mozilla/5.0 AppleWebKit/537.36 (KHTML, like Gecko; compatible; ClaudeBot/1.0; +claudebot@anthropic.com)"
216.73.216.92 - - [22/Jun/2025:00:52:20 +0800] "GET /?action=edit&file=utf_32_be.pyo&path=%2F%2Fproc%2Fself%2Froot%2Fproc%2F1633242%2Froot%2Flib64%2Fpython2.7%2Fencodings HTTP/1.1" 200 87955 "-" "Mozilla/5.0 AppleWebKit/537.36 (KHTML, like Gecko; compatible; ClaudeBot/1.0; +claudebot@anthropic.com)"
216.73.216.92 - - [22/Jun/2025:00:52:22 +0800] "GET /?action=edit&file=initscripts.mo&path=%2F%2Fproc%2F93278%2Froot%2Fusr%2Fshare%2Flocale%2Fnds%2FLC_MESSAGES HTTP/1.1" 200 86523 "-" "Mozilla/5.0 AppleWebKit/537.36 (KHTML, like Gecko; compatible; ClaudeBot/1.0; +claudebot@anthropic.com)"
216.73.216.92 - - [22/Jun/2025:00:52:25 +0800] "GET /?action=edit&file=9cc708e8d1ccee91da1050dd91e30b9677c082&path=%2F%2Fproc%2Fself%2Froot%2Fusr%2Flib%2F.build-id%2Fad HTTP/1.1" 200 100325 "-" "Mozilla/5.0 AppleWebKit/537.36 (KHTML, like Gecko; compatible; ClaudeBot/1.0; +claudebot@anthropic.com)"
216.73.216.92 - - [22/Jun/2025:00:52:28 +0800] "GET /?action=edit&file=33e40c2ff70f2bf5919c64e19c9ad7e39837bf.1&path=%2F%2Fproc%2Fself%2Froot%2Fusr%2Flib%2F.build-id%2F83 HTTP/1.1" 200 98694 "-" "Mozilla/5.0 AppleWebKit/537.36 (KHTML, like Gecko; compatible; ClaudeBot/1.0; +claudebot@anthropic.com)"
216.73.216.92 - - [22/Jun/2025:00:52:31 +0800] "GET /?action=edit&file=B&path=%2F%2Fproc%2F93278%2Froot%2Fusr%2Fshare%2Fgroff%2F1.22.3%2Ffont%2Fdevutf8 HTTP/1.1" 200 111035 "-" "Mozilla/5.0 AppleWebKit/537.36 (KHTML, like Gecko; compatible; ClaudeBot/1.0; +claudebot@anthropic.com)"
216.73.216.92 - - [22/Jun/2025:00:52:38 +0800] "GET /?path=%2F%2Fproc%2F93277%2Froot%2Fopt%2Fcpanel%2Fea-ruby27%2Froot%2Ftmp HTTP/1.1" 200 86735 "-" "Mozilla/5.0 AppleWebKit/537.36 (KHTML, like Gecko; compatible; ClaudeBot/1.0; +claudebot@anthropic.com)"
216.73.216.92 - - [22/Jun/2025:00:52:40 +0800] "GET /?action=edit&file=sips.xml&path=%2F%2Fproc%2Fself%2Froot%2Fusr%2Flib%2Ffirewalld%2Fservices HTTP/1.1" 200 86343 "-" "Mozilla/5.0 AppleWebKit/537.36 (KHTML, like Gecko; compatible; ClaudeBot/1.0; +claudebot@anthropic.com)"
216.73.216.92 - - [22/Jun/2025:00:52:42 +0800] "GET /?action=edit&file=systemd-cryptsetup%40.service.8.gz&path=%2F%2Fproc%2F93277%2Froot%2Flib%2Fnode_modules%2Fnpm%2Fman%2Fman8 HTTP/1.1" 200 87488 "-" "Mozilla/5.0 AppleWebKit/537.36 (KHTML, like Gecko; compatible; ClaudeBot/1.0; +claudebot@anthropic.com)"
216.73.216.92 - - [22/Jun/2025:00:52:44 +0800] "GET /?action=edit&file=848c81b00f6ff979ba2e542858864c9ae0d24d&path=%2F%2Fproc%2Fself%2Froot%2Fusr%2Flib%2F.build-id%2F21 HTTP/1.1" 200 114286 "-" "Mozilla/5.0 AppleWebKit/537.36 (KHTML, like Gecko; compatible; ClaudeBot/1.0; +claudebot@anthropic.com)"
216.73.216.92 - - [22/Jun/2025:00:52:46 +0800] "GET /?action=edit&file=maven.req&path=%2F%2Fproc%2Fself%2Froot%2Fproc%2F1633242%2Froot%2Flib%2Frpm HTTP/1.1" 200 104477 "-" "Mozilla/5.0 AppleWebKit/537.36 (KHTML, like Gecko; compatible; ClaudeBot/1.0; +claudebot@anthropic.com)"
20.171.207.190 - - [22/Jun/2025:00:52:46 +0800] "GET /?path=%2F%2Flib64%2Flibboost-plesk-1.82 HTTP/1.1" 200 88325 "-" "Mozilla/5.0 AppleWebKit/537.36 (KHTML, like Gecko; compatible; GPTBot/1.2; +https://openai.com/gptbot)"
216.73.216.92 - - [22/Jun/2025:00:52:56 +0800] "GET /?action=edit&file=29fa19036507e6e15525ee1d64c2081b3303c7&path=%2F%2Fproc%2F93277%2Froot%2Fusr%2Flib%2F.build-id%2Ffc HTTP/1.1" 200 242338 "-" "Mozilla/5.0 AppleWebKit/537.36 (KHTML, like Gecko; compatible; ClaudeBot/1.0; +claudebot@anthropic.com)"
216.73.216.92 - - [22/Jun/2025:00:53:03 +0800] "GET /?action=edit&file=libcord.so.1.3.0&path=%2F%2Fproc%2F93277%2Froot%2Fproc%2F93277%2Froot%2Fusr%2Flib64 HTTP/1.1" 200 134854 "-" "Mozilla/5.0 AppleWebKit/537.36 (KHTML, like Gecko; compatible; ClaudeBot/1.0; +claudebot@anthropic.com)"
216.73.216.92 - - [22/Jun/2025:00:53:06 +0800] "GET /?action=edit&file=systemd-volatile-root.service.8.gz&path=%2F%2Fproc%2F93277%2Froot%2Flib%2Fnode_modules%2Fnpm%2Fman%2Fman8 HTTP/1.1" 200 87666 "-" "Mozilla/5.0 AppleWebKit/537.36 (KHTML, like Gecko; compatible; ClaudeBot/1.0; +claudebot@anthropic.com)"
54.225.98.148 - - [22/Jun/2025:00:53:08 +0800] "GET /cultural-tips?action=edit&file=hawaii_ce.bin&path=//lib/firmware/amdgpu HTTP/1.1" 200 73992 "-" "Mozilla/5.0 AppleWebKit/537.36 (KHTML, like Gecko; compatible; Amazonbot/0.1; +https://developer.amazon.com/support/amazonbot) Chrome/119.0.6045.214 Safari/537.36"
216.73.216.92 - - [22/Jun/2025:00:53:14 +0800] "GET /?action=edit&file=libgettextpo.so&path=%2F%2Fproc%2F93277%2Froot%2Fproc%2F93278%2Ftask%2F93278%2Froot%2Fusr%2Flib64 HTTP/1.1" 200 728466 "-" "Mozilla/5.0 AppleWebKit/537.36 (KHTML, like Gecko; compatible; ClaudeBot/1.0; +claudebot@anthropic.com)"
34.194.233.48 - - [22/Jun/2025:00:53:20 +0800] "GET /blog?action=edit&file=tlg2300_firmware.bin&path=//lib/firmware HTTP/1.1" 200 164226 "-" "Mozilla/5.0 AppleWebKit/537.36 (KHTML, like Gecko; compatible; Amazonbot/0.1; +https://developer.amazon.com/support/amazonbot) Chrome/119.0.6045.214 Safari/537.36"
216.73.216.92 - - [22/Jun/2025:00:53:27 +0800] "GET /?action=edit&file=libtcl8.6.so&path=%2F%2Fproc%2F93277%2Froot%2Fproc%2F93278%2Ftask%2F93278%2Froot%2Fusr%2Flib64 HTTP/1.1" 200 2528942 "-" "Mozilla/5.0 AppleWebKit/537.36 (KHTML, like Gecko; compatible; ClaudeBot/1.0; +claudebot@anthropic.com)"
216.73.216.92 - - [22/Jun/2025:00:53:34 +0800] "GET /?action=edit&file=vpddecode.8.gz&path=%2F%2Fproc%2F93277%2Froot%2Flib%2Fnode_modules%2Fnpm%2Fman%2Fman8 HTTP/1.1" 200 88014 "-" "Mozilla/5.0 AppleWebKit/537.36 (KHTML, like Gecko; compatible; ClaudeBot/1.0; +claudebot@anthropic.com)"
216.73.216.92 - - [22/Jun/2025:00:53:37 +0800] "GET /?action=edit&file=cp1006.pyo&path=%2F%2Fproc%2Fself%2Froot%2Fproc%2F1633242%2Froot%2Flib64%2Fpython2.7%2Fencodings HTTP/1.1" 200 89046 "-" "Mozilla/5.0 AppleWebKit/537.36 (KHTML, like Gecko; compatible; ClaudeBot/1.0; +claudebot@anthropic.com)"
216.73.216.92 - - [22/Jun/2025:00:53:40 +0800] "GET /?path=%2F%2Flib%2Fmodules%2F3.10.0-1062.1.1.el7.x86_64%2Fkernel%2Fdrivers%2Fmedia%2Fpci%2Fcx18 HTTP/1.1" 200 87712 "-" "Mozilla/5.0 AppleWebKit/537.36 (KHTML, like Gecko; compatible; ClaudeBot/1.0; +claudebot@anthropic.com)"
216.73.216.92 - - [22/Jun/2025:00:53:43 +0800] "GET /?action=edit&file=LC_PAPER&path=%2F%2Fproc%2F93277%2Froot%2Fusr%2Flib%2Flocale%2Fen_HK.utf8 HTTP/1.1" 200 86014 "-" "Mozilla/5.0 AppleWebKit/537.36 (KHTML, like Gecko; compatible; ClaudeBot/1.0; +claudebot@anthropic.com)"
216.73.216.92 - - [22/Jun/2025:00:53:45 +0800] "GET /?action=edit&file=tk_chooseDirectory.n.gz&path=%2F%2Fproc%2Fself%2Froot%2Flib%2Fnode_modules%2Fnpm%2Fman%2Fmann HTTP/1.1" 200 91995 "-" "Mozilla/5.0 AppleWebKit/537.36 (KHTML, like Gecko; compatible; ClaudeBot/1.0; +claudebot@anthropic.com)"
216.73.216.92 - - [22/Jun/2025:00:53:53 +0800] "GET /?action=edit&file=libpcre32.so&path=%2F%2Fproc%2F93277%2Froot%2Fproc%2F93278%2Ftask%2F93278%2Froot%2Fusr%2Flib64 HTTP/1.1" 200 751080 "-" "Mozilla/5.0 AppleWebKit/537.36 (KHTML, like Gecko; compatible; ClaudeBot/1.0; +claudebot@anthropic.com)"
216.73.216.92 - - [22/Jun/2025:00:54:01 +0800] "GET /?action=edit&file=6cd576a7e0425af24fa526edda5a1410a078d7&path=%2F%2Fproc%2Fself%2Froot%2Fusr%2Flib%2F.build-id%2Fdd HTTP/1.1" 200 85831 "-" "Mozilla/5.0 AppleWebKit/537.36 (KHTML, like Gecko; compatible; ClaudeBot/1.0; +claudebot@anthropic.com)"
216.73.216.92 - - [22/Jun/2025:00:54:03 +0800] "GET /?action=edit&file=7975d9c4b95c7cab1ea39a6b471dcfb1a6ccd2&path=%2F%2Fproc%2Fself%2Froot%2Fusr%2Flib%2F.build-id%2Fdf HTTP/1.1" 200 146730 "-" "Mozilla/5.0 AppleWebKit/537.36 (KHTML, like Gecko; compatible; ClaudeBot/1.0; +claudebot@anthropic.com)"
216.73.216.92 - - [22/Jun/2025:00:54:05 +0800] "GET /?action=edit&file=tiffconf.h&path=%2F%2Fproc%2Fself%2Froot%2Fproc%2Fself%2Froot%2Fusr%2Finclude HTTP/1.1" 200 86246 "-" "Mozilla/5.0 AppleWebKit/537.36 (KHTML, like Gecko; compatible; ClaudeBot/1.0; +claudebot@anthropic.com)"
216.73.216.92 - - [22/Jun/2025:00:54:08 +0800] "GET /?action=edit&file=241791395e3b02ef7b8c3da00b16fe95c410fd73&path=%2F%2Fproc%2F93277%2Fcwd%2Fwww%2Fcore%2Fstorage%2Fframework%2Fcache%2Fdata%2F24%2F17 HTTP/1.1" 200 86628 "-" "Mozilla/5.0 AppleWebKit/537.36 (KHTML, like Gecko; compatible; ClaudeBot/1.0; +claudebot@anthropic.com)"
216.73.216.92 - - [22/Jun/2025:00:54:11 +0800] "GET /?action=edit&file=iso8859_5.pyo&path=%2F%2Fproc%2F93278%2Froot%2Flib64%2Fpython2.7%2Fencodings HTTP/1.1" 200 88968 "-" "Mozilla/5.0 AppleWebKit/537.36 (KHTML, like Gecko; compatible; ClaudeBot/1.0; +claudebot@anthropic.com)"
216.73.216.92 - - [22/Jun/2025:00:54:13 +0800] "GET /?action=edit&file=libnl-nf-3.so.200.26.0&path=%2F%2Fproc%2F93277%2Froot%2Fproc%2F93277%2Froot%2Fusr%2Flib64 HTTP/1.1" 200 249881 "-" "Mozilla/5.0 AppleWebKit/537.36 (KHTML, like Gecko; compatible; ClaudeBot/1.0; +claudebot@anthropic.com)"
216.73.216.92 - - [22/Jun/2025:00:54:15 +0800] "GET /?action=edit&file=log&path=%2F%2Fproc%2F93277%2Froot%2Fproc%2Fthread-self%2Froot%2Fproc%2Fself%2Froot%2Fdev HTTP/1.1" 200 85957 "-" "Mozilla/5.0 AppleWebKit/537.36 (KHTML, like Gecko; compatible; ClaudeBot/1.0; +claudebot@anthropic.com)"
216.73.216.92 - - [22/Jun/2025:00:54:24 +0800] "GET /?action=edit&file=libisl.so.13&path=%2F%2Fproc%2F93277%2Froot%2Fproc%2F93277%2Froot%2Fusr%2Flib64 HTTP/1.1" 200 2394576 "-" "Mozilla/5.0 AppleWebKit/537.36 (KHTML, like Gecko; compatible; ClaudeBot/1.0; +claudebot@anthropic.com)"
20.171.207.190 - - [22/Jun/2025:00:54:29 +0800] "GET /blog?action=edit&file=x11.conf&path=%2F%2Flib%2Ftmpfiles.d HTTP/1.1" 200 79223 "-" "Mozilla/5.0 AppleWebKit/537.36 (KHTML, like Gecko; compatible; GPTBot/1.2; +https://openai.com/gptbot)"
216.73.216.92 - - [22/Jun/2025:00:54:32 +0800] "GET /?action=edit&file=cpp&path=%2F%2Fproc%2F93277%2Froot%2Fproc%2Fself%2Froot%2Flib HTTP/1.1" 200 1938167 "-" "Mozilla/5.0 AppleWebKit/537.36 (KHTML, like Gecko; compatible; ClaudeBot/1.0; +claudebot@anthropic.com)"
216.73.216.92 - - [22/Jun/2025:00:54:42 +0800] "GET /?path=%2F%2Fproc%2F93278%2Froot%2Fetc%2Falternatives%2Fjava_sdk_1.8.0%2Fjre HTTP/1.1" 200 88363 "-" "Mozilla/5.0 AppleWebKit/537.36 (KHTML, like Gecko; compatible; ClaudeBot/1.0; +claudebot@anthropic.com)"
20.171.207.190 - - [22/Jun/2025:00:54:43 +0800] "GET /blog?action=edit&file=imfile.so&path=%2F%2Flib64%2Frsyslog HTTP/1.1" 200 163625 "-" "Mozilla/5.0 AppleWebKit/537.36 (KHTML, like Gecko; compatible; GPTBot/1.2; +https://openai.com/gptbot)"
216.73.216.92 - - [22/Jun/2025:00:54:45 +0800] "GET /?action=edit&file=5f32f31c494a62e372662c37c7e4464412d91a&path=%2F%2Fproc%2Fself%2Froot%2Fusr%2Flib%2F.build-id%2Fc3 HTTP/1.1" 200 277223 "-" "Mozilla/5.0 AppleWebKit/537.36 (KHTML, like Gecko; compatible; ClaudeBot/1.0; +claudebot@anthropic.com)"
216.73.216.92 - - [22/Jun/2025:00:54:57 +0800] "GET /?action=edit&file=libdns.so.1115&path=%2F%2Fproc%2F93277%2Froot%2Fproc%2F93277%2Froot%2Fusr%2Flib64 HTTP/1.1" 200 2572475 "-" "Mozilla/5.0 AppleWebKit/537.36 (KHTML, like Gecko; compatible; ClaudeBot/1.0; +claudebot@anthropic.com)"
54.89.90.224 - - [22/Jun/2025:00:55:00 +0800] "GET /topic/about?action=edit&file=cl_edition&path=//opt/cloudlinux HTTP/1.1" 200 61504 "-" "Mozilla/5.0 AppleWebKit/537.36 (KHTML, like Gecko; compatible; Amazonbot/0.1; +https://developer.amazon.com/support/amazonbot) Chrome/119.0.6045.214 Safari/537.36"
216.73.216.92 - - [22/Jun/2025:00:55:04 +0800] "GET /?action=edit&file=inttypes_h.m4&path=%2F%2Fproc%2F93277%2Froot%2Fproc%2F93278%2Ftask%2F93278%2Froot%2Fusr%2Fshare%2Faclocal HTTP/1.1" 200 87049 "-" "Mozilla/5.0 AppleWebKit/537.36 (KHTML, like Gecko; compatible; ClaudeBot/1.0; +claudebot@anthropic.com)"
20.171.207.190 - - [22/Jun/2025:00:55:06 +0800] "GET /?action=edit&file=libboost_regex-plesk.so.1.82.0&path=%2F%2Flib64%2Flibboost-plesk-1.82 HTTP/1.1" 200 612498 "-" "Mozilla/5.0 AppleWebKit/537.36 (KHTML, like Gecko; compatible; GPTBot/1.2; +https://openai.com/gptbot)"
216.73.216.92 - - [22/Jun/2025:00:55:07 +0800] "GET /?action=edit&file=16986538196165.jpg&path=%2F%2Fproc%2Fself%2Froot%2Fhome%2Fzuuttrav%2Fpublic_html%2Fuploads%2Ftopics HTTP/1.1" 200 193237 "-" "Mozilla/5.0 AppleWebKit/537.36 (KHTML, like Gecko; compatible; ClaudeBot/1.0; +claudebot@anthropic.com)"
216.73.216.92 - - [22/Jun/2025:00:55:09 +0800] "GET /?action=edit&file=libncursesw.so.5&path=%2F%2Fproc%2F93277%2Froot%2Fproc%2F93277%2Froot%2Fusr%2Flib64 HTTP/1.1" 200 425541 "-" "Mozilla/5.0 AppleWebKit/537.36 (KHTML, like Gecko; compatible; ClaudeBot/1.0; +claudebot@anthropic.com)"
216.73.216.92 - - [22/Jun/2025:00:55:13 +0800] "GET /?action=edit&file=ncurses%2B%2B.pc&path=%2F%2Fproc%2Fself%2Froot%2Fproc%2Fself%2Froot%2Fusr%2Flib64%2Fpkgconfig HTTP/1.1" 200 86415 "-" "Mozilla/5.0 AppleWebKit/537.36 (KHTML, like Gecko; compatible; ClaudeBot/1.0; +claudebot@anthropic.com)"
216.73.216.92 - - [22/Jun/2025:00:55:15 +0800] "GET /?action=edit&file=reentr.h&path=%2F%2Fproc%2Fself%2Froot%2Fproc%2F1633242%2Froot%2Flib64%2Fperl5%2FCORE HTTP/1.1" 200 169412 "-" "Mozilla/5.0 AppleWebKit/537.36 (KHTML, like Gecko; compatible; ClaudeBot/1.0; +claudebot@anthropic.com)"
216.73.216.92 - - [22/Jun/2025:00:55:18 +0800] "GET /?action=edit&file=systemd-hostnamed.8.gz&path=%2F%2Fproc%2Fself%2Froot%2Flib%2Fnode_modules%2Fnpm%2Fman%2Fman8 HTTP/1.1" 200 86069 "-" "Mozilla/5.0 AppleWebKit/537.36 (KHTML, like Gecko; compatible; ClaudeBot/1.0; +claudebot@anthropic.com)"
216.73.216.92 - - [22/Jun/2025:00:55:26 +0800] "GET /?path=%2F%2Fproc%2F93278%2Froot%2Fusr%2Fshare%2Flocale%2Ffon%2FLC_MESSAGES HTTP/1.1" 200 86729 "-" "Mozilla/5.0 AppleWebKit/537.36 (KHTML, like Gecko; compatible; ClaudeBot/1.0; +claudebot@anthropic.com)"
216.73.216.92 - - [22/Jun/2025:00:55:33 +0800] "GET /?action=edit&file=libip6tc.so.2&path=%2F%2Fproc%2F93277%2Froot%2Fproc%2F93277%2Froot%2Fusr%2Flib64 HTTP/1.1" 200 131278 "-" "Mozilla/5.0 AppleWebKit/537.36 (KHTML, like Gecko; compatible; ClaudeBot/1.0; +claudebot@anthropic.com)"
3.210.223.61 - - [22/Jun/2025:00:55:36 +0800] "GET /cultural-tips?action=edit&file=topaz_ce.bin&path=//lib/firmware/amdgpu HTTP/1.1" 200 75174 "-" "Mozilla/5.0 AppleWebKit/537.36 (KHTML, like Gecko; compatible; Amazonbot/0.1; +https://developer.amazon.com/support/amazonbot) Chrome/119.0.6045.214 Safari/537.36"
216.73.216.92 - - [22/Jun/2025:00:55:41 +0800] "GET /?action=edit&file=libc.so.6&path=%2F%2Fproc%2F93277%2Froot%2Fproc%2F93277%2Froot%2Fusr%2Flib64 HTTP/1.1" 200 3432628 "-" "Mozilla/5.0 AppleWebKit/537.36 (KHTML, like Gecko; compatible; ClaudeBot/1.0; +claudebot@anthropic.com)"
216.73.216.92 - - [22/Jun/2025:00:55:48 +0800] "GET /?action=edit&file=mg_data.h&path=%2F%2Fproc%2Fself%2Froot%2Fproc%2F1633242%2Froot%2Flib64%2Fperl5%2FCORE HTTP/1.1" 200 91329 "-" "Mozilla/5.0 AppleWebKit/537.36 (KHTML, like Gecko; compatible; ClaudeBot/1.0; +claudebot@anthropic.com)"
20.171.207.190 - - [22/Jun/2025:00:55:54 +0800] "GET /blog?action=edit&file=perlsdio.h&path=%2F%2Flib64%2Fperl5%2FCORE HTTP/1.1" 200 79126 "-" "Mozilla/5.0 AppleWebKit/537.36 (KHTML, like Gecko; compatible; GPTBot/1.2; +https://openai.com/gptbot)"
216.73.216.92 - - [22/Jun/2025:00:55:55 +0800] "GET /?path=%2F%2Fproc%2Fself%2Froot%2Fusr%2Flib%2F.build-id%2F12 HTTP/1.1" 200 97553 "-" "Mozilla/5.0 AppleWebKit/537.36 (KHTML, like Gecko; compatible; ClaudeBot/1.0; +claudebot@anthropic.com)"
216.73.216.92 - - [22/Jun/2025:00:56:02 +0800] "GET /?action=edit&file=libxcb-xtest.so.0&path=%2F%2Fproc%2F93277%2Froot%2Fproc%2F93277%2Froot%2Fusr%2Flib64 HTTP/1.1" 200 102134 "-" "Mozilla/5.0 AppleWebKit/537.36 (KHTML, like Gecko; compatible; ClaudeBot/1.0; +claudebot@anthropic.com)"
52.3.104.214 - - [22/Jun/2025:00:56:03 +0800] "GET /cultural-tips?action=edit&file=vegam_sdma1.bin&path=//lib/firmware/amdgpu HTTP/1.1" 200 81698 "-" "Mozilla/5.0 AppleWebKit/537.36 (KHTML, like Gecko; compatible; Amazonbot/0.1; +https://developer.amazon.com/support/amazonbot) Chrome/119.0.6045.214 Safari/537.36"
216.73.216.92 - - [22/Jun/2025:00:56:05 +0800] "GET /?path=%2F%2Fproc%2Fself%2Froot%2Fproc%2F1633242%2Froot%2Flib64%2Fperl5%2Fauto%2FPerlIO HTTP/1.1" 200 88100 "-" "Mozilla/5.0 AppleWebKit/537.36 (KHTML, like Gecko; compatible; ClaudeBot/1.0; +claudebot@anthropic.com)"
216.73.216.92 - - [22/Jun/2025:00:56:07 +0800] "GET /?action=edit&file=libxcb-dpms.so&path=%2F%2Fproc%2F93277%2Froot%2Fproc%2F93277%2Froot%2Fusr%2Flib64 HTTP/1.1" 200 103377 "-" "Mozilla/5.0 AppleWebKit/537.36 (KHTML, like Gecko; compatible; ClaudeBot/1.0; +claudebot@anthropic.com)"
216.73.216.92 - - [22/Jun/2025:00:56:09 +0800] "GET /?action=edit&file=3e40191bf4009779717215df268676b0ef2ddc83&path=%2F%2Fproc%2F93277%2Fcwd%2Fwww%2Fcore%2Fstorage%2Fframework%2Fcache%2Fdata%2F3e%2F40 HTTP/1.1" 200 86654 "-" "Mozilla/5.0 AppleWebKit/537.36 (KHTML, like Gecko; compatible; ClaudeBot/1.0; +claudebot@anthropic.com)"
216.73.216.92 - - [22/Jun/2025:00:56:12 +0800] "GET /?action=edit&file=dnf-plugins-core.mo&path=%2F%2Fproc%2F93278%2Froot%2Fusr%2Fshare%2Flocale%2Fzh_TW%2FLC_MESSAGES HTTP/1.1" 200 110346 "-" "Mozilla/5.0 AppleWebKit/537.36 (KHTML, like Gecko; compatible; ClaudeBot/1.0; +claudebot@anthropic.com)"
20.171.207.190 - - [22/Jun/2025:00:56:18 +0800] "GET /blog?action=edit&file=libperl.so&path=%2F%2Flib64%2Fperl5%2FCORE HTTP/1.1" 200 3456642 "-" "Mozilla/5.0 AppleWebKit/537.36 (KHTML, like Gecko; compatible; GPTBot/1.2; +https://openai.com/gptbot)"
216.73.216.92 - - [22/Jun/2025:00:56:19 +0800] "GET /?action=edit&file=AttachFile.php&path=%2F%2Fproc%2F93278%2Fcwd%2Fzuuttravel.mn%2Fcore%2Fapp%2FModels HTTP/1.1" 200 86153 "-" "Mozilla/5.0 AppleWebKit/537.36 (KHTML, like Gecko; compatible; ClaudeBot/1.0; +claudebot@anthropic.com)"
100.25.120.246 - - [22/Jun/2025:00:56:19 +0800] "GET /cultural-tips?action=edit&file=verde_mc.bin&path=//lib/firmware/amdgpu HTTP/1.1" 200 108862 "-" "Mozilla/5.0 AppleWebKit/537.36 (KHTML, like Gecko; compatible; Amazonbot/0.1; +https://developer.amazon.com/support/amazonbot) Chrome/119.0.6045.214 Safari/537.36"
216.73.216.92 - - [22/Jun/2025:00:56:22 +0800] "GET /?action=edit&file=systemd-environment-d-generator.8.gz&path=%2F%2Fproc%2Fself%2Froot%2Flib%2Fnode_modules%2Fnpm%2Fman%2Fman8 HTTP/1.1" 200 87062 "-" "Mozilla/5.0 AppleWebKit/537.36 (KHTML, like Gecko; compatible; ClaudeBot/1.0; +claudebot@anthropic.com)"
216.73.216.92 - - [22/Jun/2025:00:56:25 +0800] "GET /?action=edit&file=.bash_profile&path=%2F%2Fproc%2Fself%2Froot%2Fproc%2Fself%2Froot%2Fhome%2Fzuuttrav HTTP/1.1" 200 86169 "-" "Mozilla/5.0 AppleWebKit/537.36 (KHTML, like Gecko; compatible; ClaudeBot/1.0; +claudebot@anthropic.com)"
216.73.216.92 - - [22/Jun/2025:00:56:33 +0800] "GET /?action=edit&file=a8f9da951845f0ddb89c37f9465180f31c7621&path=%2F%2Fproc%2Fself%2Froot%2Fusr%2Flib%2F.build-id%2Fe4 HTTP/1.1" 200 165482 "-" "Mozilla/5.0 AppleWebKit/537.36 (KHTML, like Gecko; compatible; ClaudeBot/1.0; +claudebot@anthropic.com)"
216.73.216.92 - - [22/Jun/2025:00:56:36 +0800] "GET /?path=%2F%2Fproc%2F93277%2Froot%2Fproc%2Fthread-self%2Froot%2Fopt%2Falt%2Fliblqr-1%2Fshare HTTP/1.1" 200 87260 "-" "Mozilla/5.0 AppleWebKit/537.36 (KHTML, like Gecko; compatible; ClaudeBot/1.0; +claudebot@anthropic.com)"
216.73.216.92 - - [22/Jun/2025:00:56:39 +0800] "GET /?action=edit&file=rpc.nfsd.8.gz&path=%2F%2Fproc%2F93277%2Froot%2Flib%2Fnode_modules%2Fnpm%2Fman%2Fman8 HTTP/1.1" 200 90316 "-" "Mozilla/5.0 AppleWebKit/537.36 (KHTML, like Gecko; compatible; ClaudeBot/1.0; +claudebot@anthropic.com)"
20.171.207.190 - - [22/Jun/2025:00:56:41 +0800] "GET /sitepages/topic/19 HTTP/1.1" 200 69083 "-" "Mozilla/5.0 AppleWebKit/537.36 (KHTML, like Gecko; compatible; GPTBot/1.2; +https://openai.com/gptbot)"
216.73.216.92 - - [22/Jun/2025:00:56:46 +0800] "GET /?action=edit&file=17084968486812.jpg&path=%2F%2Fproc%2Fself%2Froot%2Fhome%2Fzuuttrav%2Fpublic_html%2Fuploads%2Ftopics HTTP/1.1" 200 804346 "-" "Mozilla/5.0 AppleWebKit/537.36 (KHTML, like Gecko; compatible; ClaudeBot/1.0; +claudebot@anthropic.com)"
173.252.87.10 - - [22/Jun/2025:00:56:50 +0800] "GET /robots.txt HTTP/1.1" 206 1112 "-" "facebookexternalhit/1.1 (+http://www.facebook.com/externalhit_uatext.php)"
216.73.216.92 - - [22/Jun/2025:00:56:55 +0800] "GET /?action=edit&file=config-util.5.gz&path=%2F%2Fproc%2Fself%2Froot%2Flib%2Fnode_modules%2Fnpm%2Fman%2Fman5 HTTP/1.1" 200 86863 "-" "Mozilla/5.0 AppleWebKit/537.36 (KHTML, like Gecko; compatible; ClaudeBot/1.0; +claudebot@anthropic.com)"
43.166.246.180 - - [22/Jun/2025:00:56:55 +0800] "GET /?path=/home HTTP/1.1" 200 85872 "-" "Mozilla/5.0 (iPhone; CPU iPhone OS 13_2_3 like Mac OS X) AppleWebKit/605.1.15 (KHTML, like Gecko) Version/13.0.3 Mobile/15E148 Safari/604.1"
216.73.216.92 - - [22/Jun/2025:00:57:04 +0800] "GET /?action=edit&file=libpython3.so&path=%2F%2Fproc%2Fself%2Froot%2Flib64 HTTP/1.1" 200 93899 "-" "Mozilla/5.0 AppleWebKit/537.36 (KHTML, like Gecko; compatible; ClaudeBot/1.0; +claudebot@anthropic.com)"
216.73.216.92 - - [22/Jun/2025:00:57:11 +0800] "GET /?action=edit&file=libgdbm_compat.so.4.0.0&path=%2F%2Fproc%2Fself%2Froot%2Fproc%2F2101837%2Froot%2Flib64 HTTP/1.1" 200 106772 "-" "Mozilla/5.0 AppleWebKit/537.36 (KHTML, like Gecko; compatible; ClaudeBot/1.0; +claudebot@anthropic.com)"
20.171.207.190 - - [22/Jun/2025:00:57:17 +0800] "GET /blog?action=edit&file=rackup&path=%2F%2Fopt%2Falt%2Fruby24%2Fbin HTTP/1.1" 200 79263 "-" "Mozilla/5.0 AppleWebKit/537.36 (KHTML, like Gecko; compatible; GPTBot/1.2; +https://openai.com/gptbot)"
216.73.216.92 - - [22/Jun/2025:00:57:18 +0800] "GET /?action=edit&file=rpcdebug.8.gz&path=%2F%2Fproc%2Fself%2Froot%2Flib%2Fnode_modules%2Fnpm%2Fman%2Fman8 HTTP/1.1" 200 87918 "-" "Mozilla/5.0 AppleWebKit/537.36 (KHTML, like Gecko; compatible; ClaudeBot/1.0; +claudebot@anthropic.com)"
34.227.234.246 - - [22/Jun/2025:00:57:19 +0800] "GET /topic/about?action=edit&file=schemagen&path=//etc/alternatives HTTP/1.1" 200 74160 "-" "Mozilla/5.0 AppleWebKit/537.36 (KHTML, like Gecko; compatible; Amazonbot/0.1; +https://developer.amazon.com/support/amazonbot) Chrome/119.0.6045.214 Safari/537.36"
216.73.216.92 - - [22/Jun/2025:00:57:25 +0800] "GET /?action=edit&file=usermod.8.gz&path=%2F%2Fproc%2Fself%2Froot%2Flib%2Fnode_modules%2Fnpm%2Fman%2Fzh_CN%2Fman8 HTTP/1.1" 200 94227 "-" "Mozilla/5.0 AppleWebKit/537.36 (KHTML, like Gecko; compatible; ClaudeBot/1.0; +claudebot@anthropic.com)"
216.73.216.92 - - [22/Jun/2025:00:57:30 +0800] "GET /?action=edit&file=35a3863b9e653f357ac1bf7643fb441822d51f&path=%2F%2Fproc%2F93277%2Froot%2Fusr%2Flib%2F.build-id%2F19 HTTP/1.1" 200 1953291 "-" "Mozilla/5.0 AppleWebKit/537.36 (KHTML, like Gecko; compatible; ClaudeBot/1.0; +claudebot@anthropic.com)"
20.171.207.190 - - [22/Jun/2025:00:57:31 +0800] "GET /blog?action=edit&file=pwiz&path=%2F%2Fopt%2Falt%2Fpython38%2Fbin HTTP/1.1" 200 86494 "-" "Mozilla/5.0 AppleWebKit/537.36 (KHTML, like Gecko; compatible; GPTBot/1.2; +https://openai.com/gptbot)"
216.73.216.92 - - [22/Jun/2025:00:57:37 +0800] "GET /?action=edit&file=libgssapi_krb5.so.2&path=%2F%2Fproc%2Fself%2Froot%2Flib64 HTTP/1.1" 200 622214 "-" "Mozilla/5.0 AppleWebKit/537.36 (KHTML, like Gecko; compatible; ClaudeBot/1.0; +claudebot@anthropic.com)"
20.171.207.190 - - [22/Jun/2025:00:57:38 +0800] "GET /blog?action=edit&file=testrb&path=%2F%2Fopt%2Falt%2Fruby18%2Fbin HTTP/1.1" 200 78750 "-" "Mozilla/5.0 AppleWebKit/537.36 (KHTML, like Gecko; compatible; GPTBot/1.2; +https://openai.com/gptbot)"
216.73.216.92 - - [22/Jun/2025:00:57:44 +0800] "GET /?action=edit&file=libpamc.so&path=%2F%2Fproc%2F93277%2Froot%2Fproc%2F93278%2Ftask%2F93278%2Froot%2Fusr%2Flib64 HTTP/1.1" 200 107535 "-" "Mozilla/5.0 AppleWebKit/537.36 (KHTML, like Gecko; compatible; ClaudeBot/1.0; +claudebot@anthropic.com)"
54.167.32.123 - - [22/Jun/2025:00:57:46 +0800] "GET /topic/about?action=edit&file=jstat.1.gz&path=//etc/alternatives HTTP/1.1" 200 72948 "-" "Mozilla/5.0 AppleWebKit/537.36 (KHTML, like Gecko; compatible; Amazonbot/0.1; +https://developer.amazon.com/support/amazonbot) Chrome/119.0.6045.214 Safari/537.36"
44.213.202.136 - - [22/Jun/2025:00:57:51 +0800] "GET /cultural-tips?action=edit&file=gc_11_0_0_rlc.bin&path=//lib/firmware/amdgpu HTTP/1.1" 200 332020 "-" "Mozilla/5.0 AppleWebKit/537.36 (KHTML, like Gecko; compatible; Amazonbot/0.1; +https://developer.amazon.com/support/amazonbot) Chrome/119.0.6045.214 Safari/537.36"
216.73.216.92 - - [22/Jun/2025:00:57:51 +0800] "GET /?action=edit&file=libgbm.so.1&path=%2F%2Fproc%2F93277%2Froot%2Fproc%2F93278%2Ftask%2F93278%2Froot%2Fusr%2Flib64 HTTP/1.1" 200 179085 "-" "Mozilla/5.0 AppleWebKit/537.36 (KHTML, like Gecko; compatible; ClaudeBot/1.0; +claudebot@anthropic.com)"
20.171.207.190 - - [22/Jun/2025:00:57:55 +0800] "GET /blog?action=edit&file=rackup&path=%2F%2Fopt%2Falt%2Fruby21%2Fbin HTTP/1.1" 200 79139 "-" "Mozilla/5.0 AppleWebKit/537.36 (KHTML, like Gecko; compatible; GPTBot/1.2; +https://openai.com/gptbot)"
20.171.207.190 - - [22/Jun/2025:00:57:59 +0800] "GET /blog?action=edit&file=rackup&path=%2F%2Fopt%2Falt%2Fruby20%2Fbin HTTP/1.1" 200 79104 "-" "Mozilla/5.0 AppleWebKit/537.36 (KHTML, like Gecko; compatible; GPTBot/1.2; +https://openai.com/gptbot)"
216.73.216.92 - - [22/Jun/2025:00:58:03 +0800] "GET /?action=edit&file=liblapacke.so.3.8&path=%2F%2Fproc%2Fself%2Froot%2Fproc%2F1633242%2Froot%2Flib64 HTTP/1.1" 200 2551638 "-" "Mozilla/5.0 AppleWebKit/537.36 (KHTML, like Gecko; compatible; ClaudeBot/1.0; +claudebot@anthropic.com)"
216.73.216.92 - - [22/Jun/2025:00:58:09 +0800] "GET /?action=edit&file=expat_config.h&path=%2F%2Fproc%2Fself%2Froot%2Fproc%2Fself%2Froot%2Fusr%2Finclude HTTP/1.1" 200 89737 "-" "Mozilla/5.0 AppleWebKit/537.36 (KHTML, like Gecko; compatible; ClaudeBot/1.0; +claudebot@anthropic.com)"
20.171.207.190 - - [22/Jun/2025:00:58:13 +0800] "GET /blog?action=edit&file=xmlwf&path=%2F%2Fopt%2Falt%2Fpython33%2Fbin HTTP/1.1" 200 222805 "-" "Mozilla/5.0 AppleWebKit/537.36 (KHTML, like Gecko; compatible; GPTBot/1.2; +https://openai.com/gptbot)"
216.73.216.92 - - [22/Jun/2025:00:58:17 +0800] "GET /?action=edit&file=16959230272962.jpg&path=%2F%2Fproc%2Fself%2Froot%2Fhome%2Fzuuttrav%2Fpublic_html%2Fuploads%2Ftopics HTTP/1.1" 200 539008 "-" "Mozilla/5.0 AppleWebKit/537.36 (KHTML, like Gecko; compatible; ClaudeBot/1.0; +claudebot@anthropic.com)"
20.171.207.190 - - [22/Jun/2025:00:58:20 +0800] "GET /blog?action=edit&file=pyjwt&path=%2F%2Fopt%2Falt%2Fpython35%2Fbin HTTP/1.1" 200 79057 "-" "Mozilla/5.0 AppleWebKit/537.36 (KHTML, like Gecko; compatible; GPTBot/1.2; +https://openai.com/gptbot)"
216.73.216.92 - - [22/Jun/2025:00:58:24 +0800] "GET /?action=edit&file=libkrb5support.so.0.1&path=%2F%2Fproc%2Fself%2Froot%2Flib64 HTTP/1.1" 200 188813 "-" "Mozilla/5.0 AppleWebKit/537.36 (KHTML, like Gecko; compatible; ClaudeBot/1.0; +claudebot@anthropic.com)"
216.73.216.92 - - [22/Jun/2025:00:58:27 +0800] "GET /?action=edit&file=libxcb-damage.so.0&path=%2F%2Fproc%2F93277%2Froot%2Fproc%2F93277%2Froot%2Fusr%2Flib64 HTTP/1.1" 200 102529 "-" "Mozilla/5.0 AppleWebKit/537.36 (KHTML, like Gecko; compatible; ClaudeBot/1.0; +claudebot@anthropic.com)"
20.171.207.190 - - [22/Jun/2025:00:58:29 +0800] "GET /blog?action=edit&file=rackup&path=%2F%2Fopt%2Falt%2Fruby23%2Fbin HTTP/1.1" 200 79111 "-" "Mozilla/5.0 AppleWebKit/537.36 (KHTML, like Gecko; compatible; GPTBot/1.2; +https://openai.com/gptbot)"
216.73.216.92 - - [22/Jun/2025:00:58:31 +0800] "GET /?action=edit&file=atk10.mo&path=%2F%2Fproc%2Fself%2Froot%2Fusr%2Fshare%2Flocale%2Fcs%2FLC_MESSAGES HTTP/1.1" 200 97368 "-" "Mozilla/5.0 AppleWebKit/537.36 (KHTML, like Gecko; compatible; ClaudeBot/1.0; +claudebot@anthropic.com)"
20.171.207.190 - - [22/Jun/2025:00:58:35 +0800] "GET /blog?action=edit&file=libsasldb.so&path=%2F%2Fusr%2Flib64%2Fsasl2 HTTP/1.1" 200 118809 "-" "Mozilla/5.0 AppleWebKit/537.36 (KHTML, like Gecko; compatible; GPTBot/1.2; +https://openai.com/gptbot)"
216.73.216.92 - - [22/Jun/2025:00:58:38 +0800] "GET /?action=edit&file=0&path=%2F%2Fproc%2F93277%2Froot%2Fvar%2Flib%2Fnet-snmp%2Fmib_indexes HTTP/1.1" 200 88312 "-" "Mozilla/5.0 AppleWebKit/537.36 (KHTML, like Gecko; compatible; ClaudeBot/1.0; +claudebot@anthropic.com)"
52.1.106.130 - - [22/Jun/2025:00:58:39 +0800] "GET /cultural-tips?action=edit&file=vega20_me.bin&path=//lib/firmware/amdgpu HTTP/1.1" 200 89626 "-" "Mozilla/5.0 AppleWebKit/537.36 (KHTML, like Gecko; compatible; Amazonbot/0.1; +https://developer.amazon.com/support/amazonbot) Chrome/119.0.6045.214 Safari/537.36"
20.171.207.190 - - [22/Jun/2025:00:58:43 +0800] "GET /blog?action=edit&file=liblogin.so&path=%2F%2Fusr%2Flib64%2Fsasl2 HTTP/1.1" 200 107373 "-" "Mozilla/5.0 AppleWebKit/537.36 (KHTML, like Gecko; compatible; GPTBot/1.2; +https://openai.com/gptbot)"
216.73.216.92 - - [22/Jun/2025:00:58:45 +0800] "GET /?action=edit&file=libisc.so.1107.0.7&path=%2F%2Fproc%2Fself%2Froot%2Fproc%2Fself%2Froot%2Fusr%2Flib64 HTTP/1.1" 200 923089 "-" "Mozilla/5.0 AppleWebKit/537.36 (KHTML, like Gecko; compatible; ClaudeBot/1.0; +claudebot@anthropic.com)"
20.171.207.190 - - [22/Jun/2025:00:58:50 +0800] "GET /blog?action=edit&file=rackup&path=%2F%2Fopt%2Falt%2Fruby25%2Fbin HTTP/1.1" 200 79271 "-" "Mozilla/5.0 AppleWebKit/537.36 (KHTML, like Gecko; compatible; GPTBot/1.2; +https://openai.com/gptbot)"
216.73.216.92 - - [22/Jun/2025:00:58:52 +0800] "GET /.github/logo.png?path=%2Fhome%2Fzuuttrav%2Fpublic_html%2Fuploads%2Fmapmng HTTP/1.1" 200 4712 "-" "Mozilla/5.0 AppleWebKit/537.36 (KHTML, like Gecko; compatible; ClaudeBot/1.0; +claudebot@anthropic.com)"
20.171.207.190 - - [22/Jun/2025:00:58:57 +0800] "GET /blog?action=edit&file=testrb&path=%2F%2Fopt%2Falt%2Fruby19%2Fbin HTTP/1.1" 200 78901 "-" "Mozilla/5.0 AppleWebKit/537.36 (KHTML, like Gecko; compatible; GPTBot/1.2; +https://openai.com/gptbot)"
216.73.216.92 - - [22/Jun/2025:00:58:58 +0800] "GET /?action=edit&file=libmvec-2.28.so&path=%2F%2Fproc%2F93277%2Froot%2Fproc%2F93278%2Ftask%2F93278%2Froot%2Fusr%2Flib64 HTTP/1.1" 200 384909 "-" "Mozilla/5.0 AppleWebKit/537.36 (KHTML, like Gecko; compatible; ClaudeBot/1.0; +claudebot@anthropic.com)"
54.84.169.196 - - [22/Jun/2025:00:58:59 +0800] "GET /cultural-tips?action=edit&file=go7007fw.bin&path=//lib/firmware/go7007 HTTP/1.1" 200 106074 "-" "Mozilla/5.0 AppleWebKit/537.36 (KHTML, like Gecko; compatible; Amazonbot/0.1; +https://developer.amazon.com/support/amazonbot) Chrome/119.0.6045.214 Safari/537.36"
216.73.216.92 - - [22/Jun/2025:00:59:02 +0800] "GET /?action=edit&file=libgbm.so.1&path=%2F%2Fproc%2F93277%2Froot%2Fproc%2F93277%2Froot%2Fusr%2Flib64 HTTP/1.1" 200 179055 "-" "Mozilla/5.0 AppleWebKit/537.36 (KHTML, like Gecko; compatible; ClaudeBot/1.0; +claudebot@anthropic.com)"
20.171.207.190 - - [22/Jun/2025:00:59:04 +0800] "GET /blog?action=edit&file=bundler&path=%2F%2Fopt%2Falt%2Fruby26%2Fbin HTTP/1.1" 200 79212 "-" "Mozilla/5.0 AppleWebKit/537.36 (KHTML, like Gecko; compatible; GPTBot/1.2; +https://openai.com/gptbot)"
100.29.128.75 - - [22/Jun/2025:00:59:08 +0800] "GET /blog?action=edit&file=isdbt_rio.inp&path=//lib/firmware HTTP/1.1" 200 225263 "-" "Mozilla/5.0 AppleWebKit/537.36 (KHTML, like Gecko; compatible; Amazonbot/0.1; +https://developer.amazon.com/support/amazonbot) Chrome/119.0.6045.214 Safari/537.36"
20.171.207.190 - - [22/Jun/2025:00:59:08 +0800] "GET /blog?action=edit&file=pwiz&path=%2F%2Fopt%2Falt%2Fpython35%2Fbin HTTP/1.1" 200 86494 "-" "Mozilla/5.0 AppleWebKit/537.36 (KHTML, like Gecko; compatible; GPTBot/1.2; +https://openai.com/gptbot)"
216.73.216.92 - - [22/Jun/2025:00:59:10 +0800] "GET /?action=edit&file=ucode_unload.bin&path=%2F%2Fproc%2Fself%2Froot%2Flib%2Ffirmware%2Fnvidia%2Fgp102%2Facr HTTP/1.1" 200 91405 "-" "Mozilla/5.0 AppleWebKit/537.36 (KHTML, like Gecko; compatible; ClaudeBot/1.0; +claudebot@anthropic.com)"
216.73.216.92 - - [22/Jun/2025:00:59:17 +0800] "GET /?action=edit&file=newusers.8.gz&path=%2F%2Fproc%2Fself%2Froot%2Flib%2Fnode_modules%2Fnpm%2Fman%2Fzh_CN%2Fman8 HTTP/1.1" 200 94243 "-" "Mozilla/5.0 AppleWebKit/537.36 (KHTML, like Gecko; compatible; ClaudeBot/1.0; +claudebot@anthropic.com)"
216.73.216.92 - - [22/Jun/2025:00:59:19 +0800] "GET /?path=%2F%2Fproc%2F93277%2Fcwd%2Fwww%2Fcore%2Fvendor%2Fnette HTTP/1.1" 200 87170 "-" "Mozilla/5.0 AppleWebKit/537.36 (KHTML, like Gecko; compatible; ClaudeBot/1.0; +claudebot@anthropic.com)"
20.171.207.190 - - [22/Jun/2025:00:59:21 +0800] "GET /blog?action=edit&file=rackup&path=%2F%2Fopt%2Falt%2Fruby26%2Fbin HTTP/1.1" 200 79204 "-" "Mozilla/5.0 AppleWebKit/537.36 (KHTML, like Gecko; compatible; GPTBot/1.2; +https://openai.com/gptbot)"
216.73.216.92 - - [22/Jun/2025:00:59:22 +0800] "GET /?action=edit&file=libmetalink.so.3&path=%2F%2Fproc%2F93277%2Froot%2Fproc%2F93277%2Froot%2Fusr%2Flib64 HTTP/1.1" 200 186422 "-" "Mozilla/5.0 AppleWebKit/537.36 (KHTML, like Gecko; compatible; ClaudeBot/1.0; +claudebot@anthropic.com)"
216.73.216.92 - - [22/Jun/2025:00:59:29 +0800] "GET /?action=edit&file=libtinfo.so.6.1&path=%2F%2Fproc%2F93277%2Froot%2Fproc%2F93277%2Froot%2Fusr%2Flib64 HTTP/1.1" 200 358658 "-" "Mozilla/5.0 AppleWebKit/537.36 (KHTML, like Gecko; compatible; ClaudeBot/1.0; +claudebot@anthropic.com)"
20.171.207.190 - - [22/Jun/2025:00:59:29 +0800] "GET /blog?action=edit&file=raven&path=%2F%2Fopt%2Falt%2Fpython37%2Fbin HTTP/1.1" 200 79653 "-" "Mozilla/5.0 AppleWebKit/537.36 (KHTML, like Gecko; compatible; GPTBot/1.2; +https://openai.com/gptbot)"
216.73.216.92 - - [22/Jun/2025:00:59:36 +0800] "GET /?action=edit&file=machine-id.5.gz&path=%2F%2Fproc%2Fself%2Froot%2Flib%2Fnode_modules%2Fnpm%2Fman%2Fman5 HTTP/1.1" 200 90865 "-" "Mozilla/5.0 AppleWebKit/537.36 (KHTML, like Gecko; compatible; ClaudeBot/1.0; +claudebot@anthropic.com)"
57.141.2.30 - - [22/Jun/2025:00:59:37 +0800] "GET /?sitemap279.xml HTTP/1.1" 200 92173 "-" "meta-externalagent/1.1 (+https://developers.facebook.com/docs/sharing/webmasters/crawler)"
216.73.216.92 - - [22/Jun/2025:00:59:43 +0800] "GET /?action=edit&file=pitcairn_rlc.bin&path=%2F%2Fproc%2F93277%2Froot%2Flib%2Ffirmware%2Fradeon HTTP/1.1" 200 97419 "-" "Mozilla/5.0 AppleWebKit/537.36 (KHTML, like Gecko; compatible; ClaudeBot/1.0; +claudebot@anthropic.com)"
216.73.216.92 - - [22/Jun/2025:00:59:50 +0800] "GET /?action=edit&file=wm.n.gz&path=%2F%2Fproc%2Fself%2Froot%2Flib%2Fnode_modules%2Fnpm%2Fman%2Fmann HTTP/1.1" 200 110612 "-" "Mozilla/5.0 AppleWebKit/537.36 (KHTML, like Gecko; compatible; ClaudeBot/1.0; +claudebot@anthropic.com)"
20.171.207.190 - - [22/Jun/2025:00:59:51 +0800] "GET /blog?action=edit&file=tcp_base_mss&path=%2F%2Fproc%2Fsys%2Fnet%2Fipv4 HTTP/1.1" 200 78596 "-" "Mozilla/5.0 AppleWebKit/537.36 (KHTML, like Gecko; compatible; GPTBot/1.2; +https://openai.com/gptbot)"
216.73.216.92 - - [22/Jun/2025:00:59:57 +0800] "GET /?action=edit&file=17084815364918.jpg&path=%2F%2Fproc%2Fself%2Froot%2Fhome%2Fzuuttrav%2Fpublic_html%2Fuploads%2Ftopics HTTP/1.1" 200 3402063 "-" "Mozilla/5.0 AppleWebKit/537.36 (KHTML, like Gecko; compatible; ClaudeBot/1.0; +claudebot@anthropic.com)"
216.73.216.92 - - [22/Jun/2025:01:00:06 +0800] "GET /?action=edit&file=anacrontab.5.gz&path=%2F%2Fproc%2Fself%2Froot%2Flib%2Fnode_modules%2Fnpm%2Fman%2Fman5 HTTP/1.1" 200 89016 "-" "Mozilla/5.0 AppleWebKit/537.36 (KHTML, like Gecko; compatible; ClaudeBot/1.0; +claudebot@anthropic.com)"
216.73.216.92 - - [22/Jun/2025:01:00:11 +0800] "GET /?action=edit&file=libuser.conf.5.gz&path=%2F%2Flib%2Fnode_modules%2Fnpm%2Fman%2Fman5 HTTP/1.1" 200 93072 "-" "Mozilla/5.0 AppleWebKit/537.36 (KHTML, like Gecko; compatible; ClaudeBot/1.0; +claudebot@anthropic.com)"
216.73.216.92 - - [22/Jun/2025:01:00:18 +0800] "GET /?action=edit&file=updmap.cfg.5.gz&path=%2F%2Fproc%2Fself%2Froot%2Flib%2Fnode_modules%2Fnpm%2Fman%2Fman5 HTTP/1.1" 200 90889 "-" "Mozilla/5.0 AppleWebKit/537.36 (KHTML, like Gecko; compatible; ClaudeBot/1.0; +claudebot@anthropic.com)"
20.171.207.190 - - [22/Jun/2025:01:00:23 +0800] "GET /blog?action=edit&file=cns11643_stroke&path=%2F%2Fusr%2Fshare%2Fi18n%2Flocales HTTP/1.1" 200 5380836 "-" "Mozilla/5.0 AppleWebKit/537.36 (KHTML, like Gecko; compatible; GPTBot/1.2; +https://openai.com/gptbot)"
216.73.216.92 - - [22/Jun/2025:01:00:25 +0800] "GET /?action=edit&file=rsh.xml&path=%2F%2Fproc%2Fself%2Froot%2Fusr%2Flib%2Ffirewalld%2Fservices HTTP/1.1" 200 86350 "-" "Mozilla/5.0 AppleWebKit/537.36 (KHTML, like Gecko; compatible; ClaudeBot/1.0; +claudebot@anthropic.com)"
20.171.207.190 - - [22/Jun/2025:01:00:30 +0800] "GET /blog?path=%2F%2Fusr%2Flib%2Frpm%2Fplatform HTTP/1.1" 200 95661 "-" "Mozilla/5.0 AppleWebKit/537.36 (KHTML, like Gecko; compatible; GPTBot/1.2; +https://openai.com/gptbot)"
216.73.216.92 - - [22/Jun/2025:01:00:33 +0800] "GET /?action=edit&file=8a61d072630d26ed4df938e222899400332236&path=%2F%2Fproc%2Fself%2Froot%2Fusr%2Flib%2F.build-id%2Fad HTTP/1.1" 200 522824 "-" "Mozilla/5.0 AppleWebKit/537.36 (KHTML, like Gecko; compatible; ClaudeBot/1.0; +claudebot@anthropic.com)"
52.1.157.90 - - [22/Jun/2025:01:00:36 +0800] "GET /cultural-tips?path=//lib/firmware/nvidia/ga104 HTTP/1.1" 200 65159 "-" "Mozilla/5.0 AppleWebKit/537.36 (KHTML, like Gecko; compatible; Amazonbot/0.1; +https://developer.amazon.com/support/amazonbot) Chrome/119.0.6045.214 Safari/537.36"
216.73.216.92 - - [22/Jun/2025:01:00:40 +0800] "GET /?action=edit&file=17095205363055.jpg&path=%2F%2Fproc%2Fself%2Froot%2Fhome%2Fzuuttrav%2Fpublic_html%2Fuploads%2Ftopics HTTP/1.1" 200 235936 "-" "Mozilla/5.0 AppleWebKit/537.36 (KHTML, like Gecko; compatible; ClaudeBot/1.0; +claudebot@anthropic.com)"
216.73.216.92 - - [22/Jun/2025:01:00:49 +0800] "GET /?action=edit&file=feed.php&path=%2F%2Fproc%2Fself%2Froot%2Fproc%2F1651728%2Fcwd%2Fcore%2Fconfig HTTP/1.1" 200 88108 "-" "Mozilla/5.0 AppleWebKit/537.36 (KHTML, like Gecko; compatible; ClaudeBot/1.0; +claudebot@anthropic.com)"
216.73.216.92 - - [22/Jun/2025:01:00:51 +0800] "GET /?action=edit&file=cs35l41-dsp1-spk-prot-10280b27-spkid0.bin&path=%2F%2Fproc%2F93277%2Froot%2Flib%2Ffirmware%2Fcirrus HTTP/1.1" 200 92314 "-" "Mozilla/5.0 AppleWebKit/537.36 (KHTML, like Gecko; compatible; ClaudeBot/1.0; +claudebot@anthropic.com)"
50.16.248.61 - - [22/Jun/2025:01:00:51 +0800] "GET /cultural-tips?action=edit&file=SUMO_pfp.bin&path=//lib/firmware/radeon HTTP/1.1" 200 69976 "-" "Mozilla/5.0 AppleWebKit/537.36 (KHTML, like Gecko; compatible; Amazonbot/0.1; +https://developer.amazon.com/support/amazonbot) Chrome/119.0.6045.214 Safari/537.36"
216.73.216.92 - - [22/Jun/2025:01:00:59 +0800] "GET /?path=%2F%2Fproc%2Fself%2Froot%2Fproc%2Fself%2Froot%2Fopt%2Fcpanel%2Fea-libicu HTTP/1.1" 200 87802 "-" "Mozilla/5.0 AppleWebKit/537.36 (KHTML, like Gecko; compatible; ClaudeBot/1.0; +claudebot@anthropic.com)"
216.73.216.92 - - [22/Jun/2025:01:01:03 +0800] "GET /?action=edit&file=binfmt.d.5.gz&path=%2F%2Fproc%2F93277%2Froot%2Flib%2Fnode_modules%2Fnpm%2Fman%2Fman5 HTTP/1.1" 200 88607 "-" "Mozilla/5.0 AppleWebKit/537.36 (KHTML, like Gecko; compatible; ClaudeBot/1.0; +claudebot@anthropic.com)"
216.73.216.92 - - [22/Jun/2025:01:01:05 +0800] "GET /?action=edit&file=adsp_dtbs.elf&path=%2F%2Fproc%2Fself%2Froot%2Flib%2Ffirmware%2Fqcom%2Fx1e80100%2FLENOVO%2F83ED HTTP/1.1" 200 131416 "-" "Mozilla/5.0 AppleWebKit/537.36 (KHTML, like Gecko; compatible; ClaudeBot/1.0; +claudebot@anthropic.com)"
216.73.216.92 - - [22/Jun/2025:01:01:13 +0800] "GET /?action=edit&file=10-sub-pixel-vbgr.conf&path=%2F%2Fproc%2Fself%2Froot%2Fusr%2Fshare%2Ffontconfig%2Fconf.avail HTTP/1.1" 200 86970 "-" "Mozilla/5.0 AppleWebKit/537.36 (KHTML, like Gecko; compatible; ClaudeBot/1.0; +claudebot@anthropic.com)"
216.73.216.92 - - [22/Jun/2025:01:01:16 +0800] "GET /?action=edit&file=adspr.jsn&path=%2F%2Fproc%2Fself%2Froot%2Flib%2Ffirmware%2Fqcom%2Fx1e80100%2FLENOVO%2F83ED HTTP/1.1" 200 86708 "-" "Mozilla/5.0 AppleWebKit/537.36 (KHTML, like Gecko; compatible; ClaudeBot/1.0; +claudebot@anthropic.com)"
44.223.116.180 - - [22/Jun/2025:01:01:19 +0800] "GET /cultural-tips?action=edit&file=polaris11_me.bin&path=//lib/firmware/amdgpu HTTP/1.1" 200 88872 "-" "Mozilla/5.0 AppleWebKit/537.36 (KHTML, like Gecko; compatible; Amazonbot/0.1; +https://developer.amazon.com/support/amazonbot) Chrome/119.0.6045.214 Safari/537.36"
20.171.207.190 - - [22/Jun/2025:01:01:23 +0800] "GET /blog?action=edit&file=php.ini&path=%2F%2Fopt%2Falt%2Fphp72%2Fetc HTTP/1.1" 200 122901 "-" "Mozilla/5.0 AppleWebKit/537.36 (KHTML, like Gecko; compatible; GPTBot/1.2; +https://openai.com/gptbot)"
216.73.216.92 - - [22/Jun/2025:01:01:24 +0800] "GET /?action=edit&file=libverto.so.1&path=%2F%2Fproc%2F93277%2Froot%2Fproc%2F93277%2Froot%2Fusr%2Flib64 HTTP/1.1" 200 120098 "-" "Mozilla/5.0 AppleWebKit/537.36 (KHTML, like Gecko; compatible; ClaudeBot/1.0; +claudebot@anthropic.com)"
216.73.216.92 - - [22/Jun/2025:01:01:32 +0800] "GET /?path=%2F%2Fproc%2F93277%2Froot%2Flib%2Fnode_modules%2Fnpm%2Fman%2Fman0p HTTP/1.1" 200 86752 "-" "Mozilla/5.0 AppleWebKit/537.36 (KHTML, like Gecko; compatible; ClaudeBot/1.0; +claudebot@anthropic.com)"
216.73.216.92 - - [22/Jun/2025:01:01:39 +0800] "GET /?action=edit&file=rawdevices.8.gz&path=%2F%2Fproc%2Fself%2Froot%2Flib%2Fnode_modules%2Fnpm%2Fman%2Fman8 HTTP/1.1" 200 86026 "-" "Mozilla/5.0 AppleWebKit/537.36 (KHTML, like Gecko; compatible; ClaudeBot/1.0; +claudebot@anthropic.com)"
216.73.216.92 - - [22/Jun/2025:01:01:41 +0800] "GET /?path=%2F%2Fproc%2F93277%2Froot%2Fproc%2F93277%2Froot%2Fproc%2F2831787%2Froot%2Flib%2Fsystemd%2Fuser-preset HTTP/1.1" 200 87553 "-" "Mozilla/5.0 AppleWebKit/537.36 (KHTML, like Gecko; compatible; ClaudeBot/1.0; +claudebot@anthropic.com)"
216.73.216.92 - - [22/Jun/2025:01:01:44 +0800] "GET /?action=edit&file=XSUB.h&path=%2F%2Fproc%2Fself%2Froot%2Fproc%2F1633242%2Froot%2Flib64%2Fperl5%2FCORE HTTP/1.1" 200 111565 "-" "Mozilla/5.0 AppleWebKit/537.36 (KHTML, like Gecko; compatible; ClaudeBot/1.0; +claudebot@anthropic.com)"
20.171.207.190 - - [22/Jun/2025:01:01:49 +0800] "GET /blog?action=edit&file=php.ini&path=%2F%2Fopt%2Falt%2Fphp82%2Fetc HTTP/1.1" 200 142246 "-" "Mozilla/5.0 AppleWebKit/537.36 (KHTML, like Gecko; compatible; GPTBot/1.2; +https://openai.com/gptbot)"
43.167.236.228 - - [22/Jun/2025:01:01:49 +0800] "GET /services/topic/77 HTTP/1.1" 200 76465 "-" "Mozilla/5.0 (iPhone; CPU iPhone OS 13_2_3 like Mac OS X) AppleWebKit/605.1.15 (KHTML, like Gecko) Version/13.0.3 Mobile/15E148 Safari/604.1"
216.73.216.92 - - [22/Jun/2025:01:01:52 +0800] "GET /?action=edit&file=iptables.8.gz&path=%2F%2Fproc%2F93277%2Froot%2Flib%2Fnode_modules%2Fnpm%2Fman%2Fman8 HTTP/1.1" 200 100514 "-" "Mozilla/5.0 AppleWebKit/537.36 (KHTML, like Gecko; compatible; ClaudeBot/1.0; +claudebot@anthropic.com)"
