216.73.216.92 - - [18/Jun/2025:01:19:09 +0800] "GET /?action=edit&file=a.out.h&path=%2F%2Fproc%2Fself%2Froot%2Fusr%2Finclude HTTP/1.1" 200 90424 "-" "Mozilla/5.0 AppleWebKit/537.36 (KHTML, like Gecko; compatible; ClaudeBot/1.0; +claudebot@anthropic.com)"
216.73.216.92 - - [18/Jun/2025:01:19:12 +0800] "GET /?action=edit&file=__init__.pyo&path=%2F%2Fproc%2F93277%2Froot%2Flib64%2Fpython2.7%2Fencodings HTTP/1.1" 200 90579 "-" "Mozilla/5.0 AppleWebKit/537.36 (KHTML, like Gecko; compatible; ClaudeBot/1.0; +claudebot@anthropic.com)"
216.73.216.92 - - [18/Jun/2025:01:19:15 +0800] "GET /?action=edit&file=libPocoXML.so.94&path=%2F%2Flib64%2Flibpoco-plesk-1.12.4 HTTP/1.1" 200 1012307 "-" "Mozilla/5.0 AppleWebKit/537.36 (KHTML, like Gecko; compatible; ClaudeBot/1.0; +claudebot@anthropic.com)"
216.73.216.92 - - [18/Jun/2025:01:19:16 +0800] "GET /?action=edit&file=libip6tc.so.2&path=%2F%2Fproc%2Fself%2Froot%2Fusr%2Flib64 HTTP/1.1" 200 131254 "-" "Mozilla/5.0 AppleWebKit/537.36 (KHTML, like Gecko; compatible; ClaudeBot/1.0; +claudebot@anthropic.com)"
216.73.216.92 - - [18/Jun/2025:01:19:18 +0800] "GET /?action=edit&file=fontawesome-webfont.svg&path=%2Fhome%2Fzuuttrav%2Fpublic_html%2Fassets%2Fdashboard%2Ffonts%2Ffont-awesome%2Ffonts HTTP/1.1" 200 563675 "-" "Mozilla/5.0 AppleWebKit/537.36 (KHTML, like Gecko; compatible; ClaudeBot/1.0; +claudebot@anthropic.com)"
216.73.216.92 - - [18/Jun/2025:01:19:24 +0800] "GET /?action=edit&file=libyaml-0.so.2.0.5&path=%2F%2Fproc%2F93278%2Froot%2Fusr%2Flib64 HTTP/1.1" 200 297180 "-" "Mozilla/5.0 AppleWebKit/537.36 (KHTML, like Gecko; compatible; ClaudeBot/1.0; +claudebot@anthropic.com)"
216.73.216.92 - - [18/Jun/2025:01:19:26 +0800] "GET /?action=edit&file=libpcre2-16.so&path=%2F%2Fproc%2F93278%2Froot%2Fusr%2Flib64 HTTP/1.1" 200 884227 "-" "Mozilla/5.0 AppleWebKit/537.36 (KHTML, like Gecko; compatible; ClaudeBot/1.0; +claudebot@anthropic.com)"
216.73.216.92 - - [18/Jun/2025:01:19:33 +0800] "GET /?action=edit&file=libcdt.so.5&path=%2F%2Fproc%2Fself%2Froot%2Fusr%2Flib64 HTTP/1.1" 200 128167 "-" "Mozilla/5.0 AppleWebKit/537.36 (KHTML, like Gecko; compatible; ClaudeBot/1.0; +claudebot@anthropic.com)"
216.73.216.92 - - [18/Jun/2025:01:19:35 +0800] "GET /?action=edit&file=pango-list&path=%2F%2Fproc%2F93277%2Froot%2Fusr%2Fbin HTTP/1.1" 200 100276 "-" "Mozilla/5.0 AppleWebKit/537.36 (KHTML, like Gecko; compatible; ClaudeBot/1.0; +claudebot@anthropic.com)"
216.73.216.92 - - [18/Jun/2025:01:19:42 +0800] "GET /?action=edit&file=keyring_file.so&path=%2F%2Flib64%2Fmysql%2Fplugin HTTP/1.1" 200 381175 "-" "Mozilla/5.0 AppleWebKit/537.36 (KHTML, like Gecko; compatible; ClaudeBot/1.0; +claudebot@anthropic.com)"
216.73.216.92 - - [18/Jun/2025:01:19:49 +0800] "GET /?path=%2F%2Flib64%2Fperl5%2FSys HTTP/1.1" 200 86655 "-" "Mozilla/5.0 AppleWebKit/537.36 (KHTML, like Gecko; compatible; ClaudeBot/1.0; +claudebot@anthropic.com)"
216.73.216.92 - - [18/Jun/2025:01:19:56 +0800] "GET /?action=edit&file=libcrypto.so&path=%2F%2Fproc%2Fself%2Froot%2Fusr%2Flib64 HTTP/1.1" 200 1456397 "-" "Mozilla/5.0 AppleWebKit/537.36 (KHTML, like Gecko; compatible; ClaudeBot/1.0; +claudebot@anthropic.com)"
216.73.216.92 - - [18/Jun/2025:01:20:00 +0800] "GET /?action=edit&file=libxmlrpc_abyss.so.3&path=%2F%2Fproc%2F93278%2Froot%2Fusr%2Flib64 HTTP/1.1" 200 271085 "-" "Mozilla/5.0 AppleWebKit/537.36 (KHTML, like Gecko; compatible; ClaudeBot/1.0; +claudebot@anthropic.com)"
34.236.185.101 - - [18/Jun/2025:01:20:04 +0800] "GET /services/topic/101?path=/home/zuuttrav/public_html/core/storage HTTP/1.1" 200 67451 "-" "Mozilla/5.0 AppleWebKit/537.36 (KHTML, like Gecko; compatible; Amazonbot/0.1; +https://developer.amazon.com/support/amazonbot) Chrome/119.0.6045.214 Safari/537.36"
216.73.216.92 - - [18/Jun/2025:01:20:06 +0800] "GET /?action=edit&file=libonig.so.5&path=%2F%2Fproc%2Fself%2Froot%2Fusr%2Flib64 HTTP/1.1" 200 898943 "-" "Mozilla/5.0 AppleWebKit/537.36 (KHTML, like Gecko; compatible; ClaudeBot/1.0; +claudebot@anthropic.com)"
216.73.216.92 - - [18/Jun/2025:01:20:08 +0800] "GET /?action=edit&file=libevent_extra.so&path=%2F%2Fproc%2Fself%2Froot%2Fusr%2Flib64 HTTP/1.1" 200 311561 "-" "Mozilla/5.0 AppleWebKit/537.36 (KHTML, like Gecko; compatible; ClaudeBot/1.0; +claudebot@anthropic.com)"
216.73.216.92 - - [18/Jun/2025:01:20:15 +0800] "GET /?action=edit&file=libnl-genl-3.so.200.26.0&path=%2F%2Fproc%2Fself%2Froot%2Fusr%2Flib64 HTTP/1.1" 200 125629 "-" "Mozilla/5.0 AppleWebKit/537.36 (KHTML, like Gecko; compatible; ClaudeBot/1.0; +claudebot@anthropic.com)"
216.73.216.92 - - [18/Jun/2025:01:20:22 +0800] "GET /?action=edit&file=libnfnetlink.so.0&path=%2F%2Fproc%2Fself%2Froot%2Fusr%2Flib64 HTTP/1.1" 200 130663 "-" "Mozilla/5.0 AppleWebKit/537.36 (KHTML, like Gecko; compatible; ClaudeBot/1.0; +claudebot@anthropic.com)"
216.73.216.92 - - [18/Jun/2025:01:20:24 +0800] "GET /?action=edit&file=libaprutil-1.so.0.6.1&path=%2F%2Fproc%2F93278%2Froot%2Fusr%2Flib64 HTTP/1.1" 200 386722 "-" "Mozilla/5.0 AppleWebKit/537.36 (KHTML, like Gecko; compatible; ClaudeBot/1.0; +claudebot@anthropic.com)"
216.73.216.92 - - [18/Jun/2025:01:20:31 +0800] "GET /?action=edit&file=libply-splash-core.so.5&path=%2F%2Fproc%2Fself%2Froot%2Fusr%2Flib64 HTTP/1.1" 200 303983 "-" "Mozilla/5.0 AppleWebKit/537.36 (KHTML, like Gecko; compatible; ClaudeBot/1.0; +claudebot@anthropic.com)"
216.73.216.92 - - [18/Jun/2025:01:20:38 +0800] "GET /?path=%2F%2Fproc%2F93277%2Froot%2Flib64%2Fruby%2Fio HTTP/1.1" 200 87514 "-" "Mozilla/5.0 AppleWebKit/537.36 (KHTML, like Gecko; compatible; ClaudeBot/1.0; +claudebot@anthropic.com)"
3.212.86.97 - - [18/Jun/2025:01:20:44 +0800] "GET /services/topic/101?action=edit&file=.bash_profile&path=/home/zuuttrav HTTP/1.1" 200 65613 "-" "Mozilla/5.0 AppleWebKit/537.36 (KHTML, like Gecko; compatible; Amazonbot/0.1; +https://developer.amazon.com/support/amazonbot) Chrome/119.0.6045.214 Safari/537.36"
216.73.216.92 - - [18/Jun/2025:01:20:45 +0800] "GET /?action=edit&file=libxmlrpc_xmltok.so.3&path=%2F%2Fproc%2Fself%2Froot%2Fusr%2Flib64 HTTP/1.1" 200 412912 "-" "Mozilla/5.0 AppleWebKit/537.36 (KHTML, like Gecko; compatible; ClaudeBot/1.0; +claudebot@anthropic.com)"
54.144.185.255 - - [18/Jun/2025:01:20:47 +0800] "GET /services/topic/101?path=/home/zuuttrav/public_html/123/img HTTP/1.1" 200 67185 "-" "Mozilla/5.0 AppleWebKit/537.36 (KHTML, like Gecko; compatible; Amazonbot/0.1; +https://developer.amazon.com/support/amazonbot) Chrome/119.0.6045.214 Safari/537.36"
216.73.216.92 - - [18/Jun/2025:01:20:47 +0800] "GET /?action=edit&file=libevent_extra-2.1.so.6&path=%2F%2Fproc%2F93278%2Froot%2Fusr%2Flib64 HTTP/1.1" 200 311669 "-" "Mozilla/5.0 AppleWebKit/537.36 (KHTML, like Gecko; compatible; ClaudeBot/1.0; +claudebot@anthropic.com)"
216.73.216.92 - - [18/Jun/2025:01:20:53 +0800] "GET /?action=edit&file=libcap.so.2.48&path=%2F%2Fproc%2Fself%2Froot%2Fusr%2Flib64 HTTP/1.1" 200 133303 "-" "Mozilla/5.0 AppleWebKit/537.36 (KHTML, like Gecko; compatible; ClaudeBot/1.0; +claudebot@anthropic.com)"
216.73.216.92 - - [18/Jun/2025:01:20:55 +0800] "GET /?action=edit&file=libatk-1.0.so.0&path=%2F%2Fproc%2F93278%2Froot%2Fusr%2Flib64 HTTP/1.1" 200 330684 "-" "Mozilla/5.0 AppleWebKit/537.36 (KHTML, like Gecko; compatible; ClaudeBot/1.0; +claudebot@anthropic.com)"
216.73.216.92 - - [18/Jun/2025:01:21:02 +0800] "GET /?action=edit&file=utf_16_be.pyo&path=%2F%2Fproc%2F93277%2Froot%2Flib64%2Fpython2.7%2Fencodings HTTP/1.1" 200 88041 "-" "Mozilla/5.0 AppleWebKit/537.36 (KHTML, like Gecko; compatible; ClaudeBot/1.0; +claudebot@anthropic.com)"
98.83.177.42 - - [18/Jun/2025:01:21:03 +0800] "GET /services/topic/101?action=edit&file=composer.json&path=/home/zuuttrav/public_html/core HTTP/1.1" 200 68877 "-" "Mozilla/5.0 AppleWebKit/537.36 (KHTML, like Gecko; compatible; Amazonbot/0.1; +https://developer.amazon.com/support/amazonbot) Chrome/119.0.6045.214 Safari/537.36"
216.73.216.92 - - [18/Jun/2025:01:21:04 +0800] "GET /?action=edit&file=.libhogweed.so.4.5.hmac&path=%2F%2Fproc%2Fself%2Froot%2Fusr%2Flib64 HTTP/1.1" 200 86020 "-" "Mozilla/5.0 AppleWebKit/537.36 (KHTML, like Gecko; compatible; ClaudeBot/1.0; +claudebot@anthropic.com)"
216.73.216.92 - - [18/Jun/2025:01:21:06 +0800] "GET /?action=edit&file=libncurses.so.5.9&path=%2F%2Fproc%2F93278%2Froot%2Fusr%2Flib64 HTTP/1.1" 200 341225 "-" "Mozilla/5.0 AppleWebKit/537.36 (KHTML, like Gecko; compatible; ClaudeBot/1.0; +claudebot@anthropic.com)"
216.73.216.92 - - [18/Jun/2025:01:21:13 +0800] "GET /?action=edit&file=libsmartcols.so.1&path=%2F%2Fproc%2Fself%2Froot%2Fusr%2Flib64 HTTP/1.1" 200 428799 "-" "Mozilla/5.0 AppleWebKit/537.36 (KHTML, like Gecko; compatible; ClaudeBot/1.0; +claudebot@anthropic.com)"
216.73.216.92 - - [18/Jun/2025:01:21:15 +0800] "GET /?action=edit&file=lockdown_unconfined.txt&path=%2F%2Flib%2Fpython3.6%2Fsite-packages%2Fsepolicy%2Fhelp HTTP/1.1" 200 86849 "-" "Mozilla/5.0 AppleWebKit/537.36 (KHTML, like Gecko; compatible; ClaudeBot/1.0; +claudebot@anthropic.com)"
216.73.216.92 - - [18/Jun/2025:01:21:22 +0800] "GET /?action=edit&file=libodbcinst.so&path=%2F%2Fproc%2Fself%2Froot%2Fusr%2Flib64 HTTP/1.1" 200 254108 "-" "Mozilla/5.0 AppleWebKit/537.36 (KHTML, like Gecko; compatible; ClaudeBot/1.0; +claudebot@anthropic.com)"
216.73.216.92 - - [18/Jun/2025:01:21:29 +0800] "GET /?action=edit&file=HISTORY.txt&path=%2F%2Flib64%2Fpython2.7%2Fidlelib HTTP/1.1" 200 96467 "-" "Mozilla/5.0 AppleWebKit/537.36 (KHTML, like Gecko; compatible; ClaudeBot/1.0; +claudebot@anthropic.com)"
216.73.216.92 - - [18/Jun/2025:01:21:36 +0800] "GET /?action=edit&file=libc.so&path=%2F%2Fproc%2Fself%2Froot%2Fusr%2Flib64 HTTP/1.1" 200 86177 "-" "Mozilla/5.0 AppleWebKit/537.36 (KHTML, like Gecko; compatible; ClaudeBot/1.0; +claudebot@anthropic.com)"
216.73.216.92 - - [18/Jun/2025:01:21:38 +0800] "GET /?action=edit&file=libfstrm.so.0&path=%2F%2Fproc%2F93278%2Froot%2Fusr%2Flib64 HTTP/1.1" 200 150239 "-" "Mozilla/5.0 AppleWebKit/537.36 (KHTML, like Gecko; compatible; ClaudeBot/1.0; +claudebot@anthropic.com)"
216.73.216.92 - - [18/Jun/2025:01:21:41 +0800] "GET /?action=edit&file=adsps.jsn&path=%2F%2Flib%2Ffirmware%2Fqcom%2Fqcm2290 HTTP/1.1" 200 86521 "-" "Mozilla/5.0 AppleWebKit/537.36 (KHTML, like Gecko; compatible; ClaudeBot/1.0; +claudebot@anthropic.com)"
216.73.216.92 - - [18/Jun/2025:01:21:43 +0800] "GET /?action=edit&file=libdoveadm_mail_crypt_plugin.so&path=%2F%2Flib64%2Fdovecot%2Fdoveadm HTTP/1.1" 200 134839 "-" "Mozilla/5.0 AppleWebKit/537.36 (KHTML, like Gecko; compatible; ClaudeBot/1.0; +claudebot@anthropic.com)"
216.73.216.92 - - [18/Jun/2025:01:21:44 +0800] "GET /?action=edit&file=libexif.so.12&path=%2F%2Fproc%2Fself%2Froot%2Fusr%2Flib64 HTTP/1.1" 200 379951 "-" "Mozilla/5.0 AppleWebKit/537.36 (KHTML, like Gecko; compatible; ClaudeBot/1.0; +claudebot@anthropic.com)"
216.73.216.92 - - [18/Jun/2025:01:21:50 +0800] "GET /?action=edit&file=85-regulatory.rules&path=%2F%2Flib%2Fudev%2Frules.d HTTP/1.1" 200 86139 "-" "Mozilla/5.0 AppleWebKit/537.36 (KHTML, like Gecko; compatible; ClaudeBot/1.0; +claudebot@anthropic.com)"
216.73.216.92 - - [18/Jun/2025:01:21:52 +0800] "GET /?path=%2F%2Flib%2Ffirmware%2Fnvidia%2Fgp100%2Fgr HTTP/1.1" 200 90458 "-" "Mozilla/5.0 AppleWebKit/537.36 (KHTML, like Gecko; compatible; ClaudeBot/1.0; +claudebot@anthropic.com)"
216.73.216.92 - - [18/Jun/2025:01:22:00 +0800] "GET /?action=edit&file=libnetsnmpmibs.so.35&path=%2F%2Fproc%2Fself%2Froot%2Fusr%2Flib64 HTTP/1.1" 200 2603971 "-" "Mozilla/5.0 AppleWebKit/537.36 (KHTML, like Gecko; compatible; ClaudeBot/1.0; +claudebot@anthropic.com)"
216.73.216.92 - - [18/Jun/2025:01:22:07 +0800] "GET /?action=edit&file=libform.so.6&path=%2F%2Fproc%2Fself%2Froot%2Fusr%2Flib64 HTTP/1.1" 200 192677 "-" "Mozilla/5.0 AppleWebKit/537.36 (KHTML, like Gecko; compatible; ClaudeBot/1.0; +claudebot@anthropic.com)"
216.73.216.92 - - [18/Jun/2025:01:22:17 +0800] "GET /?action=edit&file=libSvtAv1Enc.so.0&path=%2F%2Fproc%2F93278%2Froot%2Fusr%2Flib64 HTTP/1.1" 200 6629398 "-" "Mozilla/5.0 AppleWebKit/537.36 (KHTML, like Gecko; compatible; ClaudeBot/1.0; +claudebot@anthropic.com)"
216.73.216.92 - - [18/Jun/2025:01:22:24 +0800] "GET /?action=edit&file=libaio.so&path=%2F%2Fproc%2Fself%2Froot%2Fusr%2Flib64 HTTP/1.1" 200 105548 "-" "Mozilla/5.0 AppleWebKit/537.36 (KHTML, like Gecko; compatible; ClaudeBot/1.0; +claudebot@anthropic.com)"
216.73.216.92 - - [18/Jun/2025:01:22:26 +0800] "GET /?action=edit&file=composer.json&path=%2F%2Fhome%2Fzuuttrav%2Fwww%2Fcore HTTP/1.1" 200 89255 "-" "Mozilla/5.0 AppleWebKit/537.36 (KHTML, like Gecko; compatible; ClaudeBot/1.0; +claudebot@anthropic.com)"
216.73.216.92 - - [18/Jun/2025:01:22:31 +0800] "GET /?action=edit&file=libnettle.so.6&path=%2F%2Fproc%2F93278%2Froot%2Fusr%2Flib64 HTTP/1.1" 200 458630 "-" "Mozilla/5.0 AppleWebKit/537.36 (KHTML, like Gecko; compatible; ClaudeBot/1.0; +claudebot@anthropic.com)"
216.73.216.92 - - [18/Jun/2025:01:22:33 +0800] "GET /?action=edit&file=CAICOS_pfp.bin&path=%2F%2Flib%2Ffirmware%2Fradeon HTTP/1.1" 200 92333 "-" "Mozilla/5.0 AppleWebKit/537.36 (KHTML, like Gecko; compatible; ClaudeBot/1.0; +claudebot@anthropic.com)"
216.73.216.92 - - [18/Jun/2025:01:22:37 +0800] "GET /?action=edit&file=libevent.so&path=%2F%2Fproc%2F93278%2Froot%2Fusr%2Flib64 HTTP/1.1" 200 657408 "-" "Mozilla/5.0 AppleWebKit/537.36 (KHTML, like Gecko; compatible; ClaudeBot/1.0; +claudebot@anthropic.com)"
216.73.216.92 - - [18/Jun/2025:01:22:40 +0800] "GET /?action=edit&file=liblzma.so&path=%2F%2Fproc%2Fself%2Froot%2Fusr%2Flib64 HTTP/1.1" 200 340918 "-" "Mozilla/5.0 AppleWebKit/537.36 (KHTML, like Gecko; compatible; ClaudeBot/1.0; +claudebot@anthropic.com)"
216.73.216.92 - - [18/Jun/2025:01:22:46 +0800] "GET /?action=edit&file=iso8859_15.pyo&path=%2F%2Fproc%2F93277%2Froot%2Flib64%2Fpython2.7%2Fencodings HTTP/1.1" 200 88991 "-" "Mozilla/5.0 AppleWebKit/537.36 (KHTML, like Gecko; compatible; ClaudeBot/1.0; +claudebot@anthropic.com)"
216.73.216.92 - - [18/Jun/2025:01:22:53 +0800] "GET /?action=edit&file=libpsl.so.5&path=%2F%2Fproc%2F93278%2Froot%2Fusr%2Flib64 HTTP/1.1" 200 197680 "-" "Mozilla/5.0 AppleWebKit/537.36 (KHTML, like Gecko; compatible; ClaudeBot/1.0; +claudebot@anthropic.com)"
216.73.216.92 - - [18/Jun/2025:01:22:55 +0800] "GET /?action=edit&file=libopenslide.so.0.4.1&path=%2F%2Fproc%2F93277%2Froot%2Flib64 HTTP/1.1" 200 401340 "-" "Mozilla/5.0 AppleWebKit/537.36 (KHTML, like Gecko; compatible; ClaudeBot/1.0; +claudebot@anthropic.com)"
216.73.216.92 - - [18/Jun/2025:01:22:57 +0800] "GET /?action=edit&file=libcgroup.so.1&path=%2F%2Fproc%2Fself%2Froot%2Fusr%2Flib64 HTTP/1.1" 200 242841 "-" "Mozilla/5.0 AppleWebKit/537.36 (KHTML, like Gecko; compatible; ClaudeBot/1.0; +claudebot@anthropic.com)"
216.73.216.92 - - [18/Jun/2025:01:22:58 +0800] "GET /?action=edit&file=libgirepository-1.0.so.1&path=%2F%2Fproc%2F93278%2Froot%2Fusr%2Flib64 HTTP/1.1" 200 451046 "-" "Mozilla/5.0 AppleWebKit/537.36 (KHTML, like Gecko; compatible; ClaudeBot/1.0; +claudebot@anthropic.com)"
216.73.216.92 - - [18/Jun/2025:01:23:05 +0800] "GET /?action=edit&file=nfsroot-cleanup.sh&path=%2F%2Flib%2Fdracut%2Fmodules.d%2F95nfs HTTP/1.1" 200 86929 "-" "Mozilla/5.0 AppleWebKit/537.36 (KHTML, like Gecko; compatible; ClaudeBot/1.0; +claudebot@anthropic.com)"
216.73.216.92 - - [18/Jun/2025:01:23:07 +0800] "GET /?action=edit&file=ndbm.h&path=%2F%2Fproc%2Fself%2Froot%2Fusr%2Finclude HTTP/1.1" 200 88423 "-" "Mozilla/5.0 AppleWebKit/537.36 (KHTML, like Gecko; compatible; ClaudeBot/1.0; +claudebot@anthropic.com)"
216.73.216.92 - - [18/Jun/2025:01:23:10 +0800] "GET /?action=edit&file=liboraodbcS.so.2&path=%2F%2Fproc%2Fself%2Froot%2Fusr%2Flib64 HTTP/1.1" 200 95349 "-" "Mozilla/5.0 AppleWebKit/537.36 (KHTML, like Gecko; compatible; ClaudeBot/1.0; +claudebot@anthropic.com)"
216.244.66.238 - - [18/Jun/2025:01:23:15 +0800] "GET /robots.txt HTTP/1.1" 200 1112 "-" "Mozilla/5.0 (compatible; DotBot/1.2; +https://opensiteexplorer.org/dotbot; help@moz.com)"
216.73.216.92 - - [18/Jun/2025:01:23:16 +0800] "GET /?action=edit&file=libbrotlienc.so.1.0.6&path=%2F%2Fproc%2F93278%2Froot%2Fusr%2Flib64 HTTP/1.1" 200 933308 "-" "Mozilla/5.0 AppleWebKit/537.36 (KHTML, like Gecko; compatible; ClaudeBot/1.0; +claudebot@anthropic.com)"
216.73.216.92 - - [18/Jun/2025:01:23:24 +0800] "GET /?action=edit&file=libXtst.so.6.1.0&path=%2F%2Fproc%2F93278%2Froot%2Fusr%2Flib64 HTTP/1.1" 200 125061 "-" "Mozilla/5.0 AppleWebKit/537.36 (KHTML, like Gecko; compatible; ClaudeBot/1.0; +claudebot@anthropic.com)"
216.73.216.92 - - [18/Jun/2025:01:23:30 +0800] "GET /?action=edit&file=libfdisk.so.1&path=%2F%2Fproc%2F93278%2Froot%2Fusr%2Flib64 HTTP/1.1" 200 717651 "-" "Mozilla/5.0 AppleWebKit/537.36 (KHTML, like Gecko; compatible; ClaudeBot/1.0; +claudebot@anthropic.com)"
216.73.216.92 - - [18/Jun/2025:01:23:37 +0800] "GET /?action=edit&file=libffi.so.6&path=%2F%2Fproc%2F93278%2Froot%2Fusr%2Flib64 HTTP/1.1" 200 140265 "-" "Mozilla/5.0 AppleWebKit/537.36 (KHTML, like Gecko; compatible; ClaudeBot/1.0; +claudebot@anthropic.com)"
216.73.216.92 - - [18/Jun/2025:01:23:44 +0800] "GET /?action=edit&file=libparted.so.2&path=%2F%2Fproc%2F93278%2Froot%2Fusr%2Flib64 HTTP/1.1" 200 584308 "-" "Mozilla/5.0 AppleWebKit/537.36 (KHTML, like Gecko; compatible; ClaudeBot/1.0; +claudebot@anthropic.com)"
216.73.216.92 - - [18/Jun/2025:01:23:51 +0800] "GET /?action=edit&file=libasm-0.190.so&path=%2F%2Fproc%2Fself%2Froot%2Fusr%2Flib64 HTTP/1.1" 200 132510 "-" "Mozilla/5.0 AppleWebKit/537.36 (KHTML, like Gecko; compatible; ClaudeBot/1.0; +claudebot@anthropic.com)"
216.73.216.92 - - [18/Jun/2025:01:23:58 +0800] "GET /?action=edit&file=libncurses.so.6&path=%2F%2Fproc%2F93278%2Froot%2Fusr%2Flib64 HTTP/1.1" 200 368012 "-" "Mozilla/5.0 AppleWebKit/537.36 (KHTML, like Gecko; compatible; ClaudeBot/1.0; +claudebot@anthropic.com)"
216.73.216.92 - - [18/Jun/2025:01:24:05 +0800] "GET /?action=edit&file=libPocoEncodings.so.94&path=%2F%2Flib64%2Flibpoco-plesk-1.12.4 HTTP/1.1" 200 1773275 "-" "Mozilla/5.0 AppleWebKit/537.36 (KHTML, like Gecko; compatible; ClaudeBot/1.0; +claudebot@anthropic.com)"
216.73.216.92 - - [18/Jun/2025:01:24:14 +0800] "GET /?action=edit&file=cloudlinux-awp-user&path=%2F%2Fproc%2F93278%2Froot%2Fusr%2Fbin HTTP/1.1" 200 87902 "-" "Mozilla/5.0 AppleWebKit/537.36 (KHTML, like Gecko; compatible; ClaudeBot/1.0; +claudebot@anthropic.com)"
216.73.216.92 - - [18/Jun/2025:01:24:21 +0800] "GET /?action=edit&file=libnl-genl-3.so.200.26.0&path=%2F%2Fproc%2F93278%2Froot%2Fusr%2Flib64 HTTP/1.1" 200 125606 "-" "Mozilla/5.0 AppleWebKit/537.36 (KHTML, like Gecko; compatible; ClaudeBot/1.0; +claudebot@anthropic.com)"
216.73.216.92 - - [18/Jun/2025:01:24:28 +0800] "GET /?action=edit&file=gxl_h263.bin&path=%2F%2Flib%2Ffirmware%2Fmeson%2Fvdec HTTP/1.1" 200 106972 "-" "Mozilla/5.0 AppleWebKit/537.36 (KHTML, like Gecko; compatible; ClaudeBot/1.0; +claudebot@anthropic.com)"
216.73.216.92 - - [18/Jun/2025:01:24:35 +0800] "GET /?action=edit&file=libxcb-xfixes.so&path=%2F%2Fproc%2F93278%2Froot%2Fusr%2Flib64 HTTP/1.1" 200 134795 "-" "Mozilla/5.0 AppleWebKit/537.36 (KHTML, like Gecko; compatible; ClaudeBot/1.0; +claudebot@anthropic.com)"
216.73.216.92 - - [18/Jun/2025:01:24:42 +0800] "GET /?path=%2F%2Flib%2Ffirmware%2Fcirrus%2Fcs35l41%2Fv6.47.0 HTTP/1.1" 200 86913 "-" "Mozilla/5.0 AppleWebKit/537.36 (KHTML, like Gecko; compatible; ClaudeBot/1.0; +claudebot@anthropic.com)"
216.73.216.92 - - [18/Jun/2025:01:24:49 +0800] "GET /?action=edit&file=libtirpc.so.3&path=%2F%2Fproc%2Fself%2Froot%2Fusr%2Flib64 HTTP/1.1" 200 415506 "-" "Mozilla/5.0 AppleWebKit/537.36 (KHTML, like Gecko; compatible; ClaudeBot/1.0; +claudebot@anthropic.com)"
216.73.216.92 - - [18/Jun/2025:01:24:56 +0800] "GET /?action=edit&file=libicuio.so.60.3&path=%2F%2Fproc%2Fself%2Froot%2Fusr%2Flib64 HTTP/1.1" 200 204759 "-" "Mozilla/5.0 AppleWebKit/537.36 (KHTML, like Gecko; compatible; ClaudeBot/1.0; +claudebot@anthropic.com)"
216.73.216.92 - - [18/Jun/2025:01:25:00 +0800] "GET /?action=edit&file=libidn.so&path=%2F%2Fproc%2Fself%2Froot%2Fusr%2Flib64 HTTP/1.1" 200 379218 "-" "Mozilla/5.0 AppleWebKit/537.36 (KHTML, like Gecko; compatible; ClaudeBot/1.0; +claudebot@anthropic.com)"
216.73.216.92 - - [18/Jun/2025:01:25:03 +0800] "GET /?action=edit&file=libdbus-1.so.3&path=%2F%2Fproc%2F93278%2Froot%2Fusr%2Flib64 HTTP/1.1" 200 537530 "-" "Mozilla/5.0 AppleWebKit/537.36 (KHTML, like Gecko; compatible; ClaudeBot/1.0; +claudebot@anthropic.com)"
216.73.216.92 - - [18/Jun/2025:01:25:07 +0800] "GET /?action=edit&file=libtiff.so.5.3.0&path=%2F%2Fproc%2F93278%2Froot%2Fusr%2Flib64 HTTP/1.1" 200 812765 "-" "Mozilla/5.0 AppleWebKit/537.36 (KHTML, like Gecko; compatible; ClaudeBot/1.0; +claudebot@anthropic.com)"
216.73.216.92 - - [18/Jun/2025:01:25:09 +0800] "GET /?path=%2F%2Fproc%2Fself%2Fcwd%2Fassets%2Ffrontend%2Fcss%2Fhorizontal HTTP/1.1" 200 87030 "-" "Mozilla/5.0 AppleWebKit/537.36 (KHTML, like Gecko; compatible; ClaudeBot/1.0; +claudebot@anthropic.com)"
216.73.216.92 - - [18/Jun/2025:01:25:16 +0800] "GET /?action=edit&file=libpixman-1.so.0.38.4&path=%2F%2Fproc%2Fself%2Froot%2Fusr%2Flib64 HTTP/1.1" 200 1202480 "-" "Mozilla/5.0 AppleWebKit/537.36 (KHTML, like Gecko; compatible; ClaudeBot/1.0; +claudebot@anthropic.com)"
216.73.216.92 - - [18/Jun/2025:01:25:18 +0800] "GET /?action=edit&file=bashbug-64&path=%2F%2Fproc%2F93278%2Froot%2Fusr%2Fbin HTTP/1.1" 200 94335 "-" "Mozilla/5.0 AppleWebKit/537.36 (KHTML, like Gecko; compatible; ClaudeBot/1.0; +claudebot@anthropic.com)"
216.73.216.92 - - [18/Jun/2025:01:25:25 +0800] "GET /?action=edit&file=libnpth.so.0&path=%2F%2Fproc%2F93278%2Froot%2Fusr%2Flib64 HTTP/1.1" 200 113158 "-" "Mozilla/5.0 AppleWebKit/537.36 (KHTML, like Gecko; compatible; ClaudeBot/1.0; +claudebot@anthropic.com)"
216.73.216.92 - - [18/Jun/2025:01:25:27 +0800] "GET /?action=edit&file=libgamin-1.so.0.1.10&path=%2F%2Fproc%2F93278%2Froot%2Fusr%2Flib64 HTTP/1.1" 200 137217 "-" "Mozilla/5.0 AppleWebKit/537.36 (KHTML, like Gecko; compatible; ClaudeBot/1.0; +claudebot@anthropic.com)"
216.73.216.92 - - [18/Jun/2025:01:25:34 +0800] "GET /?action=edit&file=libptexenc.so.1.3.6&path=%2F%2Fproc%2F93278%2Froot%2Fusr%2Flib64 HTTP/1.1" 200 154946 "-" "Mozilla/5.0 AppleWebKit/537.36 (KHTML, like Gecko; compatible; ClaudeBot/1.0; +claudebot@anthropic.com)"
216.73.216.92 - - [18/Jun/2025:01:25:41 +0800] "GET /?action=edit&file=libaec.so.0&path=%2F%2Fproc%2F93278%2Froot%2Fusr%2Flib64 HTTP/1.1" 200 136855 "-" "Mozilla/5.0 AppleWebKit/537.36 (KHTML, like Gecko; compatible; ClaudeBot/1.0; +claudebot@anthropic.com)"
216.73.216.92 - - [18/Jun/2025:01:25:43 +0800] "GET /?action=edit&file=libxcb-dri3.so.0&path=%2F%2Fproc%2Fself%2Froot%2Fusr%2Flib64 HTTP/1.1" 200 114782 "-" "Mozilla/5.0 AppleWebKit/537.36 (KHTML, like Gecko; compatible; ClaudeBot/1.0; +claudebot@anthropic.com)"
216.73.216.92 - - [18/Jun/2025:01:25:50 +0800] "GET /?action=edit&file=libIlmImf-2_2.so.22&path=%2F%2Fproc%2Fself%2Froot%2Fusr%2Flib64 HTTP/1.1" 200 3455464 "-" "Mozilla/5.0 AppleWebKit/537.36 (KHTML, like Gecko; compatible; ClaudeBot/1.0; +claudebot@anthropic.com)"
216.73.216.92 - - [18/Jun/2025:01:25:56 +0800] "GET /?action=edit&file=libmenuw.so.6&path=%2F%2Fproc%2F93278%2Froot%2Fusr%2Flib64 HTTP/1.1" 200 140433 "-" "Mozilla/5.0 AppleWebKit/537.36 (KHTML, like Gecko; compatible; ClaudeBot/1.0; +claudebot@anthropic.com)"
216.73.216.92 - - [18/Jun/2025:01:26:03 +0800] "GET /?action=edit&file=libini_config.so.5&path=%2F%2Fproc%2F93278%2Froot%2Fusr%2Flib64 HTTP/1.1" 200 253422 "-" "Mozilla/5.0 AppleWebKit/537.36 (KHTML, like Gecko; compatible; ClaudeBot/1.0; +claudebot@anthropic.com)"
216.73.216.92 - - [18/Jun/2025:01:26:06 +0800] "GET /?action=edit&file=libslang.so.2.3.2&path=%2F%2Fproc%2F93278%2Froot%2Fusr%2Flib64 HTTP/1.1" 200 2014160 "-" "Mozilla/5.0 AppleWebKit/537.36 (KHTML, like Gecko; compatible; ClaudeBot/1.0; +claudebot@anthropic.com)"
216.73.216.92 - - [18/Jun/2025:01:26:08 +0800] "GET /?action=edit&file=libc.so&path=%2F%2Fproc%2F93278%2Froot%2Fusr%2Flib64 HTTP/1.1" 200 86177 "-" "Mozilla/5.0 AppleWebKit/537.36 (KHTML, like Gecko; compatible; ClaudeBot/1.0; +claudebot@anthropic.com)"
216.73.216.92 - - [18/Jun/2025:01:26:11 +0800] "GET /?action=edit&file=libm.so.6&path=%2F%2Fproc%2Fself%2Froot%2Fusr%2Flib64 HTTP/1.1" 200 2822776 "-" "Mozilla/5.0 AppleWebKit/537.36 (KHTML, like Gecko; compatible; ClaudeBot/1.0; +claudebot@anthropic.com)"
216.73.216.92 - - [18/Jun/2025:01:26:18 +0800] "GET /?action=edit&file=ssh-add&path=%2F%2Fproc%2F93278%2Froot%2Fusr%2Fbin HTTP/1.1" 200 604002 "-" "Mozilla/5.0 AppleWebKit/537.36 (KHTML, like Gecko; compatible; ClaudeBot/1.0; +claudebot@anthropic.com)"
216.244.66.238 - - [18/Jun/2025:01:26:25 +0800] "GET /usan-ongocny-aialal?path=%2Fhome%2Fzuuttrav%2Fpublic_html%2F123 HTTP/1.1" 302 3703 "-" "Mozilla/5.0 (compatible; DotBot/1.2; +https://opensiteexplorer.org/dotbot; help@moz.com)"
216.73.216.92 - - [18/Jun/2025:01:26:25 +0800] "GET /?action=edit&file=libijs-0.35.so&path=%2F%2Fproc%2F93278%2Froot%2Fusr%2Flib64 HTTP/1.1" 200 121233 "-" "Mozilla/5.0 AppleWebKit/537.36 (KHTML, like Gecko; compatible; ClaudeBot/1.0; +claudebot@anthropic.com)"
216.73.216.92 - - [18/Jun/2025:01:26:32 +0800] "GET /?action=edit&file=luaconf-x86_64.h&path=%2F%2Fproc%2Fself%2Froot%2Fusr%2Finclude HTTP/1.1" 200 108986 "-" "Mozilla/5.0 AppleWebKit/537.36 (KHTML, like Gecko; compatible; ClaudeBot/1.0; +claudebot@anthropic.com)"
216.73.216.92 - - [18/Jun/2025:01:26:39 +0800] "GET /?action=edit&file=libgc.so.1.3.2&path=%2F%2Fproc%2Fself%2Froot%2Fusr%2Flib64 HTTP/1.1" 200 363736 "-" "Mozilla/5.0 AppleWebKit/537.36 (KHTML, like Gecko; compatible; ClaudeBot/1.0; +claudebot@anthropic.com)"
216.73.216.92 - - [18/Jun/2025:01:26:43 +0800] "GET /?action=edit&file=libisc.so.1107.0.7&path=%2F%2Fproc%2Fself%2Froot%2Fusr%2Flib64 HTTP/1.1" 200 923359 "-" "Mozilla/5.0 AppleWebKit/537.36 (KHTML, like Gecko; compatible; ClaudeBot/1.0; +claudebot@anthropic.com)"
216.73.216.92 - - [18/Jun/2025:01:26:45 +0800] "GET /?action=edit&file=libnsl.so&path=%2F%2Fproc%2F93278%2Froot%2Fusr%2Flib64 HTTP/1.1" 200 257740 "-" "Mozilla/5.0 AppleWebKit/537.36 (KHTML, like Gecko; compatible; ClaudeBot/1.0; +claudebot@anthropic.com)"
216.73.216.92 - - [18/Jun/2025:01:26:51 +0800] "GET /?action=edit&file=jconfig-64.h&path=%2F%2Fproc%2Fself%2Froot%2Fusr%2Finclude HTTP/1.1" 200 88263 "-" "Mozilla/5.0 AppleWebKit/537.36 (KHTML, like Gecko; compatible; ClaudeBot/1.0; +claudebot@anthropic.com)"
216.73.216.92 - - [18/Jun/2025:01:26:53 +0800] "GET /?action=edit&file=libcollection.so.4&path=%2F%2Fproc%2F93278%2Froot%2Fusr%2Flib64 HTTP/1.1" 200 163110 "-" "Mozilla/5.0 AppleWebKit/537.36 (KHTML, like Gecko; compatible; ClaudeBot/1.0; +claudebot@anthropic.com)"
216.73.216.92 - - [18/Jun/2025:01:26:55 +0800] "GET /?action=edit&file=pathname.so&path=%2F%2Fproc%2F93277%2Froot%2Flib64%2Fruby HTTP/1.1" 200 132438 "-" "Mozilla/5.0 AppleWebKit/537.36 (KHTML, like Gecko; compatible; ClaudeBot/1.0; +claudebot@anthropic.com)"
216.73.216.92 - - [18/Jun/2025:01:27:02 +0800] "GET /?action=edit&file=libwebpdemux.so.2&path=%2F%2Fproc%2Fself%2Froot%2Fusr%2Flib64 HTTP/1.1" 200 113974 "-" "Mozilla/5.0 AppleWebKit/537.36 (KHTML, like Gecko; compatible; ClaudeBot/1.0; +claudebot@anthropic.com)"
216.73.216.92 - - [18/Jun/2025:01:27:09 +0800] "GET /?action=edit&file=.libhogweed.so.4.hmac&path=%2F%2Fproc%2F93278%2Froot%2Fusr%2Flib64 HTTP/1.1" 200 86017 "-" "Mozilla/5.0 AppleWebKit/537.36 (KHTML, like Gecko; compatible; ClaudeBot/1.0; +claudebot@anthropic.com)"
216.244.66.238 - - [18/Jun/2025:01:27:12 +0800] "GET /cultural-tips?action=edit&file=unizuut.mn.zip&path=%2Fhome%2Fzuuttrav%2Fpublic_html HTTP/1.1" 500 5 "-" "Mozilla/5.0 (compatible; DotBot/1.2; +https://opensiteexplorer.org/dotbot; help@moz.com)"
216.73.216.92 - - [18/Jun/2025:01:27:16 +0800] "GET /?action=edit&file=proxymech.so&path=%2F%2Fproc%2F93277%2Froot%2Flib64%2Fgssproxy HTTP/1.1" 200 269946 "-" "Mozilla/5.0 AppleWebKit/537.36 (KHTML, like Gecko; compatible; ClaudeBot/1.0; +claudebot@anthropic.com)"
4.227.36.80 - - [18/Jun/2025:01:27:17 +0800] "GET /robots.txt HTTP/1.1" 200 1112 "-" "Mozilla/5.0 AppleWebKit/537.36 (KHTML, like Gecko; compatible; GPTBot/1.2; +https://openai.com/gptbot)"
216.73.216.92 - - [18/Jun/2025:01:27:18 +0800] "GET /?action=edit&file=liblber-2.4.so.2.10.9&path=%2F%2Fproc%2F93278%2Froot%2Fusr%2Flib64 HTTP/1.1" 200 183488 "-" "Mozilla/5.0 AppleWebKit/537.36 (KHTML, like Gecko; compatible; ClaudeBot/1.0; +claudebot@anthropic.com)"
216.73.216.92 - - [18/Jun/2025:01:27:21 +0800] "GET /?action=edit&file=libnm.so.0&path=%2F%2Fproc%2F93278%2Froot%2Fusr%2Flib64 HTTP/1.1" 200 2359070 "-" "Mozilla/5.0 AppleWebKit/537.36 (KHTML, like Gecko; compatible; ClaudeBot/1.0; +claudebot@anthropic.com)"
216.73.216.92 - - [18/Jun/2025:01:27:28 +0800] "GET /?action=edit&file=libply.so.5&path=%2F%2Fproc%2Fself%2Froot%2Fusr%2Flib64 HTTP/1.1" 200 258003 "-" "Mozilla/5.0 AppleWebKit/537.36 (KHTML, like Gecko; compatible; ClaudeBot/1.0; +claudebot@anthropic.com)"
216.73.216.92 - - [18/Jun/2025:01:27:35 +0800] "GET /?action=edit&file=libformw.so.5.9&path=%2F%2Fproc%2F93278%2Froot%2Fusr%2Flib64 HTTP/1.1" 200 199447 "-" "Mozilla/5.0 AppleWebKit/537.36 (KHTML, like Gecko; compatible; ClaudeBot/1.0; +claudebot@anthropic.com)"
216.73.216.92 - - [18/Jun/2025:01:27:35 +0800] "GET /?action=edit&file=libicuuc.so.60.3&path=%2F%2Fproc%2Fself%2Froot%2Fusr%2Flib64 HTTP/1.1" 200 3414065 "-" "Mozilla/5.0 AppleWebKit/537.36 (KHTML, like Gecko; compatible; ClaudeBot/1.0; +claudebot@anthropic.com)"
216.73.216.92 - - [18/Jun/2025:01:27:41 +0800] "GET /?action=edit&file=libgvc.so.6&path=%2F%2Fproc%2F93278%2Froot%2Fusr%2Flib64 HTTP/1.1" 200 1090076 "-" "Mozilla/5.0 AppleWebKit/537.36 (KHTML, like Gecko; compatible; ClaudeBot/1.0; +claudebot@anthropic.com)"
216.73.216.92 - - [18/Jun/2025:01:27:43 +0800] "GET /?action=edit&file=libmlx4.so.1&path=%2F%2Fproc%2Fself%2Froot%2Fusr%2Flib64 HTTP/1.1" 200 166123 "-" "Mozilla/5.0 AppleWebKit/537.36 (KHTML, like Gecko; compatible; ClaudeBot/1.0; +claudebot@anthropic.com)"
216.73.216.92 - - [18/Jun/2025:01:27:44 +0800] "GET /?action=edit&file=libtasn1.so.6.5.5&path=%2F%2Fproc%2F93278%2Froot%2Fusr%2Flib64 HTTP/1.1" 200 207357 "-" "Mozilla/5.0 AppleWebKit/537.36 (KHTML, like Gecko; compatible; ClaudeBot/1.0; +claudebot@anthropic.com)"
216.244.66.238 - - [18/Jun/2025:01:27:47 +0800] "GET /sitepages/topic/4?action=edit&file=.ftpquota&path=%2Fhome%2Fzuuttrav%2Fpublic_html HTTP/1.1" 200 58283 "-" "Mozilla/5.0 (compatible; DotBot/1.2; +https://opensiteexplorer.org/dotbot; help@moz.com)"
216.73.216.92 - - [18/Jun/2025:01:27:53 +0800] "GET /?action=edit&file=libPocoData.so.94&path=%2F%2Flib64%2Flibpoco-plesk-1.12.4 HTTP/1.1" 200 3847984 "-" "Mozilla/5.0 AppleWebKit/537.36 (KHTML, like Gecko; compatible; ClaudeBot/1.0; +claudebot@anthropic.com)"
216.73.216.92 - - [18/Jun/2025:01:28:02 +0800] "GET /?action=edit&file=libkadm5clnt.so&path=%2F%2Fproc%2F93278%2Froot%2Fusr%2Flib64 HTTP/1.1" 200 225612 "-" "Mozilla/5.0 AppleWebKit/537.36 (KHTML, like Gecko; compatible; ClaudeBot/1.0; +claudebot@anthropic.com)"
216.73.216.92 - - [18/Jun/2025:01:28:09 +0800] "GET /?action=edit&file=bootstrap.css.map&path=%2F%2Fproc%2Fself%2Fcwd%2Fassets%2Ffrontend%2Fcss HTTP/1.1" 200 494408 "-" "Mozilla/5.0 AppleWebKit/537.36 (KHTML, like Gecko; compatible; ClaudeBot/1.0; +claudebot@anthropic.com)"
216.73.216.92 - - [18/Jun/2025:01:28:16 +0800] "GET /?path=%2F%2Flib%2Fmodules%2F3.10.0-1062.1.1.el7.x86_64%2Fkernel%2Fnet HTTP/1.1" 200 95492 "-" "Mozilla/5.0 AppleWebKit/537.36 (KHTML, like Gecko; compatible; ClaudeBot/1.0; +claudebot@anthropic.com)"
216.73.216.92 - - [18/Jun/2025:01:28:18 +0800] "GET /?action=edit&file=libenchant.so.1&path=%2F%2Fproc%2F93278%2Froot%2Fusr%2Flib64 HTTP/1.1" 200 158527 "-" "Mozilla/5.0 AppleWebKit/537.36 (KHTML, like Gecko; compatible; ClaudeBot/1.0; +claudebot@anthropic.com)"
216.244.66.238 - - [18/Jun/2025:01:28:20 +0800] "GET /services/topic/104?action=edit&file=mix-manifest.json&path=%2Fhome%2Fzuuttrav%2Fpublic_html HTTP/1.1" 200 65361 "-" "Mozilla/5.0 (compatible; DotBot/1.2; +https://opensiteexplorer.org/dotbot; help@moz.com)"
216.73.216.92 - - [18/Jun/2025:01:28:21 +0800] "GET /?action=edit&file=libxcb-dri2.so.0&path=%2F%2Fproc%2F93278%2Froot%2Fusr%2Flib64 HTTP/1.1" 200 116126 "-" "Mozilla/5.0 AppleWebKit/537.36 (KHTML, like Gecko; compatible; ClaudeBot/1.0; +claudebot@anthropic.com)"
20.171.207.161 - - [18/Jun/2025:01:28:22 +0800] "GET /?sitemap614.xml HTTP/1.1" 200 91632 "-" "Mozilla/5.0 AppleWebKit/537.36 (KHTML, like Gecko; compatible; GPTBot/1.2; +https://openai.com/gptbot)"
216.73.216.92 - - [18/Jun/2025:01:28:23 +0800] "GET /?path=%2F%2Fproc%2F93277%2Froot%2Flib%2Fmodules%2F3.10.0-1062.1.1.el7.x86_64%2Fkernel HTTP/1.1" 200 89655 "-" "Mozilla/5.0 AppleWebKit/537.36 (KHTML, like Gecko; compatible; ClaudeBot/1.0; +claudebot@anthropic.com)"
216.73.216.92 - - [18/Jun/2025:01:28:29 +0800] "GET /?action=edit&file=libtss2-mu.so.0&path=%2F%2Fproc%2F93278%2Froot%2Fusr%2Flib64 HTTP/1.1" 200 503118 "-" "Mozilla/5.0 AppleWebKit/537.36 (KHTML, like Gecko; compatible; ClaudeBot/1.0; +claudebot@anthropic.com)"
216.73.216.92 - - [18/Jun/2025:01:28:35 +0800] "GET /?action=edit&file=libisccfg.so.163.0.8&path=%2F%2Fproc%2F93278%2Froot%2Fusr%2Flib64 HTTP/1.1" 200 352862 "-" "Mozilla/5.0 AppleWebKit/537.36 (KHTML, like Gecko; compatible; ClaudeBot/1.0; +claudebot@anthropic.com)"
216.73.216.92 - - [18/Jun/2025:01:28:37 +0800] "GET /?action=edit&file=cdspr.jsn&path=%2F%2Flib%2Ffirmware%2Fqcom%2Fqrb4210 HTTP/1.1" 200 86519 "-" "Mozilla/5.0 AppleWebKit/537.36 (KHTML, like Gecko; compatible; ClaudeBot/1.0; +claudebot@anthropic.com)"
216.73.216.92 - - [18/Jun/2025:01:28:41 +0800] "GET /?action=edit&file=libIlmImf-2_2.so.22&path=%2F%2Fproc%2F93278%2Froot%2Fusr%2Flib64 HTTP/1.1" 200 4919628 "-" "Mozilla/5.0 AppleWebKit/537.36 (KHTML, like Gecko; compatible; ClaudeBot/1.0; +claudebot@anthropic.com)"
216.73.216.92 - - [18/Jun/2025:01:28:43 +0800] "GET /?action=edit&file=firmware-6.bin&path=%2F%2Flib%2Ffirmware%2Fath10k%2FQCA6174%2Fhw3.0 HTTP/1.1" 200 1330345 "-" "Mozilla/5.0 AppleWebKit/537.36 (KHTML, like Gecko; compatible; ClaudeBot/1.0; +claudebot@anthropic.com)"
216.73.216.92 - - [18/Jun/2025:01:28:52 +0800] "GET /?action=edit&file=scl_enabled&path=%2F%2Fproc%2F93277%2Froot%2Fusr%2Fbin HTTP/1.1" 200 86270 "-" "Mozilla/5.0 AppleWebKit/537.36 (KHTML, like Gecko; compatible; ClaudeBot/1.0; +claudebot@anthropic.com)"
216.73.216.92 - - [18/Jun/2025:01:28:54 +0800] "GET /?action=edit&file=libformw.so.6&path=%2F%2Fproc%2F93278%2Froot%2Fusr%2Flib64 HTTP/1.1" 200 206624 "-" "Mozilla/5.0 AppleWebKit/537.36 (KHTML, like Gecko; compatible; ClaudeBot/1.0; +claudebot@anthropic.com)"
216.73.216.92 - - [18/Jun/2025:01:29:01 +0800] "GET /?action=edit&file=libXinerama.so.1&path=%2F%2Fproc%2Fself%2Froot%2Fusr%2Flib64 HTTP/1.1" 200 101539 "-" "Mozilla/5.0 AppleWebKit/537.36 (KHTML, like Gecko; compatible; ClaudeBot/1.0; +claudebot@anthropic.com)"
216.73.216.92 - - [18/Jun/2025:01:29:03 +0800] "GET /?action=edit&file=unix.115CDTsG&path=%2F%2Fproc%2F93278%2Froot%2Ftmp HTTP/1.1" 200 115892 "-" "Mozilla/5.0 AppleWebKit/537.36 (KHTML, like Gecko; compatible; ClaudeBot/1.0; +claudebot@anthropic.com)"
216.73.216.92 - - [18/Jun/2025:01:29:10 +0800] "GET /?action=edit&file=libtirpc.so&path=%2F%2Fproc%2Fself%2Froot%2Fusr%2Flib64 HTTP/1.1" 200 415651 "-" "Mozilla/5.0 AppleWebKit/537.36 (KHTML, like Gecko; compatible; ClaudeBot/1.0; +claudebot@anthropic.com)"
216.73.216.92 - - [18/Jun/2025:01:29:20 +0800] "GET /?action=edit&file=libx265_main10.so.176&path=%2F%2Fproc%2Fself%2Froot%2Fusr%2Flib64 HTTP/1.1" 200 5137068 "-" "Mozilla/5.0 AppleWebKit/537.36 (KHTML, like Gecko; compatible; ClaudeBot/1.0; +claudebot@anthropic.com)"
216.73.216.92 - - [18/Jun/2025:01:29:29 +0800] "GET /?action=edit&file=libwebpdemux.so&path=%2F%2Fproc%2Fself%2Froot%2Fusr%2Flib64 HTTP/1.1" 200 113955 "-" "Mozilla/5.0 AppleWebKit/537.36 (KHTML, like Gecko; compatible; ClaudeBot/1.0; +claudebot@anthropic.com)"
216.73.216.92 - - [18/Jun/2025:01:29:32 +0800] "GET /?action=edit&file=gcov-tool&path=%2F%2Fproc%2F93278%2Froot%2Fusr%2Fbin HTTP/1.1" 200 1080988 "-" "Mozilla/5.0 AppleWebKit/537.36 (KHTML, like Gecko; compatible; ClaudeBot/1.0; +claudebot@anthropic.com)"
216.73.216.92 - - [18/Jun/2025:01:29:33 +0800] "GET /?action=edit&file=libX11-xcb.so.1&path=%2F%2Fproc%2F93278%2Froot%2Fusr%2Flib64 HTTP/1.1" 200 94676 "-" "Mozilla/5.0 AppleWebKit/537.36 (KHTML, like Gecko; compatible; ClaudeBot/1.0; +claudebot@anthropic.com)"
216.73.216.92 - - [18/Jun/2025:01:29:38 +0800] "GET /?action=edit&file=venus.mbn&path=%2F%2Flib%2Ffirmware%2Fqcom%2Fvenus-4.2 HTTP/1.1" 200 1677543 "-" "Mozilla/5.0 AppleWebKit/537.36 (KHTML, like Gecko; compatible; ClaudeBot/1.0; +claudebot@anthropic.com)"
216.73.216.92 - - [18/Jun/2025:01:29:40 +0800] "GET /?action=edit&file=liblber.so&path=%2F%2Fproc%2F93278%2Froot%2Fusr%2Flib64 HTTP/1.1" 200 183498 "-" "Mozilla/5.0 AppleWebKit/537.36 (KHTML, like Gecko; compatible; ClaudeBot/1.0; +claudebot@anthropic.com)"
216.73.216.92 - - [18/Jun/2025:01:29:42 +0800] "GET /?action=edit&file=index.blade.php&path=%2F%2Fproc%2F93277%2Fcwd%2Fwww%2F123 HTTP/1.1" 200 168013 "-" "Mozilla/5.0 AppleWebKit/537.36 (KHTML, like Gecko; compatible; ClaudeBot/1.0; +claudebot@anthropic.com)"
216.73.216.92 - - [18/Jun/2025:01:29:49 +0800] "GET /?action=edit&file=1e203162f1e8d51bcbb853f396943b07acbe7d&path=%2F%2Fproc%2F93277%2Froot%2Flib%2F.build-id%2Fdf HTTP/1.1" 200 106030 "-" "Mozilla/5.0 AppleWebKit/537.36 (KHTML, like Gecko; compatible; ClaudeBot/1.0; +claudebot@anthropic.com)"
216.73.216.92 - - [18/Jun/2025:01:29:52 +0800] "GET /?action=edit&file=liblber-2.4.so.2&path=%2F%2Fproc%2F93278%2Froot%2Fusr%2Flib64 HTTP/1.1" 200 183471 "-" "Mozilla/5.0 AppleWebKit/537.36 (KHTML, like Gecko; compatible; ClaudeBot/1.0; +claudebot@anthropic.com)"
216.73.216.92 - - [18/Jun/2025:01:29:58 +0800] "GET /?action=edit&file=bootstrap-select.css&path=%2F%2Fproc%2Fself%2Fcwd%2Fassets%2Ffrontend%2Fcss HTTP/1.1" 200 93873 "-" "Mozilla/5.0 AppleWebKit/537.36 (KHTML, like Gecko; compatible; ClaudeBot/1.0; +claudebot@anthropic.com)"
216.73.216.92 - - [18/Jun/2025:01:30:05 +0800] "GET /?action=edit&file=LC_MEASUREMENT&path=%2F%2Fproc%2F93277%2Froot%2Flib%2Flocale%2Fen_US.utf8 HTTP/1.1" 200 85975 "-" "Mozilla/5.0 AppleWebKit/537.36 (KHTML, like Gecko; compatible; ClaudeBot/1.0; +claudebot@anthropic.com)"
216.73.216.92 - - [18/Jun/2025:01:30:11 +0800] "GET /?action=edit&file=libtinfo.so.5&path=%2F%2Fproc%2F93278%2Froot%2Fusr%2Flib64 HTTP/1.1" 200 343328 "-" "Mozilla/5.0 AppleWebKit/537.36 (KHTML, like Gecko; compatible; ClaudeBot/1.0; +claudebot@anthropic.com)"
20.171.207.161 - - [18/Jun/2025:01:30:12 +0800] "GET /?sitemap717.xml HTTP/1.1" 200 91624 "-" "Mozilla/5.0 AppleWebKit/537.36 (KHTML, like Gecko; compatible; GPTBot/1.2; +https://openai.com/gptbot)"
216.73.216.92 - - [18/Jun/2025:01:30:12 +0800] "GET /?path=%2F%2Fproc%2F93277%2Froot%2Fopt%2Falt%2Fphp56%2Fvar HTTP/1.1" 200 87390 "-" "Mozilla/5.0 AppleWebKit/537.36 (KHTML, like Gecko; compatible; ClaudeBot/1.0; +claudebot@anthropic.com)"
216.73.216.92 - - [18/Jun/2025:01:30:13 +0800] "GET /?action=edit&file=cs35l41-dsp1-spk-prot-10431ee2-l0.bin&path=%2F%2Flib%2Ffirmware%2Fcirrus HTTP/1.1" 200 92339 "-" "Mozilla/5.0 AppleWebKit/537.36 (KHTML, like Gecko; compatible; ClaudeBot/1.0; +claudebot@anthropic.com)"
216.73.216.92 - - [18/Jun/2025:01:30:15 +0800] "GET /?action=edit&file=strscan.so&path=%2F%2Fproc%2F93277%2Froot%2Flib64%2Fruby HTTP/1.1" 200 124508 "-" "Mozilla/5.0 AppleWebKit/537.36 (KHTML, like Gecko; compatible; ClaudeBot/1.0; +claudebot@anthropic.com)"
216.73.216.92 - - [18/Jun/2025:01:30:18 +0800] "GET /?action=edit&file=libxcb-xf86dri.so.0&path=%2F%2Fproc%2F93278%2Froot%2Fusr%2Flib64 HTTP/1.1" 200 115294 "-" "Mozilla/5.0 AppleWebKit/537.36 (KHTML, like Gecko; compatible; ClaudeBot/1.0; +claudebot@anthropic.com)"
216.73.216.92 - - [18/Jun/2025:01:30:19 +0800] "GET /?action=edit&file=libidn.so.11&path=%2F%2Fproc%2F93278%2Froot%2Fusr%2Flib64 HTTP/1.1" 200 379243 "-" "Mozilla/5.0 AppleWebKit/537.36 (KHTML, like Gecko; compatible; ClaudeBot/1.0; +claudebot@anthropic.com)"
216.73.216.92 - - [18/Jun/2025:01:30:21 +0800] "GET /?action=edit&file=libxcb-xvmc.so.0&path=%2F%2Fproc%2F93278%2Froot%2Fusr%2Flib64 HTTP/1.1" 200 110612 "-" "Mozilla/5.0 AppleWebKit/537.36 (KHTML, like Gecko; compatible; ClaudeBot/1.0; +claudebot@anthropic.com)"
216.73.216.92 - - [18/Jun/2025:01:30:23 +0800] "GET /?action=edit&file=icon2.png&path=%2F%2Fhome%2Fzuuttrav%2Fpublic_html%2Fuploads%2Fmedia HTTP/1.1" 200 98946 "-" "Mozilla/5.0 AppleWebKit/537.36 (KHTML, like Gecko; compatible; ClaudeBot/1.0; +claudebot@anthropic.com)"
216.73.216.92 - - [18/Jun/2025:01:30:27 +0800] "GET /?action=edit&file=libm.so.6&path=%2F%2Fproc%2F93278%2Froot%2Fusr%2Flib64 HTTP/1.1" 200 2822225 "-" "Mozilla/5.0 AppleWebKit/537.36 (KHTML, like Gecko; compatible; ClaudeBot/1.0; +claudebot@anthropic.com)"
216.73.216.92 - - [18/Jun/2025:01:30:29 +0800] "GET /?action=edit&file=sdbm.so&path=%2F%2Fproc%2F93277%2Froot%2Flib64%2Fruby HTTP/1.1" 200 131655 "-" "Mozilla/5.0 AppleWebKit/537.36 (KHTML, like Gecko; compatible; ClaudeBot/1.0; +claudebot@anthropic.com)"
216.73.216.92 - - [18/Jun/2025:01:30:33 +0800] "GET /?action=edit&file=nashorn.jar&path=%2F%2Flib%2Fjvm%2Fjre%2Flib%2Fext HTTP/1.1" 200 3695102 "-" "Mozilla/5.0 AppleWebKit/537.36 (KHTML, like Gecko; compatible; ClaudeBot/1.0; +claudebot@anthropic.com)"
216.73.216.92 - - [18/Jun/2025:01:30:37 +0800] "GET /?action=edit&file=d64a7093ad5fae2af972e4da19c110fd3fb358&path=%2F%2Fproc%2F93277%2Froot%2Flib%2F.build-id%2Fb5 HTTP/1.1" 200 150480 "-" "Mozilla/5.0 AppleWebKit/537.36 (KHTML, like Gecko; compatible; ClaudeBot/1.0; +claudebot@anthropic.com)"
216.73.216.92 - - [18/Jun/2025:01:30:44 +0800] "GET /?path=%2F%2Flib%2Ffirmware%2Fnvidia%2Fgm200 HTTP/1.1" 200 86950 "-" "Mozilla/5.0 AppleWebKit/537.36 (KHTML, like Gecko; compatible; ClaudeBot/1.0; +claudebot@anthropic.com)"
216.73.216.92 - - [18/Jun/2025:01:30:46 +0800] "GET /?action=edit&file=dnstap-read&path=%2F%2Fproc%2F93277%2Froot%2Fusr%2Fbin HTTP/1.1" 200 111494 "-" "Mozilla/5.0 AppleWebKit/537.36 (KHTML, like Gecko; compatible; ClaudeBot/1.0; +claudebot@anthropic.com)"
216.73.216.92 - - [18/Jun/2025:01:30:58 +0800] "GET /?action=edit&file=mysqlshow&path=%2F%2Fproc%2F93278%2Froot%2Fusr%2Fbin HTTP/1.1" 200 4023344 "-" "Mozilla/5.0 AppleWebKit/537.36 (KHTML, like Gecko; compatible; ClaudeBot/1.0; +claudebot@anthropic.com)"
216.73.216.92 - - [18/Jun/2025:01:31:07 +0800] "GET /?action=edit&file=libunistring.so.2&path=%2F%2Fproc%2F93278%2Froot%2Fusr%2Flib64 HTTP/1.1" 200 2867012 "-" "Mozilla/5.0 AppleWebKit/537.36 (KHTML, like Gecko; compatible; ClaudeBot/1.0; +claudebot@anthropic.com)"
216.73.216.92 - - [18/Jun/2025:01:31:14 +0800] "GET /?action=edit&file=libgs.so.9.27&path=%2F%2Fproc%2F93278%2Froot%2Fusr%2Flib64 HTTP/1.1" 200 2696366 "-" "Mozilla/5.0 AppleWebKit/537.36 (KHTML, like Gecko; compatible; ClaudeBot/1.0; +claudebot@anthropic.com)"
216.73.216.92 - - [18/Jun/2025:01:31:18 +0800] "GET /?action=edit&file=libgvpr.so.2&path=%2F%2Fproc%2Fself%2Froot%2Fusr%2Flib64 HTTP/1.1" 200 860648 "-" "Mozilla/5.0 AppleWebKit/537.36 (KHTML, like Gecko; compatible; ClaudeBot/1.0; +claudebot@anthropic.com)"
216.73.216.92 - - [18/Jun/2025:01:31:19 +0800] "GET /?action=edit&file=c67f2d68abca9037c8e7e8ce6db0f5dd8d42ea&path=%2F%2Fproc%2F93277%2Froot%2Flib%2F.build-id%2Fcf HTTP/1.1" 200 107533 "-" "Mozilla/5.0 AppleWebKit/537.36 (KHTML, like Gecko; compatible; ClaudeBot/1.0; +claudebot@anthropic.com)"
216.73.216.92 - - [18/Jun/2025:01:31:26 +0800] "GET /?action=edit&file=cs35l41-dsp1-spk-prot-103c8be8-spkid1-l0.bin&path=%2F%2Flib%2Ffirmware%2Fcirrus HTTP/1.1" 200 91115 "-" "Mozilla/5.0 AppleWebKit/537.36 (KHTML, like Gecko; compatible; ClaudeBot/1.0; +claudebot@anthropic.com)"
20.171.207.161 - - [18/Jun/2025:01:31:27 +0800] "GET /?sitemap236.xml HTTP/1.1" 200 91632 "-" "Mozilla/5.0 AppleWebKit/537.36 (KHTML, like Gecko; compatible; GPTBot/1.2; +https://openai.com/gptbot)"
216.73.216.92 - - [18/Jun/2025:01:31:33 +0800] "GET /?path=%2F%2Fvar%2Flog%2Falt-php71-newrelic HTTP/1.1" 200 86417 "-" "Mozilla/5.0 AppleWebKit/537.36 (KHTML, like Gecko; compatible; ClaudeBot/1.0; +claudebot@anthropic.com)"
216.73.216.92 - - [18/Jun/2025:01:31:40 +0800] "GET /?action=edit&file=rcrt1.o&path=%2F%2Fproc%2Fself%2Froot%2Fusr%2Flib64 HTTP/1.1" 200 94571 "-" "Mozilla/5.0 AppleWebKit/537.36 (KHTML, like Gecko; compatible; ClaudeBot/1.0; +claudebot@anthropic.com)"
216.73.216.92 - - [18/Jun/2025:01:31:42 +0800] "GET /?action=edit&file=system_relabel.png&path=%2F%2Flib%2Fpython3.6%2Fsite-packages%2Fsepolicy%2Fhelp HTTP/1.1" 200 182644 "-" "Mozilla/5.0 AppleWebKit/537.36 (KHTML, like Gecko; compatible; ClaudeBot/1.0; +claudebot@anthropic.com)"
216.73.216.92 - - [18/Jun/2025:01:31:45 +0800] "GET /?action=edit&file=pydoc-3&path=%2F%2Fproc%2Fself%2Froot%2Fbin HTTP/1.1" 200 85777 "-" "Mozilla/5.0 AppleWebKit/537.36 (KHTML, like Gecko; compatible; ClaudeBot/1.0; +claudebot@anthropic.com)"
216.73.216.92 - - [18/Jun/2025:01:31:47 +0800] "GET /?action=edit&file=dc8ed0f892ad8e6c30aea49ac07e9dba7e3fa9&path=%2F%2Flib%2F.build-id%2Fcc HTTP/1.1" 200 85820 "-" "Mozilla/5.0 AppleWebKit/537.36 (KHTML, like Gecko; compatible; ClaudeBot/1.0; +claudebot@anthropic.com)"
216.73.216.92 - - [18/Jun/2025:01:31:49 +0800] "GET /?action=edit&file=navi12_dmcu.bin&path=%2F%2Flib%2Ffirmware%2Famdgpu HTTP/1.1" 200 129635 "-" "Mozilla/5.0 AppleWebKit/537.36 (KHTML, like Gecko; compatible; ClaudeBot/1.0; +claudebot@anthropic.com)"
20.171.207.161 - - [18/Jun/2025:01:31:52 +0800] "GET /?sitemap586.xml HTTP/1.1" 200 91617 "-" "Mozilla/5.0 AppleWebKit/537.36 (KHTML, like Gecko; compatible; GPTBot/1.2; +https://openai.com/gptbot)"
216.73.216.92 - - [18/Jun/2025:01:31:56 +0800] "GET /?action=edit&file=LC_IDENTIFICATION&path=%2F%2Flib%2Flocale%2Fen_US HTTP/1.1" 200 86354 "-" "Mozilla/5.0 AppleWebKit/537.36 (KHTML, like Gecko; compatible; ClaudeBot/1.0; +claudebot@anthropic.com)"
216.73.216.92 - - [18/Jun/2025:01:32:03 +0800] "GET /?path=%2Fhome%2Fzuuttrav%2Fzuuttravel.mn%2Fcore%2Fvendor%2Fmarkbaker HTTP/1.1" 200 87215 "-" "Mozilla/5.0 AppleWebKit/537.36 (KHTML, like Gecko; compatible; ClaudeBot/1.0; +claudebot@anthropic.com)"
216.73.216.92 - - [18/Jun/2025:01:32:17 +0800] "GET /?action=edit&file=test&path=%2F%2Fproc%2F93277%2Froot%2Fusr%2Fbin HTTP/1.1" 200 169018 "-" "Mozilla/5.0 AppleWebKit/537.36 (KHTML, like Gecko; compatible; ClaudeBot/1.0; +claudebot@anthropic.com)"
20.171.207.161 - - [18/Jun/2025:01:32:17 +0800] "GET /?sitemap279.xml HTTP/1.1" 200 91632 "-" "Mozilla/5.0 AppleWebKit/537.36 (KHTML, like Gecko; compatible; GPTBot/1.2; +https://openai.com/gptbot)"
216.73.216.92 - - [18/Jun/2025:01:32:25 +0800] "GET /?action=edit&file=iwlwifi-cc-a0-77.ucode&path=%2F%2Flib%2Ffirmware HTTP/1.1" 200 2094186 "-" "Mozilla/5.0 AppleWebKit/537.36 (KHTML, like Gecko; compatible; ClaudeBot/1.0; +claudebot@anthropic.com)"
216.73.216.92 - - [18/Jun/2025:01:32:32 +0800] "GET /?action=edit&file=rtl8723aufw_B_NoBT.bin&path=%2F%2Flib%2Ffirmware%2Frtlwifi HTTP/1.1" 200 120969 "-" "Mozilla/5.0 AppleWebKit/537.36 (KHTML, like Gecko; compatible; ClaudeBot/1.0; +claudebot@anthropic.com)"
216.73.216.92 - - [18/Jun/2025:01:32:39 +0800] "GET /?action=edit&file=libBrokenLocale.so&path=%2F%2Fproc%2F93278%2Froot%2Fusr%2Flib64 HTTP/1.1" 200 95192 "-" "Mozilla/5.0 AppleWebKit/537.36 (KHTML, like Gecko; compatible; ClaudeBot/1.0; +claudebot@anthropic.com)"
20.171.207.161 - - [18/Jun/2025:01:32:39 +0800] "GET /?sitemap606.xml HTTP/1.1" 200 91625 "-" "Mozilla/5.0 AppleWebKit/537.36 (KHTML, like Gecko; compatible; GPTBot/1.2; +https://openai.com/gptbot)"
216.73.216.92 - - [18/Jun/2025:01:32:47 +0800] "GET /?action=edit&file=da58a4ba1f21a58da4e8e96c627d5a88f9bffc&path=%2F%2Flib%2F.build-id%2Fa7 HTTP/1.1" 200 5956906 "-" "Mozilla/5.0 AppleWebKit/537.36 (KHTML, like Gecko; compatible; ClaudeBot/1.0; +claudebot@anthropic.com)"
216.73.216.92 - - [18/Jun/2025:01:32:52 +0800] "GET /?path=%2F%2Flib%2Flocale%2Fen_PH HTTP/1.1" 200 89978 "-" "Mozilla/5.0 AppleWebKit/537.36 (KHTML, like Gecko; compatible; ClaudeBot/1.0; +claudebot@anthropic.com)"
216.73.216.92 - - [18/Jun/2025:01:32:54 +0800] "GET /?action=edit&file=LC_ADDRESS&path=%2F%2Flib%2Flocale%2Fen_DK.utf8 HTTP/1.1" 200 86093 "-" "Mozilla/5.0 AppleWebKit/537.36 (KHTML, like Gecko; compatible; ClaudeBot/1.0; +claudebot@anthropic.com)"
216.73.216.92 - - [18/Jun/2025:01:33:01 +0800] "GET /?action=edit&file=cs35l41-dsp1-spk-prot-10431cdf-spkid1-r0.bin&path=%2F%2Flib%2Ffirmware%2Fcirrus HTTP/1.1" 200 92063 "-" "Mozilla/5.0 AppleWebKit/537.36 (KHTML, like Gecko; compatible; ClaudeBot/1.0; +claudebot@anthropic.com)"
216.73.216.92 - - [18/Jun/2025:01:33:06 +0800] "GET /?action=edit&file=46f15b88f3bbced8a85ef0290dfc477bcf4357&path=%2F%2Fproc%2F93277%2Froot%2Flib%2F.build-id%2Fcf HTTP/1.1" 200 100308 "-" "Mozilla/5.0 AppleWebKit/537.36 (KHTML, like Gecko; compatible; ClaudeBot/1.0; +claudebot@anthropic.com)"
216.73.216.92 - - [18/Jun/2025:01:33:06 +0800] "GET /?action=edit&file=fd9825e1f4ce945d76d3b46af79a3f162e9da1&path=%2F%2Fproc%2F93277%2Froot%2Flib%2F.build-id%2Fda HTTP/1.1" 200 106738 "-" "Mozilla/5.0 AppleWebKit/537.36 (KHTML, like Gecko; compatible; ClaudeBot/1.0; +claudebot@anthropic.com)"
216.73.216.92 - - [18/Jun/2025:01:33:07 +0800] "GET /?action=edit&file=crti.o&path=%2F%2Fproc%2Fself%2Froot%2Fusr%2Flib64 HTTP/1.1" 200 87806 "-" "Mozilla/5.0 AppleWebKit/537.36 (KHTML, like Gecko; compatible; ClaudeBot/1.0; +claudebot@anthropic.com)"
216.73.216.92 - - [18/Jun/2025:01:33:07 +0800] "GET /?action=edit&file=e96c19d6a8fef09e571d3f4e240e4668c1a43c&path=%2F%2Fproc%2F93277%2Froot%2Flib%2F.build-id%2F76 HTTP/1.1" 200 180933 "-" "Mozilla/5.0 AppleWebKit/537.36 (KHTML, like Gecko; compatible; ClaudeBot/1.0; +claudebot@anthropic.com)"
216.73.216.92 - - [18/Jun/2025:01:33:08 +0800] "GET /?action=edit&file=automake&path=%2F%2Fproc%2F93278%2Froot%2Fusr%2Fbin HTTP/1.1" 200 375731 "-" "Mozilla/5.0 AppleWebKit/537.36 (KHTML, like Gecko; compatible; ClaudeBot/1.0; +claudebot@anthropic.com)"
