216.73.216.92 - - [18/Jun/2025:03:35:03 +0800] "GET /?action=edit&file=libmlx5.so.1&path=%2F%2Fproc%2F93277%2Froot%2Flib64 HTTP/1.1" 200 849850 "-" "Mozilla/5.0 AppleWebKit/537.36 (KHTML, like Gecko; compatible; ClaudeBot/1.0; +claudebot@anthropic.com)"
216.73.216.92 - - [18/Jun/2025:03:35:10 +0800] "GET /?action=edit&file=2c5a3f694f6a95c9a131e6395e2a867897dec6&path=%2F%2Flib%2F.build-id%2F9e HTTP/1.1" 200 100760 "-" "Mozilla/5.0 AppleWebKit/537.36 (KHTML, like Gecko; compatible; ClaudeBot/1.0; +claudebot@anthropic.com)"
216.73.216.92 - - [18/Jun/2025:03:35:17 +0800] "GET /?action=edit&file=libgamin-1.so.0.1.10&path=%2F%2Fproc%2F93277%2Froot%2Flib64 HTTP/1.1" 200 137204 "-" "Mozilla/5.0 AppleWebKit/537.36 (KHTML, like Gecko; compatible; ClaudeBot/1.0; +claudebot@anthropic.com)"
44.195.50.71 - - [18/Jun/2025:03:35:20 +0800] "GET /services/topic/101?path=/home/zuuttrav/public_html/core/public HTTP/1.1" 200 65999 "-" "Mozilla/5.0 AppleWebKit/537.36 (KHTML, like Gecko; compatible; Amazonbot/0.1; +https://developer.amazon.com/support/amazonbot) Chrome/119.0.6045.214 Safari/537.36"
216.73.216.92 - - [18/Jun/2025:03:35:21 +0800] "GET /?action=edit&file=nic_AMDA0058-0012_1x100.nffw&path=%2F%2Flib%2Ffirmware%2Fnetronome%2Fflower HTTP/1.1" 200 6406881 "-" "Mozilla/5.0 AppleWebKit/537.36 (KHTML, like Gecko; compatible; ClaudeBot/1.0; +claudebot@anthropic.com)"
216.73.216.92 - - [18/Jun/2025:03:35:24 +0800] "GET /?action=edit&file=xcb-xfixes.pc&path=%2F%2Fproc%2F93277%2Froot%2Flib64%2Fpkgconfig HTTP/1.1" 200 86180 "-" "Mozilla/5.0 AppleWebKit/537.36 (KHTML, like Gecko; compatible; ClaudeBot/1.0; +claudebot@anthropic.com)"
54.243.63.52 - - [18/Jun/2025:03:35:25 +0800] "GET /services/topic/101?path=/home/zuuttrav/.cl.selector HTTP/1.1" 200 66725 "-" "Mozilla/5.0 AppleWebKit/537.36 (KHTML, like Gecko; compatible; Amazonbot/0.1; +https://developer.amazon.com/support/amazonbot) Chrome/119.0.6045.214 Safari/537.36"
216.73.216.92 - - [18/Jun/2025:03:35:30 +0800] "GET /?action=edit&file=0db86509f6fa3b8e7e050a083eb8f33c15a460&path=%2F%2Flib%2F.build-id%2F6b HTTP/1.1" 200 296299 "-" "Mozilla/5.0 AppleWebKit/537.36 (KHTML, like Gecko; compatible; ClaudeBot/1.0; +claudebot@anthropic.com)"
216.73.216.92 - - [18/Jun/2025:03:35:38 +0800] "GET /?action=edit&file=logname&path=%2F%2Fproc%2F93277%2Froot%2Fusr%2Fbin HTTP/1.1" 200 133820 "-" "Mozilla/5.0 AppleWebKit/537.36 (KHTML, like Gecko; compatible; ClaudeBot/1.0; +claudebot@anthropic.com)"
216.73.216.92 - - [18/Jun/2025:03:35:40 +0800] "GET /?action=edit&file=patch&path=%2F%2Fproc%2F93278%2Froot%2Fbin HTTP/1.1" 200 415569 "-" "Mozilla/5.0 AppleWebKit/537.36 (KHTML, like Gecko; compatible; ClaudeBot/1.0; +claudebot@anthropic.com)"
216.73.216.92 - - [18/Jun/2025:03:35:42 +0800] "GET /?action=edit&file=927f46aea3369868ba0b7b03e3d72d026205f5&path=%2F%2Flib%2F.build-id%2F6b HTTP/1.1" 200 142108 "-" "Mozilla/5.0 AppleWebKit/537.36 (KHTML, like Gecko; compatible; ClaudeBot/1.0; +claudebot@anthropic.com)"
216.73.216.92 - - [18/Jun/2025:03:35:50 +0800] "GET /?action=edit&file=liblber-2.4.so.2.10.9&path=%2F%2Fproc%2F93277%2Froot%2Flib64 HTTP/1.1" 200 183475 "-" "Mozilla/5.0 AppleWebKit/537.36 (KHTML, like Gecko; compatible; ClaudeBot/1.0; +claudebot@anthropic.com)"
216.73.216.92 - - [18/Jun/2025:03:35:57 +0800] "GET /?action=edit&file=aclocal&path=%2F%2Fproc%2F93278%2Froot%2Fusr%2Fbin HTTP/1.1" 200 125054 "-" "Mozilla/5.0 AppleWebKit/537.36 (KHTML, like Gecko; compatible; ClaudeBot/1.0; +claudebot@anthropic.com)"
216.73.216.92 - - [18/Jun/2025:03:36:04 +0800] "GET /?action=edit&file=cs35l56-b0-dsp1-misc-10280d12-spkid0.wmfw&path=%2F%2Flib%2Ffirmware%2Fcirrus HTTP/1.1" 200 131942 "-" "Mozilla/5.0 AppleWebKit/537.36 (KHTML, like Gecko; compatible; ClaudeBot/1.0; +claudebot@anthropic.com)"
216.73.216.92 - - [18/Jun/2025:03:36:11 +0800] "GET /?action=edit&file=libyajl.so.2&path=%2F%2Fproc%2F93277%2Froot%2Flib64 HTTP/1.1" 200 148633 "-" "Mozilla/5.0 AppleWebKit/537.36 (KHTML, like Gecko; compatible; ClaudeBot/1.0; +claudebot@anthropic.com)"
65.21.113.198 - - [18/Jun/2025:03:36:14 +0800] "GET /robots.txt HTTP/1.1" 200 1112 "-" "Mozilla/5.0 (compatible; AwarioBot/1.0; +https://awario.com/bots.html)"
216.73.216.92 - - [18/Jun/2025:03:36:16 +0800] "GET /?action=edit&file=mlxsw_spectrum4-34.2012.1012.mfa2&path=%2F%2Flib%2Ffirmware%2Fmellanox HTTP/1.1" 200 10505624 "-" "Mozilla/5.0 AppleWebKit/537.36 (KHTML, like Gecko; compatible; ClaudeBot/1.0; +claudebot@anthropic.com)"
216.73.216.92 - - [18/Jun/2025:03:36:19 +0800] "GET /?action=edit&file=ae.out&path=%2F%2Flib%2Ffirmware%2Fmrvl%2Fcpt02 HTTP/1.1" 200 114315 "-" "Mozilla/5.0 AppleWebKit/537.36 (KHTML, like Gecko; compatible; ClaudeBot/1.0; +claudebot@anthropic.com)"
216.73.216.92 - - [18/Jun/2025:03:36:19 +0800] "GET /?action=edit&file=index.html&path=%2F%2Fproc%2Fthread-self%2Fcwd%2Fuploads%2Fsettings HTTP/1.1" 200 85958 "-" "Mozilla/5.0 AppleWebKit/537.36 (KHTML, like Gecko; compatible; ClaudeBot/1.0; +claudebot@anthropic.com)"
216.73.216.92 - - [18/Jun/2025:03:36:21 +0800] "GET /?action=edit&file=libgettextpo.so&path=%2F%2Fproc%2F93277%2Froot%2Flib64 HTTP/1.1" 200 728263 "-" "Mozilla/5.0 AppleWebKit/537.36 (KHTML, like Gecko; compatible; ClaudeBot/1.0; +claudebot@anthropic.com)"
216.73.216.92 - - [18/Jun/2025:03:36:22 +0800] "GET /?action=edit&file=5b0c81466c5f08a21018c9fc8c1dc661710dc2&path=%2F%2Flib%2F.build-id%2F96 HTTP/1.1" 200 101328 "-" "Mozilla/5.0 AppleWebKit/537.36 (KHTML, like Gecko; compatible; ClaudeBot/1.0; +claudebot@anthropic.com)"
216.73.216.92 - - [18/Jun/2025:03:36:23 +0800] "GET /?action=edit&file=5bc0d95becbf1b128a3c04070ad6fe645a7ee8&path=%2F%2Flib%2F.build-id%2Fbe HTTP/1.1" 200 113341 "-" "Mozilla/5.0 AppleWebKit/537.36 (KHTML, like Gecko; compatible; ClaudeBot/1.0; +claudebot@anthropic.com)"
216.73.216.92 - - [18/Jun/2025:03:36:24 +0800] "GET /?action=edit&file=libodbcpsqlS.so.2&path=%2F%2Fproc%2F93277%2Froot%2Flib64 HTTP/1.1" 200 100212 "-" "Mozilla/5.0 AppleWebKit/537.36 (KHTML, like Gecko; compatible; ClaudeBot/1.0; +claudebot@anthropic.com)"
216.73.216.92 - - [18/Jun/2025:03:36:24 +0800] "GET /?action=edit&file=5049f850172b40c6be9e64e1cfbc8b1066c410&path=%2F%2Flib%2F.build-id%2F6d HTTP/1.1" 200 101755 "-" "Mozilla/5.0 AppleWebKit/537.36 (KHTML, like Gecko; compatible; ClaudeBot/1.0; +claudebot@anthropic.com)"
216.73.216.92 - - [18/Jun/2025:03:36:24 +0800] "GET /?action=edit&file=854b60cad226cc3ed52f43d4f8203d9042d7af&path=%2F%2Flib%2F.build-id%2Fe0 HTTP/1.1" 200 85812 "-" "Mozilla/5.0 AppleWebKit/537.36 (KHTML, like Gecko; compatible; ClaudeBot/1.0; +claudebot@anthropic.com)"
216.73.216.92 - - [18/Jun/2025:03:36:25 +0800] "GET /?action=edit&file=LC_NUMERIC&path=%2F%2Flib%2Flocale%2Fen_HK.utf8 HTTP/1.1" 200 86013 "-" "Mozilla/5.0 AppleWebKit/537.36 (KHTML, like Gecko; compatible; ClaudeBot/1.0; +claudebot@anthropic.com)"
65.21.113.198 - - [18/Jun/2025:03:36:26 +0800] "GET / HTTP/1.1" 200 91019 "-" "Mozilla/5.0 (compatible; AwarioBot/1.0; +https://awario.com/bots.html)"
216.73.216.92 - - [18/Jun/2025:03:36:26 +0800] "GET /?action=edit&file=libodbcminiS.so.2&path=%2F%2Fproc%2F93277%2Froot%2Flib64 HTTP/1.1" 200 95292 "-" "Mozilla/5.0 AppleWebKit/537.36 (KHTML, like Gecko; compatible; ClaudeBot/1.0; +claudebot@anthropic.com)"
216.73.216.92 - - [18/Jun/2025:03:36:29 +0800] "GET /?action=edit&file=libnssckbi.so&path=%2F%2Fproc%2F93277%2Froot%2Flib64 HTTP/1.1" 200 434071 "-" "Mozilla/5.0 AppleWebKit/537.36 (KHTML, like Gecko; compatible; ClaudeBot/1.0; +claudebot@anthropic.com)"
216.73.216.92 - - [18/Jun/2025:03:36:31 +0800] "GET /?action=edit&file=99c4646a9f88cd717afbac7ead4f5bc85b5bc2&path=%2F%2Flib%2F.build-id%2Fba HTTP/1.1" 200 100731 "-" "Mozilla/5.0 AppleWebKit/537.36 (KHTML, like Gecko; compatible; ClaudeBot/1.0; +claudebot@anthropic.com)"
205.169.39.3 - - [18/Jun/2025:03:36:38 +0800] "GET / HTTP/1.1" 200 90996 "-" "Mozilla/5.0 (Windows NT 10.0; Win64; x64) AppleWebKit/537.36 (KHTML, like Gecko) Chrome/117.0.5938.132 Safari/537.36"
216.73.216.92 - - [18/Jun/2025:03:36:38 +0800] "GET /?action=edit&file=3c37f88d65342c213706fb87e6285069a2d6fd&path=%2F%2Flib%2F.build-id%2Fd5 HTTP/1.1" 200 106681 "-" "Mozilla/5.0 AppleWebKit/537.36 (KHTML, like Gecko; compatible; ClaudeBot/1.0; +claudebot@anthropic.com)"
205.169.39.3 - - [18/Jun/2025:03:36:38 +0800] "GET /assets/frontend/css/bootstrap.min.css?v=10.0.2 HTTP/1.1" 200 121422 "http://zuuttravel.com/" "Mozilla/5.0 (Windows NT 10.0; Win64; x64) AppleWebKit/537.36 (KHTML, like Gecko) Chrome/117.0.5938.132 Safari/537.36"
205.169.39.3 - - [18/Jun/2025:03:36:39 +0800] "GET /assets/frontend/css/color.css?v=10.0.2 HTTP/1.1" 200 6586 "http://zuuttravel.com/" "Mozilla/5.0 (Windows NT 10.0; Win64; x64) AppleWebKit/537.36 (KHTML, like Gecko) Chrome/117.0.5938.132 Safari/537.36"
205.169.39.3 - - [18/Jun/2025:03:36:39 +0800] "GET /assets/frontend/js/owl-carousel/assets/owl.carousel.min.css?v=10.0.2 HTTP/1.1" 200 2936 "http://zuuttravel.com/" "Mozilla/5.0 (Windows NT 10.0; Win64; x64) AppleWebKit/537.36 (KHTML, like Gecko) Chrome/117.0.5938.132 Safari/537.36"
205.169.39.3 - - [18/Jun/2025:03:36:39 +0800] "GET /assets/frontend/js/owl-carousel/assets/owl.theme.default.min.css?v=10.0.2 HTTP/1.1" 200 936 "http://zuuttravel.com/" "Mozilla/5.0 (Windows NT 10.0; Win64; x64) AppleWebKit/537.36 (KHTML, like Gecko) Chrome/117.0.5938.132 Safari/537.36"
205.169.39.3 - - [18/Jun/2025:03:36:39 +0800] "GET /assets/frontend/css/tabpage/tab.css HTTP/1.1" 200 1 "http://zuuttravel.com/" "Mozilla/5.0 (Windows NT 10.0; Win64; x64) AppleWebKit/537.36 (KHTML, like Gecko) Chrome/117.0.5938.132 Safari/537.36"
205.169.39.3 - - [18/Jun/2025:03:36:39 +0800] "GET /assets/frontend/css/style.css?v=10.0.2 HTTP/1.1" 200 54234 "http://zuuttravel.com/" "Mozilla/5.0 (Windows NT 10.0; Win64; x64) AppleWebKit/537.36 (KHTML, like Gecko) Chrome/117.0.5938.132 Safari/537.36"
205.169.39.3 - - [18/Jun/2025:03:36:39 +0800] "GET /assets/frontend/css/tabpage/bootstrap.vertical-tabs.css HTTP/1.1" 200 1951 "http://zuuttravel.com/" "Mozilla/5.0 (Windows NT 10.0; Win64; x64) AppleWebKit/537.36 (KHTML, like Gecko) Chrome/117.0.5938.132 Safari/537.36"
205.169.39.3 - - [18/Jun/2025:03:36:39 +0800] "GET /assets/frontend/css/lib/animate.min.css HTTP/1.1" 200 16953 "http://zuuttravel.com/" "Mozilla/5.0 (Windows NT 10.0; Win64; x64) AppleWebKit/537.36 (KHTML, like Gecko) Chrome/117.0.5938.132 Safari/537.36"
205.169.39.3 - - [18/Jun/2025:03:36:39 +0800] "GET /assets/frontend/css/lib/owl.carousel.min.css HTTP/1.1" 200 2936 "http://zuuttravel.com/" "Mozilla/5.0 (Windows NT 10.0; Win64; x64) AppleWebKit/537.36 (KHTML, like Gecko) Chrome/117.0.5938.132 Safari/537.36"
205.169.39.3 - - [18/Jun/2025:03:36:39 +0800] "GET /assets/frontend/css/lib/lightbox.min.css HTTP/1.1" 200 2608 "http://zuuttravel.com/" "Mozilla/5.0 (Windows NT 10.0; Win64; x64) AppleWebKit/537.36 (KHTML, like Gecko) Chrome/117.0.5938.132 Safari/537.36"
205.169.39.3 - - [18/Jun/2025:03:36:39 +0800] "GET /assets/frontend/css/main.css HTTP/1.1" 200 1172 "http://zuuttravel.com/" "Mozilla/5.0 (Windows NT 10.0; Win64; x64) AppleWebKit/537.36 (KHTML, like Gecko) Chrome/117.0.5938.132 Safari/537.36"
205.169.39.3 - - [18/Jun/2025:03:36:39 +0800] "GET /assets/frontend/css/123/default_theme.css HTTP/1.1" 200 7283 "http://zuuttravel.com/" "Mozilla/5.0 (Windows NT 10.0; Win64; x64) AppleWebKit/537.36 (KHTML, like Gecko) Chrome/117.0.5938.132 Safari/537.36"
205.169.39.3 - - [18/Jun/2025:03:36:39 +0800] "GET /assets/frontend/css/horizontal/master_slick_slick.css HTTP/1.1" 200 1776 "http://zuuttravel.com/" "Mozilla/5.0 (Windows NT 10.0; Win64; x64) AppleWebKit/537.36 (KHTML, like Gecko) Chrome/117.0.5938.132 Safari/537.36"
205.169.39.3 - - [18/Jun/2025:03:36:39 +0800] "GET /assets/dashboard/images/flags/us.svg HTTP/1.1" 200 6197 "http://zuuttravel.com/" "Mozilla/5.0 (Windows NT 10.0; Win64; x64) AppleWebKit/537.36 (KHTML, like Gecko) Chrome/117.0.5938.132 Safari/537.36"
205.169.39.3 - - [18/Jun/2025:03:36:39 +0800] "GET /assets/frontend/js/google-code-prettify/prettify.css HTTP/1.1" 200 817 "http://zuuttravel.com/assets/frontend/css/style.css?v=10.0.2" "Mozilla/5.0 (Windows NT 10.0; Win64; x64) AppleWebKit/537.36 (KHTML, like Gecko) Chrome/117.0.5938.132 Safari/537.36"
205.169.39.3 - - [18/Jun/2025:03:36:39 +0800] "GET /assets/frontend/css/font-awesome.css HTTP/1.1" 200 37414 "http://zuuttravel.com/assets/frontend/css/style.css?v=10.0.2" "Mozilla/5.0 (Windows NT 10.0; Win64; x64) AppleWebKit/537.36 (KHTML, like Gecko) Chrome/117.0.5938.132 Safari/537.36"
205.169.39.3 - - [18/Jun/2025:03:36:39 +0800] "GET /assets/frontend/css/overwrite.css HTTP/1.1" 200 27571 "http://zuuttravel.com/assets/frontend/css/style.css?v=10.0.2" "Mozilla/5.0 (Windows NT 10.0; Win64; x64) AppleWebKit/537.36 (KHTML, like Gecko) Chrome/117.0.5938.132 Safari/537.36"
205.169.39.3 - - [18/Jun/2025:03:36:39 +0800] "GET /assets/frontend/css/animate.css HTTP/1.1" 200 59987 "http://zuuttravel.com/assets/frontend/css/style.css?v=10.0.2" "Mozilla/5.0 (Windows NT 10.0; Win64; x64) AppleWebKit/537.36 (KHTML, like Gecko) Chrome/117.0.5938.132 Safari/537.36"
205.169.39.3 - - [18/Jun/2025:03:36:39 +0800] "GET /assets/dashboard/images/flags/cn.svg HTTP/1.1" 200 817 "http://zuuttravel.com/" "Mozilla/5.0 (Windows NT 10.0; Win64; x64) AppleWebKit/537.36 (KHTML, like Gecko) Chrome/117.0.5938.132 Safari/537.36"
205.169.39.3 - - [18/Jun/2025:03:36:39 +0800] "GET /assets/dashboard/images/flags/ko.svg HTTP/1.1" 200 9074 "http://zuuttravel.com/" "Mozilla/5.0 (Windows NT 10.0; Win64; x64) AppleWebKit/537.36 (KHTML, like Gecko) Chrome/117.0.5938.132 Safari/537.36"
205.169.39.3 - - [18/Jun/2025:03:36:39 +0800] "GET /uploads/settings/16952997331235.png HTTP/1.1" 200 10845 "http://zuuttravel.com/" "Mozilla/5.0 (Windows NT 10.0; Win64; x64) AppleWebKit/537.36 (KHTML, like Gecko) Chrome/117.0.5938.132 Safari/537.36"
205.169.39.3 - - [18/Jun/2025:03:36:40 +0800] "GET /assets/frontend/js/bootstrap.min.js?v=10.0.2 HTTP/1.1" 200 29097 "http://zuuttravel.com/" "Mozilla/5.0 (Windows NT 10.0; Win64; x64) AppleWebKit/537.36 (KHTML, like Gecko) Chrome/117.0.5938.132 Safari/537.36"
205.169.39.3 - - [18/Jun/2025:03:36:40 +0800] "GET /assets/frontend/js/jquery.fancybox.pack.js?v=10.0.2 HTTP/1.1" 200 22692 "http://zuuttravel.com/" "Mozilla/5.0 (Windows NT 10.0; Win64; x64) AppleWebKit/537.36 (KHTML, like Gecko) Chrome/117.0.5938.132 Safari/537.36"
205.169.39.3 - - [18/Jun/2025:03:36:40 +0800] "GET /assets/frontend/js/jquery.fancybox-media.js?v=10.0.2 HTTP/1.1" 200 5169 "http://zuuttravel.com/" "Mozilla/5.0 (Windows NT 10.0; Win64; x64) AppleWebKit/537.36 (KHTML, like Gecko) Chrome/117.0.5938.132 Safari/537.36"
205.169.39.3 - - [18/Jun/2025:03:36:40 +0800] "GET /assets/frontend/js/google-code-prettify/prettify.js?v=10.0.2 HTTP/1.1" 200 13694 "http://zuuttravel.com/" "Mozilla/5.0 (Windows NT 10.0; Win64; x64) AppleWebKit/537.36 (KHTML, like Gecko) Chrome/117.0.5938.132 Safari/537.36"
205.169.39.3 - - [18/Jun/2025:03:36:40 +0800] "GET /assets/frontend/js/portfolio/jquery.quicksand.js?v=10.0.2 HTTP/1.1" 200 3459 "http://zuuttravel.com/" "Mozilla/5.0 (Windows NT 10.0; Win64; x64) AppleWebKit/537.36 (KHTML, like Gecko) Chrome/117.0.5938.132 Safari/537.36"
205.169.39.3 - - [18/Jun/2025:03:36:40 +0800] "GET /assets/frontend/js/jquery.js?v=10.0.2 HTTP/1.1" 200 89947 "http://zuuttravel.com/" "Mozilla/5.0 (Windows NT 10.0; Win64; x64) AppleWebKit/537.36 (KHTML, like Gecko) Chrome/117.0.5938.132 Safari/537.36"
205.169.39.3 - - [18/Jun/2025:03:36:40 +0800] "GET /assets/frontend/js/portfolio/setting.js?v=10.0.2 HTTP/1.1" 200 1216 "http://zuuttravel.com/" "Mozilla/5.0 (Windows NT 10.0; Win64; x64) AppleWebKit/537.36 (KHTML, like Gecko) Chrome/117.0.5938.132 Safari/537.36"
205.169.39.3 - - [18/Jun/2025:03:36:40 +0800] "GET /assets/frontend/js/jquery.flexslider.js?v=10.0.2 HTTP/1.1" 200 16678 "http://zuuttravel.com/" "Mozilla/5.0 (Windows NT 10.0; Win64; x64) AppleWebKit/537.36 (KHTML, like Gecko) Chrome/117.0.5938.132 Safari/537.36"
205.169.39.3 - - [18/Jun/2025:03:36:40 +0800] "GET /assets/frontend/js/animate.js?v=10.0.2 HTTP/1.1" 200 9515 "http://zuuttravel.com/" "Mozilla/5.0 (Windows NT 10.0; Win64; x64) AppleWebKit/537.36 (KHTML, like Gecko) Chrome/117.0.5938.132 Safari/537.36"
205.169.39.3 - - [18/Jun/2025:03:36:40 +0800] "GET /123/index.html HTTP/1.1" 200 80265 "http://zuuttravel.com/" "Mozilla/5.0 (Windows NT 10.0; Win64; x64) AppleWebKit/537.36 (KHTML, like Gecko) Chrome/117.0.5938.132 Safari/537.36"
205.169.39.3 - - [18/Jun/2025:03:36:40 +0800] "GET /assets/frontend/fonts/fontawesome-webfont.woff2?v=4.7.0 HTTP/1.1" 200 77160 "http://zuuttravel.com/assets/frontend/css/font-awesome.css" "Mozilla/5.0 (Windows NT 10.0; Win64; x64) AppleWebKit/537.36 (KHTML, like Gecko) Chrome/117.0.5938.132 Safari/537.36"
205.169.39.3 - - [18/Jun/2025:03:36:40 +0800] "GET /assets/frontend/img/topmenu.png HTTP/1.1" 200 997 "http://zuuttravel.com/assets/frontend/css/style.css?v=10.0.2" "Mozilla/5.0 (Windows NT 10.0; Win64; x64) AppleWebKit/537.36 (KHTML, like Gecko) Chrome/117.0.5938.132 Safari/537.36"
205.169.39.3 - - [18/Jun/2025:03:36:40 +0800] "GET /assets/frontend/js/custom.js?v=10.0.2 HTTP/1.1" 200 9961 "http://zuuttravel.com/" "Mozilla/5.0 (Windows NT 10.0; Win64; x64) AppleWebKit/537.36 (KHTML, like Gecko) Chrome/117.0.5938.132 Safari/537.36"
205.169.39.3 - - [18/Jun/2025:03:36:40 +0800] "GET /assets/frontend/js/owl-carousel/owl.carousel.js?v=10.0.2 HTTP/1.1" 200 42999 "http://zuuttravel.com/" "Mozilla/5.0 (Windows NT 10.0; Win64; x64) AppleWebKit/537.36 (KHTML, like Gecko) Chrome/117.0.5938.132 Safari/537.36"
205.169.39.3 - - [18/Jun/2025:03:36:40 +0800] "GET /assets/frontend/js/Chart.min.js?v=10.0.2 HTTP/1.1" 200 173077 "http://zuuttravel.com/" "Mozilla/5.0 (Windows NT 10.0; Win64; x64) AppleWebKit/537.36 (KHTML, like Gecko) Chrome/117.0.5938.132 Safari/537.36"
205.169.39.3 - - [18/Jun/2025:03:36:41 +0800] "GET /assets/frontend/js/bootstrap-select.js?v=10.0.2 HTTP/1.1" 200 26045 "http://zuuttravel.com/" "Mozilla/5.0 (Windows NT 10.0; Win64; x64) AppleWebKit/537.36 (KHTML, like Gecko) Chrome/117.0.5938.132 Safari/537.36"
205.169.39.3 - - [18/Jun/2025:03:36:41 +0800] "GET /assets/frontend/js/i18n/defaults.min.js?v=10.0.2 HTTP/1.1" 200 900 "http://zuuttravel.com/" "Mozilla/5.0 (Windows NT 10.0; Win64; x64) AppleWebKit/537.36 (KHTML, like Gecko) Chrome/117.0.5938.132 Safari/537.36"
205.169.39.3 - - [18/Jun/2025:03:36:41 +0800] "GET /assets/frontend/js/select2.min.js?v=10.0.2 HTTP/1.1" 200 67940 "http://zuuttravel.com/" "Mozilla/5.0 (Windows NT 10.0; Win64; x64) AppleWebKit/537.36 (KHTML, like Gecko) Chrome/117.0.5938.132 Safari/537.36"
205.169.39.3 - - [18/Jun/2025:03:36:41 +0800] "GET /assets/frontend/js/moment.js?v=10.0.2 HTTP/1.1" 200 51929 "http://zuuttravel.com/" "Mozilla/5.0 (Windows NT 10.0; Win64; x64) AppleWebKit/537.36 (KHTML, like Gecko) Chrome/117.0.5938.132 Safari/537.36"
34.72.176.129 - - [18/Jun/2025:03:36:41 +0800] "GET / HTTP/1.1" 200 90996 "-" "Mozilla/5.0 (X11; Linux x86_64) AppleWebKit/537.36 (KHTML, like Gecko) HeadlessChrome/125.0.6422.60 Safari/537.36"
205.169.39.3 - - [18/Jun/2025:03:36:41 +0800] "GET /assets/dashboard/js/eonasdan-bootstrap-datetimepicker/build/js/bootstrap-datetimepicker.min.js?v=10.0.2 HTTP/1.1" 200 37956 "http://zuuttravel.com/" "Mozilla/5.0 (Windows NT 10.0; Win64; x64) AppleWebKit/537.36 (KHTML, like Gecko) Chrome/117.0.5938.132 Safari/537.36"
205.169.39.3 - - [18/Jun/2025:03:36:41 +0800] "GET /assets/frontend/js/lib/jquery-3.4.1.min.js HTTP/1.1" 200 88145 "http://zuuttravel.com/" "Mozilla/5.0 (Windows NT 10.0; Win64; x64) AppleWebKit/537.36 (KHTML, like Gecko) Chrome/117.0.5938.132 Safari/537.36"
205.169.39.3 - - [18/Jun/2025:03:36:41 +0800] "GET /123/img/map.css HTTP/1.1" 200 1601 "http://zuuttravel.com/123/index.html" "Mozilla/5.0 (Windows NT 10.0; Win64; x64) AppleWebKit/537.36 (KHTML, like Gecko) Chrome/117.0.5938.132 Safari/537.36"
205.169.39.3 - - [18/Jun/2025:03:36:41 +0800] "GET /assets/frontend/js/lib/lightbox/js/lightbox.min.js HTTP/1.1" 200 9418 "http://zuuttravel.com/" "Mozilla/5.0 (Windows NT 10.0; Win64; x64) AppleWebKit/537.36 (KHTML, like Gecko) Chrome/117.0.5938.132 Safari/537.36"
205.169.39.3 - - [18/Jun/2025:03:36:41 +0800] "GET /assets/frontend/js/lib/parallax/parallax.min.js HTTP/1.1" 200 6864 "http://zuuttravel.com/" "Mozilla/5.0 (Windows NT 10.0; Win64; x64) AppleWebKit/537.36 (KHTML, like Gecko) Chrome/117.0.5938.132 Safari/537.36"
205.169.39.3 - - [18/Jun/2025:03:36:41 +0800] "GET /assets/frontend/js/123/lc-micro-slider.js HTTP/1.1" 200 40334 "http://zuuttravel.com/" "Mozilla/5.0 (Windows NT 10.0; Win64; x64) AppleWebKit/537.36 (KHTML, like Gecko) Chrome/117.0.5938.132 Safari/537.36"
205.169.39.3 - - [18/Jun/2025:03:36:41 +0800] "GET /assets/frontend/img/nomadic2.png HTTP/1.1" 200 7855 "http://zuuttravel.com/" "Mozilla/5.0 (Windows NT 10.0; Win64; x64) AppleWebKit/537.36 (KHTML, like Gecko) Chrome/117.0.5938.132 Safari/537.36"
205.169.39.3 - - [18/Jun/2025:03:36:41 +0800] "GET /uploads/topics/16957559988862.jpg HTTP/1.1" 200 338149 "http://zuuttravel.com/" "Mozilla/5.0 (Windows NT 10.0; Win64; x64) AppleWebKit/537.36 (KHTML, like Gecko) Chrome/117.0.5938.132 Safari/537.36"
205.169.39.3 - - [18/Jun/2025:03:36:41 +0800] "GET /uploads/topics/17080586952200.jpg HTTP/1.1" 200 91816 "http://zuuttravel.com/" "Mozilla/5.0 (Windows NT 10.0; Win64; x64) AppleWebKit/537.36 (KHTML, like Gecko) Chrome/117.0.5938.132 Safari/537.36"
205.169.39.3 - - [18/Jun/2025:03:36:41 +0800] "GET /uploads/topics/17080686356144.jpg HTTP/1.1" 200 272348 "http://zuuttravel.com/" "Mozilla/5.0 (Windows NT 10.0; Win64; x64) AppleWebKit/537.36 (KHTML, like Gecko) Chrome/117.0.5938.132 Safari/537.36"
205.169.39.3 - - [18/Jun/2025:03:36:41 +0800] "GET /uploads/topics/16964530202634.jpg HTTP/1.1" 200 246043 "http://zuuttravel.com/" "Mozilla/5.0 (Windows NT 10.0; Win64; x64) AppleWebKit/537.36 (KHTML, like Gecko) Chrome/117.0.5938.132 Safari/537.36"
205.169.39.3 - - [18/Jun/2025:03:36:41 +0800] "GET /uploads/topics/16986537994366.jpg HTTP/1.1" 200 386880 "http://zuuttravel.com/" "Mozilla/5.0 (Windows NT 10.0; Win64; x64) AppleWebKit/537.36 (KHTML, like Gecko) Chrome/117.0.5938.132 Safari/537.36"
205.169.39.3 - - [18/Jun/2025:03:36:41 +0800] "GET /uploads/topics/16957563994155.jpg HTTP/1.1" 200 197206 "http://zuuttravel.com/" "Mozilla/5.0 (Windows NT 10.0; Win64; x64) AppleWebKit/537.36 (KHTML, like Gecko) Chrome/117.0.5938.132 Safari/537.36"
205.169.39.3 - - [18/Jun/2025:03:36:41 +0800] "GET /uploads/topics/17078968913436.jpg HTTP/1.1" 200 77062 "http://zuuttravel.com/" "Mozilla/5.0 (Windows NT 10.0; Win64; x64) AppleWebKit/537.36 (KHTML, like Gecko) Chrome/117.0.5938.132 Safari/537.36"
104.197.69.115 - - [18/Jun/2025:03:36:41 +0800] "GET /assets/frontend/js/owl-carousel/assets/owl.carousel.min.css?v=10.0.2 HTTP/1.1" 200 2936 "http://zuuttravel.com/" "Mozilla/5.0 (X11; Linux x86_64) AppleWebKit/537.36 (KHTML, like Gecko) HeadlessChrome/125.0.6422.60 Safari/537.36"
104.197.69.115 - - [18/Jun/2025:03:36:41 +0800] "GET /assets/frontend/js/owl-carousel/assets/owl.theme.default.min.css?v=10.0.2 HTTP/1.1" 200 936 "http://zuuttravel.com/" "Mozilla/5.0 (X11; Linux x86_64) AppleWebKit/537.36 (KHTML, like Gecko) HeadlessChrome/125.0.6422.60 Safari/537.36"
34.122.147.229 - - [18/Jun/2025:03:36:41 +0800] "GET /assets/frontend/css/color.css?v=10.0.2 HTTP/1.1" 200 6586 "http://zuuttravel.com/" "Mozilla/5.0 (X11; Linux x86_64) AppleWebKit/537.36 (KHTML, like Gecko) HeadlessChrome/125.0.6422.60 Safari/537.36"
104.197.69.115 - - [18/Jun/2025:03:36:41 +0800] "GET /assets/frontend/css/tabpage/tab.css HTTP/1.1" 200 1 "http://zuuttravel.com/" "Mozilla/5.0 (X11; Linux x86_64) AppleWebKit/537.36 (KHTML, like Gecko) HeadlessChrome/125.0.6422.60 Safari/537.36"
205.169.39.3 - - [18/Jun/2025:03:36:42 +0800] "GET /uploads/banners/16968606552240.jpg HTTP/1.1" 200 283145 "http://zuuttravel.com/" "Mozilla/5.0 (Windows NT 10.0; Win64; x64) AppleWebKit/537.36 (KHTML, like Gecko) Chrome/117.0.5938.132 Safari/537.36"
34.72.176.129 - - [18/Jun/2025:03:36:42 +0800] "GET /assets/frontend/css/style.css?v=10.0.2 HTTP/1.1" 200 54234 "http://zuuttravel.com/" "Mozilla/5.0 (X11; Linux x86_64) AppleWebKit/537.36 (KHTML, like Gecko) HeadlessChrome/125.0.6422.60 Safari/537.36"
104.197.69.115 - - [18/Jun/2025:03:36:42 +0800] "GET /assets/frontend/css/tabpage/bootstrap.vertical-tabs.css HTTP/1.1" 200 1951 "http://zuuttravel.com/" "Mozilla/5.0 (X11; Linux x86_64) AppleWebKit/537.36 (KHTML, like Gecko) HeadlessChrome/125.0.6422.60 Safari/537.36"
104.197.69.115 - - [18/Jun/2025:03:36:42 +0800] "GET /assets/frontend/css/lib/animate.min.css HTTP/1.1" 200 16953 "http://zuuttravel.com/" "Mozilla/5.0 (X11; Linux x86_64) AppleWebKit/537.36 (KHTML, like Gecko) HeadlessChrome/125.0.6422.60 Safari/537.36"
104.197.69.115 - - [18/Jun/2025:03:36:42 +0800] "GET /assets/frontend/css/lib/owl.carousel.min.css HTTP/1.1" 200 2936 "http://zuuttravel.com/" "Mozilla/5.0 (X11; Linux x86_64) AppleWebKit/537.36 (KHTML, like Gecko) HeadlessChrome/125.0.6422.60 Safari/537.36"
205.169.39.3 - - [18/Jun/2025:03:36:42 +0800] "GET /uploads/topics/17080704171847.jpg HTTP/1.1" 200 300976 "http://zuuttravel.com/" "Mozilla/5.0 (Windows NT 10.0; Win64; x64) AppleWebKit/537.36 (KHTML, like Gecko) Chrome/117.0.5938.132 Safari/537.36"
205.169.39.3 - - [18/Jun/2025:03:36:42 +0800] "GET /uploads/topics/16983253591750.jpg HTTP/1.1" 200 173978 "http://zuuttravel.com/" "Mozilla/5.0 (Windows NT 10.0; Win64; x64) AppleWebKit/537.36 (KHTML, like Gecko) Chrome/117.0.5938.132 Safari/537.36"
104.197.69.115 - - [18/Jun/2025:03:36:42 +0800] "GET /assets/frontend/css/lib/lightbox.min.css HTTP/1.1" 200 2608 "http://zuuttravel.com/" "Mozilla/5.0 (X11; Linux x86_64) AppleWebKit/537.36 (KHTML, like Gecko) HeadlessChrome/125.0.6422.60 Safari/537.36"
104.197.69.115 - - [18/Jun/2025:03:36:42 +0800] "GET /assets/frontend/css/main.css HTTP/1.1" 200 1172 "http://zuuttravel.com/" "Mozilla/5.0 (X11; Linux x86_64) AppleWebKit/537.36 (KHTML, like Gecko) HeadlessChrome/125.0.6422.60 Safari/537.36"
205.169.39.3 - - [18/Jun/2025:03:36:42 +0800] "GET /assets/frontend/img/nomadic3.png HTTP/1.1" 200 6669 "http://zuuttravel.com/" "Mozilla/5.0 (Windows NT 10.0; Win64; x64) AppleWebKit/537.36 (KHTML, like Gecko) Chrome/117.0.5938.132 Safari/537.36"
34.72.176.129 - - [18/Jun/2025:03:36:42 +0800] "GET /assets/frontend/css/123/default_theme.css HTTP/1.1" 200 7283 "http://zuuttravel.com/" "Mozilla/5.0 (X11; Linux x86_64) AppleWebKit/537.36 (KHTML, like Gecko) HeadlessChrome/125.0.6422.60 Safari/537.36"
104.197.69.115 - - [18/Jun/2025:03:36:42 +0800] "GET /assets/frontend/css/horizontal/master_slick_slick.css HTTP/1.1" 200 1776 "http://zuuttravel.com/" "Mozilla/5.0 (X11; Linux x86_64) AppleWebKit/537.36 (KHTML, like Gecko) HeadlessChrome/125.0.6422.60 Safari/537.36"
205.169.39.3 - - [18/Jun/2025:03:36:42 +0800] "GET /assets/frontend/img/nomadic4.png HTTP/1.1" 200 6865 "http://zuuttravel.com/" "Mozilla/5.0 (Windows NT 10.0; Win64; x64) AppleWebKit/537.36 (KHTML, like Gecko) Chrome/117.0.5938.132 Safari/537.36"
34.72.176.129 - - [18/Jun/2025:03:36:42 +0800] "GET /assets/dashboard/images/flags/us.svg HTTP/1.1" 200 6197 "http://zuuttravel.com/" "Mozilla/5.0 (X11; Linux x86_64) AppleWebKit/537.36 (KHTML, like Gecko) HeadlessChrome/125.0.6422.60 Safari/537.36"
104.197.69.115 - - [18/Jun/2025:03:36:42 +0800] "GET /assets/dashboard/images/flags/cn.svg HTTP/1.1" 200 817 "http://zuuttravel.com/" "Mozilla/5.0 (X11; Linux x86_64) AppleWebKit/537.36 (KHTML, like Gecko) HeadlessChrome/125.0.6422.60 Safari/537.36"
205.169.39.3 - - [18/Jun/2025:03:36:42 +0800] "GET /uploads/topics/16982045363478.jpg HTTP/1.1" 200 222364 "http://zuuttravel.com/" "Mozilla/5.0 (Windows NT 10.0; Win64; x64) AppleWebKit/537.36 (KHTML, like Gecko) Chrome/117.0.5938.132 Safari/537.36"
205.169.39.3 - - [18/Jun/2025:03:36:42 +0800] "GET /uploads/topics/17109192247257.jpg HTTP/1.1" 200 75502 "http://zuuttravel.com/" "Mozilla/5.0 (Windows NT 10.0; Win64; x64) AppleWebKit/537.36 (KHTML, like Gecko) Chrome/117.0.5938.132 Safari/537.36"
34.72.176.129 - - [18/Jun/2025:03:36:43 +0800] "GET /assets/frontend/css/bootstrap.min.css?v=10.0.2 HTTP/1.1" 200 121422 "http://zuuttravel.com/" "Mozilla/5.0 (X11; Linux x86_64) AppleWebKit/537.36 (KHTML, like Gecko) HeadlessChrome/125.0.6422.60 Safari/537.36"
34.72.176.129 - - [18/Jun/2025:03:36:43 +0800] "GET /assets/dashboard/images/flags/ko.svg HTTP/1.1" 200 9074 "http://zuuttravel.com/" "Mozilla/5.0 (X11; Linux x86_64) AppleWebKit/537.36 (KHTML, like Gecko) HeadlessChrome/125.0.6422.60 Safari/537.36"
205.169.39.3 - - [18/Jun/2025:03:36:43 +0800] "GET /assets/frontend/css/images/prev.png HTTP/1.1" 200 7209 "http://zuuttravel.com/assets/frontend/css/lib/lightbox.min.css" "Mozilla/5.0 (Windows NT 10.0; Win64; x64) AppleWebKit/537.36 (KHTML, like Gecko) Chrome/117.0.5938.132 Safari/537.36"
104.197.69.115 - - [18/Jun/2025:03:36:43 +0800] "GET /uploads/settings/16952997331235.png HTTP/1.1" 200 10845 "http://zuuttravel.com/" "Mozilla/5.0 (X11; Linux x86_64) AppleWebKit/537.36 (KHTML, like Gecko) HeadlessChrome/125.0.6422.60 Safari/537.36"
205.169.39.3 - - [18/Jun/2025:03:36:43 +0800] "GET /uploads/topics/17110099301920.jpg HTTP/1.1" 200 60291 "http://zuuttravel.com/" "Mozilla/5.0 (Windows NT 10.0; Win64; x64) AppleWebKit/537.36 (KHTML, like Gecko) Chrome/117.0.5938.132 Safari/537.36"
205.169.39.3 - - [18/Jun/2025:03:36:43 +0800] "GET /uploads/topics/17079040873246.jpg HTTP/1.1" 200 108166 "http://zuuttravel.com/" "Mozilla/5.0 (Windows NT 10.0; Win64; x64) AppleWebKit/537.36 (KHTML, like Gecko) Chrome/117.0.5938.132 Safari/537.36"
205.169.39.3 - - [18/Jun/2025:03:36:43 +0800] "GET /uploads/topics/17109937297378.jpg HTTP/1.1" 200 174622 "http://zuuttravel.com/" "Mozilla/5.0 (Windows NT 10.0; Win64; x64) AppleWebKit/537.36 (KHTML, like Gecko) Chrome/117.0.5938.132 Safari/537.36"
34.72.176.129 - - [18/Jun/2025:03:36:43 +0800] "GET /assets/frontend/js/jquery.js?v=10.0.2 HTTP/1.1" 200 89947 "http://zuuttravel.com/" "Mozilla/5.0 (X11; Linux x86_64) AppleWebKit/537.36 (KHTML, like Gecko) HeadlessChrome/125.0.6422.60 Safari/537.36"
104.197.69.115 - - [18/Jun/2025:03:36:43 +0800] "GET /assets/frontend/js/bootstrap.min.js?v=10.0.2 HTTP/1.1" 200 29097 "http://zuuttravel.com/" "Mozilla/5.0 (X11; Linux x86_64) AppleWebKit/537.36 (KHTML, like Gecko) HeadlessChrome/125.0.6422.60 Safari/537.36"
205.169.39.3 - - [18/Jun/2025:03:36:43 +0800] "GET /uploads/topics/17110124999893.jpg HTTP/1.1" 200 98574 "http://zuuttravel.com/" "Mozilla/5.0 (Windows NT 10.0; Win64; x64) AppleWebKit/537.36 (KHTML, like Gecko) Chrome/117.0.5938.132 Safari/537.36"
205.169.39.3 - - [18/Jun/2025:03:36:43 +0800] "GET /uploads/topics/17080506052607.jpeg HTTP/1.1" 200 201470 "http://zuuttravel.com/" "Mozilla/5.0 (Windows NT 10.0; Win64; x64) AppleWebKit/537.36 (KHTML, like Gecko) Chrome/117.0.5938.132 Safari/537.36"
34.72.176.129 - - [18/Jun/2025:03:36:43 +0800] "GET /assets/frontend/js/jquery.fancybox.pack.js?v=10.0.2 HTTP/1.1" 200 22692 "http://zuuttravel.com/" "Mozilla/5.0 (X11; Linux x86_64) AppleWebKit/537.36 (KHTML, like Gecko) HeadlessChrome/125.0.6422.60 Safari/537.36"
104.197.69.115 - - [18/Jun/2025:03:36:43 +0800] "GET /assets/frontend/js/google-code-prettify/prettify.css HTTP/1.1" 200 817 "http://zuuttravel.com/assets/frontend/css/style.css?v=10.0.2" "Mozilla/5.0 (X11; Linux x86_64) AppleWebKit/537.36 (KHTML, like Gecko) HeadlessChrome/125.0.6422.60 Safari/537.36"
205.169.39.70 - - [18/Jun/2025:03:36:43 +0800] "GET / HTTP/1.1" 200 90996 "-" "Mozilla/5.0 (Windows NT 6.1; Win64; x64) AppleWebKit/537.36 (KHTML, like Gecko) Chrome/83.0.4103.61 Safari/537.36"
205.169.39.3 - - [18/Jun/2025:03:36:43 +0800] "GET /uploads/settings/zuut-logo-footer.png HTTP/1.1" 200 8960 "http://zuuttravel.com/" "Mozilla/5.0 (Windows NT 10.0; Win64; x64) AppleWebKit/537.36 (KHTML, like Gecko) Chrome/117.0.5938.132 Safari/537.36"
205.169.39.3 - - [18/Jun/2025:03:36:43 +0800] "GET /assets/frontend/img/puujii.jpg HTTP/1.1" 200 418975 "http://zuuttravel.com/assets/frontend/css/style.css?v=10.0.2" "Mozilla/5.0 (Windows NT 10.0; Win64; x64) AppleWebKit/537.36 (KHTML, like Gecko) Chrome/117.0.5938.132 Safari/537.36"
205.169.39.3 - - [18/Jun/2025:03:36:43 +0800] "GET /assets/frontend/img/bg.png HTTP/1.1" 200 5311 "http://zuuttravel.com/assets/frontend/css/style.css?v=10.0.2" "Mozilla/5.0 (Windows NT 10.0; Win64; x64) AppleWebKit/537.36 (KHTML, like Gecko) Chrome/117.0.5938.132 Safari/537.36"
34.72.176.129 - - [18/Jun/2025:03:36:43 +0800] "GET /assets/frontend/css/font-awesome.css HTTP/1.1" 200 37414 "http://zuuttravel.com/assets/frontend/css/style.css?v=10.0.2" "Mozilla/5.0 (X11; Linux x86_64) AppleWebKit/537.36 (KHTML, like Gecko) HeadlessChrome/125.0.6422.60 Safari/537.36"
205.169.39.3 - - [18/Jun/2025:03:36:43 +0800] "GET /uploads/topics/17109269902415.jpg HTTP/1.1" 200 287686 "http://zuuttravel.com/" "Mozilla/5.0 (Windows NT 10.0; Win64; x64) AppleWebKit/537.36 (KHTML, like Gecko) Chrome/117.0.5938.132 Safari/537.36"
34.72.176.129 - - [18/Jun/2025:03:36:43 +0800] "GET /assets/frontend/css/overwrite.css HTTP/1.1" 200 27571 "http://zuuttravel.com/assets/frontend/css/style.css?v=10.0.2" "Mozilla/5.0 (X11; Linux x86_64) AppleWebKit/537.36 (KHTML, like Gecko) HeadlessChrome/125.0.6422.60 Safari/537.36"
205.169.39.3 - - [18/Jun/2025:03:36:43 +0800] "GET /assets/frontend/img/map_pattern.jpg HTTP/1.1" 200 120808 "http://zuuttravel.com/assets/frontend/css/style.css?v=10.0.2" "Mozilla/5.0 (Windows NT 10.0; Win64; x64) AppleWebKit/537.36 (KHTML, like Gecko) Chrome/117.0.5938.132 Safari/537.36"
205.169.39.3 - - [18/Jun/2025:03:36:43 +0800] "GET /uploads/topics/16982046645280.jpg HTTP/1.1" 200 314869 "http://zuuttravel.com/" "Mozilla/5.0 (Windows NT 10.0; Win64; x64) AppleWebKit/537.36 (KHTML, like Gecko) Chrome/117.0.5938.132 Safari/537.36"
34.72.176.129 - - [18/Jun/2025:03:36:43 +0800] "GET /assets/frontend/css/animate.css HTTP/1.1" 200 59987 "http://zuuttravel.com/assets/frontend/css/style.css?v=10.0.2" "Mozilla/5.0 (X11; Linux x86_64) AppleWebKit/537.36 (KHTML, like Gecko) HeadlessChrome/125.0.6422.60 Safari/537.36"
205.169.39.3 - - [18/Jun/2025:03:36:44 +0800] "GET /uploads/topics/17110086807233.jpg HTTP/1.1" 200 280841 "http://zuuttravel.com/" "Mozilla/5.0 (Windows NT 10.0; Win64; x64) AppleWebKit/537.36 (KHTML, like Gecko) Chrome/117.0.5938.132 Safari/537.36"
205.169.39.3 - - [18/Jun/2025:03:36:44 +0800] "GET /uploads/banners/16968607009265.jpg HTTP/1.1" 200 156910 "http://zuuttravel.com/" "Mozilla/5.0 (Windows NT 10.0; Win64; x64) AppleWebKit/537.36 (KHTML, like Gecko) Chrome/117.0.5938.132 Safari/537.36"
205.169.39.3 - - [18/Jun/2025:03:36:44 +0800] "GET /uploads/banners/16968608727506.jpg HTTP/1.1" 200 258135 "http://zuuttravel.com/" "Mozilla/5.0 (Windows NT 10.0; Win64; x64) AppleWebKit/537.36 (KHTML, like Gecko) Chrome/117.0.5938.132 Safari/537.36"
34.72.176.129 - - [18/Jun/2025:03:36:44 +0800] "GET /assets/frontend/js/jquery.fancybox-media.js?v=10.0.2 HTTP/1.1" 200 5169 "http://zuuttravel.com/" "Mozilla/5.0 (X11; Linux x86_64) AppleWebKit/537.36 (KHTML, like Gecko) HeadlessChrome/125.0.6422.60 Safari/537.36"
34.72.176.129 - - [18/Jun/2025:03:36:44 +0800] "GET /assets/frontend/js/google-code-prettify/prettify.js?v=10.0.2 HTTP/1.1" 200 13694 "http://zuuttravel.com/" "Mozilla/5.0 (X11; Linux x86_64) AppleWebKit/537.36 (KHTML, like Gecko) HeadlessChrome/125.0.6422.60 Safari/537.36"
34.72.176.129 - - [18/Jun/2025:03:36:44 +0800] "GET /assets/frontend/js/portfolio/jquery.quicksand.js?v=10.0.2 HTTP/1.1" 200 3459 "http://zuuttravel.com/" "Mozilla/5.0 (X11; Linux x86_64) AppleWebKit/537.36 (KHTML, like Gecko) HeadlessChrome/125.0.6422.60 Safari/537.36"
34.72.176.129 - - [18/Jun/2025:03:36:44 +0800] "GET /assets/frontend/js/portfolio/setting.js?v=10.0.2 HTTP/1.1" 200 1216 "http://zuuttravel.com/" "Mozilla/5.0 (X11; Linux x86_64) AppleWebKit/537.36 (KHTML, like Gecko) HeadlessChrome/125.0.6422.60 Safari/537.36"
34.72.176.129 - - [18/Jun/2025:03:36:44 +0800] "GET /assets/frontend/js/jquery.flexslider.js?v=10.0.2 HTTP/1.1" 200 16678 "http://zuuttravel.com/" "Mozilla/5.0 (X11; Linux x86_64) AppleWebKit/537.36 (KHTML, like Gecko) HeadlessChrome/125.0.6422.60 Safari/537.36"
34.72.176.129 - - [18/Jun/2025:03:36:44 +0800] "GET /assets/frontend/js/animate.js?v=10.0.2 HTTP/1.1" 200 9515 "http://zuuttravel.com/" "Mozilla/5.0 (X11; Linux x86_64) AppleWebKit/537.36 (KHTML, like Gecko) HeadlessChrome/125.0.6422.60 Safari/537.36"
34.72.176.129 - - [18/Jun/2025:03:36:44 +0800] "GET /assets/frontend/js/custom.js?v=10.0.2 HTTP/1.1" 200 9961 "http://zuuttravel.com/" "Mozilla/5.0 (X11; Linux x86_64) AppleWebKit/537.36 (KHTML, like Gecko) HeadlessChrome/125.0.6422.60 Safari/537.36"
34.72.176.129 - - [18/Jun/2025:03:36:45 +0800] "GET /assets/frontend/js/owl-carousel/owl.carousel.js?v=10.0.2 HTTP/1.1" 200 42999 "http://zuuttravel.com/" "Mozilla/5.0 (X11; Linux x86_64) AppleWebKit/537.36 (KHTML, like Gecko) HeadlessChrome/125.0.6422.60 Safari/537.36"
34.72.176.129 - - [18/Jun/2025:03:36:45 +0800] "GET /assets/frontend/js/Chart.min.js?v=10.0.2 HTTP/1.1" 200 173077 "http://zuuttravel.com/" "Mozilla/5.0 (X11; Linux x86_64) AppleWebKit/537.36 (KHTML, like Gecko) HeadlessChrome/125.0.6422.60 Safari/537.36"
34.122.147.229 - - [18/Jun/2025:03:36:45 +0800] "GET /assets/frontend/js/bootstrap-select.js?v=10.0.2 HTTP/1.1" 200 26045 "http://zuuttravel.com/" "Mozilla/5.0 (X11; Linux x86_64) AppleWebKit/537.36 (KHTML, like Gecko) HeadlessChrome/125.0.6422.60 Safari/537.36"
104.197.69.115 - - [18/Jun/2025:03:36:45 +0800] "GET /assets/frontend/js/i18n/defaults.min.js?v=10.0.2 HTTP/1.1" 200 900 "http://zuuttravel.com/" "Mozilla/5.0 (X11; Linux x86_64) AppleWebKit/537.36 (KHTML, like Gecko) HeadlessChrome/125.0.6422.60 Safari/537.36"
216.73.216.92 - - [18/Jun/2025:03:36:45 +0800] "GET /?action=edit&file=12bf25e231653bdd09b67d3245b714ebcac929&path=%2F%2Flib%2F.build-id%2Fae HTTP/1.1" 200 223182 "-" "Mozilla/5.0 AppleWebKit/537.36 (KHTML, like Gecko; compatible; ClaudeBot/1.0; +claudebot@anthropic.com)"
104.197.69.115 - - [18/Jun/2025:03:36:45 +0800] "GET /assets/frontend/js/moment.js?v=10.0.2 HTTP/1.1" 200 51929 "http://zuuttravel.com/" "Mozilla/5.0 (X11; Linux x86_64) AppleWebKit/537.36 (KHTML, like Gecko) HeadlessChrome/125.0.6422.60 Safari/537.36"
34.72.176.129 - - [18/Jun/2025:03:36:45 +0800] "GET /assets/dashboard/js/eonasdan-bootstrap-datetimepicker/build/js/bootstrap-datetimepicker.min.js?v=10.0.2 HTTP/1.1" 200 37956 "http://zuuttravel.com/" "Mozilla/5.0 (X11; Linux x86_64) AppleWebKit/537.36 (KHTML, like Gecko) HeadlessChrome/125.0.6422.60 Safari/537.36"
34.72.176.129 - - [18/Jun/2025:03:36:45 +0800] "GET /assets/frontend/js/lib/jquery-3.4.1.min.js HTTP/1.1" 200 88145 "http://zuuttravel.com/" "Mozilla/5.0 (X11; Linux x86_64) AppleWebKit/537.36 (KHTML, like Gecko) HeadlessChrome/125.0.6422.60 Safari/537.36"
205.169.39.70 - - [18/Jun/2025:03:36:45 +0800] "GET /assets/frontend/js/jquery.js?v=10.0.2 HTTP/1.1" 200 89947 "http://zuuttravel.com/" "Mozilla/5.0 (Windows NT 6.1; Win64; x64) AppleWebKit/537.36 (KHTML, like Gecko) Chrome/83.0.4103.61 Safari/537.36"
104.197.69.115 - - [18/Jun/2025:03:36:45 +0800] "GET /assets/frontend/js/lib/parallax/parallax.min.js HTTP/1.1" 200 6864 "http://zuuttravel.com/" "Mozilla/5.0 (X11; Linux x86_64) AppleWebKit/537.36 (KHTML, like Gecko) HeadlessChrome/125.0.6422.60 Safari/537.36"
34.72.176.129 - - [18/Jun/2025:03:36:45 +0800] "GET /123/index.html HTTP/1.1" 200 80265 "http://zuuttravel.com/" "Mozilla/5.0 (X11; Linux x86_64) AppleWebKit/537.36 (KHTML, like Gecko) HeadlessChrome/125.0.6422.60 Safari/537.36"
34.72.176.129 - - [18/Jun/2025:03:36:45 +0800] "GET /assets/frontend/img/topmenu.png HTTP/1.1" 200 997 "http://zuuttravel.com/assets/frontend/css/style.css?v=10.0.2" "Mozilla/5.0 (X11; Linux x86_64) AppleWebKit/537.36 (KHTML, like Gecko) HeadlessChrome/125.0.6422.60 Safari/537.36"
34.72.176.129 - - [18/Jun/2025:03:36:46 +0800] "GET /assets/frontend/js/lib/lightbox/js/lightbox.min.js HTTP/1.1" 200 9418 "http://zuuttravel.com/" "Mozilla/5.0 (X11; Linux x86_64) AppleWebKit/537.36 (KHTML, like Gecko) HeadlessChrome/125.0.6422.60 Safari/537.36"
34.72.176.129 - - [18/Jun/2025:03:36:46 +0800] "GET /123/img/map.css HTTP/1.1" 200 1601 "http://zuuttravel.com/123/index.html" "Mozilla/5.0 (X11; Linux x86_64) AppleWebKit/537.36 (KHTML, like Gecko) HeadlessChrome/125.0.6422.60 Safari/537.36"
104.197.69.115 - - [18/Jun/2025:03:36:46 +0800] "GET /assets/frontend/js/123/lc-micro-slider.js HTTP/1.1" 200 40334 "http://zuuttravel.com/" "Mozilla/5.0 (X11; Linux x86_64) AppleWebKit/537.36 (KHTML, like Gecko) HeadlessChrome/125.0.6422.60 Safari/537.36"
34.72.176.129 - - [18/Jun/2025:03:36:46 +0800] "GET /assets/frontend/img/nomadic2.png HTTP/1.1" 200 7855 "http://zuuttravel.com/" "Mozilla/5.0 (X11; Linux x86_64) AppleWebKit/537.36 (KHTML, like Gecko) HeadlessChrome/125.0.6422.60 Safari/537.36"
34.72.176.129 - - [18/Jun/2025:03:36:46 +0800] "GET /uploads/topics/16957563994155.jpg HTTP/1.1" 200 197206 "http://zuuttravel.com/" "Mozilla/5.0 (X11; Linux x86_64) AppleWebKit/537.36 (KHTML, like Gecko) HeadlessChrome/125.0.6422.60 Safari/537.36"
104.197.69.115 - - [18/Jun/2025:03:36:46 +0800] "GET /assets/frontend/js/select2.min.js?v=10.0.2 HTTP/1.1" 200 67940 "http://zuuttravel.com/" "Mozilla/5.0 (X11; Linux x86_64) AppleWebKit/537.36 (KHTML, like Gecko) HeadlessChrome/125.0.6422.60 Safari/537.36"
34.72.176.129 - - [18/Jun/2025:03:36:46 +0800] "GET /uploads/topics/17080686356144.jpg HTTP/1.1" 200 272348 "http://zuuttravel.com/" "Mozilla/5.0 (X11; Linux x86_64) AppleWebKit/537.36 (KHTML, like Gecko) HeadlessChrome/125.0.6422.60 Safari/537.36"
205.169.39.70 - - [18/Jun/2025:03:36:46 +0800] "GET /assets/frontend/js/bootstrap.min.js?v=10.0.2 HTTP/1.1" 200 29097 "http://zuuttravel.com/" "Mozilla/5.0 (Windows NT 6.1; Win64; x64) AppleWebKit/537.36 (KHTML, like Gecko) Chrome/83.0.4103.61 Safari/537.36"
34.122.147.229 - - [18/Jun/2025:03:36:46 +0800] "GET /assets/frontend/fonts/fontawesome-webfont.woff2?v=4.7.0 HTTP/1.1" 200 77160 "http://zuuttravel.com/assets/frontend/css/font-awesome.css" "Mozilla/5.0 (X11; Linux x86_64) AppleWebKit/537.36 (KHTML, like Gecko) HeadlessChrome/125.0.6422.60 Safari/537.36"
34.72.176.129 - - [18/Jun/2025:03:36:46 +0800] "GET /uploads/topics/16986537994366.jpg HTTP/1.1" 200 386880 "http://zuuttravel.com/" "Mozilla/5.0 (X11; Linux x86_64) AppleWebKit/537.36 (KHTML, like Gecko) HeadlessChrome/125.0.6422.60 Safari/537.36"
205.169.39.70 - - [18/Jun/2025:03:36:47 +0800] "GET /assets/frontend/js/jquery.fancybox.pack.js?v=10.0.2 HTTP/1.1" 200 22692 "http://zuuttravel.com/" "Mozilla/5.0 (Windows NT 6.1; Win64; x64) AppleWebKit/537.36 (KHTML, like Gecko) Chrome/83.0.4103.61 Safari/537.36"
34.72.176.129 - - [18/Jun/2025:03:36:47 +0800] "GET /uploads/topics/17080704171847.jpg HTTP/1.1" 200 300976 "http://zuuttravel.com/" "Mozilla/5.0 (X11; Linux x86_64) AppleWebKit/537.36 (KHTML, like Gecko) HeadlessChrome/125.0.6422.60 Safari/537.36"
34.122.147.229 - - [18/Jun/2025:03:36:47 +0800] "GET /assets/frontend/css/images/prev.png HTTP/1.1" 200 57338 "http://zuuttravel.com/assets/frontend/css/lib/lightbox.min.css" "Mozilla/5.0 (X11; Linux x86_64) AppleWebKit/537.36 (KHTML, like Gecko) HeadlessChrome/125.0.6422.60 Safari/537.36"
34.72.176.129 - - [18/Jun/2025:03:36:47 +0800] "GET /uploads/topics/16957559988862.jpg HTTP/1.1" 200 338149 "http://zuuttravel.com/" "Mozilla/5.0 (X11; Linux x86_64) AppleWebKit/537.36 (KHTML, like Gecko) HeadlessChrome/125.0.6422.60 Safari/537.36"
205.169.39.70 - - [18/Jun/2025:03:36:47 +0800] "GET /assets/frontend/js/jquery.fancybox-media.js?v=10.0.2 HTTP/1.1" 200 5169 "http://zuuttravel.com/" "Mozilla/5.0 (Windows NT 6.1; Win64; x64) AppleWebKit/537.36 (KHTML, like Gecko) Chrome/83.0.4103.61 Safari/537.36"
104.197.69.115 - - [18/Jun/2025:03:36:47 +0800] "GET /uploads/topics/17078968913436.jpg HTTP/1.1" 200 77062 "http://zuuttravel.com/" "Mozilla/5.0 (X11; Linux x86_64) AppleWebKit/537.36 (KHTML, like Gecko) HeadlessChrome/125.0.6422.60 Safari/537.36"
104.197.69.115 - - [18/Jun/2025:03:36:47 +0800] "GET /uploads/topics/17080586952200.jpg HTTP/1.1" 200 91816 "http://zuuttravel.com/" "Mozilla/5.0 (X11; Linux x86_64) AppleWebKit/537.36 (KHTML, like Gecko) HeadlessChrome/125.0.6422.60 Safari/537.36"
104.197.69.115 - - [18/Jun/2025:03:36:47 +0800] "GET /uploads/topics/16964530202634.jpg HTTP/1.1" 200 246043 "http://zuuttravel.com/" "Mozilla/5.0 (X11; Linux x86_64) AppleWebKit/537.36 (KHTML, like Gecko) HeadlessChrome/125.0.6422.60 Safari/537.36"
205.169.39.70 - - [18/Jun/2025:03:36:47 +0800] "GET /assets/frontend/js/google-code-prettify/prettify.js?v=10.0.2 HTTP/1.1" 200 13694 "http://zuuttravel.com/" "Mozilla/5.0 (Windows NT 6.1; Win64; x64) AppleWebKit/537.36 (KHTML, like Gecko) Chrome/83.0.4103.61 Safari/537.36"
205.169.39.3 - - [18/Jun/2025:03:36:47 +0800] "GET /assets/frontend/css/images/next.png HTTP/1.1" 200 7209 "http://zuuttravel.com/assets/frontend/css/lib/lightbox.min.css" "Mozilla/5.0 (Windows NT 10.0; Win64; x64) AppleWebKit/537.36 (KHTML, like Gecko) Chrome/117.0.5938.132 Safari/537.36"
205.169.39.3 - - [18/Jun/2025:03:36:48 +0800] "GET /assets/frontend/css/images/loading.gif HTTP/1.1" 200 7209 "http://zuuttravel.com/assets/frontend/css/lib/lightbox.min.css" "Mozilla/5.0 (Windows NT 10.0; Win64; x64) AppleWebKit/537.36 (KHTML, like Gecko) Chrome/117.0.5938.132 Safari/537.36"
205.169.39.3 - - [18/Jun/2025:03:36:48 +0800] "GET /assets/frontend/css/images/close.png HTTP/1.1" 200 7209 "http://zuuttravel.com/assets/frontend/css/lib/lightbox.min.css" "Mozilla/5.0 (Windows NT 10.0; Win64; x64) AppleWebKit/537.36 (KHTML, like Gecko) Chrome/117.0.5938.132 Safari/537.36"
104.197.69.115 - - [18/Jun/2025:03:36:48 +0800] "GET /assets/frontend/img/nomadic3.png HTTP/1.1" 200 6669 "http://zuuttravel.com/" "Mozilla/5.0 (X11; Linux x86_64) AppleWebKit/537.36 (KHTML, like Gecko) HeadlessChrome/125.0.6422.60 Safari/537.36"
104.197.69.115 - - [18/Jun/2025:03:36:48 +0800] "GET /assets/frontend/img/nomadic4.png HTTP/1.1" 200 6865 "http://zuuttravel.com/" "Mozilla/5.0 (X11; Linux x86_64) AppleWebKit/537.36 (KHTML, like Gecko) HeadlessChrome/125.0.6422.60 Safari/537.36"
104.197.69.115 - - [18/Jun/2025:03:36:48 +0800] "GET /assets/frontend/css/images/loading.gif HTTP/1.1" 200 7209 "http://zuuttravel.com/assets/frontend/css/lib/lightbox.min.css" "Mozilla/5.0 (X11; Linux x86_64) AppleWebKit/537.36 (KHTML, like Gecko) HeadlessChrome/125.0.6422.60 Safari/537.36"
104.197.69.115 - - [18/Jun/2025:03:36:48 +0800] "GET /uploads/topics/17110099301920.jpg HTTP/1.1" 200 60291 "http://zuuttravel.com/" "Mozilla/5.0 (X11; Linux x86_64) AppleWebKit/537.36 (KHTML, like Gecko) HeadlessChrome/125.0.6422.60 Safari/537.36"
205.169.39.70 - - [18/Jun/2025:03:36:48 +0800] "GET /assets/frontend/js/portfolio/jquery.quicksand.js?v=10.0.2 HTTP/1.1" 200 3459 "http://zuuttravel.com/" "Mozilla/5.0 (Windows NT 6.1; Win64; x64) AppleWebKit/537.36 (KHTML, like Gecko) Chrome/83.0.4103.61 Safari/537.36"
104.197.69.115 - - [18/Jun/2025:03:36:48 +0800] "GET /uploads/topics/17109192247257.jpg HTTP/1.1" 200 75502 "http://zuuttravel.com/" "Mozilla/5.0 (X11; Linux x86_64) AppleWebKit/537.36 (KHTML, like Gecko) HeadlessChrome/125.0.6422.60 Safari/537.36"
104.197.69.115 - - [18/Jun/2025:03:36:48 +0800] "GET /uploads/topics/17079040873246.jpg HTTP/1.1" 200 108166 "http://zuuttravel.com/" "Mozilla/5.0 (X11; Linux x86_64) AppleWebKit/537.36 (KHTML, like Gecko) HeadlessChrome/125.0.6422.60 Safari/537.36"
205.169.39.70 - - [18/Jun/2025:03:36:48 +0800] "GET /assets/frontend/js/portfolio/setting.js?v=10.0.2 HTTP/1.1" 200 1216 "http://zuuttravel.com/" "Mozilla/5.0 (Windows NT 6.1; Win64; x64) AppleWebKit/537.36 (KHTML, like Gecko) Chrome/83.0.4103.61 Safari/537.36"
205.169.39.70 - - [18/Jun/2025:03:36:49 +0800] "GET /assets/frontend/js/jquery.flexslider.js?v=10.0.2 HTTP/1.1" 200 16678 "http://zuuttravel.com/" "Mozilla/5.0 (Windows NT 6.1; Win64; x64) AppleWebKit/537.36 (KHTML, like Gecko) Chrome/83.0.4103.61 Safari/537.36"
104.197.69.115 - - [18/Jun/2025:03:36:49 +0800] "GET /uploads/topics/17110086807233.jpg HTTP/1.1" 200 280841 "http://zuuttravel.com/" "Mozilla/5.0 (X11; Linux x86_64) AppleWebKit/537.36 (KHTML, like Gecko) HeadlessChrome/125.0.6422.60 Safari/537.36"
104.197.69.115 - - [18/Jun/2025:03:36:49 +0800] "GET /uploads/topics/17109937297378.jpg HTTP/1.1" 200 174622 "http://zuuttravel.com/" "Mozilla/5.0 (X11; Linux x86_64) AppleWebKit/537.36 (KHTML, like Gecko) HeadlessChrome/125.0.6422.60 Safari/537.36"
205.169.39.70 - - [18/Jun/2025:03:36:49 +0800] "GET /assets/frontend/js/animate.js?v=10.0.2 HTTP/1.1" 200 9515 "http://zuuttravel.com/" "Mozilla/5.0 (Windows NT 6.1; Win64; x64) AppleWebKit/537.36 (KHTML, like Gecko) Chrome/83.0.4103.61 Safari/537.36"
205.169.39.70 - - [18/Jun/2025:03:36:49 +0800] "GET /assets/frontend/js/custom.js?v=10.0.2 HTTP/1.1" 200 9961 "http://zuuttravel.com/" "Mozilla/5.0 (Windows NT 6.1; Win64; x64) AppleWebKit/537.36 (KHTML, like Gecko) Chrome/83.0.4103.61 Safari/537.36"
104.197.69.115 - - [18/Jun/2025:03:36:49 +0800] "GET /uploads/topics/16982045363478.jpg HTTP/1.1" 200 222364 "http://zuuttravel.com/" "Mozilla/5.0 (X11; Linux x86_64) AppleWebKit/537.36 (KHTML, like Gecko) HeadlessChrome/125.0.6422.60 Safari/537.36"
104.197.69.115 - - [18/Jun/2025:03:36:49 +0800] "GET /uploads/topics/17080506052607.jpeg HTTP/1.1" 200 201470 "http://zuuttravel.com/" "Mozilla/5.0 (X11; Linux x86_64) AppleWebKit/537.36 (KHTML, like Gecko) HeadlessChrome/125.0.6422.60 Safari/537.36"
104.197.69.115 - - [18/Jun/2025:03:36:49 +0800] "GET /uploads/topics/17109269902415.jpg HTTP/1.1" 200 287686 "http://zuuttravel.com/" "Mozilla/5.0 (X11; Linux x86_64) AppleWebKit/537.36 (KHTML, like Gecko) HeadlessChrome/125.0.6422.60 Safari/537.36"
