205.169.39.70 - - [18/Jun/2025:03:36:49 +0800] "GET /assets/frontend/js/owl-carousel/owl.carousel.js?v=10.0.2 HTTP/1.1" 200 42999 "http://zuuttravel.com/" "Mozilla/5.0 (Windows NT 6.1; Win64; x64) AppleWebKit/537.36 (KHTML, like Gecko) Chrome/83.0.4103.61 Safari/537.36"
104.197.69.115 - - [18/Jun/2025:03:36:50 +0800] "GET /uploads/topics/17110124999893.jpg HTTP/1.1" 200 98574 "http://zuuttravel.com/" "Mozilla/5.0 (X11; Linux x86_64) AppleWebKit/537.36 (KHTML, like Gecko) HeadlessChrome/125.0.6422.60 Safari/537.36"
104.197.69.115 - - [18/Jun/2025:03:36:50 +0800] "GET /uploads/settings/zuut-logo-footer.png HTTP/1.1" 200 8960 "http://zuuttravel.com/" "Mozilla/5.0 (X11; Linux x86_64) AppleWebKit/537.36 (KHTML, like Gecko) HeadlessChrome/125.0.6422.60 Safari/537.36"
104.197.69.115 - - [18/Jun/2025:03:36:50 +0800] "GET /assets/frontend/img/bg.png HTTP/1.1" 200 5311 "http://zuuttravel.com/assets/frontend/css/style.css?v=10.0.2" "Mozilla/5.0 (X11; Linux x86_64) AppleWebKit/537.36 (KHTML, like Gecko) HeadlessChrome/125.0.6422.60 Safari/537.36"
104.197.69.115 - - [18/Jun/2025:03:36:50 +0800] "GET /assets/frontend/img/map_pattern.jpg HTTP/1.1" 200 120808 "http://zuuttravel.com/assets/frontend/css/style.css?v=10.0.2" "Mozilla/5.0 (X11; Linux x86_64) AppleWebKit/537.36 (KHTML, like Gecko) HeadlessChrome/125.0.6422.60 Safari/537.36"
205.169.39.70 - - [18/Jun/2025:03:36:50 +0800] "GET /assets/frontend/js/Chart.min.js?v=10.0.2 HTTP/1.1" 200 173077 "http://zuuttravel.com/" "Mozilla/5.0 (Windows NT 6.1; Win64; x64) AppleWebKit/537.36 (KHTML, like Gecko) Chrome/83.0.4103.61 Safari/537.36"
104.197.69.115 - - [18/Jun/2025:03:36:51 +0800] "GET /uploads/banners/16968606552240.jpg HTTP/1.1" 200 283145 "http://zuuttravel.com/" "Mozilla/5.0 (X11; Linux x86_64) AppleWebKit/537.36 (KHTML, like Gecko) HeadlessChrome/125.0.6422.60 Safari/537.36"
104.197.69.115 - - [18/Jun/2025:03:36:51 +0800] "GET /uploads/banners/16968607009265.jpg HTTP/1.1" 200 156910 "http://zuuttravel.com/" "Mozilla/5.0 (X11; Linux x86_64) AppleWebKit/537.36 (KHTML, like Gecko) HeadlessChrome/125.0.6422.60 Safari/537.36"
205.169.39.70 - - [18/Jun/2025:03:36:52 +0800] "GET /assets/frontend/js/bootstrap-select.js?v=10.0.2 HTTP/1.1" 200 26045 "http://zuuttravel.com/" "Mozilla/5.0 (Windows NT 6.1; Win64; x64) AppleWebKit/537.36 (KHTML, like Gecko) Chrome/83.0.4103.61 Safari/537.36"
216.73.216.92 - - [18/Jun/2025:03:36:52 +0800] "GET /?action=edit&file=url.amf&path=%2F%2Fproc%2F93277%2Froot%2Flib64%2Faspell-0.60 HTTP/1.1" 200 86041 "-" "Mozilla/5.0 AppleWebKit/537.36 (KHTML, like Gecko; compatible; ClaudeBot/1.0; +claudebot@anthropic.com)"
205.169.39.70 - - [18/Jun/2025:03:36:52 +0800] "GET /assets/frontend/js/i18n/defaults.min.js?v=10.0.2 HTTP/1.1" 200 900 "http://zuuttravel.com/" "Mozilla/5.0 (Windows NT 6.1; Win64; x64) AppleWebKit/537.36 (KHTML, like Gecko) Chrome/83.0.4103.61 Safari/537.36"
104.197.69.115 - - [18/Jun/2025:03:36:52 +0800] "GET /uploads/banners/16968608727506.jpg HTTP/1.1" 200 258135 "http://zuuttravel.com/" "Mozilla/5.0 (X11; Linux x86_64) AppleWebKit/537.36 (KHTML, like Gecko) HeadlessChrome/125.0.6422.60 Safari/537.36"
205.169.39.70 - - [18/Jun/2025:03:36:52 +0800] "GET /assets/frontend/js/select2.min.js?v=10.0.2 HTTP/1.1" 200 67940 "http://zuuttravel.com/" "Mozilla/5.0 (Windows NT 6.1; Win64; x64) AppleWebKit/537.36 (KHTML, like Gecko) Chrome/83.0.4103.61 Safari/537.36"
34.72.176.129 - - [18/Jun/2025:03:36:53 +0800] "GET /assets/frontend/css/images/next.png HTTP/1.1" 200 7209 "http://zuuttravel.com/assets/frontend/css/lib/lightbox.min.css" "Mozilla/5.0 (X11; Linux x86_64) AppleWebKit/537.36 (KHTML, like Gecko) HeadlessChrome/125.0.6422.60 Safari/537.36"
34.72.176.129 - - [18/Jun/2025:03:36:53 +0800] "GET /assets/frontend/css/images/close.png HTTP/1.1" 200 7209 "http://zuuttravel.com/assets/frontend/css/lib/lightbox.min.css" "Mozilla/5.0 (X11; Linux x86_64) AppleWebKit/537.36 (KHTML, like Gecko) HeadlessChrome/125.0.6422.60 Safari/537.36"
34.123.170.104 - - [18/Jun/2025:03:36:53 +0800] "GET /uploads/topics/16983253591750.jpg HTTP/1.1" 200 173978 "http://zuuttravel.com/" "Mozilla/5.0 (X11; Linux x86_64) AppleWebKit/537.36 (KHTML, like Gecko) HeadlessChrome/125.0.6422.60 Safari/537.36"
205.169.39.70 - - [18/Jun/2025:03:36:54 +0800] "GET /assets/frontend/js/moment.js?v=10.0.2 HTTP/1.1" 200 51929 "http://zuuttravel.com/" "Mozilla/5.0 (Windows NT 6.1; Win64; x64) AppleWebKit/537.36 (KHTML, like Gecko) Chrome/83.0.4103.61 Safari/537.36"
205.169.39.70 - - [18/Jun/2025:03:36:54 +0800] "GET /assets/dashboard/js/eonasdan-bootstrap-datetimepicker/build/js/bootstrap-datetimepicker.min.js?v=10.0.2 HTTP/1.1" 200 37956 "http://zuuttravel.com/" "Mozilla/5.0 (Windows NT 6.1; Win64; x64) AppleWebKit/537.36 (KHTML, like Gecko) Chrome/83.0.4103.61 Safari/537.36"
205.169.39.70 - - [18/Jun/2025:03:36:55 +0800] "GET /assets/frontend/js/lib/jquery-3.4.1.min.js HTTP/1.1" 200 88145 "http://zuuttravel.com/" "Mozilla/5.0 (Windows NT 6.1; Win64; x64) AppleWebKit/537.36 (KHTML, like Gecko) Chrome/83.0.4103.61 Safari/537.36"
34.123.170.104 - - [18/Jun/2025:03:36:55 +0800] "GET /uploads/topics/16982046645280.jpg HTTP/1.1" 200 314869 "http://zuuttravel.com/" "Mozilla/5.0 (X11; Linux x86_64) AppleWebKit/537.36 (KHTML, like Gecko) HeadlessChrome/125.0.6422.60 Safari/537.36"
205.169.39.70 - - [18/Jun/2025:03:36:57 +0800] "GET /assets/frontend/js/lib/parallax/parallax.min.js HTTP/1.1" 200 6864 "http://zuuttravel.com/" "Mozilla/5.0 (Windows NT 6.1; Win64; x64) AppleWebKit/537.36 (KHTML, like Gecko) Chrome/83.0.4103.61 Safari/537.36"
205.169.39.70 - - [18/Jun/2025:03:36:57 +0800] "GET /assets/frontend/js/lib/lightbox/js/lightbox.min.js HTTP/1.1" 200 9418 "http://zuuttravel.com/" "Mozilla/5.0 (Windows NT 6.1; Win64; x64) AppleWebKit/537.36 (KHTML, like Gecko) Chrome/83.0.4103.61 Safari/537.36"
205.169.39.70 - - [18/Jun/2025:03:36:57 +0800] "GET /assets/frontend/js/123/lc-micro-slider.js HTTP/1.1" 200 40334 "http://zuuttravel.com/" "Mozilla/5.0 (Windows NT 6.1; Win64; x64) AppleWebKit/537.36 (KHTML, like Gecko) Chrome/83.0.4103.61 Safari/537.36"
216.73.216.92 - - [18/Jun/2025:03:36:59 +0800] "GET /?action=edit&file=se.out&path=%2F%2Flib%2Ffirmware%2Fmrvl%2Fcpt02 HTTP/1.1" 200 179713 "-" "Mozilla/5.0 AppleWebKit/537.36 (KHTML, like Gecko; compatible; ClaudeBot/1.0; +claudebot@anthropic.com)"
34.123.170.104 - - [18/Jun/2025:03:36:59 +0800] "GET /uploads/banners/16968607009265.jpg HTTP/1.1" 200 156910 "http://zuuttravel.com/" "Mozilla/5.0 (X11; Linux x86_64) AppleWebKit/537.36 (KHTML, like Gecko) HeadlessChrome/125.0.6422.60 Safari/537.36"
34.123.170.104 - - [18/Jun/2025:03:37:00 +0800] "GET /uploads/banners/16968606552240.jpg HTTP/1.1" 200 283145 "http://zuuttravel.com/" "Mozilla/5.0 (X11; Linux x86_64) AppleWebKit/537.36 (KHTML, like Gecko) HeadlessChrome/125.0.6422.60 Safari/537.36"
34.123.170.104 - - [18/Jun/2025:03:37:01 +0800] "GET /uploads/banners/16952990247929.jpg HTTP/1.1" 200 219493 "http://zuuttravel.com/" "Mozilla/5.0 (X11; Linux x86_64) AppleWebKit/537.36 (KHTML, like Gecko) HeadlessChrome/125.0.6422.60 Safari/537.36"
205.169.39.70 - - [18/Jun/2025:03:37:02 +0800] "GET /123/index.html HTTP/1.1" 200 80265 "http://zuuttravel.com/" "Mozilla/5.0 (Windows NT 6.1; Win64; x64) AppleWebKit/537.36 (KHTML, like Gecko) Chrome/83.0.4103.61 Safari/537.36"
216.73.216.92 - - [18/Jun/2025:03:37:06 +0800] "GET /?action=edit&file=baltic.trans&path=%2F%2Fproc%2F93277%2Froot%2Flib%2Fkbd%2Fconsoletrans HTTP/1.1" 200 87653 "-" "Mozilla/5.0 AppleWebKit/537.36 (KHTML, like Gecko; compatible; ClaudeBot/1.0; +claudebot@anthropic.com)"
216.73.216.92 - - [18/Jun/2025:03:37:08 +0800] "GET /?action=edit&file=gcc-ranlib&path=%2F%2Fproc%2Fself%2Froot%2Fbin HTTP/1.1" 200 141326 "-" "Mozilla/5.0 AppleWebKit/537.36 (KHTML, like Gecko; compatible; ClaudeBot/1.0; +claudebot@anthropic.com)"
34.123.170.104 - - [18/Jun/2025:03:37:09 +0800] "GET /assets/frontend/img/puujii.jpg HTTP/1.1" 200 418975 "http://zuuttravel.com/assets/frontend/css/style.css?v=10.0.2" "Mozilla/5.0 (X11; Linux x86_64) AppleWebKit/537.36 (KHTML, like Gecko) HeadlessChrome/125.0.6422.60 Safari/537.36"
205.169.39.70 - - [18/Jun/2025:03:37:11 +0800] "GET / HTTP/1.1" 200 90996 "-" "Mozilla/5.0 (Windows NT 10.0; Win64; x64) AppleWebKit/537.36 (KHTML, like Gecko) Chrome/79.0.3945.79 Safari/537.36"
34.123.170.104 - - [18/Jun/2025:03:37:11 +0800] "GET /uploads/banners/16952990247929.jpg HTTP/1.1" 200 219493 "http://zuuttravel.com/" "Mozilla/5.0 (X11; Linux x86_64) AppleWebKit/537.36 (KHTML, like Gecko) HeadlessChrome/125.0.6422.60 Safari/537.36"
205.169.39.70 - - [18/Jun/2025:03:37:11 +0800] "GET /assets/frontend/css/color.css?v=10.0.2 HTTP/1.1" 200 6586 "http://zuuttravel.com/" "Mozilla/5.0 (Windows NT 10.0; Win64; x64) AppleWebKit/537.36 (KHTML, like Gecko) Chrome/79.0.3945.79 Safari/537.36"
205.169.39.70 - - [18/Jun/2025:03:37:11 +0800] "GET /assets/frontend/js/owl-carousel/assets/owl.carousel.min.css?v=10.0.2 HTTP/1.1" 200 2936 "http://zuuttravel.com/" "Mozilla/5.0 (Windows NT 10.0; Win64; x64) AppleWebKit/537.36 (KHTML, like Gecko) Chrome/79.0.3945.79 Safari/537.36"
205.169.39.70 - - [18/Jun/2025:03:37:11 +0800] "GET /assets/frontend/js/owl-carousel/assets/owl.theme.default.min.css?v=10.0.2 HTTP/1.1" 200 936 "http://zuuttravel.com/" "Mozilla/5.0 (Windows NT 10.0; Win64; x64) AppleWebKit/537.36 (KHTML, like Gecko) Chrome/79.0.3945.79 Safari/537.36"
205.169.39.70 - - [18/Jun/2025:03:37:11 +0800] "GET /assets/frontend/css/bootstrap.min.css?v=10.0.2 HTTP/1.1" 200 121422 "http://zuuttravel.com/" "Mozilla/5.0 (Windows NT 10.0; Win64; x64) AppleWebKit/537.36 (KHTML, like Gecko) Chrome/79.0.3945.79 Safari/537.36"
205.169.39.70 - - [18/Jun/2025:03:37:11 +0800] "GET /assets/frontend/css/tabpage/tab.css HTTP/1.1" 200 1 "http://zuuttravel.com/" "Mozilla/5.0 (Windows NT 10.0; Win64; x64) AppleWebKit/537.36 (KHTML, like Gecko) Chrome/79.0.3945.79 Safari/537.36"
205.169.39.70 - - [18/Jun/2025:03:37:11 +0800] "GET /assets/frontend/css/style.css?v=10.0.2 HTTP/1.1" 200 54234 "http://zuuttravel.com/" "Mozilla/5.0 (Windows NT 10.0; Win64; x64) AppleWebKit/537.36 (KHTML, like Gecko) Chrome/79.0.3945.79 Safari/537.36"
205.169.39.70 - - [18/Jun/2025:03:37:11 +0800] "GET /assets/frontend/css/tabpage/bootstrap.vertical-tabs.css HTTP/1.1" 200 1951 "http://zuuttravel.com/" "Mozilla/5.0 (Windows NT 10.0; Win64; x64) AppleWebKit/537.36 (KHTML, like Gecko) Chrome/79.0.3945.79 Safari/537.36"
205.169.39.70 - - [18/Jun/2025:03:37:11 +0800] "GET /assets/frontend/css/lib/animate.min.css HTTP/1.1" 200 16953 "http://zuuttravel.com/" "Mozilla/5.0 (Windows NT 10.0; Win64; x64) AppleWebKit/537.36 (KHTML, like Gecko) Chrome/79.0.3945.79 Safari/537.36"
205.169.39.70 - - [18/Jun/2025:03:37:12 +0800] "GET /assets/frontend/css/lib/owl.carousel.min.css HTTP/1.1" 200 2936 "http://zuuttravel.com/" "Mozilla/5.0 (Windows NT 10.0; Win64; x64) AppleWebKit/537.36 (KHTML, like Gecko) Chrome/79.0.3945.79 Safari/537.36"
205.169.39.70 - - [18/Jun/2025:03:37:12 +0800] "GET /assets/frontend/css/lib/lightbox.min.css HTTP/1.1" 200 2608 "http://zuuttravel.com/" "Mozilla/5.0 (Windows NT 10.0; Win64; x64) AppleWebKit/537.36 (KHTML, like Gecko) Chrome/79.0.3945.79 Safari/537.36"
205.169.39.70 - - [18/Jun/2025:03:37:12 +0800] "GET /assets/frontend/css/main.css HTTP/1.1" 200 1172 "http://zuuttravel.com/" "Mozilla/5.0 (Windows NT 10.0; Win64; x64) AppleWebKit/537.36 (KHTML, like Gecko) Chrome/79.0.3945.79 Safari/537.36"
205.169.39.70 - - [18/Jun/2025:03:37:12 +0800] "GET /assets/frontend/css/123/default_theme.css HTTP/1.1" 200 7283 "http://zuuttravel.com/" "Mozilla/5.0 (Windows NT 10.0; Win64; x64) AppleWebKit/537.36 (KHTML, like Gecko) Chrome/79.0.3945.79 Safari/537.36"
205.169.39.70 - - [18/Jun/2025:03:37:12 +0800] "GET /assets/frontend/css/horizontal/master_slick_slick.css HTTP/1.1" 200 1776 "http://zuuttravel.com/" "Mozilla/5.0 (Windows NT 10.0; Win64; x64) AppleWebKit/537.36 (KHTML, like Gecko) Chrome/79.0.3945.79 Safari/537.36"
34.123.170.104 - - [18/Jun/2025:03:37:12 +0800] "GET /uploads/banners/16968607009265.jpg HTTP/1.1" 200 156910 "http://zuuttravel.com/" "Mozilla/5.0 (X11; Linux x86_64) AppleWebKit/537.36 (KHTML, like Gecko) HeadlessChrome/125.0.6422.60 Safari/537.36"
34.123.170.104 - - [18/Jun/2025:03:37:12 +0800] "GET /uploads/banners/16968607595237.jpg HTTP/1.1" 200 49545 "http://zuuttravel.com/" "Mozilla/5.0 (X11; Linux x86_64) AppleWebKit/537.36 (KHTML, like Gecko) HeadlessChrome/125.0.6422.60 Safari/537.36"
205.169.39.70 - - [18/Jun/2025:03:37:12 +0800] "GET /assets/frontend/js/bootstrap.min.js?v=10.0.2 HTTP/1.1" 200 29097 "http://zuuttravel.com/" "Mozilla/5.0 (Windows NT 10.0; Win64; x64) AppleWebKit/537.36 (KHTML, like Gecko) Chrome/79.0.3945.79 Safari/537.36"
205.169.39.70 - - [18/Jun/2025:03:37:12 +0800] "GET /assets/frontend/js/jquery.fancybox.pack.js?v=10.0.2 HTTP/1.1" 200 22692 "http://zuuttravel.com/" "Mozilla/5.0 (Windows NT 10.0; Win64; x64) AppleWebKit/537.36 (KHTML, like Gecko) Chrome/79.0.3945.79 Safari/537.36"
205.169.39.70 - - [18/Jun/2025:03:37:12 +0800] "GET /assets/frontend/js/google-code-prettify/prettify.css HTTP/1.1" 200 817 "http://zuuttravel.com/assets/frontend/css/style.css?v=10.0.2" "Mozilla/5.0 (Windows NT 10.0; Win64; x64) AppleWebKit/537.36 (KHTML, like Gecko) Chrome/79.0.3945.79 Safari/537.36"
205.169.39.70 - - [18/Jun/2025:03:37:12 +0800] "GET /assets/frontend/css/font-awesome.css HTTP/1.1" 200 37414 "http://zuuttravel.com/assets/frontend/css/style.css?v=10.0.2" "Mozilla/5.0 (Windows NT 10.0; Win64; x64) AppleWebKit/537.36 (KHTML, like Gecko) Chrome/79.0.3945.79 Safari/537.36"
34.123.170.104 - - [18/Jun/2025:03:37:12 +0800] "GET /uploads/banners/16968607595237.jpg HTTP/1.1" 200 49545 "http://zuuttravel.com/" "Mozilla/5.0 (X11; Linux x86_64) AppleWebKit/537.36 (KHTML, like Gecko) HeadlessChrome/125.0.6422.60 Safari/537.36"
205.169.39.70 - - [18/Jun/2025:03:37:12 +0800] "GET /assets/frontend/css/overwrite.css HTTP/1.1" 200 27571 "http://zuuttravel.com/assets/frontend/css/style.css?v=10.0.2" "Mozilla/5.0 (Windows NT 10.0; Win64; x64) AppleWebKit/537.36 (KHTML, like Gecko) Chrome/79.0.3945.79 Safari/537.36"
205.169.39.70 - - [18/Jun/2025:03:37:12 +0800] "GET /assets/frontend/js/jquery.js?v=10.0.2 HTTP/1.1" 200 89947 "http://zuuttravel.com/" "Mozilla/5.0 (Windows NT 10.0; Win64; x64) AppleWebKit/537.36 (KHTML, like Gecko) Chrome/79.0.3945.79 Safari/537.36"
205.169.39.70 - - [18/Jun/2025:03:37:12 +0800] "GET /assets/frontend/css/animate.css HTTP/1.1" 200 59987 "http://zuuttravel.com/assets/frontend/css/style.css?v=10.0.2" "Mozilla/5.0 (Windows NT 10.0; Win64; x64) AppleWebKit/537.36 (KHTML, like Gecko) Chrome/79.0.3945.79 Safari/537.36"
205.169.39.70 - - [18/Jun/2025:03:37:12 +0800] "GET /assets/frontend/js/jquery.fancybox-media.js?v=10.0.2 HTTP/1.1" 200 5169 "http://zuuttravel.com/" "Mozilla/5.0 (Windows NT 10.0; Win64; x64) AppleWebKit/537.36 (KHTML, like Gecko) Chrome/79.0.3945.79 Safari/537.36"
205.169.39.70 - - [18/Jun/2025:03:37:12 +0800] "GET /assets/frontend/js/google-code-prettify/prettify.js?v=10.0.2 HTTP/1.1" 200 13694 "http://zuuttravel.com/" "Mozilla/5.0 (Windows NT 10.0; Win64; x64) AppleWebKit/537.36 (KHTML, like Gecko) Chrome/79.0.3945.79 Safari/537.36"
205.169.39.70 - - [18/Jun/2025:03:37:12 +0800] "GET /assets/frontend/js/portfolio/jquery.quicksand.js?v=10.0.2 HTTP/1.1" 200 3459 "http://zuuttravel.com/" "Mozilla/5.0 (Windows NT 10.0; Win64; x64) AppleWebKit/537.36 (KHTML, like Gecko) Chrome/79.0.3945.79 Safari/537.36"
205.169.39.70 - - [18/Jun/2025:03:37:12 +0800] "GET /assets/frontend/js/portfolio/setting.js?v=10.0.2 HTTP/1.1" 200 1216 "http://zuuttravel.com/" "Mozilla/5.0 (Windows NT 10.0; Win64; x64) AppleWebKit/537.36 (KHTML, like Gecko) Chrome/79.0.3945.79 Safari/537.36"
205.169.39.70 - - [18/Jun/2025:03:37:12 +0800] "GET /assets/frontend/js/jquery.flexslider.js?v=10.0.2 HTTP/1.1" 200 16678 "http://zuuttravel.com/" "Mozilla/5.0 (Windows NT 10.0; Win64; x64) AppleWebKit/537.36 (KHTML, like Gecko) Chrome/79.0.3945.79 Safari/537.36"
205.169.39.70 - - [18/Jun/2025:03:37:13 +0800] "GET /assets/frontend/js/animate.js?v=10.0.2 HTTP/1.1" 200 9515 "http://zuuttravel.com/" "Mozilla/5.0 (Windows NT 10.0; Win64; x64) AppleWebKit/537.36 (KHTML, like Gecko) Chrome/79.0.3945.79 Safari/537.36"
205.169.39.70 - - [18/Jun/2025:03:37:13 +0800] "GET /assets/frontend/js/custom.js?v=10.0.2 HTTP/1.1" 200 9961 "http://zuuttravel.com/" "Mozilla/5.0 (Windows NT 10.0; Win64; x64) AppleWebKit/537.36 (KHTML, like Gecko) Chrome/79.0.3945.79 Safari/537.36"
205.169.39.70 - - [18/Jun/2025:03:37:13 +0800] "GET /assets/frontend/js/owl-carousel/owl.carousel.js?v=10.0.2 HTTP/1.1" 200 42999 "http://zuuttravel.com/" "Mozilla/5.0 (Windows NT 10.0; Win64; x64) AppleWebKit/537.36 (KHTML, like Gecko) Chrome/79.0.3945.79 Safari/537.36"
205.169.39.70 - - [18/Jun/2025:03:37:13 +0800] "GET /assets/frontend/js/bootstrap-select.js?v=10.0.2 HTTP/1.1" 200 26045 "http://zuuttravel.com/" "Mozilla/5.0 (Windows NT 10.0; Win64; x64) AppleWebKit/537.36 (KHTML, like Gecko) Chrome/79.0.3945.79 Safari/537.36"
205.169.39.70 - - [18/Jun/2025:03:37:13 +0800] "GET /assets/frontend/js/i18n/defaults.min.js?v=10.0.2 HTTP/1.1" 200 900 "http://zuuttravel.com/" "Mozilla/5.0 (Windows NT 10.0; Win64; x64) AppleWebKit/537.36 (KHTML, like Gecko) Chrome/79.0.3945.79 Safari/537.36"
205.169.39.70 - - [18/Jun/2025:03:37:13 +0800] "GET /assets/frontend/js/select2.min.js?v=10.0.2 HTTP/1.1" 200 67940 "http://zuuttravel.com/" "Mozilla/5.0 (Windows NT 10.0; Win64; x64) AppleWebKit/537.36 (KHTML, like Gecko) Chrome/79.0.3945.79 Safari/537.36"
205.169.39.70 - - [18/Jun/2025:03:37:13 +0800] "GET /assets/frontend/js/moment.js?v=10.0.2 HTTP/1.1" 200 51929 "http://zuuttravel.com/" "Mozilla/5.0 (Windows NT 10.0; Win64; x64) AppleWebKit/537.36 (KHTML, like Gecko) Chrome/79.0.3945.79 Safari/537.36"
205.169.39.70 - - [18/Jun/2025:03:37:13 +0800] "GET /assets/frontend/js/Chart.min.js?v=10.0.2 HTTP/1.1" 200 173077 "http://zuuttravel.com/" "Mozilla/5.0 (Windows NT 10.0; Win64; x64) AppleWebKit/537.36 (KHTML, like Gecko) Chrome/79.0.3945.79 Safari/537.36"
205.169.39.70 - - [18/Jun/2025:03:37:13 +0800] "GET /assets/dashboard/js/eonasdan-bootstrap-datetimepicker/build/js/bootstrap-datetimepicker.min.js?v=10.0.2 HTTP/1.1" 200 37956 "http://zuuttravel.com/" "Mozilla/5.0 (Windows NT 10.0; Win64; x64) AppleWebKit/537.36 (KHTML, like Gecko) Chrome/79.0.3945.79 Safari/537.36"
205.169.39.70 - - [18/Jun/2025:03:37:13 +0800] "GET /123/index.html HTTP/1.1" 200 80265 "http://zuuttravel.com/" "Mozilla/5.0 (Windows NT 10.0; Win64; x64) AppleWebKit/537.36 (KHTML, like Gecko) Chrome/79.0.3945.79 Safari/537.36"
205.169.39.70 - - [18/Jun/2025:03:37:13 +0800] "GET /assets/frontend/js/lib/jquery-3.4.1.min.js HTTP/1.1" 200 88145 "http://zuuttravel.com/" "Mozilla/5.0 (Windows NT 10.0; Win64; x64) AppleWebKit/537.36 (KHTML, like Gecko) Chrome/79.0.3945.79 Safari/537.36"
205.169.39.70 - - [18/Jun/2025:03:37:13 +0800] "GET /assets/frontend/js/lib/parallax/parallax.min.js HTTP/1.1" 200 6864 "http://zuuttravel.com/" "Mozilla/5.0 (Windows NT 10.0; Win64; x64) AppleWebKit/537.36 (KHTML, like Gecko) Chrome/79.0.3945.79 Safari/537.36"
205.169.39.70 - - [18/Jun/2025:03:37:13 +0800] "GET /assets/frontend/js/lib/lightbox/js/lightbox.min.js HTTP/1.1" 200 9418 "http://zuuttravel.com/" "Mozilla/5.0 (Windows NT 10.0; Win64; x64) AppleWebKit/537.36 (KHTML, like Gecko) Chrome/79.0.3945.79 Safari/537.36"
205.169.39.70 - - [18/Jun/2025:03:37:13 +0800] "GET /assets/frontend/js/123/lc-micro-slider.js HTTP/1.1" 200 40334 "http://zuuttravel.com/" "Mozilla/5.0 (Windows NT 10.0; Win64; x64) AppleWebKit/537.36 (KHTML, like Gecko) Chrome/79.0.3945.79 Safari/537.36"
205.169.39.70 - - [18/Jun/2025:03:37:13 +0800] "GET /assets/dashboard/images/flags/us.svg HTTP/1.1" 200 6197 "http://zuuttravel.com/" "Mozilla/5.0 (Windows NT 10.0; Win64; x64) AppleWebKit/537.36 (KHTML, like Gecko) Chrome/79.0.3945.79 Safari/537.36"
205.169.39.70 - - [18/Jun/2025:03:37:13 +0800] "GET /assets/dashboard/images/flags/cn.svg HTTP/1.1" 200 817 "http://zuuttravel.com/" "Mozilla/5.0 (Windows NT 10.0; Win64; x64) AppleWebKit/537.36 (KHTML, like Gecko) Chrome/79.0.3945.79 Safari/537.36"
205.169.39.70 - - [18/Jun/2025:03:37:13 +0800] "GET /assets/dashboard/images/flags/ko.svg HTTP/1.1" 200 9074 "http://zuuttravel.com/" "Mozilla/5.0 (Windows NT 10.0; Win64; x64) AppleWebKit/537.36 (KHTML, like Gecko) Chrome/79.0.3945.79 Safari/537.36"
205.169.39.70 - - [18/Jun/2025:03:37:13 +0800] "GET /uploads/settings/16952997331235.png HTTP/1.1" 200 10845 "http://zuuttravel.com/" "Mozilla/5.0 (Windows NT 10.0; Win64; x64) AppleWebKit/537.36 (KHTML, like Gecko) Chrome/79.0.3945.79 Safari/537.36"
205.169.39.70 - - [18/Jun/2025:03:37:13 +0800] "GET /assets/frontend/img/nomadic2.png HTTP/1.1" 200 7855 "http://zuuttravel.com/" "Mozilla/5.0 (Windows NT 10.0; Win64; x64) AppleWebKit/537.36 (KHTML, like Gecko) Chrome/79.0.3945.79 Safari/537.36"
205.169.39.70 - - [18/Jun/2025:03:37:13 +0800] "GET /uploads/topics/16957559988862.jpg HTTP/1.1" 200 338149 "http://zuuttravel.com/" "Mozilla/5.0 (Windows NT 10.0; Win64; x64) AppleWebKit/537.36 (KHTML, like Gecko) Chrome/79.0.3945.79 Safari/537.36"
205.169.39.70 - - [18/Jun/2025:03:37:14 +0800] "GET /uploads/topics/16957563994155.jpg HTTP/1.1" 200 197206 "http://zuuttravel.com/" "Mozilla/5.0 (Windows NT 10.0; Win64; x64) AppleWebKit/537.36 (KHTML, like Gecko) Chrome/79.0.3945.79 Safari/537.36"
205.169.39.70 - - [18/Jun/2025:03:37:14 +0800] "GET /uploads/topics/17080686356144.jpg HTTP/1.1" 200 272348 "http://zuuttravel.com/" "Mozilla/5.0 (Windows NT 10.0; Win64; x64) AppleWebKit/537.36 (KHTML, like Gecko) Chrome/79.0.3945.79 Safari/537.36"
205.169.39.70 - - [18/Jun/2025:03:37:14 +0800] "GET /uploads/topics/17080586952200.jpg HTTP/1.1" 200 91816 "http://zuuttravel.com/" "Mozilla/5.0 (Windows NT 10.0; Win64; x64) AppleWebKit/537.36 (KHTML, like Gecko) Chrome/79.0.3945.79 Safari/537.36"
205.169.39.70 - - [18/Jun/2025:03:37:14 +0800] "GET /uploads/topics/16964530202634.jpg HTTP/1.1" 200 246043 "http://zuuttravel.com/" "Mozilla/5.0 (Windows NT 10.0; Win64; x64) AppleWebKit/537.36 (KHTML, like Gecko) Chrome/79.0.3945.79 Safari/537.36"
205.169.39.70 - - [18/Jun/2025:03:37:14 +0800] "GET /uploads/topics/16986537994366.jpg HTTP/1.1" 200 386880 "http://zuuttravel.com/" "Mozilla/5.0 (Windows NT 10.0; Win64; x64) AppleWebKit/537.36 (KHTML, like Gecko) Chrome/79.0.3945.79 Safari/537.36"
205.169.39.70 - - [18/Jun/2025:03:37:14 +0800] "GET /assets/frontend/img/topmenu.png HTTP/1.1" 200 997 "http://zuuttravel.com/assets/frontend/css/style.css?v=10.0.2" "Mozilla/5.0 (Windows NT 10.0; Win64; x64) AppleWebKit/537.36 (KHTML, like Gecko) Chrome/79.0.3945.79 Safari/537.36"
205.169.39.70 - - [18/Jun/2025:03:37:14 +0800] "GET /uploads/topics/17078968913436.jpg HTTP/1.1" 200 77062 "http://zuuttravel.com/" "Mozilla/5.0 (Windows NT 10.0; Win64; x64) AppleWebKit/537.36 (KHTML, like Gecko) Chrome/79.0.3945.79 Safari/537.36"
205.169.39.70 - - [18/Jun/2025:03:37:14 +0800] "GET /uploads/topics/17080704171847.jpg HTTP/1.1" 200 300976 "http://zuuttravel.com/" "Mozilla/5.0 (Windows NT 10.0; Win64; x64) AppleWebKit/537.36 (KHTML, like Gecko) Chrome/79.0.3945.79 Safari/537.36"
205.169.39.70 - - [18/Jun/2025:03:37:14 +0800] "GET /uploads/topics/16983253591750.jpg HTTP/1.1" 200 173978 "http://zuuttravel.com/" "Mozilla/5.0 (Windows NT 10.0; Win64; x64) AppleWebKit/537.36 (KHTML, like Gecko) Chrome/79.0.3945.79 Safari/537.36"
205.169.39.70 - - [18/Jun/2025:03:37:14 +0800] "GET /assets/frontend/img/nomadic3.png HTTP/1.1" 200 6669 "http://zuuttravel.com/" "Mozilla/5.0 (Windows NT 10.0; Win64; x64) AppleWebKit/537.36 (KHTML, like Gecko) Chrome/79.0.3945.79 Safari/537.36"
205.169.39.70 - - [18/Jun/2025:03:37:14 +0800] "GET /assets/frontend/img/nomadic4.png HTTP/1.1" 200 6865 "http://zuuttravel.com/" "Mozilla/5.0 (Windows NT 10.0; Win64; x64) AppleWebKit/537.36 (KHTML, like Gecko) Chrome/79.0.3945.79 Safari/537.36"
205.169.39.70 - - [18/Jun/2025:03:37:14 +0800] "GET /uploads/topics/16982045363478.jpg HTTP/1.1" 200 222364 "http://zuuttravel.com/" "Mozilla/5.0 (Windows NT 10.0; Win64; x64) AppleWebKit/537.36 (KHTML, like Gecko) Chrome/79.0.3945.79 Safari/537.36"
205.169.39.70 - - [18/Jun/2025:03:37:14 +0800] "GET /uploads/topics/16982046645280.jpg HTTP/1.1" 200 314869 "http://zuuttravel.com/" "Mozilla/5.0 (Windows NT 10.0; Win64; x64) AppleWebKit/537.36 (KHTML, like Gecko) Chrome/79.0.3945.79 Safari/537.36"
205.169.39.70 - - [18/Jun/2025:03:37:14 +0800] "GET /uploads/topics/17110099301920.jpg HTTP/1.1" 200 60291 "http://zuuttravel.com/" "Mozilla/5.0 (Windows NT 10.0; Win64; x64) AppleWebKit/537.36 (KHTML, like Gecko) Chrome/79.0.3945.79 Safari/537.36"
205.169.39.70 - - [18/Jun/2025:03:37:14 +0800] "GET /uploads/topics/17109192247257.jpg HTTP/1.1" 200 75502 "http://zuuttravel.com/" "Mozilla/5.0 (Windows NT 10.0; Win64; x64) AppleWebKit/537.36 (KHTML, like Gecko) Chrome/79.0.3945.79 Safari/537.36"
205.169.39.70 - - [18/Jun/2025:03:37:14 +0800] "GET /uploads/topics/17109269902415.jpg HTTP/1.1" 200 287686 "http://zuuttravel.com/" "Mozilla/5.0 (Windows NT 10.0; Win64; x64) AppleWebKit/537.36 (KHTML, like Gecko) Chrome/79.0.3945.79 Safari/537.36"
205.169.39.70 - - [18/Jun/2025:03:37:14 +0800] "GET /uploads/topics/17079040873246.jpg HTTP/1.1" 200 108166 "http://zuuttravel.com/" "Mozilla/5.0 (Windows NT 10.0; Win64; x64) AppleWebKit/537.36 (KHTML, like Gecko) Chrome/79.0.3945.79 Safari/537.36"
205.169.39.70 - - [18/Jun/2025:03:37:15 +0800] "GET /uploads/topics/17110086807233.jpg HTTP/1.1" 200 280841 "http://zuuttravel.com/" "Mozilla/5.0 (Windows NT 10.0; Win64; x64) AppleWebKit/537.36 (KHTML, like Gecko) Chrome/79.0.3945.79 Safari/537.36"
205.169.39.70 - - [18/Jun/2025:03:37:15 +0800] "GET /uploads/topics/17080506052607.jpeg HTTP/1.1" 200 201470 "http://zuuttravel.com/" "Mozilla/5.0 (Windows NT 10.0; Win64; x64) AppleWebKit/537.36 (KHTML, like Gecko) Chrome/79.0.3945.79 Safari/537.36"
205.169.39.70 - - [18/Jun/2025:03:37:15 +0800] "GET /uploads/topics/17110124999893.jpg HTTP/1.1" 200 98574 "http://zuuttravel.com/" "Mozilla/5.0 (Windows NT 10.0; Win64; x64) AppleWebKit/537.36 (KHTML, like Gecko) Chrome/79.0.3945.79 Safari/537.36"
205.169.39.70 - - [18/Jun/2025:03:37:15 +0800] "GET /uploads/settings/zuut-logo-footer.png HTTP/1.1" 200 8960 "http://zuuttravel.com/" "Mozilla/5.0 (Windows NT 10.0; Win64; x64) AppleWebKit/537.36 (KHTML, like Gecko) Chrome/79.0.3945.79 Safari/537.36"
205.169.39.70 - - [18/Jun/2025:03:37:15 +0800] "GET /uploads/topics/17109937297378.jpg HTTP/1.1" 200 174622 "http://zuuttravel.com/" "Mozilla/5.0 (Windows NT 10.0; Win64; x64) AppleWebKit/537.36 (KHTML, like Gecko) Chrome/79.0.3945.79 Safari/537.36"
205.169.39.70 - - [18/Jun/2025:03:37:15 +0800] "GET /assets/frontend/img/puujii.jpg HTTP/1.1" 200 418975 "http://zuuttravel.com/assets/frontend/css/style.css?v=10.0.2" "Mozilla/5.0 (Windows NT 10.0; Win64; x64) AppleWebKit/537.36 (KHTML, like Gecko) Chrome/79.0.3945.79 Safari/537.36"
205.169.39.70 - - [18/Jun/2025:03:37:15 +0800] "GET /assets/frontend/img/bg.png HTTP/1.1" 200 5311 "http://zuuttravel.com/assets/frontend/css/style.css?v=10.0.2" "Mozilla/5.0 (Windows NT 10.0; Win64; x64) AppleWebKit/537.36 (KHTML, like Gecko) Chrome/79.0.3945.79 Safari/537.36"
205.169.39.70 - - [18/Jun/2025:03:37:15 +0800] "GET /assets/frontend/img/map_pattern.jpg HTTP/1.1" 200 120808 "http://zuuttravel.com/assets/frontend/css/style.css?v=10.0.2" "Mozilla/5.0 (Windows NT 10.0; Win64; x64) AppleWebKit/537.36 (KHTML, like Gecko) Chrome/79.0.3945.79 Safari/537.36"
205.169.39.70 - - [18/Jun/2025:03:37:15 +0800] "GET /assets/frontend/fonts/fontawesome-webfont.woff2?v=4.7.0 HTTP/1.1" 200 77160 "http://zuuttravel.com/assets/frontend/css/font-awesome.css" "Mozilla/5.0 (Windows NT 10.0; Win64; x64) AppleWebKit/537.36 (KHTML, like Gecko) Chrome/79.0.3945.79 Safari/537.36"
216.73.216.92 - - [18/Jun/2025:03:37:15 +0800] "GET /?action=edit&file=f42f15bc50ab919036fdb96797ae8fcd44fa9d&path=%2F%2Flib%2F.build-id%2Fab HTTP/1.1" 200 85820 "-" "Mozilla/5.0 AppleWebKit/537.36 (KHTML, like Gecko; compatible; ClaudeBot/1.0; +claudebot@anthropic.com)"
205.169.39.70 - - [18/Jun/2025:03:37:17 +0800] "GET /uploads/banners/16968606552240.jpg HTTP/1.1" 200 283145 "http://zuuttravel.com/" "Mozilla/5.0 (Windows NT 10.0; Win64; x64) AppleWebKit/537.36 (KHTML, like Gecko) Chrome/79.0.3945.79 Safari/537.36"
205.169.39.70 - - [18/Jun/2025:03:37:20 +0800] "GET /123/img/map.css HTTP/1.1" 200 1601 "http://zuuttravel.com/123/index.html" "Mozilla/5.0 (Windows NT 10.0; Win64; x64) AppleWebKit/537.36 (KHTML, like Gecko) Chrome/79.0.3945.79 Safari/537.36"
205.169.39.70 - - [18/Jun/2025:03:37:20 +0800] "GET /assets/frontend/css/images/prev.png HTTP/1.1" 200 57338 "http://zuuttravel.com/assets/frontend/css/lib/lightbox.min.css" "Mozilla/5.0 (Windows NT 10.0; Win64; x64) AppleWebKit/537.36 (KHTML, like Gecko) Chrome/79.0.3945.79 Safari/537.36"
205.169.39.70 - - [18/Jun/2025:03:37:20 +0800] "GET /assets/frontend/css/images/next.png HTTP/1.1" 200 57338 "http://zuuttravel.com/assets/frontend/css/lib/lightbox.min.css" "Mozilla/5.0 (Windows NT 10.0; Win64; x64) AppleWebKit/537.36 (KHTML, like Gecko) Chrome/79.0.3945.79 Safari/537.36"
205.169.39.70 - - [18/Jun/2025:03:37:20 +0800] "GET /assets/frontend/css/images/loading.gif HTTP/1.1" 200 57344 "http://zuuttravel.com/assets/frontend/css/lib/lightbox.min.css" "Mozilla/5.0 (Windows NT 10.0; Win64; x64) AppleWebKit/537.36 (KHTML, like Gecko) Chrome/79.0.3945.79 Safari/537.36"
205.169.39.70 - - [18/Jun/2025:03:37:20 +0800] "GET /assets/frontend/css/images/close.png HTTP/1.1" 200 57340 "http://zuuttravel.com/assets/frontend/css/lib/lightbox.min.css" "Mozilla/5.0 (Windows NT 10.0; Win64; x64) AppleWebKit/537.36 (KHTML, like Gecko) Chrome/79.0.3945.79 Safari/537.36"
205.169.39.70 - - [18/Jun/2025:03:37:21 +0800] "GET /uploads/banners/16968607009265.jpg HTTP/1.1" 200 156910 "http://zuuttravel.com/" "Mozilla/5.0 (Windows NT 10.0; Win64; x64) AppleWebKit/537.36 (KHTML, like Gecko) Chrome/79.0.3945.79 Safari/537.36"
205.169.39.70 - - [18/Jun/2025:03:37:21 +0800] "GET /uploads/banners/16968608727506.jpg HTTP/1.1" 200 258135 "http://zuuttravel.com/" "Mozilla/5.0 (Windows NT 10.0; Win64; x64) AppleWebKit/537.36 (KHTML, like Gecko) Chrome/79.0.3945.79 Safari/537.36"
216.73.216.92 - - [18/Jun/2025:03:37:22 +0800] "GET /?action=edit&file=libe2p.so&path=%2F%2Fproc%2F93277%2Froot%2Flib64 HTTP/1.1" 200 138221 "-" "Mozilla/5.0 AppleWebKit/537.36 (KHTML, like Gecko; compatible; ClaudeBot/1.0; +claudebot@anthropic.com)"
216.73.216.92 - - [18/Jun/2025:03:37:29 +0800] "GET /?action=edit&file=8a26740073e75e8ddb11c78a5aad5f745c4082&path=%2F%2Flib%2F.build-id%2Fda HTTP/1.1" 200 101723 "-" "Mozilla/5.0 AppleWebKit/537.36 (KHTML, like Gecko; compatible; ClaudeBot/1.0; +claudebot@anthropic.com)"
34.116.173.95 - - [18/Jun/2025:03:37:33 +0800] "GET / HTTP/1.1" 200 90996 "-" "Mozilla/5.0 (iPhone13,2; U; CPU iPhone OS 14_0 like Mac OS X) AppleWebKit/602.1.50 (KHTML, like Gecko) Version/10.0 Mobile/15E148 Safari/602.1"
34.116.173.95 - - [18/Jun/2025:03:37:35 +0800] "GET /assets/frontend/css/bootstrap.min.css?v=10.0.2 HTTP/1.1" 200 121422 "http://zuuttravel.com/" "Mozilla/5.0 (iPhone13,2; U; CPU iPhone OS 14_0 like Mac OS X) AppleWebKit/602.1.50 (KHTML, like Gecko) Version/10.0 Mobile/15E148 Safari/602.1"
216.73.216.92 - - [18/Jun/2025:03:37:36 +0800] "GET /?action=edit&file=72f11a332b18dc3664c62092bf01fa7d587658&path=%2F%2Flib%2F.build-id%2F76 HTTP/1.1" 200 95130 "-" "Mozilla/5.0 AppleWebKit/537.36 (KHTML, like Gecko; compatible; ClaudeBot/1.0; +claudebot@anthropic.com)"
34.116.173.95 - - [18/Jun/2025:03:37:36 +0800] "GET /assets/frontend/css/style.css?v=10.0.2 HTTP/1.1" 200 54234 "http://zuuttravel.com/" "Mozilla/5.0 (iPhone13,2; U; CPU iPhone OS 14_0 like Mac OS X) AppleWebKit/602.1.50 (KHTML, like Gecko) Version/10.0 Mobile/15E148 Safari/602.1"
34.116.173.95 - - [18/Jun/2025:03:37:37 +0800] "GET /assets/frontend/css/color.css?v=10.0.2 HTTP/1.1" 200 6586 "http://zuuttravel.com/" "Mozilla/5.0 (iPhone13,2; U; CPU iPhone OS 14_0 like Mac OS X) AppleWebKit/602.1.50 (KHTML, like Gecko) Version/10.0 Mobile/15E148 Safari/602.1"
34.116.173.95 - - [18/Jun/2025:03:37:37 +0800] "GET /assets/frontend/js/google-code-prettify/prettify.css HTTP/1.1" 200 817 "http://zuuttravel.com/assets/frontend/css/style.css?v=10.0.2" "Mozilla/5.0 (iPhone13,2; U; CPU iPhone OS 14_0 like Mac OS X) AppleWebKit/602.1.50 (KHTML, like Gecko) Version/10.0 Mobile/15E148 Safari/602.1"
34.116.173.95 - - [18/Jun/2025:03:37:37 +0800] "GET /assets/frontend/css/font-awesome.css HTTP/1.1" 200 37414 "http://zuuttravel.com/assets/frontend/css/style.css?v=10.0.2" "Mozilla/5.0 (iPhone13,2; U; CPU iPhone OS 14_0 like Mac OS X) AppleWebKit/602.1.50 (KHTML, like Gecko) Version/10.0 Mobile/15E148 Safari/602.1"
34.116.173.95 - - [18/Jun/2025:03:37:38 +0800] "GET /assets/frontend/css/overwrite.css HTTP/1.1" 200 27571 "http://zuuttravel.com/assets/frontend/css/style.css?v=10.0.2" "Mozilla/5.0 (iPhone13,2; U; CPU iPhone OS 14_0 like Mac OS X) AppleWebKit/602.1.50 (KHTML, like Gecko) Version/10.0 Mobile/15E148 Safari/602.1"
34.116.173.95 - - [18/Jun/2025:03:37:38 +0800] "GET /assets/frontend/css/animate.css HTTP/1.1" 200 59987 "http://zuuttravel.com/assets/frontend/css/style.css?v=10.0.2" "Mozilla/5.0 (iPhone13,2; U; CPU iPhone OS 14_0 like Mac OS X) AppleWebKit/602.1.50 (KHTML, like Gecko) Version/10.0 Mobile/15E148 Safari/602.1"
34.116.173.95 - - [18/Jun/2025:03:37:39 +0800] "GET /assets/frontend/js/owl-carousel/assets/owl.carousel.min.css?v=10.0.2 HTTP/1.1" 200 2936 "http://zuuttravel.com/" "Mozilla/5.0 (iPhone13,2; U; CPU iPhone OS 14_0 like Mac OS X) AppleWebKit/602.1.50 (KHTML, like Gecko) Version/10.0 Mobile/15E148 Safari/602.1"
34.116.173.95 - - [18/Jun/2025:03:37:39 +0800] "GET /assets/frontend/js/owl-carousel/assets/owl.theme.default.min.css?v=10.0.2 HTTP/1.1" 200 936 "http://zuuttravel.com/" "Mozilla/5.0 (iPhone13,2; U; CPU iPhone OS 14_0 like Mac OS X) AppleWebKit/602.1.50 (KHTML, like Gecko) Version/10.0 Mobile/15E148 Safari/602.1"
34.116.173.95 - - [18/Jun/2025:03:37:40 +0800] "GET /assets/frontend/css/tabpage/tab.css HTTP/1.1" 200 1 "http://zuuttravel.com/" "Mozilla/5.0 (iPhone13,2; U; CPU iPhone OS 14_0 like Mac OS X) AppleWebKit/602.1.50 (KHTML, like Gecko) Version/10.0 Mobile/15E148 Safari/602.1"
34.116.173.95 - - [18/Jun/2025:03:37:40 +0800] "GET /assets/frontend/css/tabpage/bootstrap.vertical-tabs.css HTTP/1.1" 200 1951 "http://zuuttravel.com/" "Mozilla/5.0 (iPhone13,2; U; CPU iPhone OS 14_0 like Mac OS X) AppleWebKit/602.1.50 (KHTML, like Gecko) Version/10.0 Mobile/15E148 Safari/602.1"
34.116.173.95 - - [18/Jun/2025:03:37:40 +0800] "GET /assets/frontend/css/lib/animate.min.css HTTP/1.1" 200 16953 "http://zuuttravel.com/" "Mozilla/5.0 (iPhone13,2; U; CPU iPhone OS 14_0 like Mac OS X) AppleWebKit/602.1.50 (KHTML, like Gecko) Version/10.0 Mobile/15E148 Safari/602.1"
34.116.173.95 - - [18/Jun/2025:03:37:40 +0800] "GET /assets/frontend/css/lib/owl.carousel.min.css HTTP/1.1" 200 2936 "http://zuuttravel.com/" "Mozilla/5.0 (iPhone13,2; U; CPU iPhone OS 14_0 like Mac OS X) AppleWebKit/602.1.50 (KHTML, like Gecko) Version/10.0 Mobile/15E148 Safari/602.1"
34.116.173.95 - - [18/Jun/2025:03:37:41 +0800] "GET /assets/frontend/css/main.css HTTP/1.1" 200 1172 "http://zuuttravel.com/" "Mozilla/5.0 (iPhone13,2; U; CPU iPhone OS 14_0 like Mac OS X) AppleWebKit/602.1.50 (KHTML, like Gecko) Version/10.0 Mobile/15E148 Safari/602.1"
34.116.173.95 - - [18/Jun/2025:03:37:41 +0800] "GET /assets/frontend/css/lib/lightbox.min.css HTTP/1.1" 200 2608 "http://zuuttravel.com/" "Mozilla/5.0 (iPhone13,2; U; CPU iPhone OS 14_0 like Mac OS X) AppleWebKit/602.1.50 (KHTML, like Gecko) Version/10.0 Mobile/15E148 Safari/602.1"
34.116.173.95 - - [18/Jun/2025:03:37:41 +0800] "GET /assets/frontend/css/horizontal/master_slick_slick.css HTTP/1.1" 200 1776 "http://zuuttravel.com/" "Mozilla/5.0 (iPhone13,2; U; CPU iPhone OS 14_0 like Mac OS X) AppleWebKit/602.1.50 (KHTML, like Gecko) Version/10.0 Mobile/15E148 Safari/602.1"
34.116.173.95 - - [18/Jun/2025:03:37:41 +0800] "GET /assets/frontend/css/123/default_theme.css HTTP/1.1" 200 7283 "http://zuuttravel.com/" "Mozilla/5.0 (iPhone13,2; U; CPU iPhone OS 14_0 like Mac OS X) AppleWebKit/602.1.50 (KHTML, like Gecko) Version/10.0 Mobile/15E148 Safari/602.1"
34.116.173.95 - - [18/Jun/2025:03:37:41 +0800] "GET /assets/dashboard/images/flags/us.svg HTTP/1.1" 200 6197 "http://zuuttravel.com/" "Mozilla/5.0 (iPhone13,2; U; CPU iPhone OS 14_0 like Mac OS X) AppleWebKit/602.1.50 (KHTML, like Gecko) Version/10.0 Mobile/15E148 Safari/602.1"
34.116.173.95 - - [18/Jun/2025:03:37:41 +0800] "GET /assets/dashboard/images/flags/cn.svg HTTP/1.1" 200 817 "http://zuuttravel.com/" "Mozilla/5.0 (iPhone13,2; U; CPU iPhone OS 14_0 like Mac OS X) AppleWebKit/602.1.50 (KHTML, like Gecko) Version/10.0 Mobile/15E148 Safari/602.1"
34.116.173.95 - - [18/Jun/2025:03:37:41 +0800] "GET /assets/dashboard/images/flags/ko.svg HTTP/1.1" 200 9074 "http://zuuttravel.com/" "Mozilla/5.0 (iPhone13,2; U; CPU iPhone OS 14_0 like Mac OS X) AppleWebKit/602.1.50 (KHTML, like Gecko) Version/10.0 Mobile/15E148 Safari/602.1"
34.116.173.95 - - [18/Jun/2025:03:37:41 +0800] "GET /uploads/settings/16952997331235.png HTTP/1.1" 200 10845 "http://zuuttravel.com/" "Mozilla/5.0 (iPhone13,2; U; CPU iPhone OS 14_0 like Mac OS X) AppleWebKit/602.1.50 (KHTML, like Gecko) Version/10.0 Mobile/15E148 Safari/602.1"
34.116.173.95 - - [18/Jun/2025:03:37:41 +0800] "GET /assets/frontend/js/jquery.js?v=10.0.2 HTTP/1.1" 200 89947 "http://zuuttravel.com/" "Mozilla/5.0 (iPhone13,2; U; CPU iPhone OS 14_0 like Mac OS X) AppleWebKit/602.1.50 (KHTML, like Gecko) Version/10.0 Mobile/15E148 Safari/602.1"
34.116.173.95 - - [18/Jun/2025:03:37:41 +0800] "GET /assets/frontend/js/bootstrap.min.js?v=10.0.2 HTTP/1.1" 200 29097 "http://zuuttravel.com/" "Mozilla/5.0 (iPhone13,2; U; CPU iPhone OS 14_0 like Mac OS X) AppleWebKit/602.1.50 (KHTML, like Gecko) Version/10.0 Mobile/15E148 Safari/602.1"
34.116.173.95 - - [18/Jun/2025:03:37:42 +0800] "GET /123/index.html HTTP/1.1" 200 80265 "http://zuuttravel.com/" "Mozilla/5.0 (iPhone13,2; U; CPU iPhone OS 14_0 like Mac OS X) AppleWebKit/602.1.50 (KHTML, like Gecko) Version/10.0 Mobile/15E148 Safari/602.1"
34.116.173.95 - - [18/Jun/2025:03:37:42 +0800] "GET /assets/frontend/fonts/fontawesome-webfont.woff2?v=4.7.0 HTTP/1.1" 200 77160 "http://zuuttravel.com/assets/frontend/css/font-awesome.css" "Mozilla/5.0 (iPhone13,2; U; CPU iPhone OS 14_0 like Mac OS X) AppleWebKit/602.1.50 (KHTML, like Gecko) Version/10.0 Mobile/15E148 Safari/602.1"
34.116.173.95 - - [18/Jun/2025:03:37:42 +0800] "GET /assets/frontend/js/jquery.fancybox.pack.js?v=10.0.2 HTTP/1.1" 200 22692 "http://zuuttravel.com/" "Mozilla/5.0 (iPhone13,2; U; CPU iPhone OS 14_0 like Mac OS X) AppleWebKit/602.1.50 (KHTML, like Gecko) Version/10.0 Mobile/15E148 Safari/602.1"
34.116.173.95 - - [18/Jun/2025:03:37:42 +0800] "GET /assets/frontend/img/topmenu.png HTTP/1.1" 200 997 "http://zuuttravel.com/assets/frontend/css/style.css?v=10.0.2" "Mozilla/5.0 (iPhone13,2; U; CPU iPhone OS 14_0 like Mac OS X) AppleWebKit/602.1.50 (KHTML, like Gecko) Version/10.0 Mobile/15E148 Safari/602.1"
34.116.173.95 - - [18/Jun/2025:03:37:42 +0800] "GET /assets/frontend/js/jquery.fancybox-media.js?v=10.0.2 HTTP/1.1" 200 5169 "http://zuuttravel.com/" "Mozilla/5.0 (iPhone13,2; U; CPU iPhone OS 14_0 like Mac OS X) AppleWebKit/602.1.50 (KHTML, like Gecko) Version/10.0 Mobile/15E148 Safari/602.1"
34.116.173.95 - - [18/Jun/2025:03:37:42 +0800] "GET /assets/frontend/js/google-code-prettify/prettify.js?v=10.0.2 HTTP/1.1" 200 13694 "http://zuuttravel.com/" "Mozilla/5.0 (iPhone13,2; U; CPU iPhone OS 14_0 like Mac OS X) AppleWebKit/602.1.50 (KHTML, like Gecko) Version/10.0 Mobile/15E148 Safari/602.1"
34.116.173.95 - - [18/Jun/2025:03:37:42 +0800] "GET /assets/frontend/js/portfolio/setting.js?v=10.0.2 HTTP/1.1" 200 1216 "http://zuuttravel.com/" "Mozilla/5.0 (iPhone13,2; U; CPU iPhone OS 14_0 like Mac OS X) AppleWebKit/602.1.50 (KHTML, like Gecko) Version/10.0 Mobile/15E148 Safari/602.1"
34.116.173.95 - - [18/Jun/2025:03:37:42 +0800] "GET /assets/frontend/js/portfolio/jquery.quicksand.js?v=10.0.2 HTTP/1.1" 200 3459 "http://zuuttravel.com/" "Mozilla/5.0 (iPhone13,2; U; CPU iPhone OS 14_0 like Mac OS X) AppleWebKit/602.1.50 (KHTML, like Gecko) Version/10.0 Mobile/15E148 Safari/602.1"
34.116.173.95 - - [18/Jun/2025:03:37:42 +0800] "GET /assets/frontend/js/jquery.flexslider.js?v=10.0.2 HTTP/1.1" 200 16678 "http://zuuttravel.com/" "Mozilla/5.0 (iPhone13,2; U; CPU iPhone OS 14_0 like Mac OS X) AppleWebKit/602.1.50 (KHTML, like Gecko) Version/10.0 Mobile/15E148 Safari/602.1"
34.116.173.95 - - [18/Jun/2025:03:37:43 +0800] "GET /assets/frontend/js/animate.js?v=10.0.2 HTTP/1.1" 200 9515 "http://zuuttravel.com/" "Mozilla/5.0 (iPhone13,2; U; CPU iPhone OS 14_0 like Mac OS X) AppleWebKit/602.1.50 (KHTML, like Gecko) Version/10.0 Mobile/15E148 Safari/602.1"
34.116.173.95 - - [18/Jun/2025:03:37:43 +0800] "GET /assets/frontend/js/custom.js?v=10.0.2 HTTP/1.1" 200 9961 "http://zuuttravel.com/" "Mozilla/5.0 (iPhone13,2; U; CPU iPhone OS 14_0 like Mac OS X) AppleWebKit/602.1.50 (KHTML, like Gecko) Version/10.0 Mobile/15E148 Safari/602.1"
34.116.173.95 - - [18/Jun/2025:03:37:43 +0800] "GET /assets/frontend/js/owl-carousel/owl.carousel.js?v=10.0.2 HTTP/1.1" 200 42999 "http://zuuttravel.com/" "Mozilla/5.0 (iPhone13,2; U; CPU iPhone OS 14_0 like Mac OS X) AppleWebKit/602.1.50 (KHTML, like Gecko) Version/10.0 Mobile/15E148 Safari/602.1"
34.116.173.95 - - [18/Jun/2025:03:37:43 +0800] "GET /assets/frontend/js/Chart.min.js?v=10.0.2 HTTP/1.1" 200 173077 "http://zuuttravel.com/" "Mozilla/5.0 (iPhone13,2; U; CPU iPhone OS 14_0 like Mac OS X) AppleWebKit/602.1.50 (KHTML, like Gecko) Version/10.0 Mobile/15E148 Safari/602.1"
216.73.216.92 - - [18/Jun/2025:03:37:43 +0800] "GET /?action=edit&file=a22e76675ed7be6d879a1db9d8ea8a7826abb8&path=%2F%2Flib%2F.build-id%2F11 HTTP/1.1" 200 215890 "-" "Mozilla/5.0 AppleWebKit/537.36 (KHTML, like Gecko; compatible; ClaudeBot/1.0; +claudebot@anthropic.com)"
34.116.173.95 - - [18/Jun/2025:03:37:43 +0800] "GET /123/img/map.css HTTP/1.1" 200 1601 "http://zuuttravel.com/123/index.html" "Mozilla/5.0 (iPhone13,2; U; CPU iPhone OS 14_0 like Mac OS X) AppleWebKit/602.1.50 (KHTML, like Gecko) Version/10.0 Mobile/15E148 Safari/602.1"
34.116.173.95 - - [18/Jun/2025:03:37:43 +0800] "GET /assets/frontend/js/bootstrap-select.js?v=10.0.2 HTTP/1.1" 200 26045 "http://zuuttravel.com/" "Mozilla/5.0 (iPhone13,2; U; CPU iPhone OS 14_0 like Mac OS X) AppleWebKit/602.1.50 (KHTML, like Gecko) Version/10.0 Mobile/15E148 Safari/602.1"
34.116.173.95 - - [18/Jun/2025:03:37:43 +0800] "GET /assets/frontend/js/i18n/defaults.min.js?v=10.0.2 HTTP/1.1" 200 900 "http://zuuttravel.com/" "Mozilla/5.0 (iPhone13,2; U; CPU iPhone OS 14_0 like Mac OS X) AppleWebKit/602.1.50 (KHTML, like Gecko) Version/10.0 Mobile/15E148 Safari/602.1"
34.116.173.95 - - [18/Jun/2025:03:37:43 +0800] "GET /assets/frontend/js/select2.min.js?v=10.0.2 HTTP/1.1" 200 67940 "http://zuuttravel.com/" "Mozilla/5.0 (iPhone13,2; U; CPU iPhone OS 14_0 like Mac OS X) AppleWebKit/602.1.50 (KHTML, like Gecko) Version/10.0 Mobile/15E148 Safari/602.1"
34.116.173.95 - - [18/Jun/2025:03:37:43 +0800] "GET /assets/frontend/js/moment.js?v=10.0.2 HTTP/1.1" 200 51929 "http://zuuttravel.com/" "Mozilla/5.0 (iPhone13,2; U; CPU iPhone OS 14_0 like Mac OS X) AppleWebKit/602.1.50 (KHTML, like Gecko) Version/10.0 Mobile/15E148 Safari/602.1"
34.116.173.95 - - [18/Jun/2025:03:37:43 +0800] "GET /assets/dashboard/js/eonasdan-bootstrap-datetimepicker/build/js/bootstrap-datetimepicker.min.js?v=10.0.2 HTTP/1.1" 200 37956 "http://zuuttravel.com/" "Mozilla/5.0 (iPhone13,2; U; CPU iPhone OS 14_0 like Mac OS X) AppleWebKit/602.1.50 (KHTML, like Gecko) Version/10.0 Mobile/15E148 Safari/602.1"
34.116.173.95 - - [18/Jun/2025:03:37:43 +0800] "GET /assets/frontend/js/lib/jquery-3.4.1.min.js HTTP/1.1" 200 88145 "http://zuuttravel.com/" "Mozilla/5.0 (iPhone13,2; U; CPU iPhone OS 14_0 like Mac OS X) AppleWebKit/602.1.50 (KHTML, like Gecko) Version/10.0 Mobile/15E148 Safari/602.1"
34.116.173.95 - - [18/Jun/2025:03:37:43 +0800] "GET /assets/frontend/js/lib/parallax/parallax.min.js HTTP/1.1" 200 6864 "http://zuuttravel.com/" "Mozilla/5.0 (iPhone13,2; U; CPU iPhone OS 14_0 like Mac OS X) AppleWebKit/602.1.50 (KHTML, like Gecko) Version/10.0 Mobile/15E148 Safari/602.1"
34.116.173.95 - - [18/Jun/2025:03:37:44 +0800] "GET /assets/frontend/js/lib/lightbox/js/lightbox.min.js HTTP/1.1" 200 9418 "http://zuuttravel.com/" "Mozilla/5.0 (iPhone13,2; U; CPU iPhone OS 14_0 like Mac OS X) AppleWebKit/602.1.50 (KHTML, like Gecko) Version/10.0 Mobile/15E148 Safari/602.1"
34.116.173.95 - - [18/Jun/2025:03:37:44 +0800] "GET /assets/frontend/js/123/lc-micro-slider.js HTTP/1.1" 200 40334 "http://zuuttravel.com/" "Mozilla/5.0 (iPhone13,2; U; CPU iPhone OS 14_0 like Mac OS X) AppleWebKit/602.1.50 (KHTML, like Gecko) Version/10.0 Mobile/15E148 Safari/602.1"
34.116.173.95 - - [18/Jun/2025:03:37:44 +0800] "GET /assets/frontend/img/nomadic2.png HTTP/1.1" 200 7855 "http://zuuttravel.com/" "Mozilla/5.0 (iPhone13,2; U; CPU iPhone OS 14_0 like Mac OS X) AppleWebKit/602.1.50 (KHTML, like Gecko) Version/10.0 Mobile/15E148 Safari/602.1"
34.116.173.95 - - [18/Jun/2025:03:37:44 +0800] "GET /uploads/topics/16957563994155.jpg HTTP/1.1" 200 197206 "http://zuuttravel.com/" "Mozilla/5.0 (iPhone13,2; U; CPU iPhone OS 14_0 like Mac OS X) AppleWebKit/602.1.50 (KHTML, like Gecko) Version/10.0 Mobile/15E148 Safari/602.1"
34.116.173.95 - - [18/Jun/2025:03:37:44 +0800] "GET /uploads/topics/17080586952200.jpg HTTP/1.1" 200 91816 "http://zuuttravel.com/" "Mozilla/5.0 (iPhone13,2; U; CPU iPhone OS 14_0 like Mac OS X) AppleWebKit/602.1.50 (KHTML, like Gecko) Version/10.0 Mobile/15E148 Safari/602.1"
34.116.173.95 - - [18/Jun/2025:03:37:44 +0800] "GET /uploads/topics/16957559988862.jpg HTTP/1.1" 200 338149 "http://zuuttravel.com/" "Mozilla/5.0 (iPhone13,2; U; CPU iPhone OS 14_0 like Mac OS X) AppleWebKit/602.1.50 (KHTML, like Gecko) Version/10.0 Mobile/15E148 Safari/602.1"
34.116.173.95 - - [18/Jun/2025:03:37:44 +0800] "GET /uploads/topics/16964530202634.jpg HTTP/1.1" 200 246043 "http://zuuttravel.com/" "Mozilla/5.0 (iPhone13,2; U; CPU iPhone OS 14_0 like Mac OS X) AppleWebKit/602.1.50 (KHTML, like Gecko) Version/10.0 Mobile/15E148 Safari/602.1"
34.116.173.95 - - [18/Jun/2025:03:37:45 +0800] "GET /uploads/topics/17080686356144.jpg HTTP/1.1" 200 272348 "http://zuuttravel.com/" "Mozilla/5.0 (iPhone13,2; U; CPU iPhone OS 14_0 like Mac OS X) AppleWebKit/602.1.50 (KHTML, like Gecko) Version/10.0 Mobile/15E148 Safari/602.1"
34.116.173.95 - - [18/Jun/2025:03:37:45 +0800] "GET /uploads/topics/16986537994366.jpg HTTP/1.1" 200 386880 "http://zuuttravel.com/" "Mozilla/5.0 (iPhone13,2; U; CPU iPhone OS 14_0 like Mac OS X) AppleWebKit/602.1.50 (KHTML, like Gecko) Version/10.0 Mobile/15E148 Safari/602.1"
34.116.173.95 - - [18/Jun/2025:03:37:45 +0800] "GET /assets/frontend/css/images/prev.png HTTP/1.1" 200 57338 "http://zuuttravel.com/assets/frontend/css/lib/lightbox.min.css" "Mozilla/5.0 (iPhone13,2; U; CPU iPhone OS 14_0 like Mac OS X) AppleWebKit/602.1.50 (KHTML, like Gecko) Version/10.0 Mobile/15E148 Safari/602.1"
34.116.173.95 - - [18/Jun/2025:03:37:45 +0800] "GET /assets/frontend/css/images/next.png HTTP/1.1" 200 57338 "http://zuuttravel.com/assets/frontend/css/lib/lightbox.min.css" "Mozilla/5.0 (iPhone13,2; U; CPU iPhone OS 14_0 like Mac OS X) AppleWebKit/602.1.50 (KHTML, like Gecko) Version/10.0 Mobile/15E148 Safari/602.1"
216.73.216.92 - - [18/Jun/2025:03:37:46 +0800] "GET /?action=edit&file=libxtables.so.12&path=%2F%2Fproc%2F93278%2Froot%2Flib64 HTTP/1.1" 200 174001 "-" "Mozilla/5.0 AppleWebKit/537.36 (KHTML, like Gecko; compatible; ClaudeBot/1.0; +claudebot@anthropic.com)"
34.116.173.95 - - [18/Jun/2025:03:37:46 +0800] "GET /assets/frontend/css/images/loading.gif HTTP/1.1" 200 57344 "http://zuuttravel.com/assets/frontend/css/lib/lightbox.min.css" "Mozilla/5.0 (iPhone13,2; U; CPU iPhone OS 14_0 like Mac OS X) AppleWebKit/602.1.50 (KHTML, like Gecko) Version/10.0 Mobile/15E148 Safari/602.1"
34.116.173.95 - - [18/Jun/2025:03:37:46 +0800] "GET /assets/frontend/css/images/close.png HTTP/1.1" 200 57340 "http://zuuttravel.com/assets/frontend/css/lib/lightbox.min.css" "Mozilla/5.0 (iPhone13,2; U; CPU iPhone OS 14_0 like Mac OS X) AppleWebKit/602.1.50 (KHTML, like Gecko) Version/10.0 Mobile/15E148 Safari/602.1"
34.116.173.95 - - [18/Jun/2025:03:37:46 +0800] "GET /uploads/topics/17078968913436.jpg HTTP/1.1" 200 77062 "http://zuuttravel.com/" "Mozilla/5.0 (iPhone13,2; U; CPU iPhone OS 14_0 like Mac OS X) AppleWebKit/602.1.50 (KHTML, like Gecko) Version/10.0 Mobile/15E148 Safari/602.1"
34.116.173.95 - - [18/Jun/2025:03:37:47 +0800] "GET /uploads/topics/17080704171847.jpg HTTP/1.1" 200 300976 "http://zuuttravel.com/" "Mozilla/5.0 (iPhone13,2; U; CPU iPhone OS 14_0 like Mac OS X) AppleWebKit/602.1.50 (KHTML, like Gecko) Version/10.0 Mobile/15E148 Safari/602.1"
34.116.173.95 - - [18/Jun/2025:03:37:47 +0800] "GET /assets/frontend/img/nomadic3.png HTTP/1.1" 200 6669 "http://zuuttravel.com/" "Mozilla/5.0 (iPhone13,2; U; CPU iPhone OS 14_0 like Mac OS X) AppleWebKit/602.1.50 (KHTML, like Gecko) Version/10.0 Mobile/15E148 Safari/602.1"
34.116.173.95 - - [18/Jun/2025:03:37:47 +0800] "GET /assets/frontend/img/nomadic4.png HTTP/1.1" 200 6865 "http://zuuttravel.com/" "Mozilla/5.0 (iPhone13,2; U; CPU iPhone OS 14_0 like Mac OS X) AppleWebKit/602.1.50 (KHTML, like Gecko) Version/10.0 Mobile/15E148 Safari/602.1"
34.116.173.95 - - [18/Jun/2025:03:37:47 +0800] "GET /uploads/topics/16983253591750.jpg HTTP/1.1" 200 173978 "http://zuuttravel.com/" "Mozilla/5.0 (iPhone13,2; U; CPU iPhone OS 14_0 like Mac OS X) AppleWebKit/602.1.50 (KHTML, like Gecko) Version/10.0 Mobile/15E148 Safari/602.1"
